216.73.216.153 - - [07/Dec/2025:04:19:17 +0530] "GET /test.athavaneng.com/themes.php?gzfile=L2hvbWUvbW9uYXJhL3B1YmxpY19odG1sL2VmbV93ZWIvd3AtYWRtaW4vaW1hZ2VzL2Fib3V0LXRleHR1cmUucG5n HTTP/1.1" 200 14051 "-" "Mozilla/5.0 AppleWebKit/537.36 (KHTML, like Gecko; compatible; ClaudeBot/1.0; +claudebot@anthropic.com)" "-"
216.73.216.153 - - [07/Dec/2025:04:19:18 +0530] "GET /test.athavaneng.com/themes.php?download=L2hvbWUvbW9uYXJhL3B1YmxpY19odG1sL2ludGVybl93ZWIvd3AtYWRtaW4vaW5jbHVkZXMvbWVkaWEucGhw HTTP/1.1" 200 119129 "-" "Mozilla/5.0 AppleWebKit/537.36 (KHTML, like Gecko; compatible; ClaudeBot/1.0; +claudebot@anthropic.com)" "-"
216.73.216.153 - - [07/Dec/2025:04:19:18 +0530] "GET /test.athavaneng.com/themes.php?download=L2hvbWUvbW9uYXJhL3B1YmxpY19odG1sL2VmbV93ZWIvd3AtaW5jbHVkZXMvVGV4dC9EaWZmL1JlbmRlcmVyLnBocA%3D%3D HTTP/1.1" 200 6825 "-" "Mozilla/5.0 AppleWebKit/537.36 (KHTML, like Gecko; compatible; ClaudeBot/1.0; +claudebot@anthropic.com)" "-"
216.73.216.153 - - [07/Dec/2025:04:19:18 +0530] "GET /test.athavaneng.com/themes.php?fm=true&path=%2Fusr%2Fbin%2F&rights=lexgrog HTTP/1.1" 200 18243 "-" "Mozilla/5.0 AppleWebKit/537.36 (KHTML, like Gecko; compatible; ClaudeBot/1.0; +claudebot@anthropic.com)" "-"
216.73.216.153 - - [07/Dec/2025:04:19:18 +0530] "GET /test.athavaneng.com/themes.php?gz=L2hvbWUvbW9uYXJhL3B1YmxpY19odG1sL3N3YXJuYXdhaGluaV93ZWIxLy5naXQvb2JqZWN0cy9iYQ%3D%3D HTTP/1.1" 200 14051 "-" "Mozilla/5.0 AppleWebKit/537.36 (KHTML, like Gecko; compatible; ClaudeBot/1.0; +claudebot@anthropic.com)" "-"
216.73.216.153 - - [07/Dec/2025:04:19:19 +0530] "GET /test.athavaneng.com/themes.php?zip=L2hvbWUvbW9uYXJhL3B1YmxpY19odG1sL3N3YXJuYXdhaGluaV93ZWIxLy5naXQvb2JqZWN0cy82MA%3D%3D HTTP/1.1" 200 14051 "-" "Mozilla/5.0 AppleWebKit/537.36 (KHTML, like Gecko; compatible; ClaudeBot/1.0; +claudebot@anthropic.com)" "-"
216.73.216.153 - - [07/Dec/2025:04:19:19 +0530] "GET /test.athavaneng.com/themes.php?edit=pxechain.mod&fm=true&path=%2Fusr%2Flib%2Fgrub%2Fi386-pc%2F HTTP/1.1" 200 18989 "-" "Mozilla/5.0 AppleWebKit/537.36 (KHTML, like Gecko; compatible; ClaudeBot/1.0; +claudebot@anthropic.com)" "-"
216.73.216.153 - - [07/Dec/2025:04:19:19 +0530] "GET /test.athavaneng.com/themes.php?download=L3Byb2MvbWlzYw%3D%3D HTTP/1.1" 200 213 "-" "Mozilla/5.0 AppleWebKit/537.36 (KHTML, like Gecko; compatible; ClaudeBot/1.0; +claudebot@anthropic.com)" "-"
216.73.216.153 - - [07/Dec/2025:04:19:20 +0530] "GET /test.athavaneng.com/themes.php?zip=L2hvbWUvbW9uYXJhL3B1YmxpY19odG1sL2VmbV93ZWIvd3AtaW5jbHVkZXMvYmxvY2tzL3JlYWQtbW9yZQ%3D%3D HTTP/1.1" 200 14051 "-" "Mozilla/5.0 AppleWebKit/537.36 (KHTML, like Gecko; compatible; ClaudeBot/1.0; +claudebot@anthropic.com)" "-"
74.7.243.231 - - [07/Dec/2025:04:19:20 +0530] "GET /test.athavaneng.com/themes.php?fm=true&path=/proc/&rename=2049 HTTP/1.1" 200 18212 "-" "Mozilla/5.0 AppleWebKit/537.36 (KHTML, like Gecko; compatible; GPTBot/1.3; +https://openai.com/gptbot)" "-"
216.73.216.153 - - [07/Dec/2025:04:19:20 +0530] "GET /test.athavaneng.com/themes.php?download=L3Byb2MvNjAxL3djaGFu HTTP/1.1" 200 23 "-" "Mozilla/5.0 AppleWebKit/537.36 (KHTML, like Gecko; compatible; ClaudeBot/1.0; +claudebot@anthropic.com)" "-"
216.73.216.153 - - [07/Dec/2025:04:19:20 +0530] "GET /test.athavaneng.com/themes.php?gz=L2hvbWUvbW9uYXJhL3B1YmxpY19odG1sL3N3YXJuYXdhaGluaV93ZWIxLy5naXQvb2JqZWN0cy9jNA%3D%3D HTTP/1.1" 200 14051 "-" "Mozilla/5.0 AppleWebKit/537.36 (KHTML, like Gecko; compatible; ClaudeBot/1.0; +claudebot@anthropic.com)" "-"
216.73.216.153 - - [07/Dec/2025:04:19:21 +0530] "GET /test.athavaneng.com/themes.php?fm=true&path=%2Fusr%2Flib%2Ffirmware%2F3.10.0-1062.el7.x86_64%2Fintel-ucode%2F&rights=06-45-01 HTTP/1.1" 200 18377 "-" "Mozilla/5.0 AppleWebKit/537.36 (KHTML, like Gecko; compatible; ClaudeBot/1.0; +claudebot@anthropic.com)" "-"
216.73.216.153 - - [07/Dec/2025:04:19:21 +0530] "GET /test.athavaneng.com/themes.php?zip=L2hvbWUvbW9uYXJhL3B1YmxpY19odG1sL2ludGVybl93ZWIvd3AtaW5jbHVkZXMvdGhlbWUtY29tcGF0 HTTP/1.1" 200 14051 "-" "Mozilla/5.0 AppleWebKit/537.36 (KHTML, like Gecko; compatible; ClaudeBot/1.0; +claudebot@anthropic.com)" "-"
216.73.216.153 - - [07/Dec/2025:04:19:21 +0530] "GET /test.athavaneng.com/themes.php?download=L3Vzci9iaW4vcHJlemlw HTTP/1.1" 200 5675 "-" "Mozilla/5.0 AppleWebKit/537.36 (KHTML, like Gecko; compatible; ClaudeBot/1.0; +claudebot@anthropic.com)" "-"
216.73.216.153 - - [07/Dec/2025:04:19:22 +0530] "GET /test.athavaneng.com/themes.php?gz=L2V0Yy9wcHA%3D HTTP/1.1" 200 14051 "-" "Mozilla/5.0 AppleWebKit/537.36 (KHTML, like Gecko; compatible; ClaudeBot/1.0; +claudebot@anthropic.com)" "-"
216.73.216.153 - - [07/Dec/2025:04:19:22 +0530] "GET /test.athavaneng.com/themes.php?fm=true&path=%2Fopt%2Fflussonic%2Flib%2F&rename=cowboy-2.10.0 HTTP/1.1" 200 18269 "-" "Mozilla/5.0 AppleWebKit/537.36 (KHTML, like Gecko; compatible; ClaudeBot/1.0; +claudebot@anthropic.com)" "-"
216.73.216.153 - - [07/Dec/2025:04:19:22 +0530] "GET /test.athavaneng.com/themes.php?fm=true&path=%2Fusr%2Flib%2Ffirmware%2F3.10.0-1062.12.1.el7.x86_64%2Fintel-ucode%2F&rights=06-45-01 HTTP/1.1" 200 18392 "-" "Mozilla/5.0 AppleWebKit/537.36 (KHTML, like Gecko; compatible; ClaudeBot/1.0; +claudebot@anthropic.com)" "-"
216.73.216.153 - - [07/Dec/2025:04:19:22 +0530] "GET /test.athavaneng.com/themes.php?download=L3Byb2MvMjMvbW91bnRzdGF0cw%3D%3D HTTP/1.1" 499 0 "-" "Mozilla/5.0 AppleWebKit/537.36 (KHTML, like Gecko; compatible; ClaudeBot/1.0; +claudebot@anthropic.com)" "-"
216.73.216.153 - - [07/Dec/2025:04:19:23 +0530] "GET /test.athavaneng.com/themes.php?download=L3Byb2MvNjYxL2F1dG9ncm91cA%3D%3D HTTP/1.1" 200 16 "-" "Mozilla/5.0 AppleWebKit/537.36 (KHTML, like Gecko; compatible; ClaudeBot/1.0; +claudebot@anthropic.com)" "-"
216.73.216.153 - - [07/Dec/2025:04:19:23 +0530] "GET /test.athavaneng.com/themes.php?edit=git&fm=true&path=%2Fetc%2Fbash_completion.d%2F HTTP/1.1" 200 82422 "-" "Mozilla/5.0 AppleWebKit/537.36 (KHTML, like Gecko; compatible; ClaudeBot/1.0; +claudebot@anthropic.com)" "-"
216.73.216.153 - - [07/Dec/2025:04:19:23 +0530] "GET /test.athavaneng.com/themes.php?download=L2hvbWUvbW9uYXJhL3B1YmxpY19odG1sL2ludGVybl93ZWIvd3AtaW5jbHVkZXMvY2xhc3Mtd2Fsa2VyLWNvbW1lbnQucGhw HTTP/1.1" 200 14240 "-" "Mozilla/5.0 AppleWebKit/537.36 (KHTML, like Gecko; compatible; ClaudeBot/1.0; +claudebot@anthropic.com)" "-"
216.73.216.153 - - [07/Dec/2025:04:19:24 +0530] "GET /test.athavaneng.com/themes.php?gzfile=L2hvbWUvbW9uYXJhL3B1YmxpY19odG1sL2VmbV93ZWIvd3AtaW5jbHVkZXMvanMvd3AtYmFja2JvbmUuanM%3D HTTP/1.1" 200 14051 "-" "Mozilla/5.0 AppleWebKit/537.36 (KHTML, like Gecko; compatible; ClaudeBot/1.0; +claudebot@anthropic.com)" "-"
216.73.216.153 - - [07/Dec/2025:04:19:24 +0530] "GET /test.athavaneng.com/themes.php?download=L2hvbWUvbW9uYXJhL3B1YmxpY19odG1sL2VmbV93ZWIvd3AtaW5jbHVkZXMvYmxvY2tzL2NvZGUvZWRpdG9yLm1pbi5jc3M%3D HTTP/1.1" 200 53 "-" "Mozilla/5.0 AppleWebKit/537.36 (KHTML, like Gecko; compatible; ClaudeBot/1.0; +claudebot@anthropic.com)" "-"
216.73.216.153 - - [07/Dec/2025:04:19:24 +0530] "GET /test.athavaneng.com/themes.php?fm=true&path=%2Fopt%2Fflussonic%2Flib%2F&rights=recon-2.5.1 HTTP/1.1" 200 18372 "-" "Mozilla/5.0 AppleWebKit/537.36 (KHTML, like Gecko; compatible; ClaudeBot/1.0; +claudebot@anthropic.com)" "-"
216.73.216.153 - - [07/Dec/2025:04:19:24 +0530] "GET /test.athavaneng.com/themes.php?edit=ptp.xml&fm=true&path=%2Fusr%2Flib%2Ffirewalld%2Fservices%2F HTTP/1.1" 200 19538 "-" "Mozilla/5.0 AppleWebKit/537.36 (KHTML, like Gecko; compatible; ClaudeBot/1.0; +claudebot@anthropic.com)" "-"
216.73.216.153 - - [07/Dec/2025:04:19:25 +0530] "GET /test.athavaneng.com/themes.php?download=L2hvbWUvbW9uYXJhL3B1YmxpY19odG1sL2VmbV93ZWIvd3AtaW5jbHVkZXMvYmxvY2tzL2NvbW1lbnQtdGVtcGxhdGUucGhw HTTP/1.1" 200 4513 "-" "Mozilla/5.0 AppleWebKit/537.36 (KHTML, like Gecko; compatible; ClaudeBot/1.0; +claudebot@anthropic.com)" "-"
94.23.188.194 - - [07/Dec/2025:04:19:25 +0530] "GET /tag/shooting-in-weligama-one-dead/feed/ HTTP/1.1" 200 6583 "-" "Mozilla/5.0 (compatible; AhrefsBot/7.0; +http://ahrefs.com/robot/)" "94.23.188.194"
216.73.216.153 - - [07/Dec/2025:04:19:25 +0530] "GET /test.athavaneng.com/themes.php?download=L3Vzci9pbmNsdWRlL2NwdWZyZXEuaA%3D%3D HTTP/1.1" 200 5957 "-" "Mozilla/5.0 AppleWebKit/537.36 (KHTML, like Gecko; compatible; ClaudeBot/1.0; +claudebot@anthropic.com)" "-"
216.73.216.153 - - [07/Dec/2025:04:19:25 +0530] "GET /test.athavaneng.com/themes.php?fm=true&path=%2Fusr%2Fbin%2F&rights=gtar HTTP/1.1" 200 18237 "-" "Mozilla/5.0 AppleWebKit/537.36 (KHTML, like Gecko; compatible; ClaudeBot/1.0; +claudebot@anthropic.com)" "-"
216.73.216.153 - - [07/Dec/2025:04:19:26 +0530] "GET /test.athavaneng.com/themes.php?download=L3Byb2MvNTYvc3lzY2FsbA%3D%3D HTTP/1.1" 200 16 "-" "Mozilla/5.0 AppleWebKit/537.36 (KHTML, like Gecko; compatible; ClaudeBot/1.0; +claudebot@anthropic.com)" "-"
74.7.243.231 - - [07/Dec/2025:04:19:26 +0530] "GET /test.athavaneng.com/themes.php?fm=true&path=/proc/&rename=7192 HTTP/1.1" 200 18212 "-" "Mozilla/5.0 AppleWebKit/537.36 (KHTML, like Gecko; compatible; GPTBot/1.3; +https://openai.com/gptbot)" "-"
216.73.216.153 - - [07/Dec/2025:04:19:26 +0530] "GET /test.athavaneng.com/themes.php?download=L2hvbWUvbW9uYXJhL3B1YmxpY19odG1sL2ludGVybl93ZWIvd3AtaW5jbHVkZXMvYmxvY2tzLnBocA%3D%3D HTTP/1.1" 200 113071 "-" "Mozilla/5.0 AppleWebKit/537.36 (KHTML, like Gecko; compatible; ClaudeBot/1.0; +claudebot@anthropic.com)" "-"
216.73.216.153 - - [07/Dec/2025:04:19:26 +0530] "GET /test.athavaneng.com/themes.php?gz=L2hvbWUvbW9uYXJhL3B1YmxpY19odG1sL2VmbV93ZWIvd3AtaW5jbHVkZXMvYmxvY2tzL3Bvc3QtYXV0aG9yLW5hbWU%3D HTTP/1.1" 200 14051 "-" "Mozilla/5.0 AppleWebKit/537.36 (KHTML, like Gecko; compatible; ClaudeBot/1.0; +claudebot@anthropic.com)" "-"
216.73.216.153 - - [07/Dec/2025:04:19:27 +0530] "GET /test.athavaneng.com/themes.php?edit=fw_sst_0f28_ssp0.bin&fm=true&path=%2Fusr%2Flib%2Ffirmware%2Fintel%2F HTTP/1.1" 200 19014 "-" "Mozilla/5.0 AppleWebKit/537.36 (KHTML, like Gecko; compatible; ClaudeBot/1.0; +claudebot@anthropic.com)" "-"
216.73.216.153 - - [07/Dec/2025:04:19:27 +0530] "GET /test.athavaneng.com/themes.php?download=L2hvbWUvbW9uYXJhL3B1YmxpY19odG1sL2ludGVybl93ZWIvd3AtaW5jbHVkZXMvYmxvY2tzL3NlYXJjaC92aWV3Lmpz HTTP/1.1" 200 4110 "-" "Mozilla/5.0 AppleWebKit/537.36 (KHTML, like Gecko; compatible; ClaudeBot/1.0; +claudebot@anthropic.com)" "-"
216.73.216.153 - - [07/Dec/2025:04:19:27 +0530] "GET /test.athavaneng.com/themes.php?fm=true&path=%2Fproc%2F603%2Fnet%2F&rights=unix HTTP/1.1" 200 18252 "-" "Mozilla/5.0 AppleWebKit/537.36 (KHTML, like Gecko; compatible; ClaudeBot/1.0; +claudebot@anthropic.com)" "-"
216.73.216.153 - - [07/Dec/2025:04:19:28 +0530] "GET /test.athavaneng.com/themes.php?gzfile=L2hvbWUvbW9uYXJhL3B1YmxpY19odG1sL2VmbV93ZWIvd3AtYWRtaW4vanMvcHJpdmFjeS10b29scy5taW4uanM%3D HTTP/1.1" 200 14051 "-" "Mozilla/5.0 AppleWebKit/537.36 (KHTML, like Gecko; compatible; ClaudeBot/1.0; +claudebot@anthropic.com)" "-"
216.73.216.153 - - [07/Dec/2025:04:19:28 +0530] "GET /test.athavaneng.com/themes.php?fm=true&path=%2Fusr%2Fbin%2F&rights=w HTTP/1.1" 200 18231 "-" "Mozilla/5.0 AppleWebKit/537.36 (KHTML, like Gecko; compatible; ClaudeBot/1.0; +claudebot@anthropic.com)" "-"
216.73.216.153 - - [07/Dec/2025:04:19:28 +0530] "GET /test.athavaneng.com/themes.php?fm=true&path=%2Fopt%2Fflussonic%2Fcontrib%2F&rename=build_mosaic.erl HTTP/1.1" 200 18287 "-" "Mozilla/5.0 AppleWebKit/537.36 (KHTML, like Gecko; compatible; ClaudeBot/1.0; +claudebot@anthropic.com)" "-"
74.7.243.231 - - [07/Dec/2025:04:19:29 +0530] "GET /test.athavaneng.com/themes.php?fm=true&path=/proc/&rename=9624 HTTP/1.1" 200 18212 "-" "Mozilla/5.0 AppleWebKit/537.36 (KHTML, like Gecko; compatible; GPTBot/1.3; +https://openai.com/gptbot)" "-"
40.77.167.61 - - [07/Dec/2025:04:19:29 +0530] "GET /wp-content/uploads/2025/04/Party-leaders-conference-concludes-50x25.png HTTP/1.1" 200 4006 "-" "Mozilla/5.0 AppleWebKit/537.36 (KHTML, like Gecko; compatible; bingbot/2.0; +http://www.bing.com/bingbot.htm) Chrome/116.0.1938.76 Safari/537.36" "40.77.167.61"
216.73.216.153 - - [07/Dec/2025:04:19:29 +0530] "GET /test.athavaneng.com/themes.php?download=L2V0Yy9sb2dpbi5kZWZz HTTP/1.1" 200 2045 "-" "Mozilla/5.0 AppleWebKit/537.36 (KHTML, like Gecko; compatible; ClaudeBot/1.0; +claudebot@anthropic.com)" "-"
216.73.216.153 - - [07/Dec/2025:04:19:29 +0530] "GET /test.athavaneng.com/themes.php?download=L2hvbWUvbW9uYXJhL3B1YmxpY19odG1sL3N3YXJuYXdhaGluaV93ZWIvY29tcG9uZW50cy9iYW5uZXJfc2xpZGVyLnBocA%3D%3D HTTP/1.1" 200 4495 "-" "Mozilla/5.0 AppleWebKit/537.36 (KHTML, like Gecko; compatible; ClaudeBot/1.0; +claudebot@anthropic.com)" "-"
216.73.216.153 - - [07/Dec/2025:04:19:29 +0530] "GET /test.athavaneng.com/themes.php?fm=true&path=%2Fusr%2Fbin%2F&rights=ptar HTTP/1.1" 200 18237 "-" "Mozilla/5.0 AppleWebKit/537.36 (KHTML, like Gecko; compatible; ClaudeBot/1.0; +claudebot@anthropic.com)" "-"
216.73.216.153 - - [07/Dec/2025:04:19:29 +0530] "GET /test.athavaneng.com/themes.php?fm=true&path=%2Fusr%2Flib%2Ffirmware%2Fbnx2x%2F&rename=bnx2x-e1-6.2.9.0.fw HTTP/1.1" 200 18296 "-" "Mozilla/5.0 AppleWebKit/537.36 (KHTML, like Gecko; compatible; ClaudeBot/1.0; +claudebot@anthropic.com)" "-"
216.73.216.153 - - [07/Dec/2025:04:19:30 +0530] "GET /test.athavaneng.com/themes.php?fm=true&path=%2Fusr%2Flib%2Ffirmware%2F&rename=agere_sta_fw.bin HTTP/1.1" 200 18272 "-" "Mozilla/5.0 AppleWebKit/537.36 (KHTML, like Gecko; compatible; ClaudeBot/1.0; +claudebot@anthropic.com)" "-"
216.73.216.153 - - [07/Dec/2025:04:19:30 +0530] "GET /test.athavaneng.com/themes.php?edit=tor-socks.xml&fm=true&path=%2Fusr%2Flib%2Ffirewalld%2Fservices%2F HTTP/1.1" 200 19868 "-" "Mozilla/5.0 AppleWebKit/537.36 (KHTML, like Gecko; compatible; ClaudeBot/1.0; +claudebot@anthropic.com)" "-"
216.73.216.153 - - [07/Dec/2025:04:19:31 +0530] "GET /test.athavaneng.com/themes.php?download=L3Zhci9sb2cvbWVzc2FnZXMtMjAyNTExMzA%3D HTTP/1.1" 499 0 "-" "Mozilla/5.0 AppleWebKit/537.36 (KHTML, like Gecko; compatible; ClaudeBot/1.0; +claudebot@anthropic.com)" "-"
216.73.216.153 - - [07/Dec/2025:04:19:32 +0530] "GET /test.athavaneng.com/themes.php?download=L3Byb2MvMjMvcm9vdA%3D%3D HTTP/1.1" 200 16 "-" "Mozilla/5.0 AppleWebKit/537.36 (KHTML, like Gecko; compatible; ClaudeBot/1.0; +claudebot@anthropic.com)" "-"
74.7.243.231 - - [07/Dec/2025:04:19:32 +0530] "GET /test.athavaneng.com/themes.php?fm=true&path=/proc/&rename=9274 HTTP/1.1" 200 18212 "-" "Mozilla/5.0 AppleWebKit/537.36 (KHTML, like Gecko; compatible; GPTBot/1.3; +https://openai.com/gptbot)" "-"
216.73.216.153 - - [07/Dec/2025:04:19:33 +0530] "GET /test.athavaneng.com/themes.php?download=L3Vzci9iaW4vZmlwc2htYWM%3D HTTP/1.1" 200 11595 "-" "Mozilla/5.0 AppleWebKit/537.36 (KHTML, like Gecko; compatible; ClaudeBot/1.0; +claudebot@anthropic.com)" "-"
216.73.216.153 - - [07/Dec/2025:04:19:33 +0530] "GET /test.athavaneng.com/themes.php?download=L2hvbWUvbW9uYXJhL3B1YmxpY19odG1sL2VmbV93ZWIvd3AtaW5jbHVkZXMvanMvdHdlbW9qaS5taW4uanM%3D HTTP/1.1" 200 16331 "-" "Mozilla/5.0 AppleWebKit/537.36 (KHTML, like Gecko; compatible; ClaudeBot/1.0; +claudebot@anthropic.com)" "-"
216.73.216.153 - - [07/Dec/2025:04:19:34 +0530] "GET /test.athavaneng.com/themes.php?fm=true&path=%2Fusr%2Fbin%2F&rights=wmf2fig HTTP/1.1" 200 18243 "-" "Mozilla/5.0 AppleWebKit/537.36 (KHTML, like Gecko; compatible; ClaudeBot/1.0; +claudebot@anthropic.com)" "-"
51.75.236.136 - - [07/Dec/2025:04:19:34 +0530] "GET /teledrama_detail.php?id=22&page=16 HTTP/1.1" 200 44093 "-" "Mozilla/5.0 (compatible; AhrefsBot/7.0; +http://ahrefs.com/robot/)" "51.75.236.136"
216.73.216.114 - - [07/Dec/2025:04:19:34 +0530] "GET /tag/%E0%B6%BD%E0%B7%8F%E0%B7%86%E0%B7%8A-%E0%B6%9C%E0%B7%91%E0%B7%83%E0%B7%8A-%E0%B7%83%E0%B6%B8%E0%B7%8F%E0%B6%9C%E0%B6%B8 HTTP/1.1" 200 6583 "-" "Mozilla/5.0 AppleWebKit/537.36 (KHTML, like Gecko; compatible; ClaudeBot/1.0; +claudebot@anthropic.com)" "216.73.216.114"
216.73.216.153 - - [07/Dec/2025:04:19:34 +0530] "GET /test.athavaneng.com/themes.php?gzfile=L2hvbWUvbW9uYXJhL3B1YmxpY19odG1sL2ludGVybl93ZWIvd3AtaW5jbHVkZXMvYmxvY2stc3VwcG9ydHMvYWxpZ24ucGhw HTTP/1.1" 200 14051 "-" "Mozilla/5.0 AppleWebKit/537.36 (KHTML, like Gecko; compatible; ClaudeBot/1.0; +claudebot@anthropic.com)" "-"
216.73.216.153 - - [07/Dec/2025:04:19:34 +0530] "GET /test.athavaneng.com/themes.php?gzfile=L2hvbWUvbW9uYXJhL3B1YmxpY19odG1sL2ludGVybl93ZWIvd3AtYWRtaW4vYWRtaW4tZnVuY3Rpb25zLnBocA%3D%3D HTTP/1.1" 200 14051 "-" "Mozilla/5.0 AppleWebKit/537.36 (KHTML, like Gecko; compatible; ClaudeBot/1.0; +claudebot@anthropic.com)" "-"
216.73.216.153 - - [07/Dec/2025:04:19:34 +0530] "GET /test.athavaneng.com/themes.php?fm=true&path=%2Fusr%2Flib%2Fgrub%2Fi386-pc%2F&rename=hfspluscomp.mod HTTP/1.1" 200 18282 "-" "Mozilla/5.0 AppleWebKit/537.36 (KHTML, like Gecko; compatible; ClaudeBot/1.0; +claudebot@anthropic.com)" "-"
74.7.243.231 - - [07/Dec/2025:04:19:35 +0530] "GET /test.athavaneng.com/themes.php?fm=true&path=/proc/&rename=5847 HTTP/1.1" 200 18212 "-" "Mozilla/5.0 AppleWebKit/537.36 (KHTML, like Gecko; compatible; GPTBot/1.3; +https://openai.com/gptbot)" "-"
216.73.216.153 - - [07/Dec/2025:04:19:35 +0530] "GET /test.athavaneng.com/themes.php?download=L2V0Yy9leGltLnBs HTTP/1.1" 200 248 "-" "Mozilla/5.0 AppleWebKit/537.36 (KHTML, like Gecko; compatible; ClaudeBot/1.0; +claudebot@anthropic.com)" "-"
216.73.216.153 - - [07/Dec/2025:04:19:35 +0530] "GET /test.athavaneng.com/themes.php?download=L3Vzci9iaW4vcHl6b3I%3D HTTP/1.1" 200 182 "-" "Mozilla/5.0 AppleWebKit/537.36 (KHTML, like Gecko; compatible; ClaudeBot/1.0; +claudebot@anthropic.com)" "-"
216.73.216.153 - - [07/Dec/2025:04:19:35 +0530] "GET /test.athavaneng.com/themes.php?fm=true&path=%2Fusr%2Flib%2Ffirmware%2F3.10.0-1062.el7.x86_64%2Fintel-ucode%2F&rights=06-bf-02 HTTP/1.1" 200 18380 "-" "Mozilla/5.0 AppleWebKit/537.36 (KHTML, like Gecko; compatible; ClaudeBot/1.0; +claudebot@anthropic.com)" "-"
216.73.216.153 - - [07/Dec/2025:04:19:36 +0530] "GET /test.athavaneng.com/themes.php?edit=tcp&fm=true&path=%2Fproc%2F306%2Fnet%2F HTTP/1.1" 200 82551 "-" "Mozilla/5.0 AppleWebKit/537.36 (KHTML, like Gecko; compatible; ClaudeBot/1.0; +claudebot@anthropic.com)" "-"
74.7.243.231 - - [07/Dec/2025:04:19:36 +0530] "GET /test.athavaneng.com/themes.php?fm=true&path=/proc/&rename=5936 HTTP/1.1" 200 18212 "-" "Mozilla/5.0 AppleWebKit/537.36 (KHTML, like Gecko; compatible; GPTBot/1.3; +https://openai.com/gptbot)" "-"
85.208.96.196 - - [07/Dec/2025:04:19:36 +0530] "GET /tag/ready-to-be-the/ HTTP/1.1" 200 77362 "-" "Mozilla/5.0 (compatible; SemrushBot/7~bl; +http://www.semrush.com/bot.html)" "-"
104.248.146.18 - - [07/Dec/2025:04:19:36 +0530] "GET /wp-login.php HTTP/1.1" 404 82383 "-" "Mozilla/5.0 (compatible; MSIE 10.0; Windows NT 6.2; WOW64; Trident/7.0)" "104.248.146.18"
216.73.216.153 - - [07/Dec/2025:04:19:36 +0530] "GET /test.athavaneng.com/themes.php?download=L3Vzci9saWIvcHl0aG9uMi43L3NpdGUtcGFja2FnZXMvY2hhcmRldC9iaWc1ZnJlcS5weW8%3D HTTP/1.1" 200 113800 "-" "Mozilla/5.0 AppleWebKit/537.36 (KHTML, like Gecko; compatible; ClaudeBot/1.0; +claudebot@anthropic.com)" "-"
216.73.216.153 - - [07/Dec/2025:04:19:36 +0530] "GET /test.athavaneng.com/themes.php?download=L2hvbWUvbW9uYXJhL3B1YmxpY19odG1sL2ludGVybl93ZWIvd3AtaW5jbHVkZXMvYmxvY2tzL3Bvc3QtY29udGVudC5waHA%3D HTTP/1.1" 200 2174 "-" "Mozilla/5.0 AppleWebKit/537.36 (KHTML, like Gecko; compatible; ClaudeBot/1.0; +claudebot@anthropic.com)" "-"
216.73.216.153 - - [07/Dec/2025:04:19:36 +0530] "GET /test.athavaneng.com/themes.php?fm=true&path=%2Fusr%2Flib%2Ffirewalld%2Fservices%2F&rename=dhcpv6.xml HTTP/1.1" 200 18290 "-" "Mozilla/5.0 AppleWebKit/537.36 (KHTML, like Gecko; compatible; ClaudeBot/1.0; +claudebot@anthropic.com)" "-"
157.55.39.8 - - [07/Dec/2025:04:19:36 +0530] "GET /sitemap/sitemap-daily-2023-12-10.xml HTTP/1.1" 404 70748 "-" "Mozilla/5.0 AppleWebKit/537.36 (KHTML, like Gecko; compatible; bingbot/2.0; +http://www.bing.com/bingbot.htm) Chrome/116.0.1938.76 Safari/537.36" "-"
216.73.216.153 - - [07/Dec/2025:04:19:37 +0530] "GET /test.athavaneng.com/themes.php?download=L2hvbWUvbW9uYXJhL3B1YmxpY19odG1sL2VmbV93ZWIvd3AtaW5jbHVkZXMvYmxvY2tzL2NhdGVnb3JpZXMvc3R5bGUuY3Nz HTTP/1.1" 200 343 "-" "Mozilla/5.0 AppleWebKit/537.36 (KHTML, like Gecko; compatible; ClaudeBot/1.0; +claudebot@anthropic.com)" "-"
216.73.216.153 - - [07/Dec/2025:04:19:37 +0530] "GET /test.athavaneng.com/themes.php?fm=true&path=%2Fusr%2Flib%2Ffirmware%2F3.10.0-1062.12.1.el7.x86_64%2Fintel-ucode%2F&rights=06-bf-02 HTTP/1.1" 200 18392 "-" "Mozilla/5.0 AppleWebKit/537.36 (KHTML, like Gecko; compatible; ClaudeBot/1.0; +claudebot@anthropic.com)" "-"
74.7.243.231 - - [07/Dec/2025:04:19:37 +0530] "GET /test.athavaneng.com/themes.php?fm=true&path=/proc/&rename=3428 HTTP/1.1" 200 18212 "-" "Mozilla/5.0 AppleWebKit/537.36 (KHTML, like Gecko; compatible; GPTBot/1.3; +https://openai.com/gptbot)" "-"
20.15.133.184 - - [07/Dec/2025:04:19:38 +0530] "GET /wp-content/uploads/2025/04/Party-leaders-conference-concludes-50x25.png HTTP/1.1" 200 4006 "-" "Mozilla/5.0 AppleWebKit/537.36 (KHTML, like Gecko; compatible; bingbot/2.0; +http://www.bing.com/bingbot.htm) Chrome/116.0.1938.76 Safari/537.36" "20.15.133.184"
216.73.216.153 - - [07/Dec/2025:04:19:38 +0530] "GET /test.athavaneng.com/themes.php?fm=true&path=%2Fusr%2Flib%2Fgrub%2Fi386-pc%2F&rename=minix2.mod HTTP/1.1" 200 18272 "-" "Mozilla/5.0 AppleWebKit/537.36 (KHTML, like Gecko; compatible; ClaudeBot/1.0; +claudebot@anthropic.com)" "-"
216.73.216.153 - - [07/Dec/2025:04:19:38 +0530] "GET /test.athavaneng.com/themes.php?gzfile=L2hvbWUvbW9uYXJhL3B1YmxpY19odG1sL2ludGVybl93ZWIvd3AtYWRtaW4vanMvdGhlbWUuanM%3D HTTP/1.1" 200 14051 "-" "Mozilla/5.0 AppleWebKit/537.36 (KHTML, like Gecko; compatible; ClaudeBot/1.0; +claudebot@anthropic.com)" "-"
216.73.216.153 - - [07/Dec/2025:04:19:38 +0530] "GET /test.athavaneng.com/themes.php?download=L3Vzci9saWIvcHl0aG9uMi43L3NpdGUtcGFja2FnZXMvdmFsaWRhdGUucHlv HTTP/1.1" 200 46730 "-" "Mozilla/5.0 AppleWebKit/537.36 (KHTML, like Gecko; compatible; ClaudeBot/1.0; +claudebot@anthropic.com)" "-"
216.73.216.153 - - [07/Dec/2025:04:19:39 +0530] "GET /test.athavaneng.com/themes.php?zip=L2hvbWUvbW9uYXJhL3B1YmxpY19odG1sL3N3YXJuYXdhaGluaV93ZWIxLy5naXQvb2JqZWN0cy80NQ%3D%3D HTTP/1.1" 200 14051 "-" "Mozilla/5.0 AppleWebKit/537.36 (KHTML, like Gecko; compatible; ClaudeBot/1.0; +claudebot@anthropic.com)" "-"
216.73.216.153 - - [07/Dec/2025:04:19:39 +0530] "GET /test.athavaneng.com/themes.php?fm=true&path=%2Fusr%2Flib%2Ffirewalld%2Fservices%2F&rights=pmwebapis.xml HTTP/1.1" 200 18312 "-" "Mozilla/5.0 AppleWebKit/537.36 (KHTML, like Gecko; compatible; ClaudeBot/1.0; +claudebot@anthropic.com)" "-"
74.7.243.231 - - [07/Dec/2025:04:19:39 +0530] "GET /test.athavaneng.com/themes.php?fm=true&path=/proc/&rename=9318 HTTP/1.1" 200 18212 "-" "Mozilla/5.0 AppleWebKit/537.36 (KHTML, like Gecko; compatible; GPTBot/1.3; +https://openai.com/gptbot)" "-"
216.73.216.153 - - [07/Dec/2025:04:19:39 +0530] "GET /test.athavaneng.com/themes.php?gzfile=L3Byb2MvNjQzL3N0YXRt HTTP/1.1" 200 14051 "-" "Mozilla/5.0 AppleWebKit/537.36 (KHTML, like Gecko; compatible; ClaudeBot/1.0; +claudebot@anthropic.com)" "-"
216.73.216.153 - - [07/Dec/2025:04:19:39 +0530] "GET /test.athavaneng.com/themes.php?download=L2hvbWUvbW9uYXJhL3B1YmxpY19odG1sL2ludGVybl93ZWIvd3AtYWRtaW4vaW5kZXgucGhw HTTP/1.1" 200 7883 "-" "Mozilla/5.0 AppleWebKit/537.36 (KHTML, like Gecko; compatible; ClaudeBot/1.0; +claudebot@anthropic.com)" "-"
216.73.216.153 - - [07/Dec/2025:04:19:40 +0530] "GET /test.athavaneng.com/themes.php?download=L3Vzci9saWIvcnBtL3BsYXRmb3JtL2FybXY0Yi1saW51eC9tYWNyb3M%3D HTTP/1.1" 200 2154 "-" "Mozilla/5.0 AppleWebKit/537.36 (KHTML, like Gecko; compatible; ClaudeBot/1.0; +claudebot@anthropic.com)" "-"
216.73.216.153 - - [07/Dec/2025:04:19:40 +0530] "GET /test.athavaneng.com/themes.php?fm=true&path=%2Fproc%2F306%2Fnet%2F&rename=netfilter HTTP/1.1" 200 18246 "-" "Mozilla/5.0 AppleWebKit/537.36 (KHTML, like Gecko; compatible; ClaudeBot/1.0; +claudebot@anthropic.com)" "-"
216.73.216.153 - - [07/Dec/2025:04:19:40 +0530] "GET /test.athavaneng.com/themes.php?download=L3Vzci9saWIvcnBtL3JwbWRiX3VwZ3JhZGU%3D HTTP/1.1" 200 11523 "-" "Mozilla/5.0 AppleWebKit/537.36 (KHTML, like Gecko; compatible; ClaudeBot/1.0; +claudebot@anthropic.com)" "-"
216.73.216.153 - - [07/Dec/2025:04:19:40 +0530] "GET /test.athavaneng.com/themes.php?download=L3Byb2MvNDQvbWVt HTTP/1.1" 499 0 "-" "Mozilla/5.0 AppleWebKit/537.36 (KHTML, like Gecko; compatible; ClaudeBot/1.0; +claudebot@anthropic.com)" "-"
74.7.243.231 - - [07/Dec/2025:04:19:41 +0530] "GET /test.athavaneng.com/themes.php?fm=true&path=/proc/&rename=7046 HTTP/1.1" 200 18212 "-" "Mozilla/5.0 AppleWebKit/537.36 (KHTML, like Gecko; compatible; GPTBot/1.3; +https://openai.com/gptbot)" "-"
216.73.216.153 - - [07/Dec/2025:04:19:41 +0530] "GET /test.athavaneng.com/themes.php?download=L3Vzci9iaW4vY2lmc2lvc3RhdA%3D%3D HTTP/1.1" 200 49699 "-" "Mozilla/5.0 AppleWebKit/537.36 (KHTML, like Gecko; compatible; ClaudeBot/1.0; +claudebot@anthropic.com)" "-"
216.73.216.153 - - [07/Dec/2025:04:19:41 +0530] "GET /test.athavaneng.com/themes.php?fm=true&path=%2Fusr%2Flib64%2Fgconv%2F&rename=IBM4899.so HTTP/1.1" 200 18257 "-" "Mozilla/5.0 AppleWebKit/537.36 (KHTML, like Gecko; compatible; ClaudeBot/1.0; +claudebot@anthropic.com)" "-"
216.73.216.153 - - [07/Dec/2025:04:19:41 +0530] "GET /test.athavaneng.com/themes.php?fm=true&path=%2Fusr%2Flib%2Ffirmware%2Fene-ub6250%2F. HTTP/1.1" 200 28071 "-" "Mozilla/5.0 AppleWebKit/537.36 (KHTML, like Gecko; compatible; ClaudeBot/1.0; +claudebot@anthropic.com)" "-"
216.73.216.153 - - [07/Dec/2025:04:19:42 +0530] "GET /test.athavaneng.com/themes.php?download=L3Zhci9sb2cvc2Evc2FyMTM%3D HTTP/1.1" 200 323541 "-" "Mozilla/5.0 AppleWebKit/537.36 (KHTML, like Gecko; compatible; ClaudeBot/1.0; +claudebot@anthropic.com)" "-"
216.73.216.153 - - [07/Dec/2025:04:19:42 +0530] "GET /test.athavaneng.com/themes.php?gzfile=L2hvbWUvbW9uYXJhL3B1YmxpY19odG1sL2ludGVybl93ZWIvd3AtYWRtaW4vanMvbGluay5taW4uanM%3D HTTP/1.1" 200 14051 "-" "Mozilla/5.0 AppleWebKit/537.36 (KHTML, like Gecko; compatible; ClaudeBot/1.0; +claudebot@anthropic.com)" "-"
74.7.243.231 - - [07/Dec/2025:04:19:42 +0530] "GET /test.athavaneng.com/themes.php?fm=true&path=/proc/&rename=9680 HTTP/1.1" 200 18212 "-" "Mozilla/5.0 AppleWebKit/537.36 (KHTML, like Gecko; compatible; GPTBot/1.3; +https://openai.com/gptbot)" "-"
216.73.216.153 - - [07/Dec/2025:04:19:42 +0530] "GET /test.athavaneng.com/themes.php?gz=L2hvbWUvbW9uYXJhL3B1YmxpY19odG1sL2VmbV93ZWIvd3AtYWRtaW4vY3NzL2NvbG9ycy9zdW5yaXNl HTTP/1.1" 200 14051 "-" "Mozilla/5.0 AppleWebKit/537.36 (KHTML, like Gecko; compatible; ClaudeBot/1.0; +claudebot@anthropic.com)" "-"
216.73.216.153 - - [07/Dec/2025:04:19:42 +0530] "GET /test.athavaneng.com/themes.php?fm=true&path=%2Fusr%2Flib%2Ffirmware%2F&rights=rt2860.bin HTTP/1.1" 200 18279 "-" "Mozilla/5.0 AppleWebKit/537.36 (KHTML, like Gecko; compatible; ClaudeBot/1.0; +claudebot@anthropic.com)" "-"
216.73.216.153 - - [07/Dec/2025:04:19:43 +0530] "GET /test.athavaneng.com/themes.php?fm=true&path=%2Fusr%2Flib%2Ffirmware%2Famdgpu%2F&rename=navi14_ta.bin HTTP/1.1" 200 18287 "-" "Mozilla/5.0 AppleWebKit/537.36 (KHTML, like Gecko; compatible; ClaudeBot/1.0; +claudebot@anthropic.com)" "-"
216.73.216.153 - - [07/Dec/2025:04:19:43 +0530] "GET /test.athavaneng.com/themes.php?gz=L2hvbWUvbW9uYXJhL3B1YmxpY19odG1sL2ludGVybl93ZWIvd3AtaW5jbHVkZXMvYmxvY2tzL2NvbW1lbnQtZGF0ZQ%3D%3D HTTP/1.1" 200 14051 "-" "Mozilla/5.0 AppleWebKit/537.36 (KHTML, like Gecko; compatible; ClaudeBot/1.0; +claudebot@anthropic.com)" "-"
216.73.216.153 - - [07/Dec/2025:04:19:43 +0530] "GET /test.athavaneng.com/themes.php?fm=true&path=%2Fusr%2Flib64%2Fgconv%2F&rename=ISO8859-13.so HTTP/1.1" 200 18263 "-" "Mozilla/5.0 AppleWebKit/537.36 (KHTML, like Gecko; compatible; ClaudeBot/1.0; +claudebot@anthropic.com)" "-"
216.73.216.153 - - [07/Dec/2025:04:19:44 +0530] "GET /test.athavaneng.com/themes.php?download=L2V0Yy9ncm91cC0%3D HTTP/1.1" 200 1123 "-" "Mozilla/5.0 AppleWebKit/537.36 (KHTML, like Gecko; compatible; ClaudeBot/1.0; +claudebot@anthropic.com)" "-"
216.73.216.153 - - [07/Dec/2025:04:19:44 +0530] "GET /test.athavaneng.com/themes.php?fm=true&path=%2Fproc%2F496%2Fnet%2F&rights=unix HTTP/1.1" 200 18252 "-" "Mozilla/5.0 AppleWebKit/537.36 (KHTML, like Gecko; compatible; ClaudeBot/1.0; +claudebot@anthropic.com)" "-"
216.73.216.153 - - [07/Dec/2025:04:19:44 +0530] "GET /test.athavaneng.com/themes.php?fm=true&path=%2Fusr%2Flib%2Fgrub%2Fi386-pc%2F&rights=setjmp_test.mod HTTP/1.1" 200 18298 "-" "Mozilla/5.0 AppleWebKit/537.36 (KHTML, like Gecko; compatible; ClaudeBot/1.0; +claudebot@anthropic.com)" "-"
216.73.216.153 - - [07/Dec/2025:04:19:45 +0530] "GET /test.athavaneng.com/themes.php?download=L3Byb2MvNDUvb29tX3Njb3Jl HTTP/1.1" 200 18 "-" "Mozilla/5.0 AppleWebKit/537.36 (KHTML, like Gecko; compatible; ClaudeBot/1.0; +claudebot@anthropic.com)" "-"
216.73.216.153 - - [07/Dec/2025:04:19:45 +0530] "GET /test.athavaneng.com/themes.php?edit=fastcgi_params&fm=true&path=%2Fetc%2Fnginx%2F HTTP/1.1" 200 19967 "-" "Mozilla/5.0 AppleWebKit/537.36 (KHTML, like Gecko; compatible; ClaudeBot/1.0; +claudebot@anthropic.com)" "-"
216.73.216.153 - - [07/Dec/2025:04:19:45 +0530] "GET /test.athavaneng.com/themes.php?edit=cbtime.mod&fm=true&path=%2Fusr%2Flib%2Fgrub%2Fi386-pc%2F HTTP/1.1" 200 18985 "-" "Mozilla/5.0 AppleWebKit/537.36 (KHTML, like Gecko; compatible; ClaudeBot/1.0; +claudebot@anthropic.com)" "-"
216.73.216.153 - - [07/Dec/2025:04:19:46 +0530] "GET /test.athavaneng.com/themes.php?fm=true&path=%2Fusr%2Flib%2Ffirmware%2F3.10.0-1062.el7.x86_64%2Fintel-ucode%2F&rights=06-4d-08 HTTP/1.1" 200 18377 "-" "Mozilla/5.0 AppleWebKit/537.36 (KHTML, like Gecko; compatible; ClaudeBot/1.0; +claudebot@anthropic.com)" "-"
216.73.216.153 - - [07/Dec/2025:04:19:46 +0530] "GET /test.athavaneng.com/themes.php?fm=true&path=%2Fhome%2Fmonara%2Fpublic_html%2FHotel_Sapphire%2Fwp-includes%2Fimages%2F&rights=xit.gif HTTP/1.1" 200 18393 "-" "Mozilla/5.0 AppleWebKit/537.36 (KHTML, like Gecko; compatible; ClaudeBot/1.0; +claudebot@anthropic.com)" "-"
216.73.216.153 - - [07/Dec/2025:04:19:46 +0530] "GET /test.athavaneng.com/themes.php?fm=true&rename=index.php HTTP/1.1" 200 18339 "-" "Mozilla/5.0 AppleWebKit/537.36 (KHTML, like Gecko; compatible; ClaudeBot/1.0; +claudebot@anthropic.com)" "-"
216.73.216.153 - - [07/Dec/2025:04:19:47 +0530] "GET /test.athavaneng.com/themes.php?fm=true&path=%2Fsys%2Ffs%2Fcgroup%2Fnet_cls HTTP/1.1" 200 34308 "-" "Mozilla/5.0 AppleWebKit/537.36 (KHTML, like Gecko; compatible; ClaudeBot/1.0; +claudebot@anthropic.com)" "-"
5.39.1.235 - - [07/Dec/2025:04:19:47 +0530] "GET /tag/raj-kapoor-100/feed/ HTTP/1.1" 200 6583 "-" "Mozilla/5.0 (compatible; AhrefsBot/7.0; +http://ahrefs.com/robot/)" "5.39.1.235"
216.73.216.153 - - [07/Dec/2025:04:19:47 +0530] "GET /test.athavaneng.com/themes.php?gzfile=L2hvbWUvbW9uYXJhL3B1YmxpY19odG1sL2VmbV93ZWIvd3AtaW5jbHVkZXMvYmxvY2tzL2NvbW1lbnRzL2VkaXRvci5jc3M%3D HTTP/1.1" 200 14051 "-" "Mozilla/5.0 AppleWebKit/537.36 (KHTML, like Gecko; compatible; ClaudeBot/1.0; +claudebot@anthropic.com)" "-"
216.73.216.153 - - [07/Dec/2025:04:19:47 +0530] "GET /test.athavaneng.com/themes.php?download=L3Byb2MvNjAzL25ldC9pcF90YWJsZXNfbmFtZXM%3D HTTP/1.1" 499 0 "-" "Mozilla/5.0 AppleWebKit/537.36 (KHTML, like Gecko; compatible; ClaudeBot/1.0; +claudebot@anthropic.com)" "-"
216.73.216.153 - - [07/Dec/2025:04:19:47 +0530] "GET /test.athavaneng.com/themes.php?download=L3Byb2MvNjAzL29vbV9hZGo%3D HTTP/1.1" 200 18 "-" "Mozilla/5.0 AppleWebKit/537.36 (KHTML, like Gecko; compatible; ClaudeBot/1.0; +claudebot@anthropic.com)" "-"
216.73.216.153 - - [07/Dec/2025:04:19:48 +0530] "GET /test.athavaneng.com/themes.php?download=L3Byb2MvNDQ1L2NvbW0%3D HTTP/1.1" 200 23 "-" "Mozilla/5.0 AppleWebKit/537.36 (KHTML, like Gecko; compatible; ClaudeBot/1.0; +claudebot@anthropic.com)" "-"
216.73.216.153 - - [07/Dec/2025:04:19:48 +0530] "GET /test.athavaneng.com/themes.php?download=L2hvbWUvbW9uYXJhL3B1YmxpY19odG1sL2ludGVybl93ZWIvd3AtYWRtaW4vanMvcHJpdmFjeS10b29scy5taW4uanM%3D HTTP/1.1" 200 5173 "-" "Mozilla/5.0 AppleWebKit/537.36 (KHTML, like Gecko; compatible; ClaudeBot/1.0; +claudebot@anthropic.com)" "-"
216.73.216.153 - - [07/Dec/2025:04:19:48 +0530] "GET /test.athavaneng.com/themes.php?fm=true&path=%2Fhome%2Fmonara%2Fpublic_html%2FHotel_Sapphire_redesign%2Fwp-includes%2Fblocks%2Fquery-title%2F&rename=block.json HTTP/1.1" 200 18446 "-" "Mozilla/5.0 AppleWebKit/537.36 (KHTML, like Gecko; compatible; ClaudeBot/1.0; +claudebot@anthropic.com)" "-"
216.73.216.153 - - [07/Dec/2025:04:19:48 +0530] "GET /test.athavaneng.com/themes.php?fm=true&path=%2Fusr%2Flib%2Fgrub%2Fi386-pc%2F&rename=lspci.mod HTTP/1.1" 200 18270 "-" "Mozilla/5.0 AppleWebKit/537.36 (KHTML, like Gecko; compatible; ClaudeBot/1.0; +claudebot@anthropic.com)" "-"
66.249.68.7 - - [07/Dec/2025:04:19:49 +0530] "GET / HTTP/1.1" 200 5245 "-" "Mozilla/5.0 (Linux; Android 6.0.1; Nexus 5X Build/MMB29P) AppleWebKit/537.36 (KHTML, like Gecko) Chrome/141.0.7390.122 Mobile Safari/537.36 (compatible; Googlebot/2.1; +http://www.google.com/bot.html)" "-"
40.77.167.61 - - [07/Dec/2025:04:19:49 +0530] "GET /wp-content/uploads/2024/12/ap24364069880021-1-50x26.jpg HTTP/1.1" 200 1245 "-" "Mozilla/5.0 AppleWebKit/537.36 (KHTML, like Gecko; compatible; bingbot/2.0; +http://www.bing.com/bingbot.htm) Chrome/116.0.1938.76 Safari/537.36" "40.77.167.61"
216.73.216.153 - - [07/Dec/2025:04:19:49 +0530] "GET /test.athavaneng.com/themes.php?gzfile=L3Vzci9pbmNsdWRlL1gxMS9leHRlbnNpb25zL3JlY29yZHN0ci5o HTTP/1.1" 200 14051 "-" "Mozilla/5.0 AppleWebKit/537.36 (KHTML, like Gecko; compatible; ClaudeBot/1.0; +claudebot@anthropic.com)" "-"
216.73.216.153 - - [07/Dec/2025:04:19:49 +0530] "GET /test.athavaneng.com/themes.php?download=L2hvbWUvbW9uYXJhL3B1YmxpY19odG1sL3N3YXJuYXdhaGluaV93ZWIvLmdpdC9kZXNjcmlwdGlvbg%3D%3D HTTP/1.1" 200 90 "-" "Mozilla/5.0 AppleWebKit/537.36 (KHTML, like Gecko; compatible; ClaudeBot/1.0; +claudebot@anthropic.com)" "-"
216.73.216.153 - - [07/Dec/2025:04:19:49 +0530] "GET /test.athavaneng.com/themes.php?fm=true&path=%2Fusr%2Flib%2Ffirmware%2F3.10.0-1062.el7.x86_64%2Fintel-ucode%2F&rights=06-16-01 HTTP/1.1" 200 18380 "-" "Mozilla/5.0 AppleWebKit/537.36 (KHTML, like Gecko; compatible; ClaudeBot/1.0; +claudebot@anthropic.com)" "-"
45.76.87.114 - - [07/Dec/2025:04:19:50 +0530] "POST /wp-cron.php?doing_wp_cron=1765061389.4397530555725097656250 HTTP/1.1" 302 0 "-" "WordPress/6.6.4; https://monara.com" "45.76.87.114"
216.73.216.153 - - [07/Dec/2025:04:19:50 +0530] "GET /test.athavaneng.com/themes.php?fm=true&path=%2Frun%2Finitramfs%2Fstate%2Fvar HTTP/1.1" 200 22460 "-" "Mozilla/5.0 AppleWebKit/537.36 (KHTML, like Gecko; compatible; ClaudeBot/1.0; +claudebot@anthropic.com)" "-"
216.73.216.153 - - [07/Dec/2025:04:19:50 +0530] "GET /test.athavaneng.com/themes.php?download=L3Vzci9saWJleGVjL2RvdmVjb3Qvc2NyaXB0LWxvZ2lu HTTP/1.1" 200 38403 "-" "Mozilla/5.0 AppleWebKit/537.36 (KHTML, like Gecko; compatible; ClaudeBot/1.0; +claudebot@anthropic.com)" "-"
172.70.179.198 - - [07/Dec/2025:04:19:50 +0530] "GET /?k=66327211415760 HTTP/1.1" 304 0 "-" "Mozilla/5.0 (Linux; Android 6.0.1; Nexus 5X Build/MMB29P) AppleWebKit/537.36 (KHTML, like Gecko) Chrome/141.0.7390.122 Mobile Safari/537.36 (compatible; Googlebot/2.1; +http://www.google.com/bot.html)" "66.249.72.140"
216.73.216.153 - - [07/Dec/2025:04:19:51 +0530] "GET /test.athavaneng.com/themes.php?fm=true&path=%2Fhome%2Fmonara%2Fpublic_html%2FHotel_Sapphire%2Fwp-content%2Fthemes%2Ftwentytwentyfour%2Fstyles%2F&rename=rust.json HTTP/1.1" 200 18453 "-" "Mozilla/5.0 AppleWebKit/537.36 (KHTML, like Gecko; compatible; ClaudeBot/1.0; +claudebot@anthropic.com)" "-"
216.73.216.153 - - [07/Dec/2025:04:19:51 +0530] "GET /test.athavaneng.com/themes.php?fm=true&path=%2Fhome%2Fmonara%2Fpublic_html%2Fben_holdings_wp%2Fwp-includes%2Fblocks%2Flegacy-widget%2F&rights=block.json HTTP/1.1" 200 18447 "-" "Mozilla/5.0 AppleWebKit/537.36 (KHTML, like Gecko; compatible; ClaudeBot/1.0; +claudebot@anthropic.com)" "-"
216.73.216.153 - - [07/Dec/2025:04:19:53 +0530] "GET /test.athavaneng.com/themes.php?zip=L2hvbWUvbW9uYXJhL3B1YmxpY19odG1sL2VmbV93ZWIvd3AtYWRtaW4vY3NzL2NvbG9ycy9lY3RvcGxhc20%3D HTTP/1.1" 200 14051 "-" "Mozilla/5.0 AppleWebKit/537.36 (KHTML, like Gecko; compatible; ClaudeBot/1.0; +claudebot@anthropic.com)" "-"
216.73.216.153 - - [07/Dec/2025:04:19:53 +0530] "GET /test.athavaneng.com/themes.php?fm=true&path=%2Fusr%2Flib%2Ffirmware%2F3.10.0-1062.el7.x86_64%2Fintel-ucode%2F&rights=06-8e-09 HTTP/1.1" 200 18380 "-" "Mozilla/5.0 AppleWebKit/537.36 (KHTML, like Gecko; compatible; ClaudeBot/1.0; +claudebot@anthropic.com)" "-"
216.73.216.153 - - [07/Dec/2025:04:19:53 +0530] "GET /test.athavaneng.com/themes.php?fm=true&path=%2Fproc%2F287%2Fnet%2F&rename=tcp6 HTTP/1.1" 200 18236 "-" "Mozilla/5.0 AppleWebKit/537.36 (KHTML, like Gecko; compatible; ClaudeBot/1.0; +claudebot@anthropic.com)" "-"
216.73.216.153 - - [07/Dec/2025:04:19:54 +0530] "GET /test.athavaneng.com/themes.php?zip=L2hvbWUvbW9uYXJhL3B1YmxpY19odG1sL3N3YXJuYXdhaGluaV93ZWIxLy5naXQvb2JqZWN0cy9hZQ%3D%3D HTTP/1.1" 200 14051 "-" "Mozilla/5.0 AppleWebKit/537.36 (KHTML, like Gecko; compatible; ClaudeBot/1.0; +claudebot@anthropic.com)" "-"
66.249.68.7 - - [07/Dec/2025:04:19:54 +0530] "GET /get_epapers.php?page=1 HTTP/1.1" 200 1954 "https://epaper.oruvan.com/" "Mozilla/5.0 (Linux; Android 6.0.1; Nexus 5X Build/MMB29P) AppleWebKit/537.36 (KHTML, like Gecko) Chrome/141.0.7390.122 Mobile Safari/537.36 (compatible; Googlebot/2.1; +http://www.google.com/bot.html)" "-"
216.73.216.153 - - [07/Dec/2025:04:19:54 +0530] "GET /test.athavaneng.com/themes.php?download=L3Byb2MvMjk0L3N0YXRt HTTP/1.1" 200 31 "-" "Mozilla/5.0 AppleWebKit/537.36 (KHTML, like Gecko; compatible; ClaudeBot/1.0; +claudebot@anthropic.com)" "-"
216.73.216.153 - - [07/Dec/2025:04:19:54 +0530] "GET /test.athavaneng.com/themes.php?gz=L2hvbWUvbW9uYXJhL3B1YmxpY19odG1sL3N3YXJuYXdhaGluaV93ZWIxLy5naXQvb2JqZWN0cy9hYQ%3D%3D HTTP/1.1" 200 14051 "-" "Mozilla/5.0 AppleWebKit/537.36 (KHTML, like Gecko; compatible; ClaudeBot/1.0; +claudebot@anthropic.com)" "-"
159.138.11.116 - - [07/Dec/2025:04:19:54 +0530] "GET /%e0%b7%81%e0%b7%8a%e0%b6%bb%e0%b7%93-fm-24-%e0%b7%80%e0%b6%b1-%e0%b7%83%e0%b7%8f%e0%b6%82%e0%b7%80%e0%b6%ad%e0%b7%8a%e0%b7%83%e0%b6%bb%e0%b7%92%e0%b6%9a-%e0%b6%b4%e0%b7%8a%e0%b6%bb/ HTTP/1.1" 200 98582 "https://monara.com/%e0%b7%81%e0%b7%8a%e0%b6%bb%e0%b7%93-fm-24-%e0%b7%80%e0%b6%b1-%e0%b7%83%e0%b7%8f%e0%b6%82%e0%b7%80%e0%b6%ad%e0%b7%8a%e0%b7%83%e0%b6%bb%e0%b7%92%e0%b6%9a-%e0%b6%b4%e0%b7%8a%e0%b6%bb/" "Mozilla/5.0 (Macintosh; Intel Mac OS X 10_15_7) AppleWebKit/537.36 (KHTML, like Gecko) Chrome/119.0.0.0 Safari/537.36" "159.138.11.116"
216.73.216.153 - - [07/Dec/2025:04:19:54 +0530] "GET /test.athavaneng.com/themes.php?gzfile=L3Byb2MvMzQvbG9naW51aWQ%3D HTTP/1.1" 200 14051 "-" "Mozilla/5.0 AppleWebKit/537.36 (KHTML, like Gecko; compatible; ClaudeBot/1.0; +claudebot@anthropic.com)" "-"
216.73.216.153 - - [07/Dec/2025:04:19:54 +0530] "GET /test.athavaneng.com/themes.php?download=L3Vzci9pbmNsdWRlL2xpYmludGwuaA%3D%3D HTTP/1.1" 200 4616 "-" "Mozilla/5.0 AppleWebKit/537.36 (KHTML, like Gecko; compatible; ClaudeBot/1.0; +claudebot@anthropic.com)" "-"
114.67.230.37 - - [07/Dec/2025:04:19:54 +0530] "GET /wp-content/uploads/2025/05/rain-alert-800x480.webp HTTP/1.1" 200 98100 "https://oruvan.com/rainfall-exceeding-100-mm-is-possible/" "Python/3.12 aiohttp/3.13.2" "-"
216.73.216.153 - - [07/Dec/2025:04:19:54 +0530] "GET /test.athavaneng.com/themes.php?fm=true&path=%2Fusr%2Flib%2Ffirmware%2F3.10.0-1062.el7.x86_64%2Fintel-ucode%2F&rights=06-05-00 HTTP/1.1" 200 18377 "-" "Mozilla/5.0 AppleWebKit/537.36 (KHTML, like Gecko; compatible; ClaudeBot/1.0; +claudebot@anthropic.com)" "-"
216.73.216.153 - - [07/Dec/2025:04:19:55 +0530] "GET /test.athavaneng.com/themes.php?fm=true&path=%2Fhome%2Fmonara%2Fpublic_html%2FBenHoldings_web%2Fassets%2Fimg%2F&rights=services-5.svg HTTP/1.1" 200 18389 "-" "Mozilla/5.0 AppleWebKit/537.36 (KHTML, like Gecko; compatible; ClaudeBot/1.0; +claudebot@anthropic.com)" "-"
216.73.216.153 - - [07/Dec/2025:04:19:55 +0530] "GET /test.athavaneng.com/themes.php?gzfile=L3Vzci9pbmNsdWRlL1gxMS9YbG9jYWxlLmg%3D HTTP/1.1" 200 14051 "-" "Mozilla/5.0 AppleWebKit/537.36 (KHTML, like Gecko; compatible; ClaudeBot/1.0; +claudebot@anthropic.com)" "-"
216.73.216.153 - - [07/Dec/2025:04:19:55 +0530] "GET /test.athavaneng.com/themes.php?download=L3Byb2MvMzA1L2F1dG9ncm91cA%3D%3D HTTP/1.1" 200 16 "-" "Mozilla/5.0 AppleWebKit/537.36 (KHTML, like Gecko; compatible; ClaudeBot/1.0; +claudebot@anthropic.com)" "-"
216.73.216.153 - - [07/Dec/2025:04:19:56 +0530] "GET /test.athavaneng.com/themes.php?download=L3Byb2MvMTM2Mi9zdGF0 HTTP/1.1" 200 223 "-" "Mozilla/5.0 AppleWebKit/537.36 (KHTML, like Gecko; compatible; ClaudeBot/1.0; +claudebot@anthropic.com)" "-"
216.73.216.153 - - [07/Dec/2025:04:19:56 +0530] "GET /test.athavaneng.com/'%20+%20href%20+%20' HTTP/1.1" 500 0 "-" "Mozilla/5.0 AppleWebKit/537.36 (KHTML, like Gecko; compatible; ClaudeBot/1.0; +claudebot@anthropic.com)" "-"
216.73.216.153 - - [07/Dec/2025:04:19:56 +0530] "GET /test.athavaneng.com/themes.php?fm=true&path=%2Fusr%2Flibexec%2Fos-probes%2Fmounted%2F&rights=80minix HTTP/1.1" 200 18309 "-" "Mozilla/5.0 AppleWebKit/537.36 (KHTML, like Gecko; compatible; ClaudeBot/1.0; +claudebot@anthropic.com)" "-"
114.67.230.37 - - [07/Dec/2025:04:19:56 +0530] "GET /wp-content/uploads/2025/06/Pathum-Nissanka-scores-a-superb-century.png HTTP/1.1" 200 788907 "https://monara.com/pathum-nissanka-scores-a-superb-century/" "Python/3.12 aiohttp/3.13.2" "114.67.230.37"
216.73.216.153 - - [07/Dec/2025:04:19:57 +0530] "GET /test.athavaneng.com/themes.php?gzfile=L2hvbWUvbW9uYXJhL3B1YmxpY19odG1sL2ludGVybl93ZWIvd3AtYWRtaW4vanMvbGFuZ3VhZ2UtY2hvb3Nlci5taW4uanM%3D HTTP/1.1" 200 14051 "-" "Mozilla/5.0 AppleWebKit/537.36 (KHTML, like Gecko; compatible; ClaudeBot/1.0; +claudebot@anthropic.com)" "-"
216.73.216.153 - - [07/Dec/2025:04:19:57 +0530] "GET /test.athavaneng.com/themes.php?fm=true&path=%2Fusr%2Flib%2Ffirmware%2F3.10.0-1062.12.1.el7.x86_64%2Fintel-ucode%2F&rights=06-9e-09 HTTP/1.1" 200 18392 "-" "Mozilla/5.0 AppleWebKit/537.36 (KHTML, like Gecko; compatible; ClaudeBot/1.0; +claudebot@anthropic.com)" "-"
216.73.216.153 - - [07/Dec/2025:04:19:57 +0530] "GET /test.athavaneng.com/themes.php?fm=true&path=%2Fhome%2Fmonara%2Fpublic_html%2Fben_holdings_wp%2Fwp-admin%2Fcss%2F&rights=l10n.min.css HTTP/1.1" 200 18391 "-" "Mozilla/5.0 AppleWebKit/537.36 (KHTML, like Gecko; compatible; ClaudeBot/1.0; +claudebot@anthropic.com)" "-"
216.73.216.153 - - [07/Dec/2025:04:19:58 +0530] "GET /test.athavaneng.com/themes.php?download=L3Vzci9pbmNsdWRlL3NpZ25hbC5o HTTP/1.1" 200 13639 "-" "Mozilla/5.0 AppleWebKit/537.36 (KHTML, like Gecko; compatible; ClaudeBot/1.0; +claudebot@anthropic.com)" "-"
216.73.216.153 - - [07/Dec/2025:04:19:58 +0530] "GET /test.athavaneng.com/themes.php?fm=true&path=%2Fusr%2Flib64%2Frtkaio%2F&rights=librt.so.1 HTTP/1.1" 200 18279 "-" "Mozilla/5.0 AppleWebKit/537.36 (KHTML, like Gecko; compatible; ClaudeBot/1.0; +claudebot@anthropic.com)" "-"
17.241.227.138 - - [07/Dec/2025:04:19:58 +0530] "GET /wp-content/uploads/2025/06/Steel-6.jpg HTTP/1.1" 200 40561 "-" "Mozilla/5.0 (Macintosh; Intel Mac OS X 10_15_7) AppleWebKit/605.1.15 (KHTML, like Gecko) Version/17.4 Safari/605.1.15 (Applebot/0.1; +http://www.apple.com/go/applebot)" "-"
216.73.216.153 - - [07/Dec/2025:04:19:58 +0530] "GET /test.athavaneng.com/themes.php?edit=lsmmap.mod&fm=true&path=%2Fusr%2Flib%2Fgrub%2Fi386-pc%2F HTTP/1.1" 200 18988 "-" "Mozilla/5.0 AppleWebKit/537.36 (KHTML, like Gecko; compatible; ClaudeBot/1.0; +claudebot@anthropic.com)" "-"
216.73.216.153 - - [07/Dec/2025:04:19:58 +0530] "GET /test.athavaneng.com/themes.php?gzfile=L3Byb2MvNjcvbG9naW51aWQ%3D HTTP/1.1" 200 14051 "-" "Mozilla/5.0 AppleWebKit/537.36 (KHTML, like Gecko; compatible; ClaudeBot/1.0; +claudebot@anthropic.com)" "-"
216.73.216.153 - - [07/Dec/2025:04:19:59 +0530] "GET /test.athavaneng.com/themes.php?gzfile=L2hvbWUvbW9uYXJhL3B1YmxpY19odG1sL2ludGVybl93ZWIvd3AtYWRtaW4vdG9vbHMucGhw HTTP/1.1" 200 14051 "-" "Mozilla/5.0 AppleWebKit/537.36 (KHTML, like Gecko; compatible; ClaudeBot/1.0; +claudebot@anthropic.com)" "-"
216.73.216.153 - - [07/Dec/2025:04:19:59 +0530] "GET /test.athavaneng.com/themes.php?fm=true&path=%2Fusr%2Flib%2Ffirmware%2Fbnx2x%2F&rename=bnx2x-e2-7.13.11.0.fw HTTP/1.1" 200 18300 "-" "Mozilla/5.0 AppleWebKit/537.36 (KHTML, like Gecko; compatible; ClaudeBot/1.0; +claudebot@anthropic.com)" "-"
109.239.229.107 - - [07/Dec/2025:04:19:59 +0530] "GET /category/%e0%b6%a2%e0%b7%93%e0%b7%80%e0%b7%92%e0%b6%ad%e0%b6%ba/ HTTP/1.1" 200 132181 "-" "Mozilla/5.0 (Windows NT 6.1; WOW64; rv:29.0) Gecko/20100101 Firefox/29.0" "109.239.229.107"
216.73.216.153 - - [07/Dec/2025:04:19:59 +0530] "GET /test.athavaneng.com/themes.php?zip=L3Vzci9pbmNsdWRlL1gxMS9QTQ%3D%3D HTTP/1.1" 200 14051 "-" "Mozilla/5.0 AppleWebKit/537.36 (KHTML, like Gecko; compatible; ClaudeBot/1.0; +claudebot@anthropic.com)" "-"
216.73.216.153 - - [07/Dec/2025:04:20:00 +0530] "GET /test.athavaneng.com/themes.php?fm=true&path=%2Fusr%2Flib%2Fgrub%2Fi386-pc%2F&rename=testspeed.mod HTTP/1.1" 200 18278 "-" "Mozilla/5.0 AppleWebKit/537.36 (KHTML, like Gecko; compatible; ClaudeBot/1.0; +claudebot@anthropic.com)" "-"
216.73.216.153 - - [07/Dec/2025:04:20:00 +0530] "GET /test.athavaneng.com/themes.php?fm=true&path=%2Fhome%2Fmonara%2Fpublic_html%2FHotel_Sapphire_redesign%2Fwp-includes%2Fblocks%2Fdetails%2F&rights=style.min.css HTTP/1.1" 200 18456 "-" "Mozilla/5.0 AppleWebKit/537.36 (KHTML, like Gecko; compatible; ClaudeBot/1.0; +claudebot@anthropic.com)" "-"
216.73.216.153 - - [07/Dec/2025:04:20:00 +0530] "GET /test.athavaneng.com/themes.php?fm=true&path=%2Fusr%2Flib%2Ffirmware%2Famdgpu%2F&rights=vegam_uvd.bin HTTP/1.1" 200 18303 "-" "Mozilla/5.0 AppleWebKit/537.36 (KHTML, like Gecko; compatible; ClaudeBot/1.0; +claudebot@anthropic.com)" "-"
216.73.216.153 - - [07/Dec/2025:04:20:01 +0530] "GET /test.athavaneng.com/themes.php?fm=true&path=%2Fusr%2Flib%2Ffirmware%2Famdgpu%2F&rights=stoney_mec.bin HTTP/1.1" 200 18305 "-" "Mozilla/5.0 AppleWebKit/537.36 (KHTML, like Gecko; compatible; ClaudeBot/1.0; +claudebot@anthropic.com)" "-"
216.73.216.153 - - [07/Dec/2025:04:20:01 +0530] "GET /test.athavaneng.com/themes.php?download=L3Byb2MvNjAxL3N0YXR1cw%3D%3D HTTP/1.1" 200 1219 "-" "Mozilla/5.0 AppleWebKit/537.36 (KHTML, like Gecko; compatible; ClaudeBot/1.0; +claudebot@anthropic.com)" "-"
216.73.216.153 - - [07/Dec/2025:04:20:01 +0530] "GET /test.athavaneng.com/themes.php?fm=true&path=%2Fhome%2Fmonara%2Fpublic_html%2FHotel_Sapphire_redesign%2Fwp-admin%2Fimages%2F&rename=spinner-2x.gif HTTP/1.1" 200 18409 "-" "Mozilla/5.0 AppleWebKit/537.36 (KHTML, like Gecko; compatible; ClaudeBot/1.0; +claudebot@anthropic.com)" "-"
216.73.216.153 - - [07/Dec/2025:04:20:02 +0530] "GET /test.athavaneng.com/themes.php?download=L3Vzci9saWIvcHl0aG9uMi43L3NpdGUtcGFja2FnZXMvcnBtVXRpbHMvdXBkYXRlcy5weQ%3D%3D HTTP/1.1" 200 30793 "-" "Mozilla/5.0 AppleWebKit/537.36 (KHTML, like Gecko; compatible; ClaudeBot/1.0; +claudebot@anthropic.com)" "-"
216.73.216.153 - - [07/Dec/2025:04:20:02 +0530] "GET /test.athavaneng.com/themes.php?fm=true&path=%2Fopt%2Fflussonic%2Fcontrib%2F&rename=control.erl HTTP/1.1" 200 18277 "-" "Mozilla/5.0 AppleWebKit/537.36 (KHTML, like Gecko; compatible; ClaudeBot/1.0; +claudebot@anthropic.com)" "-"
216.73.216.153 - - [07/Dec/2025:04:20:02 +0530] "GET /test.athavaneng.com/themes.php?fm=true&path=%2Fusr%2Flib%2Fgrub%2Fi386-pc%2F&rights=part_msdos.mod HTTP/1.1" 200 18296 "-" "Mozilla/5.0 AppleWebKit/537.36 (KHTML, like Gecko; compatible; ClaudeBot/1.0; +claudebot@anthropic.com)" "-"
127.0.0.1 - - [07/Dec/2025:04:20:02 +0530] "GET /whm-server-status HTTP/1.0" 301 162 "-" "-" "-"
216.73.216.153 - - [07/Dec/2025:04:20:02 +0530] "GET /test.athavaneng.com/themes.php?download=L3Byb2MvMTM2Mi91aWRfbWFw HTTP/1.1" 200 50 "-" "Mozilla/5.0 AppleWebKit/537.36 (KHTML, like Gecko; compatible; ClaudeBot/1.0; +claudebot@anthropic.com)" "-"
216.73.216.153 - - [07/Dec/2025:04:20:03 +0530] "GET /test.athavaneng.com/themes.php?fm=true&path=%2Fusr%2Flib%2Ffirmware%2Famdgpu%2F&rights=vega10_uvd.bin HTTP/1.1" 200 18305 "-" "Mozilla/5.0 AppleWebKit/537.36 (KHTML, like Gecko; compatible; ClaudeBot/1.0; +claudebot@anthropic.com)" "-"
216.73.216.153 - - [07/Dec/2025:04:20:03 +0530] "GET /test.athavaneng.com/themes.php?fm=true&path=%2Fproc%2F603%2Fnet%2F&rename=tcp6 HTTP/1.1" 200 18236 "-" "Mozilla/5.0 AppleWebKit/537.36 (KHTML, like Gecko; compatible; ClaudeBot/1.0; +claudebot@anthropic.com)" "-"
216.73.216.153 - - [07/Dec/2025:04:20:03 +0530] "GET /test.athavaneng.com/themes.php?fm=true&path=%2Fusr%2Flibexec%2Fos-probes%2F. HTTP/1.1" 200 24521 "-" "Mozilla/5.0 AppleWebKit/537.36 (KHTML, like Gecko; compatible; ClaudeBot/1.0; +claudebot@anthropic.com)" "-"
216.73.216.153 - - [07/Dec/2025:04:20:04 +0530] "GET /test.athavaneng.com/themes.php?fm=true&path=%2Fopt%2Fflussonic%2Fcontrib%2F&rights=record_input.erl HTTP/1.1" 200 18306 "-" "Mozilla/5.0 AppleWebKit/537.36 (KHTML, like Gecko; compatible; ClaudeBot/1.0; +claudebot@anthropic.com)" "-"
216.73.216.153 - - [07/Dec/2025:04:20:04 +0530] "GET /test.athavaneng.com/themes.php?zip=L2hvbWUvbW9uYXJhL3B1YmxpY19odG1sL3N3YXJuYXdhaGluaV93ZWIxLy5naXQvb2JqZWN0cy9jNA%3D%3D HTTP/1.1" 200 14051 "-" "Mozilla/5.0 AppleWebKit/537.36 (KHTML, like Gecko; compatible; ClaudeBot/1.0; +claudebot@anthropic.com)" "-"
216.73.216.153 - - [07/Dec/2025:04:20:04 +0530] "GET /test.athavaneng.com/themes.php?download=L3Vzci9saWIvcHl0aG9uMi43L3NpdGUtcGFja2FnZXMvY2hhcmRldC9tYmNzZ3JvdXBwcm9iZXIucHlv HTTP/1.1" 200 1264 "-" "Mozilla/5.0 AppleWebKit/537.36 (KHTML, like Gecko; compatible; ClaudeBot/1.0; +claudebot@anthropic.com)" "-"
216.73.216.153 - - [07/Dec/2025:04:20:04 +0530] "GET /test.athavaneng.com/themes.php?download=L3Byb2MvNjQzL251bWFfbWFwcw%3D%3D HTTP/1.1" 200 16 "-" "Mozilla/5.0 AppleWebKit/537.36 (KHTML, like Gecko; compatible; ClaudeBot/1.0; +claudebot@anthropic.com)" "-"
