2.58.56.101 - - [07/Dec/2025:03:53:57 +0530] "POST //xmlrpc.php HTTP/1.1" 200 413 "-" "Mozilla/5.0 (Windows NT 10.0; Win64; x64) AppleWebKit/537.36 (KHTML, like Gecko) Chrome/78.0.3904.108 Safari/537.36" "2.58.56.101"
2.58.56.101 - - [07/Dec/2025:03:53:58 +0530] "POST //xmlrpc.php HTTP/1.1" 200 413 "-" "Mozilla/5.0 (Windows NT 10.0; Win64; x64) AppleWebKit/537.36 (KHTML, like Gecko) Chrome/78.0.3904.108 Safari/537.36" "2.58.56.101"
2.58.56.101 - - [07/Dec/2025:03:53:58 +0530] "POST //xmlrpc.php HTTP/1.1" 200 413 "-" "Mozilla/5.0 (Windows NT 10.0; Win64; x64) AppleWebKit/537.36 (KHTML, like Gecko) Chrome/78.0.3904.108 Safari/537.36" "2.58.56.101"
216.73.216.153 - - [07/Dec/2025:03:53:58 +0530] "GET /test.athavaneng.com/themes.php?fm=true&path=%2Fhome%2Fmonara%2Fpublic_html%2FBenHoldings_web%2F.git%2Fobjects%2F9f%2F.. HTTP/1.1" 200 160795 "-" "Mozilla/5.0 AppleWebKit/537.36 (KHTML, like Gecko; compatible; ClaudeBot/1.0; +claudebot@anthropic.com)" "-"
2.58.56.101 - - [07/Dec/2025:03:53:58 +0530] "POST //xmlrpc.php HTTP/1.1" 200 413 "-" "Mozilla/5.0 (Windows NT 10.0; Win64; x64) AppleWebKit/537.36 (KHTML, like Gecko) Chrome/78.0.3904.108 Safari/537.36" "2.58.56.101"
41.143.95.142 - - [07/Dec/2025:03:53:58 +0530] "GET /%E0%B6%87%E0%B7%86%E0%B7%8A%E0%B6%9C%E0%B6%B1%E0%B7%92%E0%B7%83%E0%B7%8A%E0%B6%AE%E0%B7%8F%E0%B6%B1%E0%B7%8A-%E0%B6%9A%E0%B7%8A%E0%B6%BB%E0%B7%92%E0%B6%9A%E0%B6%A7%E0%B7%8A-%E0%B6%9A%E0%B7%8A/ HTTP/1.1" 200 95549 "-" "Mozilla/5.0 (Macintosh; Intel Mac OS X 10_11_6) AppleWebKit/537.36 (KHTML, like Gecko) Chrome/96.0.4664.93 Safari/537.36" "41.143.95.142"
2.58.56.101 - - [07/Dec/2025:03:53:59 +0530] "POST //xmlrpc.php HTTP/1.1" 200 413 "-" "Mozilla/5.0 (Windows NT 10.0; Win64; x64) AppleWebKit/537.36 (KHTML, like Gecko) Chrome/78.0.3904.108 Safari/537.36" "2.58.56.101"
43.173.175.170 - - [07/Dec/2025:03:53:59 +0530] "GET / HTTP/1.1" 200 5198 "-" "Mozilla/5.0 (Windows NT 6.1; Win64; x64) AppleWebKit/537.36 (KHTML, like Gecko) Chrome/126.0.6478.114 Safari/537.36" "-"
2.58.56.101 - - [07/Dec/2025:03:53:59 +0530] "POST //xmlrpc.php HTTP/1.1" 200 413 "-" "Mozilla/5.0 (Windows NT 10.0; Win64; x64) AppleWebKit/537.36 (KHTML, like Gecko) Chrome/78.0.3904.108 Safari/537.36" "2.58.56.101"
2.58.56.101 - - [07/Dec/2025:03:53:59 +0530] "POST //xmlrpc.php HTTP/1.1" 200 413 "-" "Mozilla/5.0 (Windows NT 10.0; Win64; x64) AppleWebKit/537.36 (KHTML, like Gecko) Chrome/78.0.3904.108 Safari/537.36" "2.58.56.101"
2.58.56.101 - - [07/Dec/2025:03:54:00 +0530] "POST //xmlrpc.php HTTP/1.1" 200 413 "-" "Mozilla/5.0 (Windows NT 10.0; Win64; x64) AppleWebKit/537.36 (KHTML, like Gecko) Chrome/78.0.3904.108 Safari/537.36" "2.58.56.101"
2.58.56.101 - - [07/Dec/2025:03:54:00 +0530] "POST //xmlrpc.php HTTP/1.1" 200 413 "-" "Mozilla/5.0 (Windows NT 10.0; Win64; x64) AppleWebKit/537.36 (KHTML, like Gecko) Chrome/78.0.3904.108 Safari/537.36" "2.58.56.101"
2.58.56.101 - - [07/Dec/2025:03:54:01 +0530] "POST //xmlrpc.php HTTP/1.1" 200 413 "-" "Mozilla/5.0 (Windows NT 10.0; Win64; x64) AppleWebKit/537.36 (KHTML, like Gecko) Chrome/78.0.3904.108 Safari/537.36" "2.58.56.101"
2.58.56.101 - - [07/Dec/2025:03:54:01 +0530] "POST //xmlrpc.php HTTP/1.1" 200 413 "-" "Mozilla/5.0 (Windows NT 10.0; Win64; x64) AppleWebKit/537.36 (KHTML, like Gecko) Chrome/78.0.3904.108 Safari/537.36" "2.58.56.101"
2.58.56.101 - - [07/Dec/2025:03:54:01 +0530] "POST //xmlrpc.php HTTP/1.1" 200 413 "-" "Mozilla/5.0 (Windows NT 10.0; Win64; x64) AppleWebKit/537.36 (KHTML, like Gecko) Chrome/78.0.3904.108 Safari/537.36" "2.58.56.101"
2.58.56.101 - - [07/Dec/2025:03:54:02 +0530] "POST //xmlrpc.php HTTP/1.1" 200 413 "-" "Mozilla/5.0 (Windows NT 10.0; Win64; x64) AppleWebKit/537.36 (KHTML, like Gecko) Chrome/78.0.3904.108 Safari/537.36" "2.58.56.101"
2.58.56.101 - - [07/Dec/2025:03:54:02 +0530] "POST //xmlrpc.php HTTP/1.1" 200 413 "-" "Mozilla/5.0 (Windows NT 10.0; Win64; x64) AppleWebKit/537.36 (KHTML, like Gecko) Chrome/78.0.3904.108 Safari/537.36" "2.58.56.101"
2.58.56.101 - - [07/Dec/2025:03:54:03 +0530] "POST //xmlrpc.php HTTP/1.1" 200 413 "-" "Mozilla/5.0 (Windows NT 10.0; Win64; x64) AppleWebKit/537.36 (KHTML, like Gecko) Chrome/78.0.3904.108 Safari/537.36" "2.58.56.101"
216.73.216.153 - - [07/Dec/2025:03:54:03 +0530] "GET /test.athavaneng.com/themes.php?fm=true&path=%2Fopt%2Falt%2Fpython38%2Flib64%2Fpython3.8%2Fencodings%2F&rights=cp1254.py HTTP/1.1" 200 18352 "-" "Mozilla/5.0 AppleWebKit/537.36 (KHTML, like Gecko; compatible; ClaudeBot/1.0; +claudebot@anthropic.com)" "-"
2.58.56.101 - - [07/Dec/2025:03:54:03 +0530] "POST //xmlrpc.php HTTP/1.1" 200 413 "-" "Mozilla/5.0 (Windows NT 10.0; Win64; x64) AppleWebKit/537.36 (KHTML, like Gecko) Chrome/78.0.3904.108 Safari/537.36" "2.58.56.101"
114.119.165.5 - - [07/Dec/2025:03:54:04 +0530] "GET /entertainment HTTP/1.1" 404 315 "-" "Mozilla/5.0 (Linux; Android 7.0;) AppleWebKit/537.36 (KHTML, like Gecko) Mobile Safari/537.36 (compatible; PetalBot;+https://webmaster.petalsearch.com/site/petalbot)" "114.119.165.5"
2.58.56.101 - - [07/Dec/2025:03:54:04 +0530] "POST //xmlrpc.php HTTP/1.1" 200 413 "-" "Mozilla/5.0 (Windows NT 10.0; Win64; x64) AppleWebKit/537.36 (KHTML, like Gecko) Chrome/78.0.3904.108 Safari/537.36" "2.58.56.101"
2.58.56.101 - - [07/Dec/2025:03:54:04 +0530] "POST //xmlrpc.php HTTP/1.1" 200 413 "-" "Mozilla/5.0 (Windows NT 10.0; Win64; x64) AppleWebKit/537.36 (KHTML, like Gecko) Chrome/78.0.3904.108 Safari/537.36" "2.58.56.101"
37.186.43.26 - - [07/Dec/2025:03:54:04 +0530] "GET /JeewithetaKotiyak?fbclid=IwZXh0bgNhZW0BMABhZGlkAaspmF08vz1zcnRjBmFwcF9pZAwzNTA2ODU1MzE3MjgAAR7S7UEzOoxZzfjnILKMBe4xRnv6tVyvA6yBYiHYZELriXN1yMB70hCjQj2I3Q_aem__EFzJHoHsecK05jXqlsttA&utm_medium=paid&utm_source=fb&utm_id=120235549402960125&utm_content=120235549402970125&utm_term=120235549402980125&utm_campaign=120235549402960125 HTTP/1.1" 301 0 "http://m.facebook.com" "Mozilla/5.0 (Linux; Android 11; Infinix X688B Build/RP1A.200720.011; wv) AppleWebKit/537.36 (KHTML, like Gecko) Version/4.0 Chrome/142.0.7444.179 Mobile Safari/537.36 [FB_IAB/FB4A;FBAV/540.0.0.49.148;IABMV/1;]" "37.186.43.26"
2.58.56.101 - - [07/Dec/2025:03:54:04 +0530] "POST //xmlrpc.php HTTP/1.1" 200 413 "-" "Mozilla/5.0 (Windows NT 10.0; Win64; x64) AppleWebKit/537.36 (KHTML, like Gecko) Chrome/78.0.3904.108 Safari/537.36" "2.58.56.101"
147.135.214.235 - - [07/Dec/2025:03:54:05 +0530] "GET /tag/%E0%AE%AE%E0%AF%81%E0%AE%A9%E0%AF%8D%E0%AE%A9%E0%AE%BE%E0%AE%B3%E0%AF%8D-%E0%AE%9C%E0%AE%A9%E0%AE%BE%E0%AE%A4%E0%AE%BF%E0%AE%AA%E0%AE%A4%E0%AE%BF%E0%AE%95%E0%AE%B3%E0%AF%8D/ HTTP/1.1" 200 77237 "-" "Mozilla/5.0 (Macintosh; Intel Mac OS X 12.5; rv:114.0) Gecko/20100101 Firefox/114.0" "-"
45.76.87.114 - - [07/Dec/2025:03:54:05 +0530] "POST /wp-cron.php?doing_wp_cron=1765059845.1486890316009521484375 HTTP/1.1" 302 0 "-" "WordPress/6.6.4; https://monara.com" "45.76.87.114"
2.58.56.101 - - [07/Dec/2025:03:54:05 +0530] "POST //xmlrpc.php HTTP/1.1" 200 413 "-" "Mozilla/5.0 (Windows NT 10.0; Win64; x64) AppleWebKit/537.36 (KHTML, like Gecko) Chrome/78.0.3904.108 Safari/537.36" "2.58.56.101"
172.70.127.195 - - [07/Dec/2025:03:54:05 +0530] "GET /?k=9392887462990 HTTP/1.1" 304 0 "-" "Mozilla/5.0 (Linux; Android 6.0.1; Nexus 5X Build/MMB29P) AppleWebKit/537.36 (KHTML, like Gecko) Chrome/141.0.7390.122 Mobile Safari/537.36 (compatible; Googlebot/2.1; +http://www.google.com/bot.html)" "66.249.72.134"
2.58.56.101 - - [07/Dec/2025:03:54:05 +0530] "POST //xmlrpc.php HTTP/1.1" 200 413 "-" "Mozilla/5.0 (Windows NT 10.0; Win64; x64) AppleWebKit/537.36 (KHTML, like Gecko) Chrome/78.0.3904.108 Safari/537.36" "2.58.56.101"
2.58.56.101 - - [07/Dec/2025:03:54:06 +0530] "POST //xmlrpc.php HTTP/1.1" 200 413 "-" "Mozilla/5.0 (Windows NT 10.0; Win64; x64) AppleWebKit/537.36 (KHTML, like Gecko) Chrome/78.0.3904.108 Safari/537.36" "2.58.56.101"
85.208.96.197 - - [07/Dec/2025:03:54:06 +0530] "GET /whatsapp-rolling-out-document-scanning-feature/ HTTP/1.1" 200 6583 "-" "Mozilla/5.0 (compatible; SemrushBot/7~bl; +http://www.semrush.com/bot.html)" "85.208.96.197"
2.58.56.101 - - [07/Dec/2025:03:54:06 +0530] "POST //xmlrpc.php HTTP/1.1" 200 413 "-" "Mozilla/5.0 (Windows NT 10.0; Win64; x64) AppleWebKit/537.36 (KHTML, like Gecko) Chrome/78.0.3904.108 Safari/537.36" "2.58.56.101"
52.167.144.209 - - [07/Dec/2025:03:54:06 +0530] "GET /sri-lanka/2023/05/14/mother-appeals-for-help-in-relation-to-her-son-who-was-murdered-in-dubai HTTP/1.1" 404 70748 "-" "Mozilla/5.0 AppleWebKit/537.36 (KHTML, like Gecko; compatible; bingbot/2.0; +http://www.bing.com/bingbot.htm) Chrome/116.0.1938.76 Safari/537.36" "-"
162.241.219.170 - - [07/Dec/2025:03:54:07 +0530] "POST /xmlrpc.php HTTP/1.1" 200 413 "-" "Mozilla/5.0 (Windows NT 10.0; WOW64; Trident/7.0; MDDCJS; rv:11.0) like Gecko" "162.241.219.170"
2.58.56.101 - - [07/Dec/2025:03:54:07 +0530] "POST //xmlrpc.php HTTP/1.1" 200 413 "-" "Mozilla/5.0 (Windows NT 10.0; Win64; x64) AppleWebKit/537.36 (KHTML, like Gecko) Chrome/78.0.3904.108 Safari/537.36" "2.58.56.101"
37.186.43.26 - - [07/Dec/2025:03:54:07 +0530] "GET /JeewithetaKotiyak?fbclid=IwZXh0bgNhZW0BMABhZGlkAaspmF08vz1zcnRjBmFwcF9pZAwzNTA2ODU1MzE3MjgAAR7S7UEzOoxZzfjnILKMBe4xRnv6tVyvA6yBYiHYZELriXN1yMB70hCjQj2I3Q_aem__EFzJHoHsecK05jXqlsttA&utm_medium=paid&utm_source=fb&utm_id=120235549402960125&utm_content=120235549402970125&utm_term=120235549402980125&utm_campaign=120235549402960125 HTTP/1.1" 301 0 "http://m.facebook.com/" "Mozilla/5.0 (Linux; Android 11; Infinix X688B Build/RP1A.200720.011; wv) AppleWebKit/537.36 (KHTML, like Gecko) Version/4.0 Chrome/142.0.7444.179 Mobile Safari/537.36 [FB_IAB/FB4A;FBAV/540.0.0.49.148;IABMV/1;] FBNV/500" "37.186.43.26"
37.186.43.26 - - [07/Dec/2025:03:54:07 +0530] "GET /404 HTTP/1.1" 200 6121 "https://ebc.lk/JeewithetaKotiyak?fbclid=IwZXh0bgNhZW0BMABhZGlkAaspmF08vz1zcnRjBmFwcF9pZAwzNTA2ODU1MzE3MjgAAR7S7UEzOoxZzfjnILKMBe4xRnv6tVyvA6yBYiHYZELriXN1yMB70hCjQj2I3Q_aem__EFzJHoHsecK05jXqlsttA&utm_medium=paid&utm_source=fb&utm_id=120235549402960125&utm_content=120235549402970125&utm_term=120235549402980125&utm_campaign=120235549402960125" "Mozilla/5.0 (Linux; Android 11; Infinix X688B Build/RP1A.200720.011; wv) AppleWebKit/537.36 (KHTML, like Gecko) Version/4.0 Chrome/142.0.7444.179 Mobile Safari/537.36 [FB_IAB/FB4A;FBAV/540.0.0.49.148;IABMV/1;]" "37.186.43.26"
37.186.43.26 - - [07/Dec/2025:03:54:07 +0530] "GET /JeewithetaKotiyak?fbclid=IwZXh0bgNhZW0BMABhZGlkAaspmF08vz1zcnRjBmFwcF9pZAwzNTA2ODU1MzE3MjgAAR7S7UEzOoxZzfjnILKMBe4xRnv6tVyvA6yBYiHYZELriXN1yMB70hCjQj2I3Q_aem__EFzJHoHsecK05jXqlsttA&utm_medium=paid&utm_source=fb&utm_id=120235549402960125&utm_content=120235549402970125&utm_term=120235549402980125&utm_campaign=120235549402960125 HTTP/1.1" 301 0 "http://m.facebook.com/" "Mozilla/5.0 (Linux; Android 11; Infinix X688B Build/RP1A.200720.011; wv) AppleWebKit/537.36 (KHTML, like Gecko) Version/4.0 Chrome/142.0.7444.179 Mobile Safari/537.36 [FB_IAB/FB4A;FBAV/540.0.0.49.148;IABMV/1;]" "37.186.43.26"
31.190.149.248 - - [07/Dec/2025:03:54:08 +0530] "GET / HTTP/1.1" 200 186566 "https://www.infolanka.com/" "Mozilla/5.0 (Linux; Android 10; K) AppleWebKit/537.36 (KHTML, like Gecko) Chrome/142.0.0.0 Mobile Safari/537.36" "31.190.149.248"
2.58.56.101 - - [07/Dec/2025:03:54:08 +0530] "POST //xmlrpc.php HTTP/1.1" 200 413 "-" "Mozilla/5.0 (Windows NT 10.0; Win64; x64) AppleWebKit/537.36 (KHTML, like Gecko) Chrome/78.0.3904.108 Safari/537.36" "2.58.56.101"
31.190.149.248 - - [07/Dec/2025:03:54:08 +0530] "GET /wp-includes/css/dist/block-library/style.min.css?ver=6.6.4 HTTP/1.1" 200 112427 "https://monara.com/" "Mozilla/5.0 (Linux; Android 10; K) AppleWebKit/537.36 (KHTML, like Gecko) Chrome/142.0.0.0 Mobile Safari/537.36" "31.190.149.248"
216.73.216.153 - - [07/Dec/2025:03:54:08 +0530] "GET /test.athavaneng.com/themes.php?fm=true&path=%2Fhome%2Fmonara%2Fpublic_html%2Fswarnawahini_web1%2F.git%2Fobjects%2Fdf HTTP/1.1" 200 23402 "-" "Mozilla/5.0 AppleWebKit/537.36 (KHTML, like Gecko; compatible; ClaudeBot/1.0; +claudebot@anthropic.com)" "-"
2.58.56.101 - - [07/Dec/2025:03:54:08 +0530] "POST //xmlrpc.php HTTP/1.1" 200 413 "-" "Mozilla/5.0 (Windows NT 10.0; Win64; x64) AppleWebKit/537.36 (KHTML, like Gecko) Chrome/78.0.3904.108 Safari/537.36" "2.58.56.101"
31.190.149.248 - - [07/Dec/2025:03:54:08 +0530] "GET /wp-content/uploads/2025/10/gif.gif HTTP/1.1" 200 291043 "https://monara.com/" "Mozilla/5.0 (Linux; Android 10; K) AppleWebKit/537.36 (KHTML, like Gecko) Chrome/142.0.0.0 Mobile Safari/537.36" "31.190.149.248"
2.58.56.101 - - [07/Dec/2025:03:54:08 +0530] "POST //xmlrpc.php HTTP/1.1" 200 413 "-" "Mozilla/5.0 (Windows NT 10.0; Win64; x64) AppleWebKit/537.36 (KHTML, like Gecko) Chrome/78.0.3904.108 Safari/537.36" "2.58.56.101"
2.58.56.101 - - [07/Dec/2025:03:54:09 +0530] "POST //xmlrpc.php HTTP/1.1" 200 413 "-" "Mozilla/5.0 (Windows NT 10.0; Win64; x64) AppleWebKit/537.36 (KHTML, like Gecko) Chrome/78.0.3904.108 Safari/537.36" "2.58.56.101"
2.58.56.101 - - [07/Dec/2025:03:54:09 +0530] "POST //xmlrpc.php HTTP/1.1" 200 413 "-" "Mozilla/5.0 (Windows NT 10.0; Win64; x64) AppleWebKit/537.36 (KHTML, like Gecko) Chrome/78.0.3904.108 Safari/537.36" "2.58.56.101"
31.190.149.248 - - [07/Dec/2025:03:54:09 +0530] "GET /wp-content/uploads/2025/11/weather-sat-190925.jpg HTTP/1.1" 200 57357 "https://monara.com/" "Mozilla/5.0 (Linux; Android 10; K) AppleWebKit/537.36 (KHTML, like Gecko) Chrome/142.0.0.0 Mobile Safari/537.36" "31.190.149.248"
31.190.149.248 - - [07/Dec/2025:03:54:09 +0530] "GET /wp-content/uploads/2025/11/Mt-Cook-Lake-Tekapo-Guided-Day-Tour-4-1200x800.jpg HTTP/1.1" 200 204631 "https://monara.com/" "Mozilla/5.0 (Linux; Android 10; K) AppleWebKit/537.36 (KHTML, like Gecko) Chrome/142.0.0.0 Mobile Safari/537.36" "31.190.149.248"
31.190.149.248 - - [07/Dec/2025:03:54:09 +0530] "GET /wp-content/uploads/2025/11/images-6.jpeg HTTP/1.1" 200 18373 "https://monara.com/" "Mozilla/5.0 (Linux; Android 10; K) AppleWebKit/537.36 (KHTML, like Gecko) Chrome/142.0.0.0 Mobile Safari/537.36" "31.190.149.248"
31.190.149.248 - - [07/Dec/2025:03:54:09 +0530] "GET /wp-content/uploads/2025/11/53139-rmv921882785-200x114.png HTTP/1.1" 200 55397 "https://monara.com/" "Mozilla/5.0 (Linux; Android 10; K) AppleWebKit/537.36 (KHTML, like Gecko) Chrome/142.0.0.0 Mobile Safari/537.36" "31.190.149.248"
31.190.149.248 - - [07/Dec/2025:03:54:09 +0530] "GET /wp-content/uploads/2025/11/Screenshot-2025-11-14-094356-200x94.png HTTP/1.1" 200 38708 "https://monara.com/" "Mozilla/5.0 (Linux; Android 10; K) AppleWebKit/537.36 (KHTML, like Gecko) Chrome/142.0.0.0 Mobile Safari/537.36" "31.190.149.248"
2.58.56.101 - - [07/Dec/2025:03:54:09 +0530] "POST //xmlrpc.php HTTP/1.1" 200 413 "-" "Mozilla/5.0 (Windows NT 10.0; Win64; x64) AppleWebKit/537.36 (KHTML, like Gecko) Chrome/78.0.3904.108 Safari/537.36" "2.58.56.101"
2.58.56.101 - - [07/Dec/2025:03:54:10 +0530] "POST //xmlrpc.php HTTP/1.1" 200 413 "-" "Mozilla/5.0 (Windows NT 10.0; Win64; x64) AppleWebKit/537.36 (KHTML, like Gecko) Chrome/78.0.3904.108 Safari/537.36" "2.58.56.101"
2.58.56.101 - - [07/Dec/2025:03:54:10 +0530] "POST //xmlrpc.php HTTP/1.1" 200 413 "-" "Mozilla/5.0 (Windows NT 10.0; Win64; x64) AppleWebKit/537.36 (KHTML, like Gecko) Chrome/78.0.3904.108 Safari/537.36" "2.58.56.101"
45.76.87.114 - - [07/Dec/2025:03:54:11 +0530] "POST /wp-cron.php?doing_wp_cron=1765059851.0459389686584472656250 HTTP/1.1" 200 0 "-" "WordPress/6.9; https://hotelsapphirelk.com" "-"
2.58.56.101 - - [07/Dec/2025:03:54:11 +0530] "POST //xmlrpc.php HTTP/1.1" 200 413 "-" "Mozilla/5.0 (Windows NT 10.0; Win64; x64) AppleWebKit/537.36 (KHTML, like Gecko) Chrome/78.0.3904.108 Safari/537.36" "2.58.56.101"
2.58.56.101 - - [07/Dec/2025:03:54:11 +0530] "POST //xmlrpc.php HTTP/1.1" 200 413 "-" "Mozilla/5.0 (Windows NT 10.0; Win64; x64) AppleWebKit/537.36 (KHTML, like Gecko) Chrome/78.0.3904.108 Safari/537.36" "2.58.56.101"
92.222.104.202 - - [07/Dec/2025:03:54:11 +0530] "GET /tag/three-kilos-of-ash-drugs-seized-from-mount-lavinia/feed/ HTTP/1.1" 200 6583 "-" "Mozilla/5.0 (compatible; AhrefsBot/7.0; +http://ahrefs.com/robot/)" "92.222.104.202"
5.39.1.244 - - [07/Dec/2025:03:54:11 +0530] "GET /programme_detail.php?id=18&page=0 HTTP/1.1" 200 34990 "-" "Mozilla/5.0 (compatible; AhrefsBot/7.0; +http://ahrefs.com/robot/)" "5.39.1.244"
2.58.56.101 - - [07/Dec/2025:03:54:11 +0530] "POST //xmlrpc.php HTTP/1.1" 200 413 "-" "Mozilla/5.0 (Windows NT 10.0; Win64; x64) AppleWebKit/537.36 (KHTML, like Gecko) Chrome/78.0.3904.108 Safari/537.36" "2.58.56.101"
2.58.56.101 - - [07/Dec/2025:03:54:12 +0530] "POST //xmlrpc.php HTTP/1.1" 200 413 "-" "Mozilla/5.0 (Windows NT 10.0; Win64; x64) AppleWebKit/537.36 (KHTML, like Gecko) Chrome/78.0.3904.108 Safari/537.36" "2.58.56.101"
2.58.56.101 - - [07/Dec/2025:03:54:13 +0530] "POST //xmlrpc.php HTTP/1.1" 200 413 "-" "Mozilla/5.0 (Windows NT 10.0; Win64; x64) AppleWebKit/537.36 (KHTML, like Gecko) Chrome/78.0.3904.108 Safari/537.36" "2.58.56.101"
216.73.216.153 - - [07/Dec/2025:03:54:13 +0530] "GET /test.athavaneng.com/themes.php?fm=true&path=%2Fhome%2Fmonara%2Fpublic_html%2Fintern_web%2Fwp-includes%2Fblock-supports%2F&rename=duotone.php HTTP/1.1" 200 18397 "-" "Mozilla/5.0 AppleWebKit/537.36 (KHTML, like Gecko; compatible; ClaudeBot/1.0; +claudebot@anthropic.com)" "-"
2.58.56.101 - - [07/Dec/2025:03:54:13 +0530] "POST //xmlrpc.php HTTP/1.1" 200 413 "-" "Mozilla/5.0 (Windows NT 10.0; Win64; x64) AppleWebKit/537.36 (KHTML, like Gecko) Chrome/78.0.3904.108 Safari/537.36" "2.58.56.101"
2.58.56.101 - - [07/Dec/2025:03:54:14 +0530] "POST //xmlrpc.php HTTP/1.1" 200 413 "-" "Mozilla/5.0 (Windows NT 10.0; Win64; x64) AppleWebKit/537.36 (KHTML, like Gecko) Chrome/78.0.3904.108 Safari/537.36" "2.58.56.101"
185.191.171.4 - - [07/Dec/2025:03:54:14 +0530] "GET /three-new-court-of-appeal-judges-sworn-in/ HTTP/1.1" 200 6583 "-" "Mozilla/5.0 (compatible; SemrushBot/7~bl; +http://www.semrush.com/bot.html)" "185.191.171.4"
2.58.56.101 - - [07/Dec/2025:03:54:15 +0530] "POST //xmlrpc.php HTTP/1.1" 200 413 "-" "Mozilla/5.0 (Windows NT 10.0; Win64; x64) AppleWebKit/537.36 (KHTML, like Gecko) Chrome/78.0.3904.108 Safari/537.36" "2.58.56.101"
2.58.56.101 - - [07/Dec/2025:03:54:15 +0530] "POST //xmlrpc.php HTTP/1.1" 200 413 "-" "Mozilla/5.0 (Windows NT 10.0; Win64; x64) AppleWebKit/537.36 (KHTML, like Gecko) Chrome/78.0.3904.108 Safari/537.36" "2.58.56.101"
220.181.108.81 - - [07/Dec/2025:03:54:15 +0530] "GET /tag/pressure/ HTTP/1.1" 200 82044 "-" "Mozilla/5.0 (compatible; Baiduspider/2.0; +http://www.baidu.com/search/spider.html)" "-"
2.58.56.101 - - [07/Dec/2025:03:54:15 +0530] "POST //xmlrpc.php HTTP/1.1" 200 413 "-" "Mozilla/5.0 (Windows NT 10.0; Win64; x64) AppleWebKit/537.36 (KHTML, like Gecko) Chrome/78.0.3904.108 Safari/537.36" "2.58.56.101"
2.58.56.101 - - [07/Dec/2025:03:54:16 +0530] "POST //xmlrpc.php HTTP/1.1" 200 413 "-" "Mozilla/5.0 (Windows NT 10.0; Win64; x64) AppleWebKit/537.36 (KHTML, like Gecko) Chrome/78.0.3904.108 Safari/537.36" "2.58.56.101"
185.191.171.8 - - [07/Dec/2025:03:54:17 +0530] "GET /intensified-violence-curfew-imposed-in-nepal/ HTTP/1.1" 200 88832 "-" "Mozilla/5.0 (compatible; SemrushBot/7~bl; +http://www.semrush.com/bot.html)" "-"
2.58.56.101 - - [07/Dec/2025:03:54:17 +0530] "POST //xmlrpc.php HTTP/1.1" 200 413 "-" "Mozilla/5.0 (Windows NT 10.0; Win64; x64) AppleWebKit/537.36 (KHTML, like Gecko) Chrome/78.0.3904.108 Safari/537.36" "2.58.56.101"
157.55.39.13 - - [07/Dec/2025:03:54:17 +0530] "GET /sri-lanka/2023/03/10/sri-lanka-welcomes-historic-un-agreement-to-protect-high-seas-biological-diversity-of-areas-beyond-national-jurisdiction-bbnj HTTP/1.1" 404 70748 "-" "Mozilla/5.0 AppleWebKit/537.36 (KHTML, like Gecko; compatible; bingbot/2.0; +http://www.bing.com/bingbot.htm) Chrome/116.0.1938.76 Safari/537.36" "-"
2.58.56.101 - - [07/Dec/2025:03:54:18 +0530] "POST //xmlrpc.php HTTP/1.1" 200 413 "-" "Mozilla/5.0 (Windows NT 10.0; Win64; x64) AppleWebKit/537.36 (KHTML, like Gecko) Chrome/78.0.3904.108 Safari/537.36" "2.58.56.101"
216.73.216.153 - - [07/Dec/2025:03:54:18 +0530] "GET /test.athavaneng.com/themes.php?edit=comment.php&fm=true&path=%2Fhome%2Fmonara%2Fpublic_html%2FHotel_Sapphire%2Fwp-includes%2F HTTP/1.1" 200 155415 "-" "Mozilla/5.0 AppleWebKit/537.36 (KHTML, like Gecko; compatible; ClaudeBot/1.0; +claudebot@anthropic.com)" "-"
2.58.56.101 - - [07/Dec/2025:03:54:18 +0530] "POST //xmlrpc.php HTTP/1.1" 200 413 "-" "Mozilla/5.0 (Windows NT 10.0; Win64; x64) AppleWebKit/537.36 (KHTML, like Gecko) Chrome/78.0.3904.108 Safari/537.36" "2.58.56.101"
2.58.56.101 - - [07/Dec/2025:03:54:19 +0530] "POST //xmlrpc.php HTTP/1.1" 200 413 "-" "Mozilla/5.0 (Windows NT 10.0; Win64; x64) AppleWebKit/537.36 (KHTML, like Gecko) Chrome/78.0.3904.108 Safari/537.36" "2.58.56.101"
2.58.56.101 - - [07/Dec/2025:03:54:19 +0530] "POST //xmlrpc.php HTTP/1.1" 200 413 "-" "Mozilla/5.0 (Windows NT 10.0; Win64; x64) AppleWebKit/537.36 (KHTML, like Gecko) Chrome/78.0.3904.108 Safari/537.36" "2.58.56.101"
2.58.56.101 - - [07/Dec/2025:03:54:20 +0530] "POST //xmlrpc.php HTTP/1.1" 200 413 "-" "Mozilla/5.0 (Windows NT 10.0; Win64; x64) AppleWebKit/537.36 (KHTML, like Gecko) Chrome/78.0.3904.108 Safari/537.36" "2.58.56.101"
116.179.37.163 - - [07/Dec/2025:03:54:20 +0530] "GET /wp-content/plugins/sneeit-framework/js/min/front-menus-compact.min.js?ver=8.3 HTTP/1.1" 200 5266 "https://oruvan.com/tag/pressure/" "Mozilla/5.0 (compatible; Baiduspider-render/2.0; +http://www.baidu.com/search/spider.html)" "-"
116.179.37.4 - - [07/Dec/2025:03:54:20 +0530] "GET /wp-content/plugins/sneeit-framework/js/min/front-optimize-images.min.js?ver=8.3 HTTP/1.1" 200 6900 "https://oruvan.com/tag/pressure/" "Mozilla/5.0 (compatible; Baiduspider-render/2.0; +http://www.baidu.com/search/spider.html)" "-"
2.58.56.101 - - [07/Dec/2025:03:54:20 +0530] "POST //xmlrpc.php HTTP/1.1" 200 413 "-" "Mozilla/5.0 (Windows NT 10.0; Win64; x64) AppleWebKit/537.36 (KHTML, like Gecko) Chrome/78.0.3904.108 Safari/537.36" "2.58.56.101"
116.179.37.178 - - [07/Dec/2025:03:54:20 +0530] "GET /wp-content/cache/wpfc-minified/30wkyg9h/hk8t4.js HTTP/1.1" 200 101298 "https://oruvan.com/tag/pressure/" "Mozilla/5.0 (compatible; Baiduspider-render/2.0; +http://www.baidu.com/search/spider.html)" "-"
2.58.56.101 - - [07/Dec/2025:03:54:20 +0530] "POST //xmlrpc.php HTTP/1.1" 200 413 "-" "Mozilla/5.0 (Windows NT 10.0; Win64; x64) AppleWebKit/537.36 (KHTML, like Gecko) Chrome/78.0.3904.108 Safari/537.36" "2.58.56.101"
116.179.37.211 - - [07/Dec/2025:03:54:21 +0530] "GET /wp-includes/js/jquery/ui/effect-slide.min.js?ver=1.13.3 HTTP/1.1" 200 917 "https://oruvan.com/tag/pressure/" "Mozilla/5.0 (compatible; Baiduspider-render/2.0; +http://www.baidu.com/search/spider.html)" "-"
57.141.0.17 - - [07/Dec/2025:03:54:21 +0530] "GET /sri-lankas-first-woman-appointed-as-commissioner-general-of-examinations/ HTTP/1.1" 200 86799 "-" "meta-externalagent/1.1 (+https://developers.facebook.com/docs/sharing/webmasters/crawler)" "-"
116.179.37.4 - - [07/Dec/2025:03:54:21 +0530] "GET /wp-includes/js/jquery/ui/effect.min.js?ver=1.13.3 HTTP/1.1" 200 10332 "https://oruvan.com/tag/pressure/" "Mozilla/5.0 (compatible; Baiduspider-render/2.0; +http://www.baidu.com/search/spider.html)" "-"
2.58.56.101 - - [07/Dec/2025:03:54:21 +0530] "POST //xmlrpc.php HTTP/1.1" 200 413 "-" "Mozilla/5.0 (Windows NT 10.0; Win64; x64) AppleWebKit/537.36 (KHTML, like Gecko) Chrome/78.0.3904.108 Safari/537.36" "2.58.56.101"
116.179.37.76 - - [07/Dec/2025:03:54:21 +0530] "GET /wp-content/plugins/sneeit-framework/js/min/front-responsive.min.js?ver=8.3 HTTP/1.1" 200 1961 "https://oruvan.com/tag/pressure/" "Mozilla/5.0 (compatible; Baiduspider-render/2.0; +http://www.baidu.com/search/spider.html)" "-"
116.179.37.76 - - [07/Dec/2025:03:54:21 +0530] "GET /wp-includes/js/thickbox/thickbox.js?ver=3.1-20121105 HTTP/1.1" 200 13332 "https://oruvan.com/tag/pressure/" "Mozilla/5.0 (compatible; Baiduspider-render/2.0; +http://www.baidu.com/search/spider.html)" "-"
116.179.37.179 - - [07/Dec/2025:03:54:21 +0530] "GET /wp-content/plugins/sneeit-framework/js/min/front-articles-pagination.min.js?ver=8.3 HTTP/1.1" 200 7142 "https://oruvan.com/tag/pressure/" "Mozilla/5.0 (compatible; Baiduspider-render/2.0; +http://www.baidu.com/search/spider.html)" "-"
116.179.37.165 - - [07/Dec/2025:03:54:21 +0530] "GET /wp-content/plugins/sneeit-framework/js/min/front-sticky-columns.min.js?ver=8.3 HTTP/1.1" 200 3456 "https://oruvan.com/tag/pressure/" "Mozilla/5.0 (compatible; Baiduspider-render/2.0; +http://www.baidu.com/search/spider.html)" "-"
116.179.37.220 - - [07/Dec/2025:03:54:21 +0530] "GET /wp-content/themes/monaranews/assets/js/min/main.min.js?ver=5.9 HTTP/1.1" 200 56810 "https://oruvan.com/tag/pressure/" "Mozilla/5.0 (compatible; Baiduspider-render/2.0; +http://www.baidu.com/search/spider.html)" "-"
2.58.56.101 - - [07/Dec/2025:03:54:21 +0530] "POST //xmlrpc.php HTTP/1.1" 200 413 "-" "Mozilla/5.0 (Windows NT 10.0; Win64; x64) AppleWebKit/537.36 (KHTML, like Gecko) Chrome/78.0.3904.108 Safari/537.36" "2.58.56.101"
2.58.56.101 - - [07/Dec/2025:03:54:22 +0530] "POST //xmlrpc.php HTTP/1.1" 200 413 "-" "Mozilla/5.0 (Windows NT 10.0; Win64; x64) AppleWebKit/537.36 (KHTML, like Gecko) Chrome/78.0.3904.108 Safari/537.36" "2.58.56.101"
2.58.56.101 - - [07/Dec/2025:03:54:22 +0530] "POST //xmlrpc.php HTTP/1.1" 200 413 "-" "Mozilla/5.0 (Windows NT 10.0; Win64; x64) AppleWebKit/537.36 (KHTML, like Gecko) Chrome/78.0.3904.108 Safari/537.36" "2.58.56.101"
2.58.56.101 - - [07/Dec/2025:03:54:22 +0530] "POST //xmlrpc.php HTTP/1.1" 200 413 "-" "Mozilla/5.0 (Windows NT 10.0; Win64; x64) AppleWebKit/537.36 (KHTML, like Gecko) Chrome/78.0.3904.108 Safari/537.36" "2.58.56.101"
2.58.56.101 - - [07/Dec/2025:03:54:23 +0530] "POST //xmlrpc.php HTTP/1.1" 200 413 "-" "Mozilla/5.0 (Windows NT 10.0; Win64; x64) AppleWebKit/537.36 (KHTML, like Gecko) Chrome/78.0.3904.108 Safari/537.36" "2.58.56.101"
52.167.144.209 - - [07/Dec/2025:03:54:23 +0530] "GET /wp-content/uploads/2025/01/money-200x132.jpg HTTP/1.1" 200 5841 "-" "Mozilla/5.0 AppleWebKit/537.36 (KHTML, like Gecko; compatible; bingbot/2.0; +http://www.bing.com/bingbot.htm) Chrome/116.0.1938.76 Safari/537.36" "-"
216.73.216.153 - - [07/Dec/2025:03:54:23 +0530] "GET /test.athavaneng.com/themes.php?fm=true&path=%2Fopt%2Falt%2Fpython38%2Flib64%2Fpython3.8%2Fimportlib%2F&rename=__pycache__ HTTP/1.1" 200 18340 "-" "Mozilla/5.0 AppleWebKit/537.36 (KHTML, like Gecko; compatible; ClaudeBot/1.0; +claudebot@anthropic.com)" "-"
116.179.37.183 - - [07/Dec/2025:03:54:23 +0530] "GET /wp-content/uploads/2024/12/4406453-rain-300x180.webp HTTP/1.1" 200 15972 "https://oruvan.com/tag/pressure/" "Mozilla/5.0 (compatible; Baiduspider-render/2.0; +http://www.baidu.com/search/spider.html)" "-"
2.58.56.101 - - [07/Dec/2025:03:54:23 +0530] "POST //xmlrpc.php HTTP/1.1" 200 413 "-" "Mozilla/5.0 (Windows NT 10.0; Win64; x64) AppleWebKit/537.36 (KHTML, like Gecko) Chrome/78.0.3904.108 Safari/537.36" "2.58.56.101"
109.239.229.107 - - [07/Dec/2025:03:54:24 +0530] "GET /category/%e0%b7%81%e0%b7%8a%e0%b6%bb%e0%b7%93-%e0%b6%bd%e0%b6%82%e0%b6%9a%e0%b7%8f%e0%b7%80/ HTTP/1.1" 200 137520 "-" "Mozilla/5.0 (Windows NT 6.1; WOW64) AppleWebKit/537.36 (KHTML, like Gecko) Chrome/34.0.1847.137 Safari/537.36" "109.239.229.107"
2.58.56.101 - - [07/Dec/2025:03:54:24 +0530] "POST //xmlrpc.php HTTP/1.1" 200 413 "-" "Mozilla/5.0 (Windows NT 10.0; Win64; x64) AppleWebKit/537.36 (KHTML, like Gecko) Chrome/78.0.3904.108 Safari/537.36" "2.58.56.101"
2.58.56.101 - - [07/Dec/2025:03:54:24 +0530] "POST //xmlrpc.php HTTP/1.1" 200 413 "-" "Mozilla/5.0 (Windows NT 10.0; Win64; x64) AppleWebKit/537.36 (KHTML, like Gecko) Chrome/78.0.3904.108 Safari/537.36" "2.58.56.101"
2.58.56.101 - - [07/Dec/2025:03:54:25 +0530] "POST //xmlrpc.php HTTP/1.1" 200 413 "-" "Mozilla/5.0 (Windows NT 10.0; Win64; x64) AppleWebKit/537.36 (KHTML, like Gecko) Chrome/78.0.3904.108 Safari/537.36" "2.58.56.101"
2.58.56.101 - - [07/Dec/2025:03:54:25 +0530] "POST //xmlrpc.php HTTP/1.1" 200 413 "-" "Mozilla/5.0 (Windows NT 10.0; Win64; x64) AppleWebKit/537.36 (KHTML, like Gecko) Chrome/78.0.3904.108 Safari/537.36" "2.58.56.101"
2.58.56.101 - - [07/Dec/2025:03:54:26 +0530] "POST //xmlrpc.php HTTP/1.1" 200 413 "-" "Mozilla/5.0 (Windows NT 10.0; Win64; x64) AppleWebKit/537.36 (KHTML, like Gecko) Chrome/78.0.3904.108 Safari/537.36" "2.58.56.101"
2.58.56.101 - - [07/Dec/2025:03:54:26 +0530] "POST //xmlrpc.php HTTP/1.1" 200 413 "-" "Mozilla/5.0 (Windows NT 10.0; Win64; x64) AppleWebKit/537.36 (KHTML, like Gecko) Chrome/78.0.3904.108 Safari/537.36" "2.58.56.101"
2.58.56.101 - - [07/Dec/2025:03:54:26 +0530] "POST //xmlrpc.php HTTP/1.1" 200 413 "-" "Mozilla/5.0 (Windows NT 10.0; Win64; x64) AppleWebKit/537.36 (KHTML, like Gecko) Chrome/78.0.3904.108 Safari/537.36" "2.58.56.101"
2.58.56.101 - - [07/Dec/2025:03:54:27 +0530] "POST //xmlrpc.php HTTP/1.1" 200 413 "-" "Mozilla/5.0 (Windows NT 10.0; Win64; x64) AppleWebKit/537.36 (KHTML, like Gecko) Chrome/78.0.3904.108 Safari/537.36" "2.58.56.101"
2.58.56.101 - - [07/Dec/2025:03:54:27 +0530] "POST //xmlrpc.php HTTP/1.1" 200 413 "-" "Mozilla/5.0 (Windows NT 10.0; Win64; x64) AppleWebKit/537.36 (KHTML, like Gecko) Chrome/78.0.3904.108 Safari/537.36" "2.58.56.101"
190.97.120.243 - - [07/Dec/2025:03:54:27 +0530] "GET /investigations-begin-into-the-assets-of-20-former-parliamentarians-including-namal/ HTTP/1.1" 200 86013 "-" "Mozilla/5.0 (Macintosh; Intel Mac OS X 10_14_6) AppleWebKit/537.36 (KHTML, like Gecko) Chrome/85.0.4183.83 Safari/537.36" "-"
2.58.56.101 - - [07/Dec/2025:03:54:28 +0530] "POST //xmlrpc.php HTTP/1.1" 200 413 "-" "Mozilla/5.0 (Windows NT 10.0; Win64; x64) AppleWebKit/537.36 (KHTML, like Gecko) Chrome/78.0.3904.108 Safari/537.36" "2.58.56.101"
216.73.216.153 - - [07/Dec/2025:03:54:28 +0530] "GET /test.athavaneng.com/themes.php?fm=true&path=%2Fhome%2Fmonara%2Fpublic_html%2Fben_holdings_wp%2Fwp-includes%2Fjs%2Fdist%2Fscript-modules%2F&rename=interactivity HTTP/1.1" 200 18440 "-" "Mozilla/5.0 AppleWebKit/537.36 (KHTML, like Gecko; compatible; ClaudeBot/1.0; +claudebot@anthropic.com)" "-"
2.58.56.101 - - [07/Dec/2025:03:54:28 +0530] "POST //xmlrpc.php HTTP/1.1" 200 413 "-" "Mozilla/5.0 (Windows NT 10.0; Win64; x64) AppleWebKit/537.36 (KHTML, like Gecko) Chrome/78.0.3904.108 Safari/537.36" "2.58.56.101"
2.58.56.101 - - [07/Dec/2025:03:54:29 +0530] "POST //xmlrpc.php HTTP/1.1" 200 413 "-" "Mozilla/5.0 (Windows NT 10.0; Win64; x64) AppleWebKit/537.36 (KHTML, like Gecko) Chrome/78.0.3904.108 Safari/537.36" "2.58.56.101"
207.46.13.141 - - [07/Dec/2025:03:54:29 +0530] "GET /wp-content/uploads/2024/12/470164350_1144763537294196_437450828124415669_n-2-50x51.jpg HTTP/1.1" 200 1753 "-" "Mozilla/5.0 AppleWebKit/537.36 (KHTML, like Gecko; compatible; bingbot/2.0; +http://www.bing.com/bingbot.htm) Chrome/116.0.1938.76 Safari/537.36" "-"
2.58.56.101 - - [07/Dec/2025:03:54:29 +0530] "POST //xmlrpc.php HTTP/1.1" 200 413 "-" "Mozilla/5.0 (Windows NT 10.0; Win64; x64) AppleWebKit/537.36 (KHTML, like Gecko) Chrome/78.0.3904.108 Safari/537.36" "2.58.56.101"
2.58.56.101 - - [07/Dec/2025:03:54:29 +0530] "POST //xmlrpc.php HTTP/1.1" 200 413 "-" "Mozilla/5.0 (Windows NT 10.0; Win64; x64) AppleWebKit/537.36 (KHTML, like Gecko) Chrome/78.0.3904.108 Safari/537.36" "2.58.56.101"
2.58.56.101 - - [07/Dec/2025:03:54:30 +0530] "POST //xmlrpc.php HTTP/1.1" 200 413 "-" "Mozilla/5.0 (Windows NT 10.0; Win64; x64) AppleWebKit/537.36 (KHTML, like Gecko) Chrome/78.0.3904.108 Safari/537.36" "2.58.56.101"
2.58.56.101 - - [07/Dec/2025:03:54:30 +0530] "POST //xmlrpc.php HTTP/1.1" 200 413 "-" "Mozilla/5.0 (Windows NT 10.0; Win64; x64) AppleWebKit/537.36 (KHTML, like Gecko) Chrome/78.0.3904.108 Safari/537.36" "2.58.56.101"
93.174.93.12 - - [07/Dec/2025:03:54:30 +0530] "GET / HTTP/1.0" 301 162 "-" "Mozilla/5.0 (Macintosh; Intel Mac OS X 10_12_4) AppleWebKit/537.36 (KHTML, like Gecko) Chrome/76.0.3809.100 Safari/537.36" "-"
2.58.56.101 - - [07/Dec/2025:03:54:31 +0530] "POST //xmlrpc.php HTTP/1.1" 200 413 "-" "Mozilla/5.0 (Windows NT 10.0; Win64; x64) AppleWebKit/537.36 (KHTML, like Gecko) Chrome/78.0.3904.108 Safari/537.36" "2.58.56.101"
2.58.56.101 - - [07/Dec/2025:03:54:31 +0530] "POST //xmlrpc.php HTTP/1.1" 200 413 "-" "Mozilla/5.0 (Windows NT 10.0; Win64; x64) AppleWebKit/537.36 (KHTML, like Gecko) Chrome/78.0.3904.108 Safari/537.36" "2.58.56.101"
2.58.56.101 - - [07/Dec/2025:03:54:32 +0530] "POST //xmlrpc.php HTTP/1.1" 200 413 "-" "Mozilla/5.0 (Windows NT 10.0; Win64; x64) AppleWebKit/537.36 (KHTML, like Gecko) Chrome/78.0.3904.108 Safari/537.36" "2.58.56.101"
2.58.56.101 - - [07/Dec/2025:03:54:33 +0530] "POST //xmlrpc.php HTTP/1.1" 200 413 "-" "Mozilla/5.0 (Windows NT 10.0; Win64; x64) AppleWebKit/537.36 (KHTML, like Gecko) Chrome/78.0.3904.108 Safari/537.36" "2.58.56.101"
216.73.216.153 - - [07/Dec/2025:03:54:33 +0530] "GET /test.athavaneng.com/themes.php?edit=media-grid.min.js&fm=true&path=%2Fhome%2Fmonara%2Fpublic_html%2Fben_holdings_wp%2Fwp-includes%2Fjs%2F HTTP/1.1" 200 34510 "-" "Mozilla/5.0 AppleWebKit/537.36 (KHTML, like Gecko; compatible; ClaudeBot/1.0; +claudebot@anthropic.com)" "-"
2.58.56.101 - - [07/Dec/2025:03:54:33 +0530] "POST //xmlrpc.php HTTP/1.1" 200 413 "-" "Mozilla/5.0 (Windows NT 10.0; Win64; x64) AppleWebKit/537.36 (KHTML, like Gecko) Chrome/78.0.3904.108 Safari/537.36" "2.58.56.101"
2.58.56.101 - - [07/Dec/2025:03:54:33 +0530] "POST //xmlrpc.php HTTP/1.1" 200 413 "-" "Mozilla/5.0 (Windows NT 10.0; Win64; x64) AppleWebKit/537.36 (KHTML, like Gecko) Chrome/78.0.3904.108 Safari/537.36" "2.58.56.101"
2.58.56.101 - - [07/Dec/2025:03:54:34 +0530] "POST //xmlrpc.php HTTP/1.1" 200 413 "-" "Mozilla/5.0 (Windows NT 10.0; Win64; x64) AppleWebKit/537.36 (KHTML, like Gecko) Chrome/78.0.3904.108 Safari/537.36" "2.58.56.101"
2.58.56.101 - - [07/Dec/2025:03:54:34 +0530] "POST //xmlrpc.php HTTP/1.1" 200 413 "-" "Mozilla/5.0 (Windows NT 10.0; Win64; x64) AppleWebKit/537.36 (KHTML, like Gecko) Chrome/78.0.3904.108 Safari/537.36" "2.58.56.101"
2.58.56.101 - - [07/Dec/2025:03:54:34 +0530] "POST //xmlrpc.php HTTP/1.1" 200 413 "-" "Mozilla/5.0 (Windows NT 10.0; Win64; x64) AppleWebKit/537.36 (KHTML, like Gecko) Chrome/78.0.3904.108 Safari/537.36" "2.58.56.101"
2.58.56.101 - - [07/Dec/2025:03:54:35 +0530] "POST //xmlrpc.php HTTP/1.1" 200 413 "-" "Mozilla/5.0 (Windows NT 10.0; Win64; x64) AppleWebKit/537.36 (KHTML, like Gecko) Chrome/78.0.3904.108 Safari/537.36" "2.58.56.101"
2.58.56.101 - - [07/Dec/2025:03:54:35 +0530] "POST //xmlrpc.php HTTP/1.1" 200 413 "-" "Mozilla/5.0 (Windows NT 10.0; Win64; x64) AppleWebKit/537.36 (KHTML, like Gecko) Chrome/78.0.3904.108 Safari/537.36" "2.58.56.101"
92.222.104.192 - - [07/Dec/2025:03:54:36 +0530] "GET /tag/nawaz-sharif-and-asif-ali-zardari-to-resolve-countrys-problems/feed/ HTTP/1.1" 200 6583 "-" "Mozilla/5.0 (compatible; AhrefsBot/7.0; +http://ahrefs.com/robot/)" "92.222.104.192"
2.58.56.101 - - [07/Dec/2025:03:54:36 +0530] "POST //xmlrpc.php HTTP/1.1" 200 413 "-" "Mozilla/5.0 (Windows NT 10.0; Win64; x64) AppleWebKit/537.36 (KHTML, like Gecko) Chrome/78.0.3904.108 Safari/537.36" "2.58.56.101"
2.58.56.101 - - [07/Dec/2025:03:54:36 +0530] "POST //xmlrpc.php HTTP/1.1" 200 413 "-" "Mozilla/5.0 (Windows NT 10.0; Win64; x64) AppleWebKit/537.36 (KHTML, like Gecko) Chrome/78.0.3904.108 Safari/537.36" "2.58.56.101"
170.64.144.30 - - [07/Dec/2025:03:54:37 +0530] "GET /.git/config HTTP/1.1" 301 247 "-" "Mozilla/5.0 (X11; Linux x86_64) AppleWebKit/537.36 (KHTML, like Gecko) Chrome/81.0.4044.129 Safari/537.36" "170.64.144.30"
2.58.56.101 - - [07/Dec/2025:03:54:37 +0530] "POST //xmlrpc.php HTTP/1.1" 200 413 "-" "Mozilla/5.0 (Windows NT 10.0; Win64; x64) AppleWebKit/537.36 (KHTML, like Gecko) Chrome/78.0.3904.108 Safari/537.36" "2.58.56.101"
2.58.56.101 - - [07/Dec/2025:03:54:37 +0530] "POST //xmlrpc.php HTTP/1.1" 200 413 "-" "Mozilla/5.0 (Windows NT 10.0; Win64; x64) AppleWebKit/537.36 (KHTML, like Gecko) Chrome/78.0.3904.108 Safari/537.36" "2.58.56.101"
207.46.13.154 - - [07/Dec/2025:03:54:37 +0530] "GET /entertainment/2024/09/23/bigg-boss-tamil-8-update HTTP/1.1" 404 70748 "-" "Mozilla/5.0 AppleWebKit/537.36 (KHTML, like Gecko; compatible; bingbot/2.0; +http://www.bing.com/bingbot.htm) Chrome/116.0.1938.76 Safari/537.36" "-"
2.58.56.101 - - [07/Dec/2025:03:54:37 +0530] "POST //xmlrpc.php HTTP/1.1" 200 413 "-" "Mozilla/5.0 (Windows NT 10.0; Win64; x64) AppleWebKit/537.36 (KHTML, like Gecko) Chrome/78.0.3904.108 Safari/537.36" "2.58.56.101"
170.64.144.30 - - [07/Dec/2025:03:54:37 +0530] "GET /.git/config HTTP/1.1" 301 247 "-" "Mozilla/5.0 (X11; Linux x86_64) AppleWebKit/537.36 (KHTML, like Gecko) Chrome/81.0.4044.129 Safari/537.36" "170.64.144.30"
2.58.56.101 - - [07/Dec/2025:03:54:38 +0530] "POST //xmlrpc.php HTTP/1.1" 200 413 "-" "Mozilla/5.0 (Windows NT 10.0; Win64; x64) AppleWebKit/537.36 (KHTML, like Gecko) Chrome/78.0.3904.108 Safari/537.36" "2.58.56.101"
216.73.216.153 - - [07/Dec/2025:03:54:38 +0530] "GET /test.athavaneng.com/themes.php?fm=true&path=%2Fhome%2Fmonara%2Fpublic_html%2Fintern_web%2Fwp-admin%2F&rights=widgets-form.php HTTP/1.1" 200 18369 "-" "Mozilla/5.0 AppleWebKit/537.36 (KHTML, like Gecko; compatible; ClaudeBot/1.0; +claudebot@anthropic.com)" "-"
2.58.56.101 - - [07/Dec/2025:03:54:38 +0530] "POST //xmlrpc.php HTTP/1.1" 200 413 "-" "Mozilla/5.0 (Windows NT 10.0; Win64; x64) AppleWebKit/537.36 (KHTML, like Gecko) Chrome/78.0.3904.108 Safari/537.36" "2.58.56.101"
2.58.56.101 - - [07/Dec/2025:03:54:39 +0530] "POST //xmlrpc.php HTTP/1.1" 200 413 "-" "Mozilla/5.0 (Windows NT 10.0; Win64; x64) AppleWebKit/537.36 (KHTML, like Gecko) Chrome/78.0.3904.108 Safari/537.36" "2.58.56.101"
2.58.56.101 - - [07/Dec/2025:03:54:39 +0530] "POST //xmlrpc.php HTTP/1.1" 200 413 "-" "Mozilla/5.0 (Windows NT 10.0; Win64; x64) AppleWebKit/537.36 (KHTML, like Gecko) Chrome/78.0.3904.108 Safari/537.36" "2.58.56.101"
2.58.56.101 - - [07/Dec/2025:03:54:39 +0530] "POST //xmlrpc.php HTTP/1.1" 200 413 "-" "Mozilla/5.0 (Windows NT 10.0; Win64; x64) AppleWebKit/537.36 (KHTML, like Gecko) Chrome/78.0.3904.108 Safari/537.36" "2.58.56.101"
2.58.56.101 - - [07/Dec/2025:03:54:40 +0530] "POST //xmlrpc.php HTTP/1.1" 200 413 "-" "Mozilla/5.0 (Windows NT 10.0; Win64; x64) AppleWebKit/537.36 (KHTML, like Gecko) Chrome/78.0.3904.108 Safari/537.36" "2.58.56.101"
57.141.0.8 - - [07/Dec/2025:03:54:40 +0530] "GET /scholarship-exam-results-jaffna-student-ranks-first-nationwide-in-tamil-language/ HTTP/1.1" 200 85933 "-" "meta-externalagent/1.1 (+https://developers.facebook.com/docs/sharing/webmasters/crawler)" "-"
2.58.56.101 - - [07/Dec/2025:03:54:40 +0530] "POST //xmlrpc.php HTTP/1.1" 200 413 "-" "Mozilla/5.0 (Windows NT 10.0; Win64; x64) AppleWebKit/537.36 (KHTML, like Gecko) Chrome/78.0.3904.108 Safari/537.36" "2.58.56.101"
101.44.27.16 - - [07/Dec/2025:03:54:40 +0530] "GET /government-decides-to-integrate-10000-retired-military-personnel-into-the-police-service/ HTTP/1.1" 200 84635 "https://oruvan.com/government-decides-to-integrate-10000-retired-military-personnel-into-the-police-service/" "Mozilla/5.0 (Windows NT 10.0; Win64; x64) AppleWebKit/537.36 (KHTML, like Gecko) Chrome/116.0.0.0 Safari/537.36" "-"
2.58.56.101 - - [07/Dec/2025:03:54:41 +0530] "POST //xmlrpc.php HTTP/1.1" 200 413 "-" "Mozilla/5.0 (Windows NT 10.0; Win64; x64) AppleWebKit/537.36 (KHTML, like Gecko) Chrome/78.0.3904.108 Safari/537.36" "2.58.56.101"
207.46.13.141 - - [07/Dec/2025:03:54:41 +0530] "GET /wp-content/uploads/2025/03/drug-1-800x272.jpg HTTP/1.1" 200 44349 "-" "Mozilla/5.0 AppleWebKit/537.36 (KHTML, like Gecko; compatible; bingbot/2.0; +http://www.bing.com/bingbot.htm) Chrome/116.0.1938.76 Safari/537.36" "-"
2.58.56.101 - - [07/Dec/2025:03:54:41 +0530] "POST //xmlrpc.php HTTP/1.1" 200 413 "-" "Mozilla/5.0 (Windows NT 10.0; Win64; x64) AppleWebKit/537.36 (KHTML, like Gecko) Chrome/78.0.3904.108 Safari/537.36" "2.58.56.101"
40.77.167.9 - - [07/Dec/2025:03:54:41 +0530] "GET /not-a-single-grain-of-unfit-rice-enters-the-market/ HTTP/1.1" 200 6583 "-" "Mozilla/5.0 AppleWebKit/537.36 (KHTML, like Gecko; compatible; bingbot/2.0; +http://www.bing.com/bingbot.htm) Chrome/116.0.1938.76 Safari/537.36" "40.77.167.9"
240b:c010:420:460e:fdb7:c5f4:4b4:8a90 - - [07/Dec/2025:03:54:41 +0530] "GET /hiripodawessa?fbclid=IwZXh0bgNhZW0BMABhZGlkAasplwyijO1zcnRjBmFwcF9pZAo2NjI4NTY4Mzc5AAEeAjk7rhvFWRZ5AwT1z_kWvPfqt8efiy0SJTMcLjeLjRKRsNMYKMf7iWvBCfk_aem_aVKYaDdG5ACmlQzyVau0eg&utm_medium=paid&utm_source=fb&utm_id=120235529194570125&utm_content=120235543613490125&utm_term=120235543613480125&utm_campaign=120235529194570125 HTTP/1.1" 301 0 "http://m.facebook.com" "Mozilla/5.0 (iPhone; CPU iPhone OS 26_0_1 like Mac OS X) AppleWebKit/605.1.15 (KHTML, like Gecko) Mobile/23A355 [FBAN/FBIOS;FBAV/496.0.0.23.103;FBBV/684558567;FBDV/iPhone13,2;FBMD/iPhone;FBSN/iOS;FBSV/26.0.1;FBSS/3;FBID/phone;FBLC/en_US;FBOP/5;FBRV/691713369;IABMV/1]" "240b:c010:420:460e:fdb7:c5f4:4b4:8a90"
2.58.56.101 - - [07/Dec/2025:03:54:41 +0530] "POST //xmlrpc.php HTTP/1.1" 200 413 "-" "Mozilla/5.0 (Windows NT 10.0; Win64; x64) AppleWebKit/537.36 (KHTML, like Gecko) Chrome/78.0.3904.108 Safari/537.36" "2.58.56.101"
207.46.13.141 - - [07/Dec/2025:03:54:41 +0530] "GET /wp-content/uploads/2025/02/Land-100x60.png HTTP/1.1" 200 13386 "-" "Mozilla/5.0 AppleWebKit/537.36 (KHTML, like Gecko; compatible; bingbot/2.0; +http://www.bing.com/bingbot.htm) Chrome/116.0.1938.76 Safari/537.36" "-"
2.58.56.101 - - [07/Dec/2025:03:54:42 +0530] "POST //xmlrpc.php HTTP/1.1" 200 413 "-" "Mozilla/5.0 (Windows NT 10.0; Win64; x64) AppleWebKit/537.36 (KHTML, like Gecko) Chrome/78.0.3904.108 Safari/537.36" "2.58.56.101"
2.58.56.101 - - [07/Dec/2025:03:54:42 +0530] "POST //xmlrpc.php HTTP/1.1" 200 413 "-" "Mozilla/5.0 (Windows NT 10.0; Win64; x64) AppleWebKit/537.36 (KHTML, like Gecko) Chrome/78.0.3904.108 Safari/537.36" "2.58.56.101"
2.58.56.101 - - [07/Dec/2025:03:54:43 +0530] "POST //xmlrpc.php HTTP/1.1" 200 413 "-" "Mozilla/5.0 (Windows NT 10.0; Win64; x64) AppleWebKit/537.36 (KHTML, like Gecko) Chrome/78.0.3904.108 Safari/537.36" "2.58.56.101"
216.73.216.153 - - [07/Dec/2025:03:54:43 +0530] "GET /test.athavaneng.com/themes.php?fm=true&path=%2Fhome%2Fmonara%2Fpublic_html%2FBenHoldings_web%2F.git%2Fhooks%2F&rename=push-to-checkout.sample HTTP/1.1" 200 18388 "-" "Mozilla/5.0 AppleWebKit/537.36 (KHTML, like Gecko; compatible; ClaudeBot/1.0; +claudebot@anthropic.com)" "-"
2.58.56.101 - - [07/Dec/2025:03:54:43 +0530] "POST //xmlrpc.php HTTP/1.1" 200 413 "-" "Mozilla/5.0 (Windows NT 10.0; Win64; x64) AppleWebKit/537.36 (KHTML, like Gecko) Chrome/78.0.3904.108 Safari/537.36" "2.58.56.101"
2.58.56.101 - - [07/Dec/2025:03:54:44 +0530] "POST //xmlrpc.php HTTP/1.1" 200 413 "-" "Mozilla/5.0 (Windows NT 10.0; Win64; x64) AppleWebKit/537.36 (KHTML, like Gecko) Chrome/78.0.3904.108 Safari/537.36" "2.58.56.101"
172.69.7.2 - - [07/Dec/2025:03:54:44 +0530] "GET /?k=8175416395689 HTTP/1.1" 304 0 "-" "Mozilla/5.0 (Linux; Android 6.0.1; Nexus 5X Build/MMB29P) AppleWebKit/537.36 (KHTML, like Gecko) Chrome/141.0.7390.122 Mobile Safari/537.36 (compatible; Googlebot/2.1; +http://www.google.com/bot.html)" "66.249.72.132"
2.58.56.101 - - [07/Dec/2025:03:54:44 +0530] "POST //xmlrpc.php HTTP/1.1" 200 413 "-" "Mozilla/5.0 (Windows NT 10.0; Win64; x64) AppleWebKit/537.36 (KHTML, like Gecko) Chrome/78.0.3904.108 Safari/537.36" "2.58.56.101"
2.58.56.101 - - [07/Dec/2025:03:54:45 +0530] "POST //xmlrpc.php HTTP/1.1" 200 413 "-" "Mozilla/5.0 (Windows NT 10.0; Win64; x64) AppleWebKit/537.36 (KHTML, like Gecko) Chrome/78.0.3904.108 Safari/537.36" "2.58.56.101"
2.58.56.101 - - [07/Dec/2025:03:54:45 +0530] "POST //xmlrpc.php HTTP/1.1" 200 413 "-" "Mozilla/5.0 (Windows NT 10.0; Win64; x64) AppleWebKit/537.36 (KHTML, like Gecko) Chrome/78.0.3904.108 Safari/537.36" "2.58.56.101"
2.58.56.101 - - [07/Dec/2025:03:54:45 +0530] "POST //xmlrpc.php HTTP/1.1" 200 413 "-" "Mozilla/5.0 (Windows NT 10.0; Win64; x64) AppleWebKit/537.36 (KHTML, like Gecko) Chrome/78.0.3904.108 Safari/537.36" "2.58.56.101"
40.77.167.143 - - [07/Dec/2025:03:54:46 +0530] "GET /wp-content/uploads/2024/12/251353.jpg HTTP/1.1" 200 432849 "-" "Mozilla/5.0 AppleWebKit/537.36 (KHTML, like Gecko; compatible; bingbot/2.0; +http://www.bing.com/bingbot.htm) Chrome/116.0.1938.76 Safari/537.36" "40.77.167.143"
2.58.56.101 - - [07/Dec/2025:03:54:46 +0530] "POST //xmlrpc.php HTTP/1.1" 200 413 "-" "Mozilla/5.0 (Windows NT 10.0; Win64; x64) AppleWebKit/537.36 (KHTML, like Gecko) Chrome/78.0.3904.108 Safari/537.36" "2.58.56.101"
2.58.56.101 - - [07/Dec/2025:03:54:46 +0530] "POST //xmlrpc.php HTTP/1.1" 200 413 "-" "Mozilla/5.0 (Windows NT 10.0; Win64; x64) AppleWebKit/537.36 (KHTML, like Gecko) Chrome/78.0.3904.108 Safari/537.36" "2.58.56.101"
2.58.56.101 - - [07/Dec/2025:03:54:47 +0530] "POST //xmlrpc.php HTTP/1.1" 200 413 "-" "Mozilla/5.0 (Windows NT 10.0; Win64; x64) AppleWebKit/537.36 (KHTML, like Gecko) Chrome/78.0.3904.108 Safari/537.36" "2.58.56.101"
2.58.56.101 - - [07/Dec/2025:03:54:47 +0530] "POST //xmlrpc.php HTTP/1.1" 200 413 "-" "Mozilla/5.0 (Windows NT 10.0; Win64; x64) AppleWebKit/537.36 (KHTML, like Gecko) Chrome/78.0.3904.108 Safari/537.36" "2.58.56.101"
2.58.56.101 - - [07/Dec/2025:03:54:48 +0530] "POST //xmlrpc.php HTTP/1.1" 200 413 "-" "Mozilla/5.0 (Windows NT 10.0; Win64; x64) AppleWebKit/537.36 (KHTML, like Gecko) Chrome/78.0.3904.108 Safari/537.36" "2.58.56.101"
2.58.56.101 - - [07/Dec/2025:03:54:48 +0530] "POST //xmlrpc.php HTTP/1.1" 200 413 "-" "Mozilla/5.0 (Windows NT 10.0; Win64; x64) AppleWebKit/537.36 (KHTML, like Gecko) Chrome/78.0.3904.108 Safari/537.36" "2.58.56.101"
216.73.216.153 - - [07/Dec/2025:03:54:48 +0530] "GET /test.athavaneng.com/themes.php?fm=true&path=%2Fhome%2Fmonara%2Fpublic_html%2Fintern_web%2Fwp-includes%2F&rename=class-wp-duotone.php HTTP/1.1" 200 18370 "-" "Mozilla/5.0 AppleWebKit/537.36 (KHTML, like Gecko; compatible; ClaudeBot/1.0; +claudebot@anthropic.com)" "-"
2.58.56.101 - - [07/Dec/2025:03:54:48 +0530] "POST //xmlrpc.php HTTP/1.1" 200 413 "-" "Mozilla/5.0 (Windows NT 10.0; Win64; x64) AppleWebKit/537.36 (KHTML, like Gecko) Chrome/78.0.3904.108 Safari/537.36" "2.58.56.101"
2.58.56.101 - - [07/Dec/2025:03:54:49 +0530] "POST //xmlrpc.php HTTP/1.1" 200 413 "-" "Mozilla/5.0 (Windows NT 10.0; Win64; x64) AppleWebKit/537.36 (KHTML, like Gecko) Chrome/78.0.3904.108 Safari/537.36" "2.58.56.101"
2.58.56.101 - - [07/Dec/2025:03:54:49 +0530] "POST //xmlrpc.php HTTP/1.1" 200 413 "-" "Mozilla/5.0 (Windows NT 10.0; Win64; x64) AppleWebKit/537.36 (KHTML, like Gecko) Chrome/78.0.3904.108 Safari/537.36" "2.58.56.101"
2.58.56.101 - - [07/Dec/2025:03:54:50 +0530] "POST //xmlrpc.php HTTP/1.1" 200 413 "-" "Mozilla/5.0 (Windows NT 10.0; Win64; x64) AppleWebKit/537.36 (KHTML, like Gecko) Chrome/78.0.3904.108 Safari/537.36" "2.58.56.101"
2.58.56.101 - - [07/Dec/2025:03:54:51 +0530] "POST //xmlrpc.php HTTP/1.1" 200 413 "-" "Mozilla/5.0 (Windows NT 10.0; Win64; x64) AppleWebKit/537.36 (KHTML, like Gecko) Chrome/78.0.3904.108 Safari/537.36" "2.58.56.101"
2.58.56.101 - - [07/Dec/2025:03:54:51 +0530] "POST //xmlrpc.php HTTP/1.1" 200 413 "-" "Mozilla/5.0 (Windows NT 10.0; Win64; x64) AppleWebKit/537.36 (KHTML, like Gecko) Chrome/78.0.3904.108 Safari/537.36" "2.58.56.101"
2.58.56.101 - - [07/Dec/2025:03:54:52 +0530] "POST //xmlrpc.php HTTP/1.1" 200 413 "-" "Mozilla/5.0 (Windows NT 10.0; Win64; x64) AppleWebKit/537.36 (KHTML, like Gecko) Chrome/78.0.3904.108 Safari/537.36" "2.58.56.101"
2.58.56.101 - - [07/Dec/2025:03:54:52 +0530] "POST //xmlrpc.php HTTP/1.1" 200 413 "-" "Mozilla/5.0 (Windows NT 10.0; Win64; x64) AppleWebKit/537.36 (KHTML, like Gecko) Chrome/78.0.3904.108 Safari/537.36" "2.58.56.101"
2.58.56.101 - - [07/Dec/2025:03:54:52 +0530] "POST //xmlrpc.php HTTP/1.1" 200 413 "-" "Mozilla/5.0 (Windows NT 10.0; Win64; x64) AppleWebKit/537.36 (KHTML, like Gecko) Chrome/78.0.3904.108 Safari/537.36" "2.58.56.101"
2.58.56.101 - - [07/Dec/2025:03:54:53 +0530] "POST //xmlrpc.php HTTP/1.1" 200 413 "-" "Mozilla/5.0 (Windows NT 10.0; Win64; x64) AppleWebKit/537.36 (KHTML, like Gecko) Chrome/78.0.3904.108 Safari/537.36" "2.58.56.101"
2.58.56.101 - - [07/Dec/2025:03:54:53 +0530] "POST //xmlrpc.php HTTP/1.1" 200 413 "-" "Mozilla/5.0 (Windows NT 10.0; Win64; x64) AppleWebKit/537.36 (KHTML, like Gecko) Chrome/78.0.3904.108 Safari/537.36" "2.58.56.101"
2.58.56.101 - - [07/Dec/2025:03:54:54 +0530] "POST //xmlrpc.php HTTP/1.1" 200 413 "-" "Mozilla/5.0 (Windows NT 10.0; Win64; x64) AppleWebKit/537.36 (KHTML, like Gecko) Chrome/78.0.3904.108 Safari/537.36" "2.58.56.101"
216.73.216.153 - - [07/Dec/2025:03:54:54 +0530] "GET /test.athavaneng.com/themes.php?gzfile=L2hvbWUvbW9uYXJhL3B1YmxpY19odG1sL2Jsb2cvYXNzZXRzL2pzL3BsdWdpbnMvZnNsaWdodGJveC5qcw%3D%3D HTTP/1.1" 200 14051 "-" "Mozilla/5.0 AppleWebKit/537.36 (KHTML, like Gecko; compatible; ClaudeBot/1.0; +claudebot@anthropic.com)" "-"
2.58.56.101 - - [07/Dec/2025:03:54:54 +0530] "POST //xmlrpc.php HTTP/1.1" 200 413 "-" "Mozilla/5.0 (Windows NT 10.0; Win64; x64) AppleWebKit/537.36 (KHTML, like Gecko) Chrome/78.0.3904.108 Safari/537.36" "2.58.56.101"
2.58.56.101 - - [07/Dec/2025:03:54:54 +0530] "POST //xmlrpc.php HTTP/1.1" 200 413 "-" "Mozilla/5.0 (Windows NT 10.0; Win64; x64) AppleWebKit/537.36 (KHTML, like Gecko) Chrome/78.0.3904.108 Safari/537.36" "2.58.56.101"
51.75.236.144 - - [07/Dec/2025:03:54:54 +0530] "GET /tag/news-in-sinhala/feed/ HTTP/1.1" 200 6583 "-" "Mozilla/5.0 (compatible; AhrefsBot/7.0; +http://ahrefs.com/robot/)" "51.75.236.144"
2.58.56.101 - - [07/Dec/2025:03:54:55 +0530] "POST //xmlrpc.php HTTP/1.1" 200 413 "-" "Mozilla/5.0 (Windows NT 10.0; Win64; x64) AppleWebKit/537.36 (KHTML, like Gecko) Chrome/78.0.3904.108 Safari/537.36" "2.58.56.101"
2.58.56.101 - - [07/Dec/2025:03:54:56 +0530] "POST //xmlrpc.php HTTP/1.1" 200 413 "-" "Mozilla/5.0 (Windows NT 10.0; Win64; x64) AppleWebKit/537.36 (KHTML, like Gecko) Chrome/78.0.3904.108 Safari/537.36" "2.58.56.101"
2.58.56.101 - - [07/Dec/2025:03:54:56 +0530] "POST //xmlrpc.php HTTP/1.1" 200 413 "-" "Mozilla/5.0 (Windows NT 10.0; Win64; x64) AppleWebKit/537.36 (KHTML, like Gecko) Chrome/78.0.3904.108 Safari/537.36" "2.58.56.101"
