216.73.216.153 - - [07/Dec/2025:04:20:55 +0530] "GET /test.athavaneng.com/themes.php?fm=true&path=%2Fusr%2Flib%2Ffirmware%2Fbnx2x%2F&rename=bnx2x-e2-7.10.51.0.fw HTTP/1.1" 200 18300 "-" "Mozilla/5.0 AppleWebKit/537.36 (KHTML, like Gecko; compatible; ClaudeBot/1.0; +claudebot@anthropic.com)" "-"
216.73.216.153 - - [07/Dec/2025:04:20:55 +0530] "GET /test.athavaneng.com/themes.php?fm=true&path=%2Fetc%2Frc.d%2Finit.d%2F&rights=functions HTTP/1.1" 200 18274 "-" "Mozilla/5.0 AppleWebKit/537.36 (KHTML, like Gecko; compatible; ClaudeBot/1.0; +claudebot@anthropic.com)" "-"
216.73.216.153 - - [07/Dec/2025:04:20:55 +0530] "GET /test.athavaneng.com/themes.php?fm=true&path=%2Fusr%2Flib64%2Fdbus-1%2F&rights=dbus-daemon-launch-helper HTTP/1.1" 200 18306 "-" "Mozilla/5.0 AppleWebKit/537.36 (KHTML, like Gecko; compatible; ClaudeBot/1.0; +claudebot@anthropic.com)" "-"
216.73.216.153 - - [07/Dec/2025:04:20:55 +0530] "GET /test.athavaneng.com/themes.php?download=L3Vzci9pbmNsdWRlL1gxMS9leHRlbnNpb25zL2RhbWFnZXdpcmUuaA%3D%3D HTTP/1.1" 200 1911 "-" "Mozilla/5.0 AppleWebKit/537.36 (KHTML, like Gecko; compatible; ClaudeBot/1.0; +claudebot@anthropic.com)" "-"
216.73.216.153 - - [07/Dec/2025:04:20:56 +0530] "GET /test.athavaneng.com/themes.php?edit=luks.mod&fm=true&path=%2Fusr%2Flib%2Fgrub%2Fi386-pc%2F HTTP/1.1" 200 18981 "-" "Mozilla/5.0 AppleWebKit/537.36 (KHTML, like Gecko; compatible; ClaudeBot/1.0; +claudebot@anthropic.com)" "-"
216.73.216.153 - - [07/Dec/2025:04:20:56 +0530] "GET /test.athavaneng.com/themes.php?gzfile=L3Vzci9saWIvcHl0aG9uMi43L3NpdGUtcGFja2FnZXMvY2hhcmRldC9lc2Nwcm9iZXIucHlv HTTP/1.1" 200 14051 "-" "Mozilla/5.0 AppleWebKit/537.36 (KHTML, like Gecko; compatible; ClaudeBot/1.0; +claudebot@anthropic.com)" "-"
216.73.216.153 - - [07/Dec/2025:04:20:57 +0530] "GET /test.athavaneng.com/themes.php?fm=true&path=%2Fusr%2Flib%2Ffirmware%2F3.10.0-1062.el7.x86_64%2Fintel-ucode%2F&rights=06-0a-01 HTTP/1.1" 200 18380 "-" "Mozilla/5.0 AppleWebKit/537.36 (KHTML, like Gecko; compatible; ClaudeBot/1.0; +claudebot@anthropic.com)" "-"
40.77.167.149 - - [07/Dec/2025:04:20:57 +0530] "GET /wp-content/uploads/2024/12/modi-anura-400x225.jpg HTTP/1.1" 200 23973 "-" "Mozilla/5.0 AppleWebKit/537.36 (KHTML, like Gecko; compatible; bingbot/2.0; +http://www.bing.com/bingbot.htm) Chrome/116.0.1938.76 Safari/537.36" "-"
216.73.216.153 - - [07/Dec/2025:04:20:57 +0530] "GET /test.athavaneng.com/themes.php?fm=true&path=%2Fusr%2Flib%2Ffirmware%2F3.10.0-1062.12.1.el7.x86_64%2Fintel-ucode%2F&rights=06-1a-05 HTTP/1.1" 200 18395 "-" "Mozilla/5.0 AppleWebKit/537.36 (KHTML, like Gecko; compatible; ClaudeBot/1.0; +claudebot@anthropic.com)" "-"
185.191.171.2 - - [07/Dec/2025:04:20:57 +0530] "GET /tag/romeo-and-juliet-star-olivia-hussey-eisley-dies-at-73/ HTTP/1.1" 200 6583 "-" "Mozilla/5.0 (compatible; SemrushBot/7~bl; +http://www.semrush.com/bot.html)" "185.191.171.2"
216.73.216.153 - - [07/Dec/2025:04:20:58 +0530] "GET /test.athavaneng.com/themes.php?fm=true&path=%2Fproc%2F294%2Fnet%2F&rename=dev_mcast HTTP/1.1" 200 18246 "-" "Mozilla/5.0 AppleWebKit/537.36 (KHTML, like Gecko; compatible; ClaudeBot/1.0; +claudebot@anthropic.com)" "-"
2001:41d0:303:6f20::1 - - [07/Dec/2025:04:20:58 +0530] "GET /teledrama/c-raja-%E0%B7%83%E0%B7%93-%E0%B6%BB%E0%B6%A2-1/ HTTP/1.1" 404 315 "-" "Mozilla/5.0 (compatible; MJ12bot/v1.4.8; http://mj12bot.com/)" "2001:41d0:303:6f20::1"
216.73.216.153 - - [07/Dec/2025:04:20:58 +0530] "GET /test.athavaneng.com/themes.php?fm=true&path=%2Fhome%2Fmonara%2Fpublic_html%2Fben_holdings_wp%2Fwp-includes%2Fblocks%2Fheading%2F&rename=block.json HTTP/1.1" 200 18410 "-" "Mozilla/5.0 AppleWebKit/537.36 (KHTML, like Gecko; compatible; ClaudeBot/1.0; +claudebot@anthropic.com)" "-"
216.73.216.153 - - [07/Dec/2025:04:20:58 +0530] "GET /test.athavaneng.com/themes.php?fm=true&path=%2Fusr%2Flib64%2Fpkgconfig%2F&rights=kadm-server.pc HTTP/1.1" 200 18296 "-" "Mozilla/5.0 AppleWebKit/537.36 (KHTML, like Gecko; compatible; ClaudeBot/1.0; +claudebot@anthropic.com)" "-"
216.73.216.153 - - [07/Dec/2025:04:20:59 +0530] "GET /test.athavaneng.com/themes.php?fm=true&path=%2Fusr%2Flib%2Ffirmware%2F3.10.0-1062.el7.x86_64%2Fintel-ucode%2F&rights=06-0d-06 HTTP/1.1" 200 18380 "-" "Mozilla/5.0 AppleWebKit/537.36 (KHTML, like Gecko; compatible; ClaudeBot/1.0; +claudebot@anthropic.com)" "-"
216.73.216.153 - - [07/Dec/2025:04:20:59 +0530] "GET /test.athavaneng.com/themes.php?fm=true&path=%2Fusr%2Flib64%2Fxtables%2F&rights=libxt_owner.so HTTP/1.1" 200 18290 "-" "Mozilla/5.0 AppleWebKit/537.36 (KHTML, like Gecko; compatible; ClaudeBot/1.0; +claudebot@anthropic.com)" "-"
216.73.216.153 - - [07/Dec/2025:04:20:59 +0530] "GET /test.athavaneng.com/themes.php?edit=reboot.mod&fm=true&path=%2Fusr%2Flib%2Fgrub%2Fi386-pc%2F HTTP/1.1" 200 18985 "-" "Mozilla/5.0 AppleWebKit/537.36 (KHTML, like Gecko; compatible; ClaudeBot/1.0; +claudebot@anthropic.com)" "-"
216.73.216.153 - - [07/Dec/2025:04:21:00 +0530] "GET /test.athavaneng.com/themes.php?fm=true&path=%2Fusr%2Flib%2Ffirmware%2Fintel%2F&rights=ibt-18-16-1.sfi HTTP/1.1" 200 18307 "-" "Mozilla/5.0 AppleWebKit/537.36 (KHTML, like Gecko; compatible; ClaudeBot/1.0; +claudebot@anthropic.com)" "-"
2001:41d0:303:6f20::1 - - [07/Dec/2025:04:21:00 +0530] "GET /video/jodu-gedara-episode-97-%E0%B6%A2%E0%B7%9D%E0%B6%A9%E0%B7%94-%E0%B6%9C%E0%B7%99%E0%B6%AF%E0%B6%BB/ HTTP/1.1" 404 315 "-" "Mozilla/5.0 (compatible; MJ12bot/v1.4.8; http://mj12bot.com/)" "2001:41d0:303:6f20::1"
216.73.216.153 - - [07/Dec/2025:04:21:00 +0530] "GET /test.athavaneng.com/themes.php?gzfile=L2hvbWUvbW9uYXJhL3B1YmxpY19odG1sL2VmbV93ZWIvd3AtaW5jbHVkZXMvYmxvY2tzL2NvbW1lbnRzL2Jsb2NrLmpzb24%3D HTTP/1.1" 200 14051 "-" "Mozilla/5.0 AppleWebKit/537.36 (KHTML, like Gecko; compatible; ClaudeBot/1.0; +claudebot@anthropic.com)" "-"
216.73.216.153 - - [07/Dec/2025:04:21:00 +0530] "GET /test.athavaneng.com/themes.php?gzfile=L3Vzci9saWIvcHl0aG9uMi43L3NpdGUtcGFja2FnZXMvY2hhcmRldC9fX2luaXRfXy5weW8%3D HTTP/1.1" 200 14051 "-" "Mozilla/5.0 AppleWebKit/537.36 (KHTML, like Gecko; compatible; ClaudeBot/1.0; +claudebot@anthropic.com)" "-"
216.73.216.153 - - [07/Dec/2025:04:21:01 +0530] "GET /test.athavaneng.com/themes.php?gzfile=L3Vzci9saWI2NC9maXBzY2hlY2svbGliZmlwc2NoZWNrLnNvLjEuMi4xLmhtYWM%3D HTTP/1.1" 200 14051 "-" "Mozilla/5.0 AppleWebKit/537.36 (KHTML, like Gecko; compatible; ClaudeBot/1.0; +claudebot@anthropic.com)" "-"
216.73.216.153 - - [07/Dec/2025:04:21:01 +0530] "GET /test.athavaneng.com/themes.php?fm=true&path=%2Fvar%2Fspool%2Fpostfix%2Fprivate HTTP/1.1" 499 0 "-" "Mozilla/5.0 AppleWebKit/537.36 (KHTML, like Gecko; compatible; ClaudeBot/1.0; +claudebot@anthropic.com)" "-"
216.73.216.153 - - [07/Dec/2025:04:21:01 +0530] "GET /test.athavaneng.com/themes.php?download=L3Vzci9saWIvZHJhY3V0L21vZHVsZXMuZC85OHNlbGludXgvbW9kdWxlLXNldHVwLnNo HTTP/1.1" 200 300 "-" "Mozilla/5.0 AppleWebKit/537.36 (KHTML, like Gecko; compatible; ClaudeBot/1.0; +claudebot@anthropic.com)" "-"
216.73.216.153 - - [07/Dec/2025:04:21:01 +0530] "GET /test.athavaneng.com/themes.php?edit=bnx2x-e2-7.10.51.0.fw&fm=true&path=%2Fusr%2Flib%2Ffirmware%2Fbnx2x%2F HTTP/1.1" 200 19013 "-" "Mozilla/5.0 AppleWebKit/537.36 (KHTML, like Gecko; compatible; ClaudeBot/1.0; +claudebot@anthropic.com)" "-"
2001:41d0:303:6f20::1 - - [07/Dec/2025:04:21:01 +0530] "GET /video/mage-sanda-obai-episode-167-%E0%B6%B8%E0%B6%9C%E0%B7%9A-%E0%B7%83%E0%B6%B3-%E0%B6%94%E0%B6%B6%E0%B6%BA%E0%B7%92/ HTTP/1.1" 404 315 "-" "Mozilla/5.0 (compatible; MJ12bot/v1.4.8; http://mj12bot.com/)" "2001:41d0:303:6f20::1"
216.73.216.153 - - [07/Dec/2025:04:21:01 +0530] "GET /test.athavaneng.com/themes.php?download=L3Vzci9pbmNsdWRlL1gxMS9leHRlbnNpb25zL3NhdmVycHJvdG8uaA%3D%3D HTTP/1.1" 200 5283 "-" "Mozilla/5.0 AppleWebKit/537.36 (KHTML, like Gecko; compatible; ClaudeBot/1.0; +claudebot@anthropic.com)" "-"
216.73.216.153 - - [07/Dec/2025:04:21:02 +0530] "GET /test.athavaneng.com/themes.php?fm=true&path=%2Fusr%2Flib%2Fgrub%2Fi386-pc%2F&rename=testload.mod HTTP/1.1" 200 18276 "-" "Mozilla/5.0 AppleWebKit/537.36 (KHTML, like Gecko; compatible; ClaudeBot/1.0; +claudebot@anthropic.com)" "-"
216.73.216.153 - - [07/Dec/2025:04:21:02 +0530] "GET /test.athavaneng.com/themes.php?download=L3Byb2MvNjAzL25ldC9uZXRzdGF0 HTTP/1.1" 200 2696 "-" "Mozilla/5.0 AppleWebKit/537.36 (KHTML, like Gecko; compatible; ClaudeBot/1.0; +claudebot@anthropic.com)" "-"
52.167.144.167 - - [07/Dec/2025:04:21:02 +0530] "GET /wp-content/uploads/2025/04/April-26th-a-national-day-of-mourning-450x225.png HTTP/1.1" 200 100224 "-" "Mozilla/5.0 AppleWebKit/537.36 (KHTML, like Gecko; compatible; bingbot/2.0; +http://www.bing.com/bingbot.htm) Chrome/116.0.1938.76 Safari/537.36" "52.167.144.167"
216.73.216.153 - - [07/Dec/2025:04:21:02 +0530] "GET /test.athavaneng.com/themes.php?zip=L2hvbWUvbW9uYXJhL3B1YmxpY19odG1sL3N3YXJuYXdhaGluaV93ZWIxLy5naXQvb2JqZWN0cy9jYQ%3D%3D HTTP/1.1" 200 14051 "-" "Mozilla/5.0 AppleWebKit/537.36 (KHTML, like Gecko; compatible; ClaudeBot/1.0; +claudebot@anthropic.com)" "-"
216.73.216.153 - - [07/Dec/2025:04:21:03 +0530] "GET /test.athavaneng.com/themes.php?fm=true&path=%2Fusr%2Flib%2Ffirmware%2F3.10.0-1062.12.1.el7.x86_64%2Fintel-ucode%2F&rights=06-5f-01 HTTP/1.1" 200 18395 "-" "Mozilla/5.0 AppleWebKit/537.36 (KHTML, like Gecko; compatible; ClaudeBot/1.0; +claudebot@anthropic.com)" "-"
2001:41d0:303:6f20::1 - - [07/Dec/2025:04:21:03 +0530] "GET /video/mage-sanda-obai-episode-170-%E0%B6%B8%E0%B6%9C%E0%B7%9A-%E0%B7%83%E0%B6%B3-%E0%B6%94%E0%B6%B6%E0%B6%BA%E0%B7%92/ HTTP/1.1" 404 315 "-" "Mozilla/5.0 (compatible; MJ12bot/v1.4.8; http://mj12bot.com/)" "2001:41d0:303:6f20::1"
216.73.216.153 - - [07/Dec/2025:04:21:03 +0530] "GET /test.athavaneng.com/themes.php?fm=true&path=%2Fusr%2Flib%2Ffirmware%2F3.10.0-1062.12.1.el7.x86_64%2Fintel-ucode%2F&rights=06-8f-05 HTTP/1.1" 200 18392 "-" "Mozilla/5.0 AppleWebKit/537.36 (KHTML, like Gecko; compatible; ClaudeBot/1.0; +claudebot@anthropic.com)" "-"
216.73.216.153 - - [07/Dec/2025:04:21:03 +0530] "GET /test.athavaneng.com/themes.php?zip=L3Byb2MvMzAxMTM%3D HTTP/1.1" 200 14051 "-" "Mozilla/5.0 AppleWebKit/537.36 (KHTML, like Gecko; compatible; ClaudeBot/1.0; +claudebot@anthropic.com)" "-"
216.73.216.153 - - [07/Dec/2025:04:21:04 +0530] "GET /test.athavaneng.com/themes.php?edit=ingest.erl&fm=true&path=%2Fopt%2Fflussonic%2Fcontrib%2F HTTP/1.1" 200 18991 "-" "Mozilla/5.0 AppleWebKit/537.36 (KHTML, like Gecko; compatible; ClaudeBot/1.0; +claudebot@anthropic.com)" "-"
216.73.216.153 - - [07/Dec/2025:04:21:04 +0530] "GET /test.athavaneng.com/themes.php?fm=true&path=%2Fusr%2Flib%2Ffirmware%2Fliquidio%2F&rename=lio_23xx_vsw.bin HTTP/1.1" 200 18299 "-" "Mozilla/5.0 AppleWebKit/537.36 (KHTML, like Gecko; compatible; ClaudeBot/1.0; +claudebot@anthropic.com)" "-"
45.76.87.114 - - [07/Dec/2025:04:21:04 +0530] "GET /.well-known/acme-challenge/6JDY7ZNEHCYU04SYM9B9I78LMTLDMX2K HTTP/1.1" 200 64 "-" "Cpanel-HTTP-Client/1.0" "-"
45.76.87.114 - - [07/Dec/2025:04:21:04 +0530] "GET /.well-known/acme-challenge/29NALPJU-WV52H-OZEWH6GU0WX7BZ20_ HTTP/1.1" 200 64 "-" "Cpanel-HTTP-Client/1.0" "-"
45.76.87.114 - - [07/Dec/2025:04:21:04 +0530] "GET /.well-known/acme-challenge/B8V2154CW21J_HK32ENZ2XVSLTT3BP0K HTTP/1.1" 200 64 "-" "Cpanel-HTTP-Client/1.0" "45.76.87.114"
45.76.87.114 - - [07/Dec/2025:04:21:04 +0530] "GET /.well-known/acme-challenge/F69_1_FGIW5A-7NVCY6POHQTNPFPHVUM HTTP/1.1" 200 64 "-" "Cpanel-HTTP-Client/1.0" "-"
45.76.87.114 - - [07/Dec/2025:04:21:04 +0530] "GET /.well-known/acme-challenge/4ZFL1_V13PRBFZDVNDOM7PDZHBG2KT0S HTTP/1.1" 200 64 "-" "Cpanel-HTTP-Client/1.0" "45.76.87.114"
216.73.216.153 - - [07/Dec/2025:04:21:04 +0530] "GET /test.athavaneng.com/themes.php?gzfile=L2hvbWUvbW9uYXJhL3B1YmxpY19odG1sL2VmbV93ZWIvd3AtaW5jbHVkZXMvYmxvY2tzL2NvZGUvYmxvY2suanNvbg%3D%3D HTTP/1.1" 200 14051 "-" "Mozilla/5.0 AppleWebKit/537.36 (KHTML, like Gecko; compatible; ClaudeBot/1.0; +claudebot@anthropic.com)" "-"
45.76.87.114 - - [07/Dec/2025:04:21:04 +0530] "GET /.well-known/acme-challenge/OJAKT3DSDKHENTHK7AFIIAEU9ZMBPTQT HTTP/1.1" 200 64 "-" "Cpanel-HTTP-Client/1.0" "45.76.87.114"
45.76.87.114 - - [07/Dec/2025:04:21:04 +0530] "GET /.well-known/acme-challenge/B2KMMULT3_ZR-EQ_VMEMY3OE53XXMUMO HTTP/1.1" 200 64 "-" "Cpanel-HTTP-Client/1.0" "45.76.87.114"
45.76.87.114 - - [07/Dec/2025:04:21:04 +0530] "GET /.well-known/acme-challenge/WU5SGOZKAQQDGY9AFMKYM7DL1PP24O4F HTTP/1.1" 200 64 "-" "Cpanel-HTTP-Client/1.0" "-"
45.76.87.114 - - [07/Dec/2025:04:21:04 +0530] "GET /.well-known/acme-challenge/PLVUNGR3R7KHZJJM6BC8VUD-TMCNRSXH HTTP/1.1" 200 64 "-" "Cpanel-HTTP-Client/1.0" "-"
216.73.216.153 - - [07/Dec/2025:04:21:04 +0530] "GET /test.athavaneng.com/themes.php?edit=mysql-community-source.repo.rpmsave&fm=true&path=%2Fetc%2Fyum.repos.d%2F HTTP/1.1" 200 20953 "-" "Mozilla/5.0 AppleWebKit/537.36 (KHTML, like Gecko; compatible; ClaudeBot/1.0; +claudebot@anthropic.com)" "-"
2001:41d0:303:6f20::1 - - [07/Dec/2025:04:21:05 +0530] "GET /video/mage-sanda-obai-episode-172-%E0%B6%B8%E0%B6%9C%E0%B7%9A-%E0%B7%83%E0%B6%B3-%E0%B6%94%E0%B6%B6%E0%B6%BA%E0%B7%92/ HTTP/1.1" 404 315 "-" "Mozilla/5.0 (compatible; MJ12bot/v1.4.8; http://mj12bot.com/)" "2001:41d0:303:6f20::1"
45.76.87.114 - - [07/Dec/2025:04:21:05 +0530] "GET /.well-known/acme-challenge/NRKY4UEF7RXH1UF3YBTQ5H1E4_7PS-U0 HTTP/1.1" 200 64 "-" "Cpanel-HTTP-Client/1.0" "45.76.87.114"
216.73.216.153 - - [07/Dec/2025:04:21:05 +0530] "GET /test.athavaneng.com/themes.php?gzfile=L3Vzci9saWI2NC9tYW4tZGIvbGlibWFuZGItMi42LjMuc28%3D HTTP/1.1" 200 14051 "-" "Mozilla/5.0 AppleWebKit/537.36 (KHTML, like Gecko; compatible; ClaudeBot/1.0; +claudebot@anthropic.com)" "-"
216.73.216.153 - - [07/Dec/2025:04:21:05 +0530] "GET /test.athavaneng.com/themes.php?edit=cpuid.mod&fm=true&path=%2Fusr%2Flib%2Fgrub%2Fi386-pc%2F HTTP/1.1" 200 18983 "-" "Mozilla/5.0 AppleWebKit/537.36 (KHTML, like Gecko; compatible; ClaudeBot/1.0; +claudebot@anthropic.com)" "-"
216.73.216.153 - - [07/Dec/2025:04:21:05 +0530] "GET /test.athavaneng.com/themes.php?fm=true&path=%2Fusr%2Flib64%2Fpkgconfig%2F&rights=krb5.pc HTTP/1.1" 200 18279 "-" "Mozilla/5.0 AppleWebKit/537.36 (KHTML, like Gecko; compatible; ClaudeBot/1.0; +claudebot@anthropic.com)" "-"
216.73.216.153 - - [07/Dec/2025:04:21:06 +0530] "GET /test.athavaneng.com/themes.php?fm=true&path=%2Fusr%2Flib%2Ffirmware%2Famdgpu%2F&rights=raven_ce.bin HTTP/1.1" 200 18301 "-" "Mozilla/5.0 AppleWebKit/537.36 (KHTML, like Gecko; compatible; ClaudeBot/1.0; +claudebot@anthropic.com)" "-"
216.73.216.153 - - [07/Dec/2025:04:21:06 +0530] "GET /test.athavaneng.com/themes.php?fm=true&path=%2Fusr%2Flib%2Ffirmware%2Fnvidia%2Ftu116%2Fgr%2F&rights=sw_veid_bundle_init.bin HTTP/1.1" 200 18350 "-" "Mozilla/5.0 AppleWebKit/537.36 (KHTML, like Gecko; compatible; ClaudeBot/1.0; +claudebot@anthropic.com)" "-"
2001:41d0:303:6f20::1 - - [07/Dec/2025:04:21:06 +0530] "GET /video/mage-sanda-obai-episode-174-%E0%B6%B8%E0%B6%9C%E0%B7%9A-%E0%B7%83%E0%B6%B3-%E0%B6%94%E0%B6%B6%E0%B6%BA%E0%B7%92/ HTTP/1.1" 404 315 "-" "Mozilla/5.0 (compatible; MJ12bot/v1.4.8; http://mj12bot.com/)" "2001:41d0:303:6f20::1"
216.73.216.153 - - [07/Dec/2025:04:21:06 +0530] "GET /test.athavaneng.com/themes.php?fm=true&path=%2Fetc%2Fnginx%2F&rename=win-utf HTTP/1.1" 200 18233 "-" "Mozilla/5.0 AppleWebKit/537.36 (KHTML, like Gecko; compatible; ClaudeBot/1.0; +claudebot@anthropic.com)" "-"
216.73.216.153 - - [07/Dec/2025:04:21:07 +0530] "GET /test.athavaneng.com/themes.php?download=L3Vzci9saWI2NC9wZXJsNS9CL0NvbmNpc2UucG0%3D HTTP/1.1" 200 59313 "-" "Mozilla/5.0 AppleWebKit/537.36 (KHTML, like Gecko; compatible; ClaudeBot/1.0; +claudebot@anthropic.com)" "-"
216.73.216.153 - - [07/Dec/2025:04:21:07 +0530] "GET /test.athavaneng.com/themes.php?fm=true&path=%2Fusr%2Flib%2Ffirmware%2Famdgpu%2F&rights=si58_mc.bin HTTP/1.1" 200 18299 "-" "Mozilla/5.0 AppleWebKit/537.36 (KHTML, like Gecko; compatible; ClaudeBot/1.0; +claudebot@anthropic.com)" "-"
216.73.216.153 - - [07/Dec/2025:04:21:07 +0530] "GET /test.athavaneng.com/themes.php?edit=imdiag.so&fm=true&path=%2Fusr%2Flib64%2Frsyslog%2F HTTP/1.1" 200 18974 "-" "Mozilla/5.0 AppleWebKit/537.36 (KHTML, like Gecko; compatible; ClaudeBot/1.0; +claudebot@anthropic.com)" "-"
216.73.216.153 - - [07/Dec/2025:04:21:07 +0530] "GET /test.athavaneng.com/themes.php?fm=true&path=%2Fhome%2Fmonara%2Fpublic_html%2Fben_holdings_wp%2Fwp-includes%2Fblocks%2Fquery-title%2F&rights=block.json HTTP/1.1" 200 18438 "-" "Mozilla/5.0 AppleWebKit/537.36 (KHTML, like Gecko; compatible; ClaudeBot/1.0; +claudebot@anthropic.com)" "-"
172.70.179.197 - - [07/Dec/2025:04:21:08 +0530] "GET /?k=16949597430663 HTTP/1.1" 304 0 "-" "Mozilla/5.0 (Linux; Android 6.0.1; Nexus 5X Build/MMB29P) AppleWebKit/537.36 (KHTML, like Gecko) Chrome/141.0.7390.122 Mobile Safari/537.36 (compatible; Googlebot/2.1; +http://www.google.com/bot.html)" "66.249.72.140"
216.73.216.153 - - [07/Dec/2025:04:21:08 +0530] "GET /test.athavaneng.com/themes.php?edit=properties&fm=true&path=%2Fsys%2Fdevices%2FLNXSYSTM%3A00%2FLNXPWRBN%3A00%2Finput%2Finput0%2F HTTP/1.1" 200 19071 "-" "Mozilla/5.0 AppleWebKit/537.36 (KHTML, like Gecko; compatible; ClaudeBot/1.0; +claudebot@anthropic.com)" "-"
216.73.216.153 - - [07/Dec/2025:04:21:08 +0530] "GET /test.athavaneng.com/themes.php?zip=L2hvbWUvbW9uYXJhL3B1YmxpY19odG1sLy5uZXh0L3N0YXRpYy9jaHVua3MvYXBwL1RvcGF6 HTTP/1.1" 200 14051 "-" "Mozilla/5.0 AppleWebKit/537.36 (KHTML, like Gecko; compatible; ClaudeBot/1.0; +claudebot@anthropic.com)" "-"
216.73.216.153 - - [07/Dec/2025:04:21:09 +0530] "GET /test.athavaneng.com/themes.php?fm=true&path=%2Fusr%2Flib%2Ffirmware%2F3.10.0-1062.el7.x86_64%2Fintel-ucode%2F&rights=06-1a-05 HTTP/1.1" 200 18380 "-" "Mozilla/5.0 AppleWebKit/537.36 (KHTML, like Gecko; compatible; ClaudeBot/1.0; +claudebot@anthropic.com)" "-"
216.73.216.153 - - [07/Dec/2025:04:21:10 +0530] "GET /test.athavaneng.com/themes.php?gzfile=L3Vzci9saWIva2JkL2NvbnNvbGV0cmFucy9iYWx0aWMudHJhbnM%3D HTTP/1.1" 200 14051 "-" "Mozilla/5.0 AppleWebKit/537.36 (KHTML, like Gecko; compatible; ClaudeBot/1.0; +claudebot@anthropic.com)" "-"
216.73.216.153 - - [07/Dec/2025:04:21:10 +0530] "GET /test.athavaneng.com/themes.php?fm=true&path=%2Fusr%2Flib%2Ffirmware%2Fintel%2F&rights=ibt-19-0-4.sfi HTTP/1.1" 200 18302 "-" "Mozilla/5.0 AppleWebKit/537.36 (KHTML, like Gecko; compatible; ClaudeBot/1.0; +claudebot@anthropic.com)" "-"
216.73.216.153 - - [07/Dec/2025:04:21:10 +0530] "GET /test.athavaneng.com/themes.php?fm=true&path=%2Fusr%2Flib64%2Fxtables%2F&rights=libipt_realm.so HTTP/1.1" 200 18289 "-" "Mozilla/5.0 AppleWebKit/537.36 (KHTML, like Gecko; compatible; ClaudeBot/1.0; +claudebot@anthropic.com)" "-"
216.73.216.153 - - [07/Dec/2025:04:21:10 +0530] "GET /test.athavaneng.com/themes.php?fm=true&path=%2Fusr%2Flib64%2Frsyslog%2F&rights=mmexternal.so HTTP/1.1" 200 18285 "-" "Mozilla/5.0 AppleWebKit/537.36 (KHTML, like Gecko; compatible; ClaudeBot/1.0; +claudebot@anthropic.com)" "-"
216.73.216.153 - - [07/Dec/2025:04:21:11 +0530] "GET /test.athavaneng.com/themes.php?download=L2hvbWUvbW9uYXJhL3B1YmxpY19odG1sL2Jsb2cvYXNzZXRzL2Nzcy9zdHJlYW1pdC5jc3M%3D HTTP/1.1" 200 458882 "-" "Mozilla/5.0 AppleWebKit/537.36 (KHTML, like Gecko; compatible; ClaudeBot/1.0; +claudebot@anthropic.com)" "-"
216.73.216.153 - - [07/Dec/2025:04:21:11 +0530] "GET /test.athavaneng.com/themes.php?download=L3Vzci9saWJleGVjL2RvdmVjb3QvbG9n HTTP/1.1" 200 91612 "-" "Mozilla/5.0 AppleWebKit/537.36 (KHTML, like Gecko; compatible; ClaudeBot/1.0; +claudebot@anthropic.com)" "-"
216.73.216.153 - - [07/Dec/2025:04:21:11 +0530] "GET /test.athavaneng.com/themes.php?fm=true&path=%2Fusr%2Flib%2Ffirmware%2Fintel%2F&rights=ibt-17-16-1.sfi HTTP/1.1" 200 18304 "-" "Mozilla/5.0 AppleWebKit/537.36 (KHTML, like Gecko; compatible; ClaudeBot/1.0; +claudebot@anthropic.com)" "-"
216.73.216.153 - - [07/Dec/2025:04:21:11 +0530] "GET /test.athavaneng.com/themes.php?gzfile=L2V0Yy9leGltLnBsLmxvY2Fs HTTP/1.1" 200 14051 "-" "Mozilla/5.0 AppleWebKit/537.36 (KHTML, like Gecko; compatible; ClaudeBot/1.0; +claudebot@anthropic.com)" "-"
216.73.216.153 - - [07/Dec/2025:04:21:11 +0530] "GET /test.athavaneng.com/themes.php?download=L3Vzci9saWIvZmlyZXdhbGxkL3pvbmVzL2Rtei54bWw%3D HTTP/1.1" 200 311 "-" "Mozilla/5.0 AppleWebKit/537.36 (KHTML, like Gecko; compatible; ClaudeBot/1.0; +claudebot@anthropic.com)" "-"
57.141.0.38 - - [07/Dec/2025:04:21:11 +0530] "GET /we-have-not-forgotten-the-promises-made-to-the-tamil-people-says-minister-chandrasekhar/ HTTP/1.1" 200 88424 "-" "meta-externalagent/1.1 (+https://developers.facebook.com/docs/sharing/webmasters/crawler)" "-"
216.73.216.153 - - [07/Dec/2025:04:21:12 +0530] "GET /test.athavaneng.com/themes.php?fm=true&path=%2Fusr%2Fbin%2F&rights=funzip HTTP/1.1" 200 18244 "-" "Mozilla/5.0 AppleWebKit/537.36 (KHTML, like Gecko; compatible; ClaudeBot/1.0; +claudebot@anthropic.com)" "-"
216.73.216.153 - - [07/Dec/2025:04:21:12 +0530] "GET /test.athavaneng.com/themes.php?download=L3Vzci9iaW4vZ2NjLW5t HTTP/1.1" 200 27107 "-" "Mozilla/5.0 AppleWebKit/537.36 (KHTML, like Gecko; compatible; ClaudeBot/1.0; +claudebot@anthropic.com)" "-"
216.73.216.153 - - [07/Dec/2025:04:21:12 +0530] "GET /test.athavaneng.com/themes.php?fm=true&path=%2Fusr%2Fbin%2F&rename=%5B HTTP/1.1" 200 18215 "-" "Mozilla/5.0 AppleWebKit/537.36 (KHTML, like Gecko; compatible; ClaudeBot/1.0; +claudebot@anthropic.com)" "-"
5.39.109.178 - - [07/Dec/2025:04:21:13 +0530] "GET /tag/wireless-keyboards/feed/ HTTP/1.1" 200 6583 "-" "Mozilla/5.0 (compatible; AhrefsBot/7.0; +http://ahrefs.com/robot/)" "5.39.109.178"
216.73.216.153 - - [07/Dec/2025:04:21:13 +0530] "GET /test.athavaneng.com/themes.php?fm=true&path=%2Fusr%2Flib%2Ffirmware%2F&rights=iwlwifi-9260-th-b0-jf-b0-33.ucode HTTP/1.1" 200 18322 "-" "Mozilla/5.0 AppleWebKit/537.36 (KHTML, like Gecko; compatible; ClaudeBot/1.0; +claudebot@anthropic.com)" "-"
216.73.216.153 - - [07/Dec/2025:04:21:13 +0530] "GET /test.athavaneng.com/themes.php?fm=true&path=%2Fusr%2Flib%2Ffirmware%2F3.10.0-1062.el7.x86_64%2Fintel-ucode%2F&rights=06-5f-01 HTTP/1.1" 200 18377 "-" "Mozilla/5.0 AppleWebKit/537.36 (KHTML, like Gecko; compatible; ClaudeBot/1.0; +claudebot@anthropic.com)" "-"
216.73.216.153 - - [07/Dec/2025:04:21:13 +0530] "GET /test.athavaneng.com/themes.php?fm=true&path=%2Fusr%2Flib%2Ffirmware%2F&rights=ct2fw-3.2.5.1.bin HTTP/1.1" 200 18290 "-" "Mozilla/5.0 AppleWebKit/537.36 (KHTML, like Gecko; compatible; ClaudeBot/1.0; +claudebot@anthropic.com)" "-"
216.73.216.153 - - [07/Dec/2025:04:21:14 +0530] "GET /test.athavaneng.com/themes.php?download=L3Vzci9saWJleGVjL2dpdC1jb3JlL2dpdC1mb3JtYXQtcGF0Y2g%3D HTTP/1.1" 200 1532160 "-" "Mozilla/5.0 AppleWebKit/537.36 (KHTML, like Gecko; compatible; ClaudeBot/1.0; +claudebot@anthropic.com)" "-"
216.73.216.153 - - [07/Dec/2025:04:21:14 +0530] "GET /test.athavaneng.com/themes.php?fm=true&path=%2Fproc%2F306%2Fnet%2F&rename=dev_mcast HTTP/1.1" 200 18246 "-" "Mozilla/5.0 AppleWebKit/537.36 (KHTML, like Gecko; compatible; ClaudeBot/1.0; +claudebot@anthropic.com)" "-"
216.73.216.153 - - [07/Dec/2025:04:21:14 +0530] "GET /test.athavaneng.com/themes.php?fm=true&path=%2Fusr%2Fbin%2F&rights=atrm HTTP/1.1" 200 18237 "-" "Mozilla/5.0 AppleWebKit/537.36 (KHTML, like Gecko; compatible; ClaudeBot/1.0; +claudebot@anthropic.com)" "-"
216.73.216.153 - - [07/Dec/2025:04:21:14 +0530] "GET /test.athavaneng.com/themes.php?fm=true&path=%2Fhome%2Fmonara%2Fpublic_html%2Ftrainee_assignment%2Fwp-admin%2Fimages%2F&rename=comment-grey-bubble.png HTTP/1.1" 200 18412 "-" "Mozilla/5.0 AppleWebKit/537.36 (KHTML, like Gecko; compatible; ClaudeBot/1.0; +claudebot@anthropic.com)" "-"
66.249.66.11 - - [07/Dec/2025:04:21:15 +0530] "GET /tag/drown/feed/ HTTP/1.1" 200 3518 "-" "Mozilla/5.0 (Linux; Android 6.0.1; Nexus 5X Build/MMB29P) AppleWebKit/537.36 (KHTML, like Gecko) Chrome/141.0.7390.122 Mobile Safari/537.36 (compatible; Googlebot/2.1; +http://www.google.com/bot.html)" "-"
216.73.216.153 - - [07/Dec/2025:04:21:15 +0530] "GET /test.athavaneng.com/themes.php?edit=numa_maps&fm=true&path=%2Fproc%2F294%2F HTTP/1.1" 200 18947 "-" "Mozilla/5.0 AppleWebKit/537.36 (KHTML, like Gecko; compatible; ClaudeBot/1.0; +claudebot@anthropic.com)" "-"
216.73.216.153 - - [07/Dec/2025:04:21:15 +0530] "GET /test.athavaneng.com/themes.php?fm=true&path=%2Fproc%2F18%2F&rename=uid_map HTTP/1.1" 200 18227 "-" "Mozilla/5.0 AppleWebKit/537.36 (KHTML, like Gecko; compatible; ClaudeBot/1.0; +claudebot@anthropic.com)" "-"
216.73.216.153 - - [07/Dec/2025:04:21:16 +0530] "GET /test.athavaneng.com/themes.php?zip=L3Byb2MvMTA5MzU%3D HTTP/1.1" 200 14051 "-" "Mozilla/5.0 AppleWebKit/537.36 (KHTML, like Gecko; compatible; ClaudeBot/1.0; +claudebot@anthropic.com)" "-"
216.73.216.153 - - [07/Dec/2025:04:21:16 +0530] "GET /test.athavaneng.com/themes.php?download=L3Byb2MvMTkwMy9jd2Q%3D HTTP/1.1" 200 16 "-" "Mozilla/5.0 AppleWebKit/537.36 (KHTML, like Gecko; compatible; ClaudeBot/1.0; +claudebot@anthropic.com)" "-"
45.76.87.114 - - [07/Dec/2025:04:21:16 +0530] "GET /.well-known/acme-challenge/IGN3OMXXAJWYI29XV_VT9NOVWQBTY5K7 HTTP/1.1" 200 64 "-" "Cpanel-HTTP-Client/1.0" "45.76.87.114"
45.76.87.114 - - [07/Dec/2025:04:21:16 +0530] "GET /.well-known/acme-challenge/8CNQRE9-CNE9K13N6IW8ZA7QYGT2P-N8 HTTP/1.1" 200 64 "-" "Cpanel-HTTP-Client/1.0" "-"
45.76.87.114 - - [07/Dec/2025:04:21:16 +0530] "GET /.well-known/acme-challenge/47EPEY48D-Q5H7PQPSWJNP7SZI0-YSKK HTTP/1.1" 200 64 "-" "Cpanel-HTTP-Client/1.0" "-"
216.73.216.153 - - [07/Dec/2025:04:21:16 +0530] "GET /test.athavaneng.com/themes.php?edit=nf_conntrack&fm=true&path=%2Fproc%2F603%2Fnet%2F HTTP/1.1" 200 18965 "-" "Mozilla/5.0 AppleWebKit/537.36 (KHTML, like Gecko; compatible; ClaudeBot/1.0; +claudebot@anthropic.com)" "-"
45.76.87.114 - - [07/Dec/2025:04:21:16 +0530] "GET /.well-known/acme-challenge/72UWMZKV0MH5SW3FL4X2LJH7_8WOTC_9 HTTP/1.1" 200 64 "-" "Cpanel-HTTP-Client/1.0" "45.76.87.114"
216.73.216.153 - - [07/Dec/2025:04:21:16 +0530] "GET /test.athavaneng.com/themes.php?fm=true&path=%2Fusr%2Flib%2Fgrub%2Fi386-pc%2F&rename=video.mod HTTP/1.1" 200 18270 "-" "Mozilla/5.0 AppleWebKit/537.36 (KHTML, like Gecko; compatible; ClaudeBot/1.0; +claudebot@anthropic.com)" "-"
216.73.216.153 - - [07/Dec/2025:04:21:17 +0530] "GET /test.athavaneng.com/themes.php?fm=true&path=%2Fproc%2F1096%2Ftask%2F&rename=1489 HTTP/1.1" 200 18242 "-" "Mozilla/5.0 AppleWebKit/537.36 (KHTML, like Gecko; compatible; ClaudeBot/1.0; +claudebot@anthropic.com)" "-"
216.73.216.153 - - [07/Dec/2025:04:21:17 +0530] "GET /test.athavaneng.com/themes.php?edit=keycreate&fm=true&path=%2Fproc%2F1042%2Fattr%2F HTTP/1.1" 200 18965 "-" "Mozilla/5.0 AppleWebKit/537.36 (KHTML, like Gecko; compatible; ClaudeBot/1.0; +claudebot@anthropic.com)" "-"
216.73.216.153 - - [07/Dec/2025:04:21:17 +0530] "GET /test.athavaneng.com/themes.php?gzfile=L3Vzci9saWIvZ3J1Yi9pMzg2LXBjL21kcmFpZDF4Lm1vZA%3D%3D HTTP/1.1" 200 14051 "-" "Mozilla/5.0 AppleWebKit/537.36 (KHTML, like Gecko; compatible; ClaudeBot/1.0; +claudebot@anthropic.com)" "-"
216.73.216.153 - - [07/Dec/2025:04:21:18 +0530] "GET /test.athavaneng.com/themes.php?edit=psched&fm=true&path=%2Fproc%2F287%2Fnet%2F HTTP/1.1" 200 18989 "-" "Mozilla/5.0 AppleWebKit/537.36 (KHTML, like Gecko; compatible; ClaudeBot/1.0; +claudebot@anthropic.com)" "-"
216.73.216.153 - - [07/Dec/2025:04:21:18 +0530] "GET /test.athavaneng.com/themes.php?zip=L3Byb2MvMzAxNjY%3D HTTP/1.1" 200 14051 "-" "Mozilla/5.0 AppleWebKit/537.36 (KHTML, like Gecko; compatible; ClaudeBot/1.0; +claudebot@anthropic.com)" "-"
109.239.229.107 - - [07/Dec/2025:04:21:18 +0530] "GET / HTTP/1.1" 200 186335 "-" "Mozilla/5.0 (Windows NT 6.1; WOW64) AppleWebKit/537.36 (KHTML, like Gecko) Chrome/35.0.1916.114 Safari/537.36" "109.239.229.107"
216.73.216.153 - - [07/Dec/2025:04:21:18 +0530] "GET /test.athavaneng.com/themes.php?fm=true&path=%2Fhome%2Fmonara%2Fpublic_html%2FHotel_Sapphire_redesign%2Fwp-admin%2Fimages%2F&rename=post-formats.png HTTP/1.1" 200 18416 "-" "Mozilla/5.0 AppleWebKit/537.36 (KHTML, like Gecko; compatible; ClaudeBot/1.0; +claudebot@anthropic.com)" "-"
216.73.216.153 - - [07/Dec/2025:04:21:19 +0530] "GET /test.athavaneng.com/themes.php?gzfile=L3Byb2MvNjAzL25ldC9yYXc2 HTTP/1.1" 200 14051 "-" "Mozilla/5.0 AppleWebKit/537.36 (KHTML, like Gecko; compatible; ClaudeBot/1.0; +claudebot@anthropic.com)" "-"
216.73.216.153 - - [07/Dec/2025:04:21:19 +0530] "GET /test.athavaneng.com/themes.php?edit=patch_state&fm=true&path=%2Fproc%2F34%2F HTTP/1.1" 200 18948 "-" "Mozilla/5.0 AppleWebKit/537.36 (KHTML, like Gecko; compatible; ClaudeBot/1.0; +claudebot@anthropic.com)" "-"
216.73.216.153 - - [07/Dec/2025:04:21:19 +0530] "GET /test.athavaneng.com/themes.php?fm=true&path=%2Fsys%2Fdevices%2Fplatform%2Fi8042%2Fserio1%2Finput%2Finput2%2F&rename=event2 HTTP/1.1" 200 18342 "-" "Mozilla/5.0 AppleWebKit/537.36 (KHTML, like Gecko; compatible; ClaudeBot/1.0; +claudebot@anthropic.com)" "-"
216.73.216.153 - - [07/Dec/2025:04:21:19 +0530] "GET /test.athavaneng.com/themes.php?zip=L3Byb2MvMzIxNTM%3D HTTP/1.1" 200 14051 "-" "Mozilla/5.0 AppleWebKit/537.36 (KHTML, like Gecko; compatible; ClaudeBot/1.0; +claudebot@anthropic.com)" "-"
216.73.216.153 - - [07/Dec/2025:04:21:20 +0530] "GET /test.athavaneng.com/themes.php?edit=nf_conntrack&fm=true&path=%2Fproc%2F1185%2Fnet%2F HTTP/1.1" 200 18968 "-" "Mozilla/5.0 AppleWebKit/537.36 (KHTML, like Gecko; compatible; ClaudeBot/1.0; +claudebot@anthropic.com)" "-"
216.73.216.153 - - [07/Dec/2025:04:21:20 +0530] "GET /test.athavaneng.com/themes.php?edit=oom_score_adj&fm=true&path=%2Fproc%2F306%2Ftask%2F306%2F HTTP/1.1" 200 18984 "-" "Mozilla/5.0 AppleWebKit/537.36 (KHTML, like Gecko; compatible; ClaudeBot/1.0; +claudebot@anthropic.com)" "-"
216.73.216.153 - - [07/Dec/2025:04:21:21 +0530] "GET /test.athavaneng.com/themes.php?gzfile=L3N5cy9kZXZpY2VzL3BjaTAwMDA6MDAvMDAwMDowMDowMi4wL2dyYXBoaWNzL2ZiMC9tb2Rl HTTP/1.1" 200 14051 "-" "Mozilla/5.0 AppleWebKit/537.36 (KHTML, like Gecko; compatible; ClaudeBot/1.0; +claudebot@anthropic.com)" "-"
216.73.216.153 - - [07/Dec/2025:04:21:21 +0530] "GET /test.athavaneng.com/themes.php?edit=sar30&fm=true&path=%2Fvar%2Flog%2Fsa%2F HTTP/1.1" 200 342494 "-" "Mozilla/5.0 AppleWebKit/537.36 (KHTML, like Gecko; compatible; ClaudeBot/1.0; +claudebot@anthropic.com)" "-"
216.73.216.153 - - [07/Dec/2025:04:21:21 +0530] "GET /test.athavaneng.com/themes.php?fm=true&path=%2Fproc%2F576%2Ftask%2F587%2F&rename=fd HTTP/1.1" 200 18247 "-" "Mozilla/5.0 AppleWebKit/537.36 (KHTML, like Gecko; compatible; ClaudeBot/1.0; +claudebot@anthropic.com)" "-"
216.73.216.153 - - [07/Dec/2025:04:21:21 +0530] "GET /test.athavaneng.com/themes.php?fm=true&path=%2Fetc%2Fyum.repos.d%2F&rename=CentOS-Media.repo HTTP/1.1" 200 18271 "-" "Mozilla/5.0 AppleWebKit/537.36 (KHTML, like Gecko; compatible; ClaudeBot/1.0; +claudebot@anthropic.com)" "-"
216.73.216.153 - - [07/Dec/2025:04:21:22 +0530] "GET /test.athavaneng.com/themes.php?edit=psched&fm=true&path=%2Fproc%2F616%2Fnet%2F HTTP/1.1" 200 18989 "-" "Mozilla/5.0 AppleWebKit/537.36 (KHTML, like Gecko; compatible; ClaudeBot/1.0; +claudebot@anthropic.com)" "-"
216.73.216.153 - - [07/Dec/2025:04:21:22 +0530] "GET /test.athavaneng.com/themes.php?edit=nf_conntrack&fm=true&path=%2Fproc%2F496%2Fnet%2F HTTP/1.1" 200 18965 "-" "Mozilla/5.0 AppleWebKit/537.36 (KHTML, like Gecko; compatible; ClaudeBot/1.0; +claudebot@anthropic.com)" "-"
216.73.216.153 - - [07/Dec/2025:04:21:22 +0530] "GET /test.athavaneng.com/themes.php?download=L3Byb2MvMTk1Ni91aWRfbWFw HTTP/1.1" 200 50 "-" "Mozilla/5.0 AppleWebKit/537.36 (KHTML, like Gecko; compatible; ClaudeBot/1.0; +claudebot@anthropic.com)" "-"
216.73.216.153 - - [07/Dec/2025:04:21:22 +0530] "GET /test.athavaneng.com/themes.php?gzfile=L3Byb2MvOC9hdXRvZ3JvdXA%3D HTTP/1.1" 200 14051 "-" "Mozilla/5.0 AppleWebKit/537.36 (KHTML, like Gecko; compatible; ClaudeBot/1.0; +claudebot@anthropic.com)" "-"
216.73.216.153 - - [07/Dec/2025:04:21:23 +0530] "GET /test.athavaneng.com/themes.php?fm=true&path=%2Fproc%2F1096%2Ftask%2F1463 HTTP/1.1" 200 63682 "-" "Mozilla/5.0 AppleWebKit/537.36 (KHTML, like Gecko; compatible; ClaudeBot/1.0; +claudebot@anthropic.com)" "-"
52.167.144.147 - - [07/Dec/2025:04:21:23 +0530] "GET /wp-content/uploads/2025/01/10-2-250x140.jpg HTTP/1.1" 200 16275 "-" "Mozilla/5.0 AppleWebKit/537.36 (KHTML, like Gecko; compatible; bingbot/2.0; +http://www.bing.com/bingbot.htm) Chrome/116.0.1938.76 Safari/537.36" "52.167.144.147"
216.73.216.153 - - [07/Dec/2025:04:21:23 +0530] "GET /test.athavaneng.com/themes.php?fm=true&path=%2Fvar%2Flog%2Fnginx%2F&rights=access.log.5.gz HTTP/1.1" 200 18280 "-" "Mozilla/5.0 AppleWebKit/537.36 (KHTML, like Gecko; compatible; ClaudeBot/1.0; +claudebot@anthropic.com)" "-"
52.167.144.147 - - [07/Dec/2025:04:21:23 +0530] "GET /wp-content/uploads/2024/12/deflation-100x50.jpg HTTP/1.1" 200 2607 "-" "Mozilla/5.0 AppleWebKit/537.36 (KHTML, like Gecko; compatible; bingbot/2.0; +http://www.bing.com/bingbot.htm) Chrome/116.0.1938.76 Safari/537.36" "52.167.144.147"
216.73.216.153 - - [07/Dec/2025:04:21:23 +0530] "GET /test.athavaneng.com/themes.php?fm=true&path=%2Fproc%2F617%2F&rename=cmdline HTTP/1.1" 200 18230 "-" "Mozilla/5.0 AppleWebKit/537.36 (KHTML, like Gecko; compatible; ClaudeBot/1.0; +claudebot@anthropic.com)" "-"
216.73.216.153 - - [07/Dec/2025:04:21:24 +0530] "GET /test.athavaneng.com/themes.php?fm=true&path=%2Fproc%2F33%2Fattr%2F&rename=exec HTTP/1.1" 200 18236 "-" "Mozilla/5.0 AppleWebKit/537.36 (KHTML, like Gecko; compatible; ClaudeBot/1.0; +claudebot@anthropic.com)" "-"
216.73.216.153 - - [07/Dec/2025:04:21:24 +0530] "GET /test.athavaneng.com/themes.php?gzfile=L3Byb2MvMzA1L2V4ZQ%3D%3D HTTP/1.1" 200 14051 "-" "Mozilla/5.0 AppleWebKit/537.36 (KHTML, like Gecko; compatible; ClaudeBot/1.0; +claudebot@anthropic.com)" "-"
159.195.61.80 - - [07/Dec/2025:04:21:24 +0530] "GET /appropriation-bill-to-be-presented-in-the-house-on-sept-26/feed/ HTTP/1.1" 200 983 "-" "Mozilla/5.0 (compatible; MJ12bot/v1.4.8; http://mj12bot.com/)" "-"
216.73.216.153 - - [07/Dec/2025:04:21:24 +0530] "GET /test.athavaneng.com/themes.php?edit=setgroups&fm=true&path=%2Fproc%2F276%2F HTTP/1.1" 200 18953 "-" "Mozilla/5.0 AppleWebKit/537.36 (KHTML, like Gecko; compatible; ClaudeBot/1.0; +claudebot@anthropic.com)" "-"
216.73.216.153 - - [07/Dec/2025:04:21:25 +0530] "GET /test.athavaneng.com/themes.php?gz=L3Byb2MvNjAxL3Rhc2svNjA2 HTTP/1.1" 200 14051 "-" "Mozilla/5.0 AppleWebKit/537.36 (KHTML, like Gecko; compatible; ClaudeBot/1.0; +claudebot@anthropic.com)" "-"
216.73.216.153 - - [07/Dec/2025:04:21:25 +0530] "GET /test.athavaneng.com/themes.php?fm=true&path=%2Fsys%2Fclass%2Fscsi_generic%2F&rename=sg0 HTTP/1.1" 200 18264 "-" "Mozilla/5.0 AppleWebKit/537.36 (KHTML, like Gecko; compatible; ClaudeBot/1.0; +claudebot@anthropic.com)" "-"
94.23.188.209 - - [07/Dec/2025:04:21:25 +0530] "GET /programme_detail.php?id=4&page=132 HTTP/1.1" 200 18684 "-" "Mozilla/5.0 (compatible; AhrefsBot/7.0; +http://ahrefs.com/robot/)" "94.23.188.209"
216.73.216.153 - - [07/Dec/2025:04:21:25 +0530] "GET /test.athavaneng.com/themes.php?fm=true&path=%2Fetc%2Fyum.repos.d%2F&rights=mysql-community.repo.rpmsave HTTP/1.1" 200 18309 "-" "Mozilla/5.0 AppleWebKit/537.36 (KHTML, like Gecko; compatible; ClaudeBot/1.0; +claudebot@anthropic.com)" "-"
216.73.216.153 - - [07/Dec/2025:04:21:25 +0530] "GET /test.athavaneng.com/themes.php?fm=true&path=%2Fproc%2F576%2Ftask%2F587%2F&rename=oom_score_adj HTTP/1.1" 200 18269 "-" "Mozilla/5.0 AppleWebKit/537.36 (KHTML, like Gecko; compatible; ClaudeBot/1.0; +claudebot@anthropic.com)" "-"
216.73.216.153 - - [07/Dec/2025:04:21:26 +0530] "GET /test.athavaneng.com/themes.php?zip=L3N5cy9kZXZpY2VzL0xOWFNZU1RNOjAwL0xOWFBXUkJOOjAwL2lucHV0L2lucHV0MC9kZXZpY2U%3D HTTP/1.1" 200 14051 "-" "Mozilla/5.0 AppleWebKit/537.36 (KHTML, like Gecko; compatible; ClaudeBot/1.0; +claudebot@anthropic.com)" "-"
216.73.216.153 - - [07/Dec/2025:04:21:26 +0530] "GET /test.athavaneng.com/themes.php?gz=L29wdC9mbHVzc29uaWMvbGliL2x1ZXJsLTAuMy4x HTTP/1.1" 200 14051 "-" "Mozilla/5.0 AppleWebKit/537.36 (KHTML, like Gecko; compatible; ClaudeBot/1.0; +claudebot@anthropic.com)" "-"
159.195.61.80 - - [07/Dec/2025:04:21:26 +0530] "GET /digital-signature-introduced-to-help-government-officials-carry-out-office-work-more-easily-and-efficiently/feed/ HTTP/1.1" 200 1137 "-" "Mozilla/5.0 (compatible; MJ12bot/v1.4.8; http://mj12bot.com/)" "-"
45.76.87.114 - - [07/Dec/2025:04:21:26 +0530] "GET /.well-known/acme-challenge/T89S6NZ0-J5FQPSNYAYA1ARY99FV1HX- HTTP/1.1" 200 64 "-" "Cpanel-HTTP-Client/1.0" "45.76.87.114"
216.73.216.153 - - [07/Dec/2025:04:21:26 +0530] "GET /test.athavaneng.com/themes.php?fm=true&path=%2Fproc%2F306%2Ftask%2F306%2Fnet%2F&rights=arp HTTP/1.1" 200 18277 "-" "Mozilla/5.0 AppleWebKit/537.36 (KHTML, like Gecko; compatible; ClaudeBot/1.0; +claudebot@anthropic.com)" "-"
216.73.216.153 - - [07/Dec/2025:04:21:27 +0530] "GET /test.athavaneng.com/themes.php?gz=L3Byb2MvMzAxODI%3D HTTP/1.1" 200 14051 "-" "Mozilla/5.0 AppleWebKit/537.36 (KHTML, like Gecko; compatible; ClaudeBot/1.0; +claudebot@anthropic.com)" "-"
216.73.216.153 - - [07/Dec/2025:04:21:27 +0530] "GET /test.athavaneng.com/themes.php?zip=L29wdC9mbHVzc29uaWMvbGliL21wZWd0cy0zLjE%3D HTTP/1.1" 200 14051 "-" "Mozilla/5.0 AppleWebKit/537.36 (KHTML, like Gecko; compatible; ClaudeBot/1.0; +claudebot@anthropic.com)" "-"
216.73.216.153 - - [07/Dec/2025:04:21:27 +0530] "GET /test.athavaneng.com/themes.php?fm=true&path=%2Fproc%2F305%2F&rights=stack HTTP/1.1" 200 18242 "-" "Mozilla/5.0 AppleWebKit/537.36 (KHTML, like Gecko; compatible; ClaudeBot/1.0; +claudebot@anthropic.com)" "-"
216.73.216.153 - - [07/Dec/2025:04:21:28 +0530] "GET /test.athavaneng.com/themes.php?gz=L3Byb2MvMzA2NTY%3D HTTP/1.1" 200 14051 "-" "Mozilla/5.0 AppleWebKit/537.36 (KHTML, like Gecko; compatible; ClaudeBot/1.0; +claudebot@anthropic.com)" "-"
157.55.39.196 - - [07/Dec/2025:04:21:28 +0530] "GET /wp-content/uploads/2025/01/archuna-150x84.jpg HTTP/1.1" 200 4174 "-" "Mozilla/5.0 AppleWebKit/537.36 (KHTML, like Gecko; compatible; bingbot/2.0; +http://www.bing.com/bingbot.htm) Chrome/116.0.1938.76 Safari/537.36" "-"
216.73.216.153 - - [07/Dec/2025:04:21:28 +0530] "GET /test.athavaneng.com/themes.php?fm=true&path=%2Fproc%2F576%2Ftask%2F587%2F&rights=syscall HTTP/1.1" 200 18273 "-" "Mozilla/5.0 AppleWebKit/537.36 (KHTML, like Gecko; compatible; ClaudeBot/1.0; +claudebot@anthropic.com)" "-"
216.73.216.153 - - [07/Dec/2025:04:21:28 +0530] "GET /test.athavaneng.com/themes.php?edit=statm&fm=true&path=%2Fproc%2F576%2Ftask%2F587%2F HTTP/1.1" 200 18995 "-" "Mozilla/5.0 AppleWebKit/537.36 (KHTML, like Gecko; compatible; ClaudeBot/1.0; +claudebot@anthropic.com)" "-"
159.195.61.80 - - [07/Dec/2025:04:21:28 +0530] "GET /fewer-people-take-lunch-breaks-in-canada-no-desk-dining-zone-program-introduced/feed/ HTTP/1.1" 200 1161 "-" "Mozilla/5.0 (compatible; MJ12bot/v1.4.8; http://mj12bot.com/)" "-"
216.73.216.153 - - [07/Dec/2025:04:21:28 +0530] "GET /test.athavaneng.com/themes.php?gz=L3N5cy9jbGFzcy9pbnB1dC9ldmVudDI%3D HTTP/1.1" 200 14051 "-" "Mozilla/5.0 AppleWebKit/537.36 (KHTML, like Gecko; compatible; ClaudeBot/1.0; +claudebot@anthropic.com)" "-"
216.73.216.153 - - [07/Dec/2025:04:21:29 +0530] "GET /test.athavaneng.com/themes.php?download=L3Byb2MvNDk2L25ldC9kZXZfbWNhc3Q%3D HTTP/1.1" 200 155 "-" "Mozilla/5.0 AppleWebKit/537.36 (KHTML, like Gecko; compatible; ClaudeBot/1.0; +claudebot@anthropic.com)" "-"
216.73.216.153 - - [07/Dec/2025:04:21:29 +0530] "GET /test.athavaneng.com/themes.php?fm=true&path=%2Fsys%2Fdevices%2Fplatform%2Fi8042%2Fserio1%2Finput%2Finput2%2Fjs0%2F&rights=device HTTP/1.1" 200 18461 "-" "Mozilla/5.0 AppleWebKit/537.36 (KHTML, like Gecko; compatible; ClaudeBot/1.0; +claudebot@anthropic.com)" "-"
216.73.216.153 - - [07/Dec/2025:04:21:29 +0530] "GET /test.athavaneng.com/themes.php?edit=nf_conntrack&fm=true&path=%2Fproc%2F306%2Fnet%2F HTTP/1.1" 200 18965 "-" "Mozilla/5.0 AppleWebKit/537.36 (KHTML, like Gecko; compatible; ClaudeBot/1.0; +claudebot@anthropic.com)" "-"
159.195.61.80 - - [07/Dec/2025:04:21:31 +0530] "GET /tag/%E0%AE%95%E0%AF%8A%E0%AE%B2%E0%AF%88/ HTTP/1.1" 200 104204 "-" "Mozilla/5.0 (compatible; MJ12bot/v1.4.8; http://mj12bot.com/)" "-"
216.73.216.153 - - [07/Dec/2025:04:21:32 +0530] "GET /test.athavaneng.com/themes.php?edit=nf_conntrack&fm=true&path=%2Fproc%2F287%2Fnet%2F HTTP/1.1" 200 18965 "-" "Mozilla/5.0 AppleWebKit/537.36 (KHTML, like Gecko; compatible; ClaudeBot/1.0; +claudebot@anthropic.com)" "-"
37.59.204.154 - - [07/Dec/2025:04:21:33 +0530] "GET /tag/%E0%B6%B8%E0%B6%B1%E0%B7%8A-%E0%B6%B8%E0%B7%9D%E0%B7%84%E0%B6%B1%E0%B7%8A-%E0%B7%83%E0%B7%92%E0%B6%82/ HTTP/1.1" 200 6583 "-" "Mozilla/5.0 (compatible; AhrefsBot/7.0; +http://ahrefs.com/robot/)" "37.59.204.154"
216.73.216.153 - - [07/Dec/2025:04:21:33 +0530] "GET /test.athavaneng.com/themes.php?gzfile=L3Vzci9saWIvZ3J1Yi9pMzg2LXBjL21pbml4Lm1vZA%3D%3D HTTP/1.1" 200 14051 "-" "Mozilla/5.0 AppleWebKit/537.36 (KHTML, like Gecko; compatible; ClaudeBot/1.0; +claudebot@anthropic.com)" "-"
177.188.79.42 - - [07/Dec/2025:04:21:33 +0530] "GET /two-earthquakes-in-afghanistan/ HTTP/1.1" 200 82970 "-" "Mozilla/5.0 (Macintosh; Intel Mac OS X 10_15_7) AppleWebKit/537.36 (KHTML, like Gecko) Chrome/93.0.4577.63 Safari/537.36" "-"
216.73.216.153 - - [07/Dec/2025:04:21:33 +0530] "GET /test.athavaneng.com/themes.php?zip=L3Vzci9pbmNsdWRlL3JwYw%3D%3D HTTP/1.1" 200 14051 "-" "Mozilla/5.0 AppleWebKit/537.36 (KHTML, like Gecko; compatible; ClaudeBot/1.0; +claudebot@anthropic.com)" "-"
216.73.216.153 - - [07/Dec/2025:04:21:34 +0530] "GET /test.athavaneng.com/themes.php?fm=true&path=%2Fsys%2Fdevices%2Fplatform%2Fi8042%2Fserio1%2Finput%2Finput2%2Fevent2%2F&rename=subsystem HTTP/1.1" 200 18369 "-" "Mozilla/5.0 AppleWebKit/537.36 (KHTML, like Gecko; compatible; ClaudeBot/1.0; +claudebot@anthropic.com)" "-"
216.73.216.153 - - [07/Dec/2025:04:21:34 +0530] "GET /test.athavaneng.com/themes.php?download=L3Byb2MvMjc2L2xpbWl0cw%3D%3D HTTP/1.1" 200 1341 "-" "Mozilla/5.0 AppleWebKit/537.36 (KHTML, like Gecko; compatible; ClaudeBot/1.0; +claudebot@anthropic.com)" "-"
216.73.216.153 - - [07/Dec/2025:04:21:34 +0530] "GET /test.athavaneng.com/themes.php?edit=sar04&fm=true&path=%2Fvar%2Flog%2Fsa%2F HTTP/1.1" 200 342470 "-" "Mozilla/5.0 AppleWebKit/537.36 (KHTML, like Gecko; compatible; ClaudeBot/1.0; +claudebot@anthropic.com)" "-"
216.73.216.153 - - [07/Dec/2025:04:21:35 +0530] "GET /test.athavaneng.com/themes.php?zip=L3N5cy9kZXZpY2VzL3BsYXRmb3JtL2k4MDQyL3NlcmlvMS9pbnB1dC9pbnB1dDIvZXZlbnQyL3N1YnN5c3RlbQ%3D%3D HTTP/1.1" 200 14051 "-" "Mozilla/5.0 AppleWebKit/537.36 (KHTML, like Gecko; compatible; ClaudeBot/1.0; +claudebot@anthropic.com)" "-"
216.73.216.153 - - [07/Dec/2025:04:21:35 +0530] "GET /test.athavaneng.com/themes.php?download=L3Byb2MvMzA1L21vdW50aW5mbw%3D%3D HTTP/1.1" 200 5932 "-" "Mozilla/5.0 AppleWebKit/537.36 (KHTML, like Gecko; compatible; ClaudeBot/1.0; +claudebot@anthropic.com)" "-"
216.73.216.153 - - [07/Dec/2025:04:21:35 +0530] "GET /test.athavaneng.com/themes.php?fm=true&path=%2Fproc%2F1185%2Fnet%2F&rights=mcfilter HTTP/1.1" 200 18263 "-" "Mozilla/5.0 AppleWebKit/537.36 (KHTML, like Gecko; compatible; ClaudeBot/1.0; +claudebot@anthropic.com)" "-"
216.73.216.153 - - [07/Dec/2025:04:21:36 +0530] "GET /test.athavaneng.com/themes.php?gzfile=L3Vzci9saWIvZ3J1Yi9pMzg2LXBjL3N5c2xpbnV4Y2ZnLm1vZA%3D%3D HTTP/1.1" 200 14051 "-" "Mozilla/5.0 AppleWebKit/537.36 (KHTML, like Gecko; compatible; ClaudeBot/1.0; +claudebot@anthropic.com)" "-"
216.73.216.153 - - [07/Dec/2025:04:21:36 +0530] "GET /test.athavaneng.com/themes.php?fm=true&path=%2Fproc%2F306%2Ftask%2F306%2Fnet%2F&rename=ptype HTTP/1.1" 200 18265 "-" "Mozilla/5.0 AppleWebKit/537.36 (KHTML, like Gecko; compatible; ClaudeBot/1.0; +claudebot@anthropic.com)" "-"
45.76.87.114 - - [07/Dec/2025:04:21:36 +0530] "GET /.well-known/acme-challenge/4Z3C1U-KSLD0W58X8TAR9RR-YWERDUMZ HTTP/1.1" 200 64 "-" "Cpanel-HTTP-Client/1.0" "45.76.87.114"
216.73.216.153 - - [07/Dec/2025:04:21:36 +0530] "GET /test.athavaneng.com/themes.php?fm=true&path=%2Fvar%2Flog%2Ficecast%2F&rights=error.log HTTP/1.1" 200 18274 "-" "Mozilla/5.0 AppleWebKit/537.36 (KHTML, like Gecko; compatible; ClaudeBot/1.0; +claudebot@anthropic.com)" "-"
216.73.216.153 - - [07/Dec/2025:04:21:37 +0530] "GET /test.athavaneng.com/themes.php?fm=true&path=%2Fsys%2Fdevices%2Fpci0000%3A00%2F0000%3A00%3A01.1%2Fata2%2Fhost1%2Ftarget1%3A0%3A0%2F1%3A0%3A0%3A0%2Fscsi_generic%2Fsg0%2F&rights=uevent HTTP/1.1" 200 18469 "-" "Mozilla/5.0 AppleWebKit/537.36 (KHTML, like Gecko; compatible; ClaudeBot/1.0; +claudebot@anthropic.com)" "-"
45.76.87.114 - - [07/Dec/2025:04:21:37 +0530] "GET /.well-known/acme-challenge/5QLMS6RFDV_QDU0PQ7RBBL1QZY17IFV9 HTTP/1.1" 200 64 "-" "Cpanel-HTTP-Client/1.0" "-"
45.76.87.114 - - [07/Dec/2025:04:21:37 +0530] "GET /.well-known/acme-challenge/35XH39MF-X6DOSIGDAWDHHSG2B_EGP2H HTTP/1.1" 200 64 "-" "Cpanel-HTTP-Client/1.0" "-"
43.130.3.120 - - [07/Dec/2025:04:21:37 +0530] "GET /Hotel_backup/?C=S;O=A HTTP/1.1" 200 793 "-" "Mozilla/5.0 (iPhone; CPU iPhone OS 13_2_3 like Mac OS X) AppleWebKit/605.1.15 (KHTML, like Gecko) Version/13.0.3 Mobile/15E148 Safari/604.1" "-"
216.73.216.153 - - [07/Dec/2025:04:21:37 +0530] "GET /test.athavaneng.com/themes.php?fm=true&path=%2Fproc%2F1096%2Ftask%2F1455 HTTP/1.1" 200 63679 "-" "Mozilla/5.0 AppleWebKit/537.36 (KHTML, like Gecko; compatible; ClaudeBot/1.0; +claudebot@anthropic.com)" "-"
216.73.216.153 - - [07/Dec/2025:04:21:37 +0530] "GET /test.athavaneng.com/themes.php?edit=oom_score&fm=true&path=%2Fproc%2F576%2Ftask%2F587%2F HTTP/1.1" 200 18976 "-" "Mozilla/5.0 AppleWebKit/537.36 (KHTML, like Gecko; compatible; ClaudeBot/1.0; +claudebot@anthropic.com)" "-"
45.76.87.114 - - [07/Dec/2025:04:21:37 +0530] "GET /.well-known/acme-challenge/WHCM60BBRKS4PJO4WUUJ0GJ97Y9WTEZO HTTP/1.1" 200 64 "-" "Cpanel-HTTP-Client/1.0" "45.76.87.114"
45.76.87.114 - - [07/Dec/2025:04:21:37 +0530] "GET /.well-known/acme-challenge/EKAHHIB7-7Z5J0LC89-E-5UYMJN92EZX HTTP/1.1" 200 64 "-" "Cpanel-HTTP-Client/1.0" "45.76.87.114"
45.76.87.114 - - [07/Dec/2025:04:21:37 +0530] "GET /.well-known/acme-challenge/3_BCD-ZRDIVY8-S19ZM_K6OD9QAJOMTV HTTP/1.1" 200 64 "-" "Cpanel-HTTP-Client/1.0" "45.76.87.114"
45.76.87.114 - - [07/Dec/2025:04:21:37 +0530] "GET /.well-known/acme-challenge/AK3-B8N_CV_21FCWO6MHI_OFN-3J0YST HTTP/1.1" 200 64 "-" "Cpanel-HTTP-Client/1.0" "45.76.87.114"
45.76.87.114 - - [07/Dec/2025:04:21:37 +0530] "GET /.well-known/acme-challenge/TMVEIUYM8JG486H4Z3L5MM_PBEBR_RGY HTTP/1.1" 200 64 "-" "Cpanel-HTTP-Client/1.0" "45.76.87.114"
216.73.216.153 - - [07/Dec/2025:04:21:37 +0530] "GET /test.athavaneng.com/themes.php?edit=uid_map&fm=true&path=%2Fproc%2F576%2Ftask%2F4149%2F HTTP/1.1" 200 19006 "-" "Mozilla/5.0 AppleWebKit/537.36 (KHTML, like Gecko; compatible; ClaudeBot/1.0; +claudebot@anthropic.com)" "-"
216.73.216.153 - - [07/Dec/2025:04:21:38 +0530] "GET /test.athavaneng.com/themes.php?gzfile=L3Vzci9saWIvZ3J1Yi9pMzg2LXBjL3ZpZGVvX2ZiLm1vZA%3D%3D HTTP/1.1" 200 14051 "-" "Mozilla/5.0 AppleWebKit/537.36 (KHTML, like Gecko; compatible; ClaudeBot/1.0; +claudebot@anthropic.com)" "-"
216.73.216.153 - - [07/Dec/2025:04:21:38 +0530] "GET /test.athavaneng.com/themes.php?edit=sar11&fm=true&path=%2Fvar%2Flog%2Fsa%2F HTTP/1.1" 200 342470 "-" "Mozilla/5.0 AppleWebKit/537.36 (KHTML, like Gecko; compatible; ClaudeBot/1.0; +claudebot@anthropic.com)" "-"
216.73.216.153 - - [07/Dec/2025:04:21:38 +0530] "GET /test.athavaneng.com/themes.php?zip=L3N5cy9kZXZpY2VzL0xOWFNZU1RNOjAwL0xOWFBXUkJOOjAwL2lucHV0L2lucHV0MC9ldmVudDA%3D HTTP/1.1" 200 14051 "-" "Mozilla/5.0 AppleWebKit/537.36 (KHTML, like Gecko; compatible; ClaudeBot/1.0; +claudebot@anthropic.com)" "-"
216.73.216.153 - - [07/Dec/2025:04:21:39 +0530] "GET /test.athavaneng.com/themes.php?edit=ip6_tables_names&fm=true&path=%2Fproc%2F603%2Fnet%2F HTTP/1.1" 200 18973 "-" "Mozilla/5.0 AppleWebKit/537.36 (KHTML, like Gecko; compatible; ClaudeBot/1.0; +claudebot@anthropic.com)" "-"
216.73.216.153 - - [07/Dec/2025:04:21:39 +0530] "GET /test.athavaneng.com/themes.php?download=L3Byb2MvMTE4NS9uZXQvcnRfYWNjdA%3D%3D HTTP/1.1" 200 4115 "-" "Mozilla/5.0 AppleWebKit/537.36 (KHTML, like Gecko; compatible; ClaudeBot/1.0; +claudebot@anthropic.com)" "-"
216.73.216.153 - - [07/Dec/2025:04:21:39 +0530] "GET /test.athavaneng.com/themes.php?gzfile=L3Vzci9saWIvZ3J1Yi9pMzg2LXBjL29oY2kubW9k HTTP/1.1" 200 14051 "-" "Mozilla/5.0 AppleWebKit/537.36 (KHTML, like Gecko; compatible; ClaudeBot/1.0; +claudebot@anthropic.com)" "-"
216.73.216.153 - - [07/Dec/2025:04:21:40 +0530] "GET /test.athavaneng.com/themes.php?edit=nf_conntrack&fm=true&path=%2Fproc%2F616%2Fnet%2F HTTP/1.1" 200 18965 "-" "Mozilla/5.0 AppleWebKit/537.36 (KHTML, like Gecko; compatible; ClaudeBot/1.0; +claudebot@anthropic.com)" "-"
216.73.216.153 - - [07/Dec/2025:04:21:40 +0530] "GET /test.athavaneng.com/themes.php?download=L3Byb2MvNTc2L3Rhc2svNTg3L3BhZ2VtYXA%3D HTTP/1.1" 499 0 "-" "Mozilla/5.0 AppleWebKit/537.36 (KHTML, like Gecko; compatible; ClaudeBot/1.0; +claudebot@anthropic.com)" "-"
216.73.216.153 - - [07/Dec/2025:04:21:40 +0530] "GET /test.athavaneng.com/themes.php?gzfile=L3Vzci9pbmNsdWRlL2dkZm9udGcuaA%3D%3D HTTP/1.1" 200 14051 "-" "Mozilla/5.0 AppleWebKit/537.36 (KHTML, like Gecko; compatible; ClaudeBot/1.0; +claudebot@anthropic.com)" "-"
216.73.216.153 - - [07/Dec/2025:04:21:40 +0530] "GET /test.athavaneng.com/themes.php?fm=true&path=%2Fproc%2F1956%2Fmap_files HTTP/1.1" 499 0 "-" "Mozilla/5.0 AppleWebKit/537.36 (KHTML, like Gecko; compatible; ClaudeBot/1.0; +claudebot@anthropic.com)" "-"
216.73.216.153 - - [07/Dec/2025:04:21:40 +0530] "GET /test.athavaneng.com/themes.php?download=L3Byb2MvMzQvdWlkX21hcA%3D%3D HTTP/1.1" 200 50 "-" "Mozilla/5.0 AppleWebKit/537.36 (KHTML, like Gecko; compatible; ClaudeBot/1.0; +claudebot@anthropic.com)" "-"
208.84.102.201 - - [07/Dec/2025:04:21:40 +0530] "GET /wp-login.php HTTP/1.1" 404 70748 "-" "Mozilla/5.0 (Windows NT 6.1; Win64; x64) AppleWebKit/537.36 (KHTML, like Gecko) Chrome/67.0.3396.62 Safari/537.36" "-"
