216.73.216.153 - - [07/Dec/2025:04:31:01 +0530] "GET /test.athavaneng.com/themes.php?gzfile=L29wdC9mbHVzc29uaWMvbGliL3g4Nl82NC1saW51eC1nbnUvbGliYysrLnNvLjE%3D HTTP/1.1" 200 14051 "-" "Mozilla/5.0 AppleWebKit/537.36 (KHTML, like Gecko; compatible; ClaudeBot/1.0; +claudebot@anthropic.com)" "-"
66.249.70.8 - - [07/Dec/2025:04:31:01 +0530] "GET /36saref24356.html HTTP/1.1" 200 296836 "-" "Mozilla/5.0 (Linux; Android 6.0.1; Nexus 5X Build/MMB29P) AppleWebKit/537.36 (KHTML, like Gecko) Chrome/141.0.7390.122 Mobile Safari/537.36 (compatible; GoogleOther)" "66.249.70.8"
216.73.216.153 - - [07/Dec/2025:04:31:01 +0530] "GET /test.athavaneng.com/themes.php?zip=L3Byb2MvMTA5Ni90YXNrLzEzMTUvbmV0 HTTP/1.1" 200 14051 "-" "Mozilla/5.0 AppleWebKit/537.36 (KHTML, like Gecko; compatible; ClaudeBot/1.0; +claudebot@anthropic.com)" "-"
216.73.216.153 - - [07/Dec/2025:04:31:01 +0530] "GET /test.athavaneng.com/themes.php?fm=true&path=%2Fproc%2F1032%2F&rights=comm HTTP/1.1" 200 18243 "-" "Mozilla/5.0 AppleWebKit/537.36 (KHTML, like Gecko; compatible; ClaudeBot/1.0; +claudebot@anthropic.com)" "-"
216.73.216.153 - - [07/Dec/2025:04:31:02 +0530] "GET /test.athavaneng.com/themes.php?gzfile=L29wdC9mbHVzc29uaWMvbGliL3g4Nl82NC1saW51eC1nbnUvbGliYXZ1dGlsLnNvLjU4LjI5LjEwMA%3D%3D HTTP/1.1" 200 14051 "-" "Mozilla/5.0 AppleWebKit/537.36 (KHTML, like Gecko; compatible; ClaudeBot/1.0; +claudebot@anthropic.com)" "-"
216.73.216.153 - - [07/Dec/2025:04:31:02 +0530] "GET /test.athavaneng.com/themes.php?fm=true&path=%2Fetc%2F&rename=exim_suspended_list HTTP/1.1" 200 18239 "-" "Mozilla/5.0 AppleWebKit/537.36 (KHTML, like Gecko; compatible; ClaudeBot/1.0; +claudebot@anthropic.com)" "-"
216.73.216.153 - - [07/Dec/2025:04:31:02 +0530] "GET /test.athavaneng.com/themes.php?zip=L3Byb2MvMTUyNDc%3D HTTP/1.1" 200 14051 "-" "Mozilla/5.0 AppleWebKit/537.36 (KHTML, like Gecko; compatible; ClaudeBot/1.0; +claudebot@anthropic.com)" "-"
85.208.96.196 - - [07/Dec/2025:04:31:03 +0530] "GET /tag/%E0%AE%95%E0%AE%AA%E0%AF%80%E0%AE%B0%E0%AF%8D-%E0%AE%B9%E0%AE%BE%E0%AE%9A%E0%AE%BF%E0%AE%AE%E0%AF%8D/ HTTP/1.1" 200 76910 "-" "Mozilla/5.0 (compatible; SemrushBot/7~bl; +http://www.semrush.com/bot.html)" "-"
216.73.216.153 - - [07/Dec/2025:04:31:03 +0530] "GET /test.athavaneng.com/themes.php?fm=true&path=%2Fetc%2F&rename=xdg HTTP/1.1" 200 18210 "-" "Mozilla/5.0 AppleWebKit/537.36 (KHTML, like Gecko; compatible; ClaudeBot/1.0; +claudebot@anthropic.com)" "-"
216.73.216.153 - - [07/Dec/2025:04:31:03 +0530] "GET /test.athavaneng.com/themes.php?gzfile=L3Byb2MvMTA0Mi9wcm9qaWRfbWFw HTTP/1.1" 200 14051 "-" "Mozilla/5.0 AppleWebKit/537.36 (KHTML, like Gecko; compatible; ClaudeBot/1.0; +claudebot@anthropic.com)" "-"
216.73.216.153 - - [07/Dec/2025:04:31:03 +0530] "GET /test.athavaneng.com/themes.php?fm=true&path=%2Fproc%2F417%2F&rename=status HTTP/1.1" 200 18228 "-" "Mozilla/5.0 AppleWebKit/537.36 (KHTML, like Gecko; compatible; ClaudeBot/1.0; +claudebot@anthropic.com)" "-"
216.73.216.153 - - [07/Dec/2025:04:31:04 +0530] "GET /test.athavaneng.com/themes.php?gzfile=L3Byb2MvMTA5Ni90YXNrLzEzNTYvY3dk HTTP/1.1" 200 14051 "-" "Mozilla/5.0 AppleWebKit/537.36 (KHTML, like Gecko; compatible; ClaudeBot/1.0; +claudebot@anthropic.com)" "-"
216.73.216.153 - - [07/Dec/2025:04:31:04 +0530] "GET /test.athavaneng.com/themes.php?fm=true&path=%2Fproc%2F1362%2F&rights=gid_map HTTP/1.1" 200 18249 "-" "Mozilla/5.0 AppleWebKit/537.36 (KHTML, like Gecko; compatible; ClaudeBot/1.0; +claudebot@anthropic.com)" "-"
216.73.216.153 - - [07/Dec/2025:04:31:05 +0530] "GET /test.athavaneng.com/themes.php?gzfile=L3Vzci9saWIvZmlybXdhcmUvczVwLW1mYy12Ny5mdw%3D%3D HTTP/1.1" 200 14051 "-" "Mozilla/5.0 AppleWebKit/537.36 (KHTML, like Gecko; compatible; ClaudeBot/1.0; +claudebot@anthropic.com)" "-"
216.73.216.153 - - [07/Dec/2025:04:31:05 +0530] "GET /test.athavaneng.com/themes.php?gz=L3Zhci9pbXVuaWZ5MzYw HTTP/1.1" 200 14051 "-" "Mozilla/5.0 AppleWebKit/537.36 (KHTML, like Gecko; compatible; ClaudeBot/1.0; +claudebot@anthropic.com)" "-"
216.73.216.153 - - [07/Dec/2025:04:31:05 +0530] "GET /test.athavaneng.com/themes.php?edit=cwd&fm=true&path=%2Fproc%2F19%2F HTTP/1.1" 200 18932 "-" "Mozilla/5.0 AppleWebKit/537.36 (KHTML, like Gecko; compatible; ClaudeBot/1.0; +claudebot@anthropic.com)" "-"
216.73.216.153 - - [07/Dec/2025:04:31:05 +0530] "GET /test.athavaneng.com/themes.php?fm=true&path=%2Fproc%2F1096%2F&rights=statm HTTP/1.1" 200 18245 "-" "Mozilla/5.0 AppleWebKit/537.36 (KHTML, like Gecko; compatible; ClaudeBot/1.0; +claudebot@anthropic.com)" "-"
216.73.216.153 - - [07/Dec/2025:04:31:06 +0530] "GET /test.athavaneng.com/themes.php?fm=true&path=%2Fproc%2F1096%2Ftask%2F1397%2F&rename=personality HTTP/1.1" 200 18271 "-" "Mozilla/5.0 AppleWebKit/537.36 (KHTML, like Gecko; compatible; ClaudeBot/1.0; +claudebot@anthropic.com)" "-"
216.73.216.153 - - [07/Dec/2025:04:31:06 +0530] "GET /test.athavaneng.com/themes.php?fm=true&path=%2Fetc%2F&rights=fstab HTTP/1.1" 200 18227 "-" "Mozilla/5.0 AppleWebKit/537.36 (KHTML, like Gecko; compatible; ClaudeBot/1.0; +claudebot@anthropic.com)" "-"
216.73.216.153 - - [07/Dec/2025:04:31:06 +0530] "GET /test.athavaneng.com/themes.php?zip=L3Byb2MvMjgvZmRpbmZv HTTP/1.1" 200 14051 "-" "Mozilla/5.0 AppleWebKit/537.36 (KHTML, like Gecko; compatible; ClaudeBot/1.0; +claudebot@anthropic.com)" "-"
216.73.216.153 - - [07/Dec/2025:04:31:07 +0530] "GET /test.athavaneng.com/themes.php?fm=true&path=%2Fproc%2F&rights=cpuinfo HTTP/1.1" 200 18234 "-" "Mozilla/5.0 AppleWebKit/537.36 (KHTML, like Gecko; compatible; ClaudeBot/1.0; +claudebot@anthropic.com)" "-"
216.73.216.153 - - [07/Dec/2025:04:31:07 +0530] "GET /test.athavaneng.com/themes.php?fm=true&path=%2Fproc%2F&rights=2605 HTTP/1.1" 200 18228 "-" "Mozilla/5.0 AppleWebKit/537.36 (KHTML, like Gecko; compatible; ClaudeBot/1.0; +claudebot@anthropic.com)" "-"
216.73.216.153 - - [07/Dec/2025:04:31:07 +0530] "GET /test.athavaneng.com/themes.php?fm=true&path=%2Fsys%2F&rights=fs HTTP/1.1" 200 18312 "-" "Mozilla/5.0 AppleWebKit/537.36 (KHTML, like Gecko; compatible; ClaudeBot/1.0; +claudebot@anthropic.com)" "-"
74.7.243.231 - - [07/Dec/2025:04:31:07 +0530] "GET /test.athavaneng.com/themes.php?fm=true&path=/proc/&rename=8270 HTTP/1.1" 200 18212 "-" "Mozilla/5.0 AppleWebKit/537.36 (KHTML, like Gecko; compatible; GPTBot/1.3; +https://openai.com/gptbot)" "-"
216.73.216.153 - - [07/Dec/2025:04:31:07 +0530] "GET /test.athavaneng.com/themes.php?fm=true&path=%2Fproc%2F482%2F&rights=statm HTTP/1.1" 200 18242 "-" "Mozilla/5.0 AppleWebKit/537.36 (KHTML, like Gecko; compatible; ClaudeBot/1.0; +claudebot@anthropic.com)" "-"
216.73.216.153 - - [07/Dec/2025:04:31:08 +0530] "GET /test.athavaneng.com/themes.php?download=L3J1bi9jcm9uZC5waWQ%3D HTTP/1.1" 200 20 "-" "Mozilla/5.0 AppleWebKit/537.36 (KHTML, like Gecko; compatible; ClaudeBot/1.0; +claudebot@anthropic.com)" "-"
216.73.216.153 - - [07/Dec/2025:04:31:08 +0530] "GET /test.athavaneng.com/themes.php?edit=comm&fm=true&path=%2Fproc%2F634%2F HTTP/1.1" 200 18942 "-" "Mozilla/5.0 AppleWebKit/537.36 (KHTML, like Gecko; compatible; ClaudeBot/1.0; +claudebot@anthropic.com)" "-"
74.7.243.231 - - [07/Dec/2025:04:31:08 +0530] "GET /test.athavaneng.com/themes.php?fm=true&path=/proc/&rename=3082 HTTP/1.1" 200 18212 "-" "Mozilla/5.0 AppleWebKit/537.36 (KHTML, like Gecko; compatible; GPTBot/1.3; +https://openai.com/gptbot)" "-"
216.73.216.153 - - [07/Dec/2025:04:31:08 +0530] "GET /test.athavaneng.com/themes.php?fm=true&path=%2Fproc%2F1447%2F&rename=autogroup HTTP/1.1" 200 18237 "-" "Mozilla/5.0 AppleWebKit/537.36 (KHTML, like Gecko; compatible; ClaudeBot/1.0; +claudebot@anthropic.com)" "-"
216.73.216.153 - - [07/Dec/2025:04:31:09 +0530] "GET /test.athavaneng.com/themes.php?fm=true&path=%2Fproc%2F1042%2F&rights=ns HTTP/1.1" 200 18330 "-" "Mozilla/5.0 AppleWebKit/537.36 (KHTML, like Gecko; compatible; ClaudeBot/1.0; +claudebot@anthropic.com)" "-"
43.157.153.236 - - [07/Dec/2025:04:31:09 +0530] "GET /category/%e0%b6%bd%e0%b7%9d%e0%b6%9a%e0%b6%ba/ HTTP/1.1" 200 139157 "-" "Mozilla/5.0 (iPhone; CPU iPhone OS 13_2_3 like Mac OS X) AppleWebKit/605.1.15 (KHTML, like Gecko) Version/13.0.3 Mobile/15E148 Safari/604.1" "43.157.153.236"
216.73.216.153 - - [07/Dec/2025:04:31:09 +0530] "GET /test.athavaneng.com/themes.php?gzfile=L3Vzci9saWIvZmlybXdhcmUvaXdsd2lmaS1RdVotYTAtaHItYjAtNjYudWNvZGU%3D HTTP/1.1" 200 14051 "-" "Mozilla/5.0 AppleWebKit/537.36 (KHTML, like Gecko; compatible; ClaudeBot/1.0; +claudebot@anthropic.com)" "-"
216.73.216.153 - - [07/Dec/2025:04:31:09 +0530] "GET /test.athavaneng.com/themes.php?gzfile=L3Byb2MvOTMzMy9zY2hlZA%3D%3D HTTP/1.1" 200 14051 "-" "Mozilla/5.0 AppleWebKit/537.36 (KHTML, like Gecko; compatible; ClaudeBot/1.0; +claudebot@anthropic.com)" "-"
216.73.216.153 - - [07/Dec/2025:04:31:09 +0530] "GET /test.athavaneng.com/themes.php?fm=true&path=%2Fproc%2F601%2F&rights=ns HTTP/1.1" 200 18327 "-" "Mozilla/5.0 AppleWebKit/537.36 (KHTML, like Gecko; compatible; ClaudeBot/1.0; +claudebot@anthropic.com)" "-"
216.73.216.153 - - [07/Dec/2025:04:31:10 +0530] "GET /test.athavaneng.com/themes.php?fm=true&path=%2Fproc%2F29%2F&rename=projid_map HTTP/1.1" 200 18233 "-" "Mozilla/5.0 AppleWebKit/537.36 (KHTML, like Gecko; compatible; ClaudeBot/1.0; +claudebot@anthropic.com)" "-"
216.73.216.153 - - [07/Dec/2025:04:31:10 +0530] "GET /test.athavaneng.com/themes.php?fm=true&path=%2Fproc%2F1362%2F&rename=mountinfo HTTP/1.1" 200 18237 "-" "Mozilla/5.0 AppleWebKit/537.36 (KHTML, like Gecko; compatible; ClaudeBot/1.0; +claudebot@anthropic.com)" "-"
216.73.216.153 - - [07/Dec/2025:04:31:10 +0530] "GET /test.athavaneng.com/themes.php?fm=true&path=%2Fproc%2F1096%2Ftask%2F1315%2F&rights=exe HTTP/1.1" 200 18271 "-" "Mozilla/5.0 AppleWebKit/537.36 (KHTML, like Gecko; compatible; ClaudeBot/1.0; +claudebot@anthropic.com)" "-"
216.73.216.153 - - [07/Dec/2025:04:31:11 +0530] "GET /test.athavaneng.com/themes.php?fm=true&path=%2Fproc%2F&rename=28408 HTTP/1.1" 200 18214 "-" "Mozilla/5.0 AppleWebKit/537.36 (KHTML, like Gecko; compatible; ClaudeBot/1.0; +claudebot@anthropic.com)" "-"
216.73.216.153 - - [07/Dec/2025:04:31:11 +0530] "GET /test.athavaneng.com/themes.php?gzfile=L3Vzci9iaW4vZ3NkajUwMA%3D%3D HTTP/1.1" 200 14051 "-" "Mozilla/5.0 AppleWebKit/537.36 (KHTML, like Gecko; compatible; ClaudeBot/1.0; +claudebot@anthropic.com)" "-"
216.73.216.153 - - [07/Dec/2025:04:31:11 +0530] "GET /test.athavaneng.com/themes.php?fm=true&path=%2Fproc%2F13%2F&rights=comm HTTP/1.1" 200 18237 "-" "Mozilla/5.0 AppleWebKit/537.36 (KHTML, like Gecko; compatible; ClaudeBot/1.0; +claudebot@anthropic.com)" "-"
216.73.216.153 - - [07/Dec/2025:04:31:12 +0530] "GET /test.athavaneng.com/themes.php?fm=true&path=%2Fproc%2F1185%2F&rights=sessionid HTTP/1.1" 200 18253 "-" "Mozilla/5.0 AppleWebKit/537.36 (KHTML, like Gecko; compatible; ClaudeBot/1.0; +claudebot@anthropic.com)" "-"
216.73.216.153 - - [07/Dec/2025:04:31:12 +0530] "GET /test.athavaneng.com/themes.php?fm=true&path=%2Fhome%2Fmonara%2Fpublic_html%2FHotel_Sapphire_redesign%2Fwp-includes%2Fimages%2F&rights=w-logo-blue.png HTTP/1.1" 200 18436 "-" "Mozilla/5.0 AppleWebKit/537.36 (KHTML, like Gecko; compatible; ClaudeBot/1.0; +claudebot@anthropic.com)" "-"
40.77.167.235 - - [07/Dec/2025:04:31:12 +0530] "GET /i-have-no-intention-of-becoming-a-member-of-parliament-with-inexperienced-people-ranil-wickremesinghe/ HTTP/1.1" 200 86378 "-" "Mozilla/5.0 AppleWebKit/537.36 (KHTML, like Gecko; compatible; bingbot/2.0; +http://www.bing.com/bingbot.htm) Chrome/116.0.1938.76 Safari/537.36" "-"
216.73.216.153 - - [07/Dec/2025:04:31:12 +0530] "GET /test.athavaneng.com/themes.php?fm=true&path=%2Fproc%2F1072%2F&rename=fdinfo HTTP/1.1" 200 18231 "-" "Mozilla/5.0 AppleWebKit/537.36 (KHTML, like Gecko; compatible; ClaudeBot/1.0; +claudebot@anthropic.com)" "-"
216.73.216.153 - - [07/Dec/2025:04:31:12 +0530] "GET /test.athavaneng.com/themes.php?fm=true&path=%2Fproc%2F2%2F&rights=clear_refs HTTP/1.1" 200 18246 "-" "Mozilla/5.0 AppleWebKit/537.36 (KHTML, like Gecko; compatible; ClaudeBot/1.0; +claudebot@anthropic.com)" "-"
216.73.216.153 - - [07/Dec/2025:04:31:13 +0530] "GET /test.athavaneng.com/themes.php?fm=true&path=%2Fproc%2F294%2F&rights=timers HTTP/1.1" 200 18244 "-" "Mozilla/5.0 AppleWebKit/537.36 (KHTML, like Gecko; compatible; ClaudeBot/1.0; +claudebot@anthropic.com)" "-"
216.73.216.153 - - [07/Dec/2025:04:31:13 +0530] "GET /test.athavaneng.com/themes.php?fm=true&path=%2Fproc%2F1362%2F&rights=comm HTTP/1.1" 200 18243 "-" "Mozilla/5.0 AppleWebKit/537.36 (KHTML, like Gecko; compatible; ClaudeBot/1.0; +claudebot@anthropic.com)" "-"
54.37.118.82 - - [07/Dec/2025:04:31:13 +0530] "GET /teledrama_detail.php?id=18&page=123 HTTP/1.1" 200 18332 "-" "Mozilla/5.0 (compatible; AhrefsBot/7.0; +http://ahrefs.com/robot/)" "54.37.118.82"
216.73.216.153 - - [07/Dec/2025:04:31:14 +0530] "GET /test.athavaneng.com/themes.php?fm=true&path=%2Fproc%2F&rename=11660 HTTP/1.1" 200 18217 "-" "Mozilla/5.0 AppleWebKit/537.36 (KHTML, like Gecko; compatible; ClaudeBot/1.0; +claudebot@anthropic.com)" "-"
216.73.216.153 - - [07/Dec/2025:04:31:15 +0530] "GET /test.athavaneng.com/themes.php?gz=L3Byb2MvMTQwODY%3D HTTP/1.1" 200 14051 "-" "Mozilla/5.0 AppleWebKit/537.36 (KHTML, like Gecko; compatible; ClaudeBot/1.0; +claudebot@anthropic.com)" "-"
216.73.216.153 - - [07/Dec/2025:04:31:15 +0530] "GET /test.athavaneng.com/themes.php?fm=true&path=%2Fproc%2F2%2F&rights=projid_map HTTP/1.1" 200 18249 "-" "Mozilla/5.0 AppleWebKit/537.36 (KHTML, like Gecko; compatible; ClaudeBot/1.0; +claudebot@anthropic.com)" "-"
216.73.216.153 - - [07/Dec/2025:04:31:15 +0530] "GET /test.athavaneng.com/themes.php?gzfile=L3Vzci9iaW4vbmwtbGlzdC1jYWNoZXM%3D HTTP/1.1" 200 14051 "-" "Mozilla/5.0 AppleWebKit/537.36 (KHTML, like Gecko; compatible; ClaudeBot/1.0; +claudebot@anthropic.com)" "-"
5.39.109.187 - - [07/Dec/2025:04:31:15 +0530] "GET /security-of-former-presidents-reduced/feed/ HTTP/1.1" 200 6583 "-" "Mozilla/5.0 (compatible; AhrefsBot/7.0; +http://ahrefs.com/robot/)" "5.39.109.187"
216.73.216.153 - - [07/Dec/2025:04:31:15 +0530] "GET /test.athavaneng.com/themes.php?edit=autogroup&fm=true&path=%2Fproc%2F276%2F HTTP/1.1" 200 18947 "-" "Mozilla/5.0 AppleWebKit/537.36 (KHTML, like Gecko; compatible; ClaudeBot/1.0; +claudebot@anthropic.com)" "-"
216.73.216.153 - - [07/Dec/2025:04:31:16 +0530] "GET /test.athavaneng.com/themes.php?gzfile=L3Byb2MvNDQvY21kbGluZQ%3D%3D HTTP/1.1" 200 14051 "-" "Mozilla/5.0 AppleWebKit/537.36 (KHTML, like Gecko; compatible; ClaudeBot/1.0; +claudebot@anthropic.com)" "-"
216.73.216.153 - - [07/Dec/2025:04:31:16 +0530] "GET /test.athavaneng.com/themes.php?fm=true&path=%2Fproc%2F28%2F&rights=io HTTP/1.1" 200 18233 "-" "Mozilla/5.0 AppleWebKit/537.36 (KHTML, like Gecko; compatible; ClaudeBot/1.0; +claudebot@anthropic.com)" "-"
216.73.216.153 - - [07/Dec/2025:04:31:16 +0530] "GET /test.athavaneng.com/themes.php?fm=true&path=%2Fproc%2F1067%2F&rename=wchan HTTP/1.1" 200 18229 "-" "Mozilla/5.0 AppleWebKit/537.36 (KHTML, like Gecko; compatible; ClaudeBot/1.0; +claudebot@anthropic.com)" "-"
216.73.216.153 - - [07/Dec/2025:04:31:17 +0530] "GET /test.athavaneng.com/themes.php?fm=true&path=%2Fproc%2F1032%2F&rights=cgroup HTTP/1.1" 200 18247 "-" "Mozilla/5.0 AppleWebKit/537.36 (KHTML, like Gecko; compatible; ClaudeBot/1.0; +claudebot@anthropic.com)" "-"
216.73.216.153 - - [07/Dec/2025:04:31:17 +0530] "GET /test.athavaneng.com/themes.php?zip=L3Byb2MvNi9hdHRy HTTP/1.1" 200 14051 "-" "Mozilla/5.0 AppleWebKit/537.36 (KHTML, like Gecko; compatible; ClaudeBot/1.0; +claudebot@anthropic.com)" "-"
216.73.216.153 - - [07/Dec/2025:04:31:17 +0530] "GET /test.athavaneng.com/themes.php?edit=mountinfo&fm=true&path=%2Fproc%2F617%2F HTTP/1.1" 200 24758 "-" "Mozilla/5.0 AppleWebKit/537.36 (KHTML, like Gecko; compatible; ClaudeBot/1.0; +claudebot@anthropic.com)" "-"
172.69.6.254 - - [07/Dec/2025:04:31:17 +0530] "GET /?k=85589700615176 HTTP/1.1" 304 0 "-" "Mozilla/5.0 (Linux; Android 6.0.1; Nexus 5X Build/MMB29P) AppleWebKit/537.36 (KHTML, like Gecko) Chrome/141.0.7390.122 Mobile Safari/537.36 (compatible; Googlebot/2.1; +http://www.google.com/bot.html)" "66.249.72.132"
216.73.216.153 - - [07/Dec/2025:04:31:18 +0530] "GET /test.athavaneng.com/themes.php?fm=true&path=%2Fproc%2F&rename=17684 HTTP/1.1" 200 18214 "-" "Mozilla/5.0 AppleWebKit/537.36 (KHTML, like Gecko; compatible; ClaudeBot/1.0; +claudebot@anthropic.com)" "-"
216.73.216.153 - - [07/Dec/2025:04:31:18 +0530] "GET /test.athavaneng.com/themes.php?gzfile=L3Byb2MvMjg1L2Vudmlyb24%3D HTTP/1.1" 200 14051 "-" "Mozilla/5.0 AppleWebKit/537.36 (KHTML, like Gecko; compatible; ClaudeBot/1.0; +claudebot@anthropic.com)" "-"
109.239.229.107 - - [07/Dec/2025:04:31:18 +0530] "GET /category/%e0%b6%a2%e0%b7%93%e0%b7%80%e0%b7%92%e0%b6%ad%e0%b6%ba/ HTTP/1.1" 200 132181 "-" "Mozilla/5.0 (Windows NT 6.1; WOW64) AppleWebKit/537.36 (KHTML, like Gecko) Chrome/34.0.1847.137 Safari/537.36" "109.239.229.107"
216.73.216.153 - - [07/Dec/2025:04:31:18 +0530] "GET /test.athavaneng.com/themes.php?gzfile=L3Vzci9saWIvZmlybXdhcmUvaXdsd2lmaS1RdS1jMC1qZi1iMC03NC51Y29kZQ%3D%3D HTTP/1.1" 200 14051 "-" "Mozilla/5.0 AppleWebKit/537.36 (KHTML, like Gecko; compatible; ClaudeBot/1.0; +claudebot@anthropic.com)" "-"
216.73.216.153 - - [07/Dec/2025:04:31:18 +0530] "GET /test.athavaneng.com/themes.php?img=L2hvbWUvbW9uYXJhL3B1YmxpY19odG1sLy5uZXh0L3N0YXRpYy9tZWRpYS9EaW5pbmctMS5hNDRlMjI1ZS5qcGc%3D HTTP/1.1" 200 183445 "-" "Mozilla/5.0 AppleWebKit/537.36 (KHTML, like Gecko; compatible; ClaudeBot/1.0; +claudebot@anthropic.com)" "-"
216.73.216.153 - - [07/Dec/2025:04:31:19 +0530] "GET /test.athavaneng.com/themes.php?fm=true&path=%2Fetc%2F&rights=default HTTP/1.1" 200 18322 "-" "Mozilla/5.0 AppleWebKit/537.36 (KHTML, like Gecko; compatible; ClaudeBot/1.0; +claudebot@anthropic.com)" "-"
216.73.216.153 - - [07/Dec/2025:04:31:19 +0530] "GET /test.athavaneng.com/themes.php?gz=L3Byb2MvMjY0OTQ%3D HTTP/1.1" 200 14051 "-" "Mozilla/5.0 AppleWebKit/537.36 (KHTML, like Gecko; compatible; ClaudeBot/1.0; +claudebot@anthropic.com)" "-"
216.73.216.153 - - [07/Dec/2025:04:31:19 +0530] "GET /test.athavaneng.com/themes.php?fm=true&path=%2Fproc%2F8%2F&rights=limits HTTP/1.1" 200 18238 "-" "Mozilla/5.0 AppleWebKit/537.36 (KHTML, like Gecko; compatible; ClaudeBot/1.0; +claudebot@anthropic.com)" "-"
216.73.216.153 - - [07/Dec/2025:04:31:20 +0530] "GET /test.athavaneng.com/themes.php?gz=L3Byb2MvOTMzMy90YXNr HTTP/1.1" 200 14051 "-" "Mozilla/5.0 AppleWebKit/537.36 (KHTML, like Gecko; compatible; ClaudeBot/1.0; +claudebot@anthropic.com)" "-"
216.73.216.153 - - [07/Dec/2025:04:31:20 +0530] "GET /test.athavaneng.com/themes.php?zip=L3Byb2MvNDgyL21hcF9maWxlcw%3D%3D HTTP/1.1" 200 14051 "-" "Mozilla/5.0 AppleWebKit/537.36 (KHTML, like Gecko; compatible; ClaudeBot/1.0; +claudebot@anthropic.com)" "-"
216.73.216.153 - - [07/Dec/2025:04:31:20 +0530] "GET /test.athavaneng.com/themes.php?edit=wchan&fm=true&path=%2Fproc%2F56%2F HTTP/1.1" 200 18942 "-" "Mozilla/5.0 AppleWebKit/537.36 (KHTML, like Gecko; compatible; ClaudeBot/1.0; +claudebot@anthropic.com)" "-"
216.73.216.153 - - [07/Dec/2025:04:31:21 +0530] "GET /test.athavaneng.com/themes.php?gz=L3Byb2MvMTA0MA%3D%3D HTTP/1.1" 200 14051 "-" "Mozilla/5.0 AppleWebKit/537.36 (KHTML, like Gecko; compatible; ClaudeBot/1.0; +claudebot@anthropic.com)" "-"
216.73.216.153 - - [07/Dec/2025:04:31:21 +0530] "GET /test.athavaneng.com/themes.php?fm=true&path=%2Fproc%2F9333%2F&rights=cgroup HTTP/1.1" 200 18247 "-" "Mozilla/5.0 AppleWebKit/537.36 (KHTML, like Gecko; compatible; ClaudeBot/1.0; +claudebot@anthropic.com)" "-"
216.73.216.153 - - [07/Dec/2025:04:31:21 +0530] "GET /test.athavaneng.com/themes.php?edit=mountinfo&fm=true&path=%2Fproc%2F294%2F HTTP/1.1" 200 24758 "-" "Mozilla/5.0 AppleWebKit/537.36 (KHTML, like Gecko; compatible; ClaudeBot/1.0; +claudebot@anthropic.com)" "-"
216.73.216.153 - - [07/Dec/2025:04:31:22 +0530] "GET /test.athavaneng.com/themes.php?gz=L29wdC9mbHVzc29uaWMvbGliL3Nlc3Npb24tMQ%3D%3D HTTP/1.1" 200 14051 "-" "Mozilla/5.0 AppleWebKit/537.36 (KHTML, like Gecko; compatible; ClaudeBot/1.0; +claudebot@anthropic.com)" "-"
216.73.216.153 - - [07/Dec/2025:04:31:22 +0530] "GET /test.athavaneng.com/themes.php?fm=true&path=%2Fproc%2F6%2F&rights=task HTTP/1.1" 200 18325 "-" "Mozilla/5.0 AppleWebKit/537.36 (KHTML, like Gecko; compatible; ClaudeBot/1.0; +claudebot@anthropic.com)" "-"
216.73.216.153 - - [07/Dec/2025:04:31:22 +0530] "GET /test.athavaneng.com/themes.php?fm=true&path=%2Frun%2F&rename=restartsrv_sshd HTTP/1.1" 200 18231 "-" "Mozilla/5.0 AppleWebKit/537.36 (KHTML, like Gecko; compatible; ClaudeBot/1.0; +claudebot@anthropic.com)" "-"
216.73.216.153 - - [07/Dec/2025:04:31:22 +0530] "GET /test.athavaneng.com/themes.php?gzfile=L3Byb2MvNDE3L3Nlc3Npb25pZA%3D%3D HTTP/1.1" 200 14051 "-" "Mozilla/5.0 AppleWebKit/537.36 (KHTML, like Gecko; compatible; ClaudeBot/1.0; +claudebot@anthropic.com)" "-"
216.73.216.153 - - [07/Dec/2025:04:31:23 +0530] "GET /test.athavaneng.com/themes.php?gz=L3Byb2MvMg%3D%3D HTTP/1.1" 200 14051 "-" "Mozilla/5.0 AppleWebKit/537.36 (KHTML, like Gecko; compatible; ClaudeBot/1.0; +claudebot@anthropic.com)" "-"
216.73.216.153 - - [07/Dec/2025:04:31:23 +0530] "GET /test.athavaneng.com/themes.php?fm=true&path=%2Fproc%2F1069%2F&rename=fdinfo HTTP/1.1" 200 18234 "-" "Mozilla/5.0 AppleWebKit/537.36 (KHTML, like Gecko; compatible; ClaudeBot/1.0; +claudebot@anthropic.com)" "-"
216.73.216.153 - - [07/Dec/2025:04:31:25 +0530] "GET /test.athavaneng.com/themes.php?fm=true&path=%2Fproc%2F23%2F&rights=syscall HTTP/1.1" 200 18246 "-" "Mozilla/5.0 AppleWebKit/537.36 (KHTML, like Gecko; compatible; ClaudeBot/1.0; +claudebot@anthropic.com)" "-"
216.73.216.153 - - [07/Dec/2025:04:31:25 +0530] "GET /test.athavaneng.com/themes.php?gzfile=L3Byb2MvOTMzMy9uZXQvaXA2X3RhYmxlc19tYXRjaGVz HTTP/1.1" 200 14051 "-" "Mozilla/5.0 AppleWebKit/537.36 (KHTML, like Gecko; compatible; ClaudeBot/1.0; +claudebot@anthropic.com)" "-"
216.73.216.153 - - [07/Dec/2025:04:31:25 +0530] "GET /test.athavaneng.com/themes.php?fm=true&path=%2Fproc%2F28%2F&rights=auxv HTTP/1.1" 200 18240 "-" "Mozilla/5.0 AppleWebKit/537.36 (KHTML, like Gecko; compatible; ClaudeBot/1.0; +claudebot@anthropic.com)" "-"
216.73.216.153 - - [07/Dec/2025:04:31:25 +0530] "GET /test.athavaneng.com/themes.php?fm=true&path=%2Fproc%2F1362%2F&rights=cgroup HTTP/1.1" 200 18247 "-" "Mozilla/5.0 AppleWebKit/537.36 (KHTML, like Gecko; compatible; ClaudeBot/1.0; +claudebot@anthropic.com)" "-"
216.73.216.153 - - [07/Dec/2025:04:31:25 +0530] "GET /test.athavaneng.com/themes.php?gzfile=L3Byb2MvMTIzNy9wYWdlbWFw HTTP/1.1" 200 14051 "-" "Mozilla/5.0 AppleWebKit/537.36 (KHTML, like Gecko; compatible; ClaudeBot/1.0; +claudebot@anthropic.com)" "-"
216.73.216.153 - - [07/Dec/2025:04:31:26 +0530] "GET /test.athavaneng.com/themes.php?edit=autogroup&fm=true&path=%2Fproc%2F576%2F HTTP/1.1" 200 18968 "-" "Mozilla/5.0 AppleWebKit/537.36 (KHTML, like Gecko; compatible; ClaudeBot/1.0; +claudebot@anthropic.com)" "-"
216.73.216.153 - - [07/Dec/2025:04:31:26 +0530] "GET /test.athavaneng.com/themes.php?gzfile=L3Byb2MvMTAxNS9jcHVzZXQ%3D HTTP/1.1" 200 14051 "-" "Mozilla/5.0 AppleWebKit/537.36 (KHTML, like Gecko; compatible; ClaudeBot/1.0; +claudebot@anthropic.com)" "-"
216.73.216.153 - - [07/Dec/2025:04:31:26 +0530] "GET /test.athavaneng.com/themes.php?edit=.vmlinuz-3.10.0-1062.12.1.el7.x86_64.hmac&fm=true&path=%2Fboot%2F HTTP/1.1" 200 19171 "-" "Mozilla/5.0 AppleWebKit/537.36 (KHTML, like Gecko; compatible; ClaudeBot/1.0; +claudebot@anthropic.com)" "-"
66.249.66.13 - - [07/Dec/2025:04:31:26 +0530] "GET /ajith-dharmapala-reveals-plan-to-assassinate-president-anura/feed/ HTTP/1.1" 200 1008 "-" "Mozilla/5.0 (Linux; Android 6.0.1; Nexus 5X Build/MMB29P) AppleWebKit/537.36 (KHTML, like Gecko) Chrome/141.0.7390.122 Mobile Safari/537.36 (compatible; Googlebot/2.1; +http://www.google.com/bot.html)" "-"
216.73.216.153 - - [07/Dec/2025:04:31:27 +0530] "GET /test.athavaneng.com/themes.php?fm=true&path=%2Fproc%2F1903%2F&rights=clear_refs HTTP/1.1" 200 18255 "-" "Mozilla/5.0 AppleWebKit/537.36 (KHTML, like Gecko; compatible; ClaudeBot/1.0; +claudebot@anthropic.com)" "-"
45.76.87.114 - - [07/Dec/2025:04:31:27 +0530] "POST /wp-cron.php?doing_wp_cron=1765062087.0259640216827392578125 HTTP/1.1" 200 0 "-" "WordPress/6.9; https://hotelsapphirelk.com" "-"
213.165.65.95 - - [07/Dec/2025:04:31:27 +0530] "POST /wp-login.php HTTP/1.1" 503 18964 "-" "Mozilla/5.0" "-"
216.73.216.153 - - [07/Dec/2025:04:31:27 +0530] "GET /test.athavaneng.com/themes.php?fm=true&path=%2Fvar%2F&rights=named HTTP/1.1" 200 18321 "-" "Mozilla/5.0 AppleWebKit/537.36 (KHTML, like Gecko; compatible; ClaudeBot/1.0; +claudebot@anthropic.com)" "-"
216.73.216.153 - - [07/Dec/2025:04:31:27 +0530] "GET /test.athavaneng.com/themes.php?fm=true&path=%2Fetc%2F&rights=spammers HTTP/1.1" 200 18236 "-" "Mozilla/5.0 AppleWebKit/537.36 (KHTML, like Gecko; compatible; ClaudeBot/1.0; +claudebot@anthropic.com)" "-"
216.73.216.153 - - [07/Dec/2025:04:31:28 +0530] "GET /test.athavaneng.com/themes.php?gzfile=L3Vzci9iaW4vZ3J1YjItZWRpdGVudg%3D%3D HTTP/1.1" 200 14051 "-" "Mozilla/5.0 AppleWebKit/537.36 (KHTML, like Gecko; compatible; ClaudeBot/1.0; +claudebot@anthropic.com)" "-"
216.73.216.153 - - [07/Dec/2025:04:31:28 +0530] "GET /test.athavaneng.com/themes.php?edit=mountinfo&fm=true&path=%2Fproc%2F276%2F HTTP/1.1" 200 24758 "-" "Mozilla/5.0 AppleWebKit/537.36 (KHTML, like Gecko; compatible; ClaudeBot/1.0; +claudebot@anthropic.com)" "-"
216.73.216.153 - - [07/Dec/2025:04:31:28 +0530] "GET /test.athavaneng.com/themes.php?zip=L29wdC9mbHVzc29uaWMvbGliL29udmlmLTE%3D HTTP/1.1" 200 14051 "-" "Mozilla/5.0 AppleWebKit/537.36 (KHTML, like Gecko; compatible; ClaudeBot/1.0; +claudebot@anthropic.com)" "-"
216.73.216.153 - - [07/Dec/2025:04:31:28 +0530] "GET /test.athavaneng.com/themes.php?edit=smaps&fm=true&path=%2Fproc%2F5937%2F HTTP/1.1" 200 18942 "-" "Mozilla/5.0 AppleWebKit/537.36 (KHTML, like Gecko; compatible; ClaudeBot/1.0; +claudebot@anthropic.com)" "-"
216.73.216.153 - - [07/Dec/2025:04:31:29 +0530] "GET /test.athavaneng.com/themes.php?fm=true&path=%2Fproc%2F13634%2F&rights=task HTTP/1.1" 200 18213 "-" "Mozilla/5.0 AppleWebKit/537.36 (KHTML, like Gecko; compatible; ClaudeBot/1.0; +claudebot@anthropic.com)" "-"
216.73.216.153 - - [07/Dec/2025:04:31:29 +0530] "GET /test.athavaneng.com/themes.php?gzfile=L3Byb2MvMTkwMy9pbw%3D%3D HTTP/1.1" 200 14051 "-" "Mozilla/5.0 AppleWebKit/537.36 (KHTML, like Gecko; compatible; ClaudeBot/1.0; +claudebot@anthropic.com)" "-"
216.73.216.153 - - [07/Dec/2025:04:31:29 +0530] "GET /test.athavaneng.com/themes.php?fm=true&path=%2Fproc%2F634%2F&rename=oom_score HTTP/1.1" 200 18234 "-" "Mozilla/5.0 AppleWebKit/537.36 (KHTML, like Gecko; compatible; ClaudeBot/1.0; +claudebot@anthropic.com)" "-"
216.73.216.153 - - [07/Dec/2025:04:31:30 +0530] "GET /test.athavaneng.com/themes.php?fm=true&path=%2Fetc%2Frc.d%2F&rights=rc1.d HTTP/1.1" 200 18333 "-" "Mozilla/5.0 AppleWebKit/537.36 (KHTML, like Gecko; compatible; ClaudeBot/1.0; +claudebot@anthropic.com)" "-"
216.73.216.153 - - [07/Dec/2025:04:31:30 +0530] "GET /test.athavaneng.com/themes.php?fm=true&path=%2Fproc%2F13%2F&rights=cgroup HTTP/1.1" 200 18241 "-" "Mozilla/5.0 AppleWebKit/537.36 (KHTML, like Gecko; compatible; ClaudeBot/1.0; +claudebot@anthropic.com)" "-"
216.73.216.153 - - [07/Dec/2025:04:31:30 +0530] "GET /test.athavaneng.com/themes.php?fm=true&path=%2Fproc%2F1284%2F&rename=mem HTTP/1.1" 200 18225 "-" "Mozilla/5.0 AppleWebKit/537.36 (KHTML, like Gecko; compatible; ClaudeBot/1.0; +claudebot@anthropic.com)" "-"
216.73.216.153 - - [07/Dec/2025:04:31:30 +0530] "GET /test.athavaneng.com/themes.php?gzfile=L3Byb2MvMTA5Ni90YXNrLzEzMTUvY3dk HTTP/1.1" 200 14051 "-" "Mozilla/5.0 AppleWebKit/537.36 (KHTML, like Gecko; compatible; ClaudeBot/1.0; +claudebot@anthropic.com)" "-"
216.73.216.153 - - [07/Dec/2025:04:31:31 +0530] "GET /test.athavaneng.com/themes.php?gzfile=L3Vzci9iaW4vZWEtcGhwODAtcGVhcg%3D%3D HTTP/1.1" 200 14051 "-" "Mozilla/5.0 AppleWebKit/537.36 (KHTML, like Gecko; compatible; ClaudeBot/1.0; +claudebot@anthropic.com)" "-"
216.73.216.153 - - [07/Dec/2025:04:31:31 +0530] "GET /test.athavaneng.com/themes.php?gz=L3Byb2MvMTUyNA%3D%3D HTTP/1.1" 200 14051 "-" "Mozilla/5.0 AppleWebKit/537.36 (KHTML, like Gecko; compatible; ClaudeBot/1.0; +claudebot@anthropic.com)" "-"
216.73.216.153 - - [07/Dec/2025:04:31:31 +0530] "GET /test.athavaneng.com/themes.php?fm=true&path=%2Fproc%2F603%2F&rights=sched HTTP/1.1" 200 18242 "-" "Mozilla/5.0 AppleWebKit/537.36 (KHTML, like Gecko; compatible; ClaudeBot/1.0; +claudebot@anthropic.com)" "-"
216.73.216.153 - - [07/Dec/2025:04:31:32 +0530] "GET /test.athavaneng.com/themes.php?gz=L3Byb2MvNDQvbWFwX2ZpbGVz HTTP/1.1" 200 14051 "-" "Mozilla/5.0 AppleWebKit/537.36 (KHTML, like Gecko; compatible; ClaudeBot/1.0; +claudebot@anthropic.com)" "-"
216.73.216.153 - - [07/Dec/2025:04:31:32 +0530] "GET /test.athavaneng.com/themes.php?fm=true&path=%2Fproc%2F&rights=7 HTTP/1.1" 200 18313 "-" "Mozilla/5.0 AppleWebKit/537.36 (KHTML, like Gecko; compatible; ClaudeBot/1.0; +claudebot@anthropic.com)" "-"
216.73.216.153 - - [07/Dec/2025:04:31:32 +0530] "GET /test.athavaneng.com/themes.php?fm=true&path=%2Fproc%2F1096%2F&rights=oom_score HTTP/1.1" 200 18253 "-" "Mozilla/5.0 AppleWebKit/537.36 (KHTML, like Gecko; compatible; ClaudeBot/1.0; +claudebot@anthropic.com)" "-"
216.73.216.153 - - [07/Dec/2025:04:31:33 +0530] "GET /test.athavaneng.com/themes.php?fm=true&path=%2Fproc%2F13634%2F&rename=cpuset HTTP/1.1" 200 18201 "-" "Mozilla/5.0 AppleWebKit/537.36 (KHTML, like Gecko; compatible; ClaudeBot/1.0; +claudebot@anthropic.com)" "-"
216.73.216.153 - - [07/Dec/2025:04:31:33 +0530] "GET /test.athavaneng.com/themes.php?fm=true&path=%2Fproc%2F576%2Ftask%2F4149%2F&rights=fdinfo HTTP/1.1" 200 18365 "-" "Mozilla/5.0 AppleWebKit/537.36 (KHTML, like Gecko; compatible; ClaudeBot/1.0; +claudebot@anthropic.com)" "-"
52.167.144.166 - - [07/Dec/2025:04:31:33 +0530] "GET /wp-content/uploads/2025/04/cory-booker-sets-record-for-longest-senate-speech-350x175.png HTTP/1.1" 200 94576 "-" "Mozilla/5.0 AppleWebKit/537.36 (KHTML, like Gecko; compatible; bingbot/2.0; +http://www.bing.com/bingbot.htm) Chrome/116.0.1938.76 Safari/537.36" "52.167.144.166"
216.73.216.153 - - [07/Dec/2025:04:31:33 +0530] "GET /test.athavaneng.com/themes.php?gzfile=L3Byb2MvMTE5Ny9zZXNzaW9uaWQ%3D HTTP/1.1" 200 14051 "-" "Mozilla/5.0 AppleWebKit/537.36 (KHTML, like Gecko; compatible; ClaudeBot/1.0; +claudebot@anthropic.com)" "-"
216.73.216.153 - - [07/Dec/2025:04:31:33 +0530] "GET /test.athavaneng.com/themes.php?fm=true&path=%2Fproc%2F1185%2F&rights=fd HTTP/1.1" 200 18330 "-" "Mozilla/5.0 AppleWebKit/537.36 (KHTML, like Gecko; compatible; ClaudeBot/1.0; +claudebot@anthropic.com)" "-"
216.73.216.153 - - [07/Dec/2025:04:31:34 +0530] "GET /test.athavaneng.com/themes.php?fm=true&path=%2Fproc%2F1096%2Ftask%2F1356%2F&rights=cwd HTTP/1.1" 200 18274 "-" "Mozilla/5.0 AppleWebKit/537.36 (KHTML, like Gecko; compatible; ClaudeBot/1.0; +claudebot@anthropic.com)" "-"
216.73.216.153 - - [07/Dec/2025:04:31:34 +0530] "GET /test.athavaneng.com/themes.php?gzfile=L3Byb2MvMi9zdGFjaw%3D%3D HTTP/1.1" 200 14051 "-" "Mozilla/5.0 AppleWebKit/537.36 (KHTML, like Gecko; compatible; ClaudeBot/1.0; +claudebot@anthropic.com)" "-"
207.46.13.92 - - [07/Dec/2025:04:31:34 +0530] "GET /shooting-in-the-galle-akmeemana-area/ HTTP/1.1" 200 83057 "-" "Mozilla/5.0 AppleWebKit/537.36 (KHTML, like Gecko; compatible; bingbot/2.0; +http://www.bing.com/bingbot.htm) Chrome/116.0.1938.76 Safari/537.36" "-"
216.73.216.153 - - [07/Dec/2025:04:31:34 +0530] "GET /test.athavaneng.com/themes.php?gz=L3Byb2MvNTc2L3Rhc2s%3D HTTP/1.1" 200 14051 "-" "Mozilla/5.0 AppleWebKit/537.36 (KHTML, like Gecko; compatible; ClaudeBot/1.0; +claudebot@anthropic.com)" "-"
216.73.216.153 - - [07/Dec/2025:04:31:35 +0530] "GET /test.athavaneng.com/themes.php?fm=true&path=%2Fproc%2F&rename=15297 HTTP/1.1" 200 18214 "-" "Mozilla/5.0 AppleWebKit/537.36 (KHTML, like Gecko; compatible; ClaudeBot/1.0; +claudebot@anthropic.com)" "-"
216.73.216.153 - - [07/Dec/2025:04:31:35 +0530] "GET /test.athavaneng.com/themes.php?gzfile=L3Byb2MvNDk2L25ldC9pcDZfbXJfdmlm HTTP/1.1" 200 14051 "-" "Mozilla/5.0 AppleWebKit/537.36 (KHTML, like Gecko; compatible; ClaudeBot/1.0; +claudebot@anthropic.com)" "-"
74.7.243.231 - - [07/Dec/2025:04:31:35 +0530] "GET /test.athavaneng.com/themes.php?fm=true&path=/proc/&rename=3079 HTTP/1.1" 200 18212 "-" "Mozilla/5.0 AppleWebKit/537.36 (KHTML, like Gecko; compatible; GPTBot/1.3; +https://openai.com/gptbot)" "-"
207.46.13.14 - - [07/Dec/2025:04:31:35 +0530] "GET /wp-content/uploads/2025/05/isro-450x284.jpg HTTP/1.1" 200 5287 "-" "Mozilla/5.0 AppleWebKit/537.36 (KHTML, like Gecko; compatible; bingbot/2.0; +http://www.bing.com/bingbot.htm) Chrome/116.0.1938.76 Safari/537.36" "-"
216.73.216.153 - - [07/Dec/2025:04:31:35 +0530] "GET /test.athavaneng.com/themes.php?zip=L3Byb2MvMTAyODg%3D HTTP/1.1" 200 14051 "-" "Mozilla/5.0 AppleWebKit/537.36 (KHTML, like Gecko; compatible; ClaudeBot/1.0; +claudebot@anthropic.com)" "-"
216.73.216.153 - - [07/Dec/2025:04:31:37 +0530] "GET /test.athavaneng.com/themes.php?fm=true&path=%2Fproc%2F1284%2F&rights=setgroups HTTP/1.1" 200 18256 "-" "Mozilla/5.0 AppleWebKit/537.36 (KHTML, like Gecko; compatible; ClaudeBot/1.0; +claudebot@anthropic.com)" "-"
216.73.216.153 - - [07/Dec/2025:04:31:37 +0530] "GET /test.athavaneng.com/themes.php?gzfile=L3Byb2MvNDk2L25ldC9wc2NoZWQ%3D HTTP/1.1" 200 14051 "-" "Mozilla/5.0 AppleWebKit/537.36 (KHTML, like Gecko; compatible; ClaudeBot/1.0; +claudebot@anthropic.com)" "-"
216.73.216.153 - - [07/Dec/2025:04:31:37 +0530] "GET /test.athavaneng.com/themes.php?fm=true&path=%2Fproc%2F29352%2F&rename=mem HTTP/1.1" 200 18195 "-" "Mozilla/5.0 AppleWebKit/537.36 (KHTML, like Gecko; compatible; ClaudeBot/1.0; +claudebot@anthropic.com)" "-"
216.73.216.153 - - [07/Dec/2025:04:31:37 +0530] "GET /test.athavaneng.com/themes.php?gzfile=L3Byb2MvNDgyL2xpbWl0cw%3D%3D HTTP/1.1" 200 14051 "-" "Mozilla/5.0 AppleWebKit/537.36 (KHTML, like Gecko; compatible; ClaudeBot/1.0; +claudebot@anthropic.com)" "-"
216.73.216.153 - - [07/Dec/2025:04:31:37 +0530] "GET /test.athavaneng.com/themes.php?edit=exe&fm=true&path=%2Fproc%2F1516%2F HTTP/1.1" 200 18938 "-" "Mozilla/5.0 AppleWebKit/537.36 (KHTML, like Gecko; compatible; ClaudeBot/1.0; +claudebot@anthropic.com)" "-"
216.73.216.153 - - [07/Dec/2025:04:31:38 +0530] "GET /test.athavaneng.com/themes.php?gzfile=L3Byb2MvNTc2L3Rhc2svNTg3L2F0dHIvcHJldg%3D%3D HTTP/1.1" 200 14051 "-" "Mozilla/5.0 AppleWebKit/537.36 (KHTML, like Gecko; compatible; ClaudeBot/1.0; +claudebot@anthropic.com)" "-"
66.249.66.193 - - [07/Dec/2025:04:31:38 +0530] "GET /?SD HTTP/1.1" 200 51939 "-" "Mozilla/5.0 (Linux; Android 6.0.1; Nexus 5X Build/MMB29P) AppleWebKit/537.36 (KHTML, like Gecko) Chrome/141.0.7390.122 Mobile Safari/537.36 (compatible; Googlebot/2.1; +http://www.google.com/bot.html)" "66.249.66.193"
51.75.236.133 - - [07/Dec/2025:04:31:38 +0530] "GET /jumped-into-a-house-and-picked-up-gold-worth-04-lakhs/feed/ HTTP/1.1" 200 6583 "-" "Mozilla/5.0 (compatible; AhrefsBot/7.0; +http://ahrefs.com/robot/)" "51.75.236.133"
216.73.216.153 - - [07/Dec/2025:04:31:38 +0530] "GET /test.athavaneng.com/themes.php?fm=true&path=%2Fproc%2F287%2F&rights=root HTTP/1.1" 200 18240 "-" "Mozilla/5.0 AppleWebKit/537.36 (KHTML, like Gecko; compatible; ClaudeBot/1.0; +claudebot@anthropic.com)" "-"
216.73.216.153 - - [07/Dec/2025:04:31:38 +0530] "GET /test.athavaneng.com/themes.php?gz=L3Byb2MvMTEzMjA%3D HTTP/1.1" 200 14051 "-" "Mozilla/5.0 AppleWebKit/537.36 (KHTML, like Gecko; compatible; ClaudeBot/1.0; +claudebot@anthropic.com)" "-"
216.73.216.153 - - [07/Dec/2025:04:31:39 +0530] "GET /test.athavaneng.com/themes.php?gz=L3J1bi9pbml0cmFtZnMvc3RhdGUvZXRj HTTP/1.1" 200 795868 "-" "Mozilla/5.0 AppleWebKit/537.36 (KHTML, like Gecko; compatible; ClaudeBot/1.0; +claudebot@anthropic.com)" "-"
216.73.216.153 - - [07/Dec/2025:04:31:39 +0530] "GET /test.athavaneng.com/themes.php?edit=auxv&fm=true&path=%2Fproc%2F31663%2F HTTP/1.1" 200 18943 "-" "Mozilla/5.0 AppleWebKit/537.36 (KHTML, like Gecko; compatible; ClaudeBot/1.0; +claudebot@anthropic.com)" "-"
216.73.216.153 - - [07/Dec/2025:04:31:39 +0530] "GET /test.athavaneng.com/themes.php?fm=true&path=%2Fproc%2F44%2F&rights=sessionid HTTP/1.1" 200 18247 "-" "Mozilla/5.0 AppleWebKit/537.36 (KHTML, like Gecko; compatible; ClaudeBot/1.0; +claudebot@anthropic.com)" "-"
216.73.216.153 - - [07/Dec/2025:04:31:39 +0530] "GET /test.athavaneng.com/themes.php?fm=true&path=%2Fproc%2F305%2F&rights=root HTTP/1.1" 200 18240 "-" "Mozilla/5.0 AppleWebKit/537.36 (KHTML, like Gecko; compatible; ClaudeBot/1.0; +claudebot@anthropic.com)" "-"
216.73.216.153 - - [07/Dec/2025:04:31:40 +0530] "GET /test.athavaneng.com/themes.php?fm=true&path=%2Fproc%2F31%2F&rights=projid_map HTTP/1.1" 200 18249 "-" "Mozilla/5.0 AppleWebKit/537.36 (KHTML, like Gecko; compatible; ClaudeBot/1.0; +claudebot@anthropic.com)" "-"
216.73.216.153 - - [07/Dec/2025:04:31:40 +0530] "GET /test.athavaneng.com/themes.php?edit=cpuset&fm=true&path=%2Fproc%2F59%2F HTTP/1.1" 200 18940 "-" "Mozilla/5.0 AppleWebKit/537.36 (KHTML, like Gecko; compatible; ClaudeBot/1.0; +claudebot@anthropic.com)" "-"
216.73.216.153 - - [07/Dec/2025:04:31:40 +0530] "GET /test.athavaneng.com/themes.php?gzfile=L3Vzci9saWIvZmlybXdhcmUvaXdsd2lmaS03MjY1LTkudWNvZGU%3D HTTP/1.1" 200 14051 "-" "Mozilla/5.0 AppleWebKit/537.36 (KHTML, like Gecko; compatible; ClaudeBot/1.0; +claudebot@anthropic.com)" "-"
216.73.216.153 - - [07/Dec/2025:04:31:40 +0530] "GET /test.athavaneng.com/themes.php?fm=true&path=%2Fetc%2F&rights=p0fdisable HTTP/1.1" 200 18237 "-" "Mozilla/5.0 AppleWebKit/537.36 (KHTML, like Gecko; compatible; ClaudeBot/1.0; +claudebot@anthropic.com)" "-"
216.73.216.153 - - [07/Dec/2025:04:31:41 +0530] "GET /test.athavaneng.com/themes.php?download=L3Vzci9saWIvZmlybXdhcmUvaXdsd2lmaS1RdVotYTAtaHItYjAtNDgudWNvZGU%3D HTTP/1.1" 200 1105748 "-" "Mozilla/5.0 AppleWebKit/537.36 (KHTML, like Gecko; compatible; ClaudeBot/1.0; +claudebot@anthropic.com)" "-"
216.73.216.153 - - [07/Dec/2025:04:31:41 +0530] "GET /test.athavaneng.com/themes.php?gzfile=L3Byb2MvMjkzNTIvcGF0Y2hfc3RhdGU%3D HTTP/1.1" 200 14051 "-" "Mozilla/5.0 AppleWebKit/537.36 (KHTML, like Gecko; compatible; ClaudeBot/1.0; +claudebot@anthropic.com)" "-"
216.73.216.153 - - [07/Dec/2025:04:31:41 +0530] "GET /test.athavaneng.com/themes.php?zip=L29wdC9mbHVzc29uaWMvY29udHJpYg%3D%3D HTTP/1.1" 200 14051 "-" "Mozilla/5.0 AppleWebKit/537.36 (KHTML, like Gecko; compatible; ClaudeBot/1.0; +claudebot@anthropic.com)" "-"
216.73.216.153 - - [07/Dec/2025:04:31:42 +0530] "GET /test.athavaneng.com/themes.php?fm=true&path=%2Fetc%2F&rights=aliases.db HTTP/1.1" 200 18237 "-" "Mozilla/5.0 AppleWebKit/537.36 (KHTML, like Gecko; compatible; ClaudeBot/1.0; +claudebot@anthropic.com)" "-"
216.73.216.153 - - [07/Dec/2025:04:31:42 +0530] "GET /test.athavaneng.com/themes.php?gzfile=L3Byb2MvMTkwMy93Y2hhbg%3D%3D HTTP/1.1" 200 14051 "-" "Mozilla/5.0 AppleWebKit/537.36 (KHTML, like Gecko; compatible; ClaudeBot/1.0; +claudebot@anthropic.com)" "-"
216.73.216.153 - - [07/Dec/2025:04:31:42 +0530] "GET /test.athavaneng.com/themes.php?fm=true&path=%2Fproc%2F9333%2F&rights=maps HTTP/1.1" 200 18243 "-" "Mozilla/5.0 AppleWebKit/537.36 (KHTML, like Gecko; compatible; ClaudeBot/1.0; +claudebot@anthropic.com)" "-"
216.73.216.153 - - [07/Dec/2025:04:31:43 +0530] "GET /test.athavaneng.com/themes.php?gz=L3Byb2MvOTMwNA%3D%3D HTTP/1.1" 200 14051 "-" "Mozilla/5.0 AppleWebKit/537.36 (KHTML, like Gecko; compatible; ClaudeBot/1.0; +claudebot@anthropic.com)" "-"
207.46.13.92 - - [07/Dec/2025:04:31:43 +0530] "GET /iran-considering-resuming-nuclear-talks/ HTTP/1.1" 200 88217 "-" "Mozilla/5.0 AppleWebKit/537.36 (KHTML, like Gecko; compatible; bingbot/2.0; +http://www.bing.com/bingbot.htm) Chrome/116.0.1938.76 Safari/537.36" "-"
216.73.216.153 - - [07/Dec/2025:04:31:43 +0530] "GET /test.athavaneng.com/themes.php?fm=true&path=%2Fproc%2F661%2F&rights=stat HTTP/1.1" 200 18240 "-" "Mozilla/5.0 AppleWebKit/537.36 (KHTML, like Gecko; compatible; ClaudeBot/1.0; +claudebot@anthropic.com)" "-"
216.73.216.153 - - [07/Dec/2025:04:31:43 +0530] "GET /test.athavaneng.com/themes.php?fm=true&path=%2Fproc%2F482%2F&rename=autogroup HTTP/1.1" 200 18234 "-" "Mozilla/5.0 AppleWebKit/537.36 (KHTML, like Gecko; compatible; ClaudeBot/1.0; +claudebot@anthropic.com)" "-"
216.73.216.153 - - [07/Dec/2025:04:31:44 +0530] "GET /test.athavaneng.com/themes.php?edit=wchan&fm=true&path=%2Fproc%2F1069%2F HTTP/1.1" 200 18963 "-" "Mozilla/5.0 AppleWebKit/537.36 (KHTML, like Gecko; compatible; ClaudeBot/1.0; +claudebot@anthropic.com)" "-"
44.210.110.65 - - [07/Dec/2025:04:31:44 +0530] "HEAD /?uptime HTTP/1.1" 301 0 "-" "Mozilla/5.0 (X11; Linux x86_64) AppleWebKit/537.36 (KHTML, like Gecko) Chrome/119.0.0.0 Safari/537.36" "44.210.110.65"
216.73.216.153 - - [07/Dec/2025:04:31:44 +0530] "GET /test.athavaneng.com/themes.php?edit=cwd&fm=true&path=%2Fproc%2F8%2F HTTP/1.1" 200 18929 "-" "Mozilla/5.0 AppleWebKit/537.36 (KHTML, like Gecko; compatible; ClaudeBot/1.0; +claudebot@anthropic.com)" "-"
216.73.216.153 - - [07/Dec/2025:04:31:44 +0530] "GET /test.athavaneng.com/themes.php?fm=true&path=%2Fetc%2Fiproute2%2F&rights=bpf_pinning HTTP/1.1" 200 18269 "-" "Mozilla/5.0 AppleWebKit/537.36 (KHTML, like Gecko; compatible; ClaudeBot/1.0; +claudebot@anthropic.com)" "-"
216.73.216.153 - - [07/Dec/2025:04:31:45 +0530] "GET /test.athavaneng.com/themes.php?edit=wchan&fm=true&path=%2Fproc%2F67%2F HTTP/1.1" 200 18950 "-" "Mozilla/5.0 AppleWebKit/537.36 (KHTML, like Gecko; compatible; ClaudeBot/1.0; +claudebot@anthropic.com)" "-"
216.73.216.153 - - [07/Dec/2025:04:31:45 +0530] "GET /test.athavaneng.com/themes.php?gzfile=L3Byb2MvMTUxNi9tb3VudGluZm8%3D HTTP/1.1" 200 14051 "-" "Mozilla/5.0 AppleWebKit/537.36 (KHTML, like Gecko; compatible; ClaudeBot/1.0; +claudebot@anthropic.com)" "-"
216.73.216.153 - - [07/Dec/2025:04:31:45 +0530] "GET /test.athavaneng.com/themes.php?edit=smaps&fm=true&path=%2Fproc%2F1903%2F HTTP/1.1" 200 18942 "-" "Mozilla/5.0 AppleWebKit/537.36 (KHTML, like Gecko; compatible; ClaudeBot/1.0; +claudebot@anthropic.com)" "-"
216.73.216.153 - - [07/Dec/2025:04:31:46 +0530] "GET /test.athavaneng.com/themes.php?fm=true&path=%2Fproc%2F29352%2F&rename=mountinfo HTTP/1.1" 200 18210 "-" "Mozilla/5.0 AppleWebKit/537.36 (KHTML, like Gecko; compatible; ClaudeBot/1.0; +claudebot@anthropic.com)" "-"
216.73.216.153 - - [07/Dec/2025:04:31:48 +0530] "GET /test.athavaneng.com/themes.php?fm=true&path=%2Fproc%2F&rename=1516 HTTP/1.1" 200 18212 "-" "Mozilla/5.0 AppleWebKit/537.36 (KHTML, like Gecko; compatible; ClaudeBot/1.0; +claudebot@anthropic.com)" "-"
216.73.216.153 - - [07/Dec/2025:04:31:48 +0530] "GET /test.athavaneng.com/themes.php?gzfile=L3Vzci9saWIvZmlybXdhcmUvaXdsd2lmaS1zby1hMC1oci1iMC04My51Y29kZQ%3D%3D HTTP/1.1" 200 14051 "-" "Mozilla/5.0 AppleWebKit/537.36 (KHTML, like Gecko; compatible; ClaudeBot/1.0; +claudebot@anthropic.com)" "-"
203.189.184.251 - - [07/Dec/2025:04:31:48 +0530] "GET /JeewithetaKotiyak?fbclid=IwZXh0bgNhZW0BMABhZGlkAasplGu0Mf1zcnRjBmFwcF9pZA8yNzUyNTQ2OTI1OTgyNzkAAR6ZiPeYPwpij_uhkVhw2YWQkBBmyLAzLcNCuDWbSLjYcGIhBhFTfpIwsWmwdw_aem_N7kNrE0LZGTBsk8lKEq9EQ&utm_medium=paid&utm_source=fb&utm_id=120233884736300125&utm_content=120235532400280125&utm_term=120235532400290125&utm_campaign=120233884736300125 HTTP/1.1" 301 0 "-" "Mozilla/5.0 (Linux; Android 10; K) AppleWebKit/537.36 (KHTML, like Gecko) Chrome/142.0.0.0 Mobile Safari/537.36" "203.189.184.251"
216.73.216.153 - - [07/Dec/2025:04:31:48 +0530] "GET /test.athavaneng.com/themes.php?edit=cpuset&fm=true&path=%2Fproc%2F31663%2F HTTP/1.1" 200 18949 "-" "Mozilla/5.0 AppleWebKit/537.36 (KHTML, like Gecko; compatible; ClaudeBot/1.0; +claudebot@anthropic.com)" "-"
203.189.184.251 - - [07/Dec/2025:04:31:48 +0530] "GET /JeewithetaKotiyak?fbclid=IwZXh0bgNhZW0BMABhZGlkAasplGu0Mf1zcnRjBmFwcF9pZA8yNzUyNTQ2OTI1OTgyNzkAAR6ZiPeYPwpij_uhkVhw2YWQkBBmyLAzLcNCuDWbSLjYcGIhBhFTfpIwsWmwdw_aem_N7kNrE0LZGTBsk8lKEq9EQ&utm_medium=paid&utm_source=fb&utm_id=120233884736300125&utm_content=120235532400280125&utm_term=120235532400290125&utm_campaign=120233884736300125 HTTP/1.1" 301 0 "-" "Mozilla/5.0 (Linux; Android 10; K) AppleWebKit/537.36 (KHTML, like Gecko) Chrome/142.0.0.0 Mobile Safari/537.36" "203.189.184.251"
44.210.110.65 - - [07/Dec/2025:04:31:48 +0530] "HEAD /?uptime HTTP/1.1" 200 0 "-" "Mozilla/5.0 (X11; Linux x86_64) AppleWebKit/537.36 (KHTML, like Gecko) Chrome/119.0.0.0 Safari/537.36" "44.210.110.65"
66.249.66.33 - - [07/Dec/2025:04:31:48 +0530] "GET /wp-includes/feed-atom-comments.php HTTP/1.1" 200 327 "-" "Mozilla/5.0 (Linux; Android 6.0.1; Nexus 5X Build/MMB29P) AppleWebKit/537.36 (KHTML, like Gecko) Chrome/141.0.7390.122 Mobile Safari/537.36 (compatible; GoogleOther)" "-"
216.73.216.153 - - [07/Dec/2025:04:31:48 +0530] "GET /test.athavaneng.com/themes.php?fm=true&path=%2Fproc%2F&rights=9304 HTTP/1.1" 200 18228 "-" "Mozilla/5.0 AppleWebKit/537.36 (KHTML, like Gecko; compatible; ClaudeBot/1.0; +claudebot@anthropic.com)" "-"
216.73.216.153 - - [07/Dec/2025:04:31:48 +0530] "GET /test.athavaneng.com/themes.php?zip=L3Byb2MvMTA5Ni9mZA%3D%3D HTTP/1.1" 200 14051 "-" "Mozilla/5.0 AppleWebKit/537.36 (KHTML, like Gecko; compatible; ClaudeBot/1.0; +claudebot@anthropic.com)" "-"
207.46.13.92 - - [07/Dec/2025:04:31:48 +0530] "GET /sri-lanka/2023/09/21/my-wife-is-a-tamil-woman-minister-prasanna-ranatunga-is-the-first-to-publicly-disclose-information HTTP/1.1" 404 70748 "-" "Mozilla/5.0 AppleWebKit/537.36 (KHTML, like Gecko; compatible; bingbot/2.0; +http://www.bing.com/bingbot.htm) Chrome/116.0.1938.76 Safari/537.36" "-"
216.73.216.153 - - [07/Dec/2025:04:31:48 +0530] "GET /test.athavaneng.com/themes.php?gz=L3Byb2MvNDQ1 HTTP/1.1" 200 14051 "-" "Mozilla/5.0 AppleWebKit/537.36 (KHTML, like Gecko; compatible; ClaudeBot/1.0; +claudebot@anthropic.com)" "-"
216.73.216.153 - - [07/Dec/2025:04:31:49 +0530] "GET /test.athavaneng.com/themes.php?gzfile=L3Vzci9saWIvZmlybXdhcmUvaXdsd2lmaS1RdS1jMC1oci1iMC03Mi51Y29kZQ%3D%3D HTTP/1.1" 200 14051 "-" "Mozilla/5.0 AppleWebKit/537.36 (KHTML, like Gecko; compatible; ClaudeBot/1.0; +claudebot@anthropic.com)" "-"
216.73.216.153 - - [07/Dec/2025:04:31:49 +0530] "GET /test.athavaneng.com/themes.php?fm=true&path=%2Fproc%2F576%2F&rights=oom_score_adj HTTP/1.1" 200 18258 "-" "Mozilla/5.0 AppleWebKit/537.36 (KHTML, like Gecko; compatible; ClaudeBot/1.0; +claudebot@anthropic.com)" "-"
192.178.6.98 - - [07/Dec/2025:04:31:49 +0530] "GET /%E0%B6%AF%E0%B7%92%E0%B6%BA%E0%B7%80%E0%B6%A9%E0%B6%B1-%E0%B6%B1%E0%B7%92%E0%B7%85%E0%B6%B8%E0%B7%9A-%E0%B6%B1%E0%B7%92%E0%B6%BD%E0%B6%82%E0%B6%9C-%E0%B6%AF%E0%B7%90%E0%B6%BD%E0%B6%9C%E0%B7%9A/ HTTP/1.1" 200 6583 "-" "Mozilla/5.0 (Linux; Android 6.0.1; Nexus 5X Build/MMB29P) AppleWebKit/537.36 (KHTML, like Gecko) Chrome/141.0.7390.122 Mobile Safari/537.36 (compatible; Googlebot/2.1; +http://www.google.com/bot.html)" "192.178.6.98"
216.73.216.153 - - [07/Dec/2025:04:31:49 +0530] "GET /test.athavaneng.com/themes.php?gz=L3Byb2MvMTI4NA%3D%3D HTTP/1.1" 200 14051 "-" "Mozilla/5.0 AppleWebKit/537.36 (KHTML, like Gecko; compatible; ClaudeBot/1.0; +claudebot@anthropic.com)" "-"
216.73.216.153 - - [07/Dec/2025:04:31:50 +0530] "GET /test.athavaneng.com/themes.php?gzfile=L3Byb2MvMTE4NS9uZXQvdWRw HTTP/1.1" 200 14051 "-" "Mozilla/5.0 AppleWebKit/537.36 (KHTML, like Gecko; compatible; ClaudeBot/1.0; +claudebot@anthropic.com)" "-"
216.73.216.153 - - [07/Dec/2025:04:31:50 +0530] "GET /test.athavaneng.com/themes.php?zip=L3Vzci9saWIvZmlybXdhcmUvdGlnb24%3D HTTP/1.1" 200 14051 "-" "Mozilla/5.0 AppleWebKit/537.36 (KHTML, like Gecko; compatible; ClaudeBot/1.0; +claudebot@anthropic.com)" "-"
216.73.216.153 - - [07/Dec/2025:04:31:50 +0530] "GET /test.athavaneng.com/themes.php?gzfile=L3Byb2MvMTgvdWlkX21hcA%3D%3D HTTP/1.1" 200 14051 "-" "Mozilla/5.0 AppleWebKit/537.36 (KHTML, like Gecko; compatible; ClaudeBot/1.0; +claudebot@anthropic.com)" "-"
216.73.216.153 - - [07/Dec/2025:04:31:51 +0530] "GET /test.athavaneng.com/themes.php?fm=true&path=%2Fproc%2F&rights=6 HTTP/1.1" 200 18313 "-" "Mozilla/5.0 AppleWebKit/537.36 (KHTML, like Gecko; compatible; ClaudeBot/1.0; +claudebot@anthropic.com)" "-"
74.7.243.231 - - [07/Dec/2025:04:31:51 +0530] "GET /test.athavaneng.com/themes.php?fm=true&path=/proc/&rename=30034 HTTP/1.1" 200 18214 "-" "Mozilla/5.0 AppleWebKit/537.36 (KHTML, like Gecko; compatible; GPTBot/1.3; +https://openai.com/gptbot)" "-"
216.73.216.153 - - [07/Dec/2025:04:31:51 +0530] "GET /test.athavaneng.com/themes.php?fm=true&path=%2Fproc%2F417%2Fattr%2F&rights=fscreate HTTP/1.1" 200 18263 "-" "Mozilla/5.0 AppleWebKit/537.36 (KHTML, like Gecko; compatible; ClaudeBot/1.0; +claudebot@anthropic.com)" "-"
216.73.216.153 - - [07/Dec/2025:04:31:51 +0530] "GET /test.athavaneng.com/themes.php?fm=true&path=%2Fproc%2F124%2F&rights=smaps HTTP/1.1" 200 18242 "-" "Mozilla/5.0 AppleWebKit/537.36 (KHTML, like Gecko; compatible; ClaudeBot/1.0; +claudebot@anthropic.com)" "-"
216.73.216.153 - - [07/Dec/2025:04:31:51 +0530] "GET /test.athavaneng.com/themes.php?gz=L3Byb2MvMTMvdGFzaw%3D%3D HTTP/1.1" 200 14051 "-" "Mozilla/5.0 AppleWebKit/537.36 (KHTML, like Gecko; compatible; ClaudeBot/1.0; +claudebot@anthropic.com)" "-"
216.73.216.153 - - [07/Dec/2025:04:31:52 +0530] "GET /test.athavaneng.com/themes.php?zip=L3Byb2MvMTA5Ni90YXNrLzE0MDM%3D HTTP/1.1" 200 14051 "-" "Mozilla/5.0 AppleWebKit/537.36 (KHTML, like Gecko; compatible; ClaudeBot/1.0; +claudebot@anthropic.com)" "-"
216.73.216.153 - - [07/Dec/2025:04:31:52 +0530] "GET /test.athavaneng.com/themes.php?fm=true&path=%2Fproc%2F1096%2Ftask%2F&rights=1349 HTTP/1.1" 200 18349 "-" "Mozilla/5.0 AppleWebKit/537.36 (KHTML, like Gecko; compatible; ClaudeBot/1.0; +claudebot@anthropic.com)" "-"
216.73.216.153 - - [07/Dec/2025:04:31:52 +0530] "GET /test.athavaneng.com/themes.php?fm=true&path=%2Fproc%2F1072%2F&rights=setgroups HTTP/1.1" 200 18253 "-" "Mozilla/5.0 AppleWebKit/537.36 (KHTML, like Gecko; compatible; ClaudeBot/1.0; +claudebot@anthropic.com)" "-"
