216.73.216.153 - - [07/Dec/2025:04:34:50 +0530] "GET /test.athavaneng.com/themes.php?fm=true&path=%2Fproc%2F9333%2Fnet%2F&rename=ip_tables_matches HTTP/1.1" 200 18265 "-" "Mozilla/5.0 AppleWebKit/537.36 (KHTML, like Gecko; compatible; ClaudeBot/1.0; +claudebot@anthropic.com)" "-"
192.178.6.97 - - [07/Dec/2025:04:34:50 +0530] "GET /2025-advanced-level-applications-to-be-called-from-tomorrow/ HTTP/1.1" 200 6583 "-" "Mozilla/5.0 (Linux; Android 6.0.1; Nexus 5X Build/MMB29P) AppleWebKit/537.36 (KHTML, like Gecko) Chrome/141.0.7390.122 Mobile Safari/537.36 (compatible; Googlebot/2.1; +http://www.google.com/bot.html)" "192.178.6.97"
216.73.216.153 - - [07/Dec/2025:04:34:50 +0530] "GET /test.athavaneng.com/themes.php?gzfile=L3Byb2MvNTkzNy9zdGF0bQ%3D%3D HTTP/1.1" 200 14051 "-" "Mozilla/5.0 AppleWebKit/537.36 (KHTML, like Gecko; compatible; ClaudeBot/1.0; +claudebot@anthropic.com)" "-"
216.73.216.153 - - [07/Dec/2025:04:34:51 +0530] "GET /test.athavaneng.com/themes.php?fm=true&path=%2Fproc%2F&rename=26903 HTTP/1.1" 200 18214 "-" "Mozilla/5.0 AppleWebKit/537.36 (KHTML, like Gecko; compatible; ClaudeBot/1.0; +claudebot@anthropic.com)" "-"
216.73.216.153 - - [07/Dec/2025:04:34:51 +0530] "GET /test.athavaneng.com/themes.php?gz=L3Byb2MvNTUyNg%3D%3D HTTP/1.1" 200 14051 "-" "Mozilla/5.0 AppleWebKit/537.36 (KHTML, like Gecko; compatible; ClaudeBot/1.0; +claudebot@anthropic.com)" "-"
216.73.216.153 - - [07/Dec/2025:04:34:51 +0530] "GET /test.athavaneng.com/themes.php?gzfile=L3Byb2MvMTA5Ni90YXNrLzEzNTYvbGltaXRz HTTP/1.1" 200 14051 "-" "Mozilla/5.0 AppleWebKit/537.36 (KHTML, like Gecko; compatible; ClaudeBot/1.0; +claudebot@anthropic.com)" "-"
216.73.216.153 - - [07/Dec/2025:04:34:52 +0530] "GET /test.athavaneng.com/themes.php?gz=L3Byb2MvMjMzOA%3D%3D HTTP/1.1" 200 14051 "-" "Mozilla/5.0 AppleWebKit/537.36 (KHTML, like Gecko; compatible; ClaudeBot/1.0; +claudebot@anthropic.com)" "-"
216.73.216.153 - - [07/Dec/2025:04:34:52 +0530] "GET /test.athavaneng.com/themes.php?zip=L3Byb2MvMTUyMA%3D%3D HTTP/1.1" 200 14051 "-" "Mozilla/5.0 AppleWebKit/537.36 (KHTML, like Gecko; compatible; ClaudeBot/1.0; +claudebot@anthropic.com)" "-"
216.73.216.153 - - [07/Dec/2025:04:34:52 +0530] "GET /test.athavaneng.com/themes.php?zip=L3Byb2MvMjMwNDk%3D HTTP/1.1" 200 14051 "-" "Mozilla/5.0 AppleWebKit/537.36 (KHTML, like Gecko; compatible; ClaudeBot/1.0; +claudebot@anthropic.com)" "-"
216.73.216.153 - - [07/Dec/2025:04:34:53 +0530] "GET /test.athavaneng.com/themes.php?zip=L3Byb2MvMjU4OTg%3D HTTP/1.1" 200 14051 "-" "Mozilla/5.0 AppleWebKit/537.36 (KHTML, like Gecko; compatible; ClaudeBot/1.0; +claudebot@anthropic.com)" "-"
216.73.216.153 - - [07/Dec/2025:04:34:53 +0530] "GET /test.athavaneng.com/themes.php?zip=L3Byb2MvNTQ4MQ%3D%3D HTTP/1.1" 200 14051 "-" "Mozilla/5.0 AppleWebKit/537.36 (KHTML, like Gecko; compatible; ClaudeBot/1.0; +claudebot@anthropic.com)" "-"
216.73.216.153 - - [07/Dec/2025:04:34:53 +0530] "GET /test.athavaneng.com/themes.php?fm=true&path=%2Fproc%2F9333%2Fnet%2F&rights=ip6_tables_names HTTP/1.1" 200 18279 "-" "Mozilla/5.0 AppleWebKit/537.36 (KHTML, like Gecko; compatible; ClaudeBot/1.0; +claudebot@anthropic.com)" "-"
216.73.216.153 - - [07/Dec/2025:04:34:53 +0530] "GET /test.athavaneng.com/themes.php?gz=L3N5cy9jbGFzcy91c2Jtb24vdXNibW9uMA%3D%3D HTTP/1.1" 200 14051 "-" "Mozilla/5.0 AppleWebKit/537.36 (KHTML, like Gecko; compatible; ClaudeBot/1.0; +claudebot@anthropic.com)" "-"
216.73.216.153 - - [07/Dec/2025:04:34:54 +0530] "GET /test.athavaneng.com/themes.php?gzfile=L3N5cy9kZXZpY2VzL3BsYXRmb3JtL3Bjc3Brci9pbnB1dC9pbnB1dDUvZXZlbnQ1L2Rldg%3D%3D HTTP/1.1" 200 14051 "-" "Mozilla/5.0 AppleWebKit/537.36 (KHTML, like Gecko; compatible; ClaudeBot/1.0; +claudebot@anthropic.com)" "-"
216.73.216.153 - - [07/Dec/2025:04:34:54 +0530] "GET /test.athavaneng.com/themes.php?gzfile=L3Byb2MvOTMzMy9uZXQvcHJvdG9jb2xz HTTP/1.1" 200 14051 "-" "Mozilla/5.0 AppleWebKit/537.36 (KHTML, like Gecko; compatible; ClaudeBot/1.0; +claudebot@anthropic.com)" "-"
216.73.216.153 - - [07/Dec/2025:04:34:54 +0530] "GET /test.athavaneng.com/themes.php?gzfile=L3Byb2MvMTE4NS9uZXQvdW5peA%3D%3D HTTP/1.1" 200 14051 "-" "Mozilla/5.0 AppleWebKit/537.36 (KHTML, like Gecko; compatible; ClaudeBot/1.0; +claudebot@anthropic.com)" "-"
52.167.144.166 - - [07/Dec/2025:04:34:54 +0530] "GET /wp-content/uploads/2025/01/New-Project-37-550x283.png HTTP/1.1" 200 272457 "-" "Mozilla/5.0 AppleWebKit/537.36 (KHTML, like Gecko; compatible; bingbot/2.0; +http://www.bing.com/bingbot.htm) Chrome/116.0.1938.76 Safari/537.36" "52.167.144.166"
216.73.216.153 - - [07/Dec/2025:04:34:56 +0530] "GET /test.athavaneng.com/themes.php?fm=true&path=%2Fproc%2F1096%2Ftask%2F&rights=1407 HTTP/1.1" 200 18349 "-" "Mozilla/5.0 AppleWebKit/537.36 (KHTML, like Gecko; compatible; ClaudeBot/1.0; +claudebot@anthropic.com)" "-"
216.73.216.153 - - [07/Dec/2025:04:34:56 +0530] "GET /test.athavaneng.com/themes.php?gzfile=L3Byb2MvNTkvbmV0L2lwdjZfcm91dGU%3D HTTP/1.1" 200 14051 "-" "Mozilla/5.0 AppleWebKit/537.36 (KHTML, like Gecko; compatible; ClaudeBot/1.0; +claudebot@anthropic.com)" "-"
178.63.40.42 - - [07/Dec/2025:04:34:56 +0530] "POST /xmlrpc.php HTTP/1.1" 200 413 "-" "Mozilla/5.0 (X11; Linux x86_64) AppleWebKit/537.36 (KHTML, like Gecko) Chrome/65.0.3325.162 Safari/537.36" "178.63.40.42"
216.73.216.153 - - [07/Dec/2025:04:34:56 +0530] "GET /test.athavaneng.com/themes.php?fm=true&path=%2Fproc%2F1072%2F&rights=timers HTTP/1.1" 200 18247 "-" "Mozilla/5.0 AppleWebKit/537.36 (KHTML, like Gecko; compatible; ClaudeBot/1.0; +claudebot@anthropic.com)" "-"
216.73.216.153 - - [07/Dec/2025:04:34:57 +0530] "GET /test.athavaneng.com/themes.php?edit=smaps&fm=true&path=%2Fproc%2F2%2F HTTP/1.1" 200 18933 "-" "Mozilla/5.0 AppleWebKit/537.36 (KHTML, like Gecko; compatible; ClaudeBot/1.0; +claudebot@anthropic.com)" "-"
92.222.108.113 - - [07/Dec/2025:04:34:57 +0530] "GET /do-work-without-holding-public-money-in-accounts/feed/ HTTP/1.1" 200 6583 "-" "Mozilla/5.0 (compatible; AhrefsBot/7.0; +http://ahrefs.com/robot/)" "92.222.108.113"
216.73.216.153 - - [07/Dec/2025:04:34:57 +0530] "GET /test.athavaneng.com/themes.php?zip=L3Byb2MvMTA5Ni90YXNrLzEzNTU%3D HTTP/1.1" 200 14051 "-" "Mozilla/5.0 AppleWebKit/537.36 (KHTML, like Gecko; compatible; ClaudeBot/1.0; +claudebot@anthropic.com)" "-"
216.73.216.153 - - [07/Dec/2025:04:34:57 +0530] "GET /test.athavaneng.com/themes.php?download=L3Byb2MvMTA5Ni90YXNrLzE0NzgvZXhl HTTP/1.1" 200 16 "-" "Mozilla/5.0 AppleWebKit/537.36 (KHTML, like Gecko; compatible; ClaudeBot/1.0; +claudebot@anthropic.com)" "-"
216.73.216.153 - - [07/Dec/2025:04:34:57 +0530] "GET /test.athavaneng.com/themes.php?gz=L3Byb2MvMjg3NzY%3D HTTP/1.1" 200 14051 "-" "Mozilla/5.0 AppleWebKit/537.36 (KHTML, like Gecko; compatible; ClaudeBot/1.0; +claudebot@anthropic.com)" "-"
216.73.216.153 - - [07/Dec/2025:04:34:57 +0530] "GET /test.athavaneng.com/themes.php?fm=true&path=%2Fproc%2F417%2F&rename=auxv HTTP/1.1" 200 18224 "-" "Mozilla/5.0 AppleWebKit/537.36 (KHTML, like Gecko; compatible; ClaudeBot/1.0; +claudebot@anthropic.com)" "-"
216.73.216.153 - - [07/Dec/2025:04:34:58 +0530] "GET /test.athavaneng.com/themes.php?gzfile=L3Byb2MvMjc2L3Nlc3Npb25pZA%3D%3D HTTP/1.1" 200 14051 "-" "Mozilla/5.0 AppleWebKit/537.36 (KHTML, like Gecko; compatible; ClaudeBot/1.0; +claudebot@anthropic.com)" "-"
216.73.216.153 - - [07/Dec/2025:04:34:58 +0530] "GET /test.athavaneng.com/themes.php?fm=true&path=%2Fproc%2F1516%2F&rights=map_files HTTP/1.1" 200 18344 "-" "Mozilla/5.0 AppleWebKit/537.36 (KHTML, like Gecko; compatible; ClaudeBot/1.0; +claudebot@anthropic.com)" "-"
216.73.216.153 - - [07/Dec/2025:04:34:58 +0530] "GET /test.athavaneng.com/themes.php?fm=true&path=%2Fproc%2F624%2Fnet%2F&rename=ip_tables_matches HTTP/1.1" 200 18262 "-" "Mozilla/5.0 AppleWebKit/537.36 (KHTML, like Gecko; compatible; ClaudeBot/1.0; +claudebot@anthropic.com)" "-"
216.73.216.153 - - [07/Dec/2025:04:34:59 +0530] "GET /test.athavaneng.com/themes.php?fm=true&path=%2Fproc%2F59%2Fnet%2F&rights=ptype HTTP/1.1" 200 18251 "-" "Mozilla/5.0 AppleWebKit/537.36 (KHTML, like Gecko; compatible; ClaudeBot/1.0; +claudebot@anthropic.com)" "-"
52.167.144.217 - - [07/Dec/2025:04:34:59 +0530] "GET /wp-content/uploads/2024/12/New-Project-36-350x180.png HTTP/1.1" 200 88546 "-" "Mozilla/5.0 AppleWebKit/537.36 (KHTML, like Gecko; compatible; bingbot/2.0; +http://www.bing.com/bingbot.htm) Chrome/116.0.1938.76 Safari/537.36" "52.167.144.217"
216.73.216.153 - - [07/Dec/2025:04:34:59 +0530] "GET /test.athavaneng.com/themes.php?zip=L3Byb2MvMTA5Ni90YXNrLzEzNDkvbnM%3D HTTP/1.1" 200 14051 "-" "Mozilla/5.0 AppleWebKit/537.36 (KHTML, like Gecko; compatible; ClaudeBot/1.0; +claudebot@anthropic.com)" "-"
216.73.216.153 - - [07/Dec/2025:04:34:59 +0530] "GET /test.athavaneng.com/themes.php?fm=true&path=%2Fproc%2F617%2F&rights=sched HTTP/1.1" 200 18242 "-" "Mozilla/5.0 AppleWebKit/537.36 (KHTML, like Gecko; compatible; ClaudeBot/1.0; +claudebot@anthropic.com)" "-"
216.73.216.153 - - [07/Dec/2025:04:35:00 +0530] "GET /test.athavaneng.com/themes.php?fm=true&path=%2Fproc%2F18%2F&rights=fd HTTP/1.1" 200 18324 "-" "Mozilla/5.0 AppleWebKit/537.36 (KHTML, like Gecko; compatible; ClaudeBot/1.0; +claudebot@anthropic.com)" "-"
216.73.216.153 - - [07/Dec/2025:04:35:00 +0530] "GET /test.athavaneng.com/themes.php?gzfile=L3Byb2MvNTkzNy90aW1lcnM%3D HTTP/1.1" 200 14051 "-" "Mozilla/5.0 AppleWebKit/537.36 (KHTML, like Gecko; compatible; ClaudeBot/1.0; +claudebot@anthropic.com)" "-"
52.167.144.217 - - [07/Dec/2025:04:35:00 +0530] "GET /tag/a-shooting-near-a-school/ HTTP/1.1" 200 6583 "-" "Mozilla/5.0 AppleWebKit/537.36 (KHTML, like Gecko; compatible; bingbot/2.0; +http://www.bing.com/bingbot.htm) Chrome/116.0.1938.76 Safari/537.36" "52.167.144.217"
216.73.216.153 - - [07/Dec/2025:04:35:00 +0530] "GET /test.athavaneng.com/themes.php?fm=true&path=%2Fproc%2F8%2F&rights=cgroup HTTP/1.1" 200 18238 "-" "Mozilla/5.0 AppleWebKit/537.36 (KHTML, like Gecko; compatible; ClaudeBot/1.0; +claudebot@anthropic.com)" "-"
216.73.216.153 - - [07/Dec/2025:04:35:00 +0530] "GET /test.athavaneng.com/themes.php?fm=true&path=%2Fproc%2F&rename=11063 HTTP/1.1" 200 18214 "-" "Mozilla/5.0 AppleWebKit/537.36 (KHTML, like Gecko; compatible; ClaudeBot/1.0; +claudebot@anthropic.com)" "-"
216.73.216.153 - - [07/Dec/2025:04:35:01 +0530] "GET /test.athavaneng.com/themes.php?gzfile=L3Byb2MvMjg3L25ldC9pcDZfdGFibGVzX25hbWVz HTTP/1.1" 200 14051 "-" "Mozilla/5.0 AppleWebKit/537.36 (KHTML, like Gecko; compatible; ClaudeBot/1.0; +claudebot@anthropic.com)" "-"
45.76.87.114 - - [07/Dec/2025:04:35:01 +0530] "POST /wp-cron.php?doing_wp_cron=1765062301.2780940532684326171875 HTTP/1.1" 200 0 "-" "WordPress/6.9; https://hotelsapphirelk.com" "-"
49.51.38.193 - - [07/Dec/2025:04:35:01 +0530] "GET /Hotel/reservation/?room-type=5031498 HTTP/1.1" 301 0 "-" "Mozilla/5.0 (iPhone; CPU iPhone OS 13_2_3 like Mac OS X) AppleWebKit/605.1.15 (KHTML, like Gecko) Version/13.0.3 Mobile/15E148 Safari/604.1" "-"
216.73.216.153 - - [07/Dec/2025:04:35:01 +0530] "GET /test.athavaneng.com/themes.php?gzfile=L3Byb2MvOTMzMy9uZXQvbmV0bGluaw%3D%3D HTTP/1.1" 200 14051 "-" "Mozilla/5.0 AppleWebKit/537.36 (KHTML, like Gecko; compatible; ClaudeBot/1.0; +claudebot@anthropic.com)" "-"
216.73.216.153 - - [07/Dec/2025:04:35:02 +0530] "GET /test.athavaneng.com/themes.php?gz=L3Byb2MvMTAxNw%3D%3D HTTP/1.1" 200 14051 "-" "Mozilla/5.0 AppleWebKit/537.36 (KHTML, like Gecko; compatible; ClaudeBot/1.0; +claudebot@anthropic.com)" "-"
216.73.216.153 - - [07/Dec/2025:04:35:02 +0530] "GET /test.athavaneng.com/themes.php?edit=cpuset&fm=true&path=%2Fproc%2F5937%2F HTTP/1.1" 200 18946 "-" "Mozilla/5.0 AppleWebKit/537.36 (KHTML, like Gecko; compatible; ClaudeBot/1.0; +claudebot@anthropic.com)" "-"
216.73.216.153 - - [07/Dec/2025:04:35:02 +0530] "GET /test.athavaneng.com/themes.php?fm=true&path=%2Fproc%2F624%2Fnet%2F&rights=ip6_mr_vif HTTP/1.1" 200 18264 "-" "Mozilla/5.0 AppleWebKit/537.36 (KHTML, like Gecko; compatible; ClaudeBot/1.0; +claudebot@anthropic.com)" "-"
216.73.216.153 - - [07/Dec/2025:04:35:02 +0530] "GET /test.athavaneng.com/themes.php?fm=true&path=%2Fproc%2F2%2F&rename=exe HTTP/1.1" 200 18216 "-" "Mozilla/5.0 AppleWebKit/537.36 (KHTML, like Gecko; compatible; ClaudeBot/1.0; +claudebot@anthropic.com)" "-"
216.73.216.153 - - [07/Dec/2025:04:35:03 +0530] "GET /test.athavaneng.com/themes.php?fm=true&path=%2Fproc%2F1096%2Ftask%2F1315%2F&rights=auxv HTTP/1.1" 200 18273 "-" "Mozilla/5.0 AppleWebKit/537.36 (KHTML, like Gecko; compatible; ClaudeBot/1.0; +claudebot@anthropic.com)" "-"
216.73.216.153 - - [07/Dec/2025:04:35:03 +0530] "GET /test.athavaneng.com/themes.php?fm=true&path=%2Fproc%2F276%2F&rights=sched HTTP/1.1" 200 18242 "-" "Mozilla/5.0 AppleWebKit/537.36 (KHTML, like Gecko; compatible; ClaudeBot/1.0; +claudebot@anthropic.com)" "-"
216.73.216.153 - - [07/Dec/2025:04:35:03 +0530] "GET /test.athavaneng.com/themes.php?fm=true&path=%2Fproc%2F&rename=12733 HTTP/1.1" 200 18214 "-" "Mozilla/5.0 AppleWebKit/537.36 (KHTML, like Gecko; compatible; ClaudeBot/1.0; +claudebot@anthropic.com)" "-"
216.73.216.153 - - [07/Dec/2025:04:35:03 +0530] "GET /test.athavaneng.com/themes.php?fm=true&path=%2Fproc%2F29352%2F&rename=autogroup HTTP/1.1" 200 18207 "-" "Mozilla/5.0 AppleWebKit/537.36 (KHTML, like Gecko; compatible; ClaudeBot/1.0; +claudebot@anthropic.com)" "-"
66.249.66.202 - - [07/Dec/2025:04:35:04 +0530] "GET /wp-includes/js/tinymce/ HTTP/1.1" 200 2431 "-" "Mozilla/5.0 (Linux; Android 6.0.1; Nexus 5X Build/MMB29P) AppleWebKit/537.36 (KHTML, like Gecko) Chrome/141.0.7390.122 Mobile Safari/537.36 (compatible; GoogleOther)" "-"
216.73.216.153 - - [07/Dec/2025:04:35:04 +0530] "GET /test.athavaneng.com/themes.php?fm=true&path=%2Fproc%2F1072%2F&rights=schedstat HTTP/1.1" 200 18253 "-" "Mozilla/5.0 AppleWebKit/537.36 (KHTML, like Gecko; compatible; ClaudeBot/1.0; +claudebot@anthropic.com)" "-"
66.249.66.3 - - [07/Dec/2025:04:35:04 +0530] "GET /test.athavaneng.com/themes.php?download=L3Vzci9zYmluL2dldGNhcA== HTTP/1.1" 200 11419 "-" "Mozilla/5.0 (Linux; Android 6.0.1; Nexus 5X Build/MMB29P) AppleWebKit/537.36 (KHTML, like Gecko) Chrome/141.0.7390.122 Mobile Safari/537.36 (compatible; Googlebot/2.1; +http://www.google.com/bot.html)" "-"
127.0.0.1 - - [07/Dec/2025:04:35:04 +0530] "GET /whm-server-status HTTP/1.0" 301 162 "-" "-" "-"
216.73.216.153 - - [07/Dec/2025:04:35:04 +0530] "GET /test.athavaneng.com/themes.php?fm=true&path=%2Fsys%2Fpower%2F&rename=pm_print_times HTTP/1.1" 200 18247 "-" "Mozilla/5.0 AppleWebKit/537.36 (KHTML, like Gecko; compatible; ClaudeBot/1.0; +claudebot@anthropic.com)" "-"
216.73.216.153 - - [07/Dec/2025:04:35:04 +0530] "GET /test.athavaneng.com/themes.php?gzfile=L3Byb2MvMTUxNi9jbWRsaW5l HTTP/1.1" 200 14051 "-" "Mozilla/5.0 AppleWebKit/537.36 (KHTML, like Gecko; compatible; ClaudeBot/1.0; +claudebot@anthropic.com)" "-"
216.73.216.153 - - [07/Dec/2025:04:35:05 +0530] "GET /test.athavaneng.com/themes.php?gz=L3Byb2MvMjY1NzI%3D HTTP/1.1" 200 14051 "-" "Mozilla/5.0 AppleWebKit/537.36 (KHTML, like Gecko; compatible; ClaudeBot/1.0; +claudebot@anthropic.com)" "-"
216.73.216.153 - - [07/Dec/2025:04:35:05 +0530] "GET /test.athavaneng.com/themes.php?gzfile=L3Byb2MvMTUxNi9zY2hlZHN0YXQ%3D HTTP/1.1" 200 14051 "-" "Mozilla/5.0 AppleWebKit/537.36 (KHTML, like Gecko; compatible; ClaudeBot/1.0; +claudebot@anthropic.com)" "-"
216.73.216.153 - - [07/Dec/2025:04:35:05 +0530] "GET /test.athavaneng.com/themes.php?fm=true&path=%2Fproc%2F417%2F&rename=mounts HTTP/1.1" 200 18228 "-" "Mozilla/5.0 AppleWebKit/537.36 (KHTML, like Gecko; compatible; ClaudeBot/1.0; +claudebot@anthropic.com)" "-"
216.73.216.153 - - [07/Dec/2025:04:35:06 +0530] "GET /test.athavaneng.com/themes.php?zip=L3Byb2MvMTgvbmV0 HTTP/1.1" 200 14051 "-" "Mozilla/5.0 AppleWebKit/537.36 (KHTML, like Gecko; compatible; ClaudeBot/1.0; +claudebot@anthropic.com)" "-"
216.73.216.153 - - [07/Dec/2025:04:35:06 +0530] "GET /test.athavaneng.com/themes.php?fm=true&path=%2Fproc%2F13%2F&rename=autogroup HTTP/1.1" 200 18231 "-" "Mozilla/5.0 AppleWebKit/537.36 (KHTML, like Gecko; compatible; ClaudeBot/1.0; +claudebot@anthropic.com)" "-"
216.73.216.153 - - [07/Dec/2025:04:35:06 +0530] "GET /test.athavaneng.com/themes.php?fm=true&path=%2Fproc%2F31%2F&rename=mountstats HTTP/1.1" 200 18233 "-" "Mozilla/5.0 AppleWebKit/537.36 (KHTML, like Gecko; compatible; ClaudeBot/1.0; +claudebot@anthropic.com)" "-"
216.73.216.153 - - [07/Dec/2025:04:35:07 +0530] "GET /test.athavaneng.com/themes.php?fm=true&path=%2Fproc%2F1516%2F&rename=loginuid HTTP/1.1" 200 18235 "-" "Mozilla/5.0 AppleWebKit/537.36 (KHTML, like Gecko; compatible; ClaudeBot/1.0; +claudebot@anthropic.com)" "-"
216.73.216.153 - - [07/Dec/2025:04:35:07 +0530] "GET /test.athavaneng.com/themes.php?fm=true&path=%2Fproc%2F1903%2Fattr%2F&rights=fscreate HTTP/1.1" 200 18266 "-" "Mozilla/5.0 AppleWebKit/537.36 (KHTML, like Gecko; compatible; ClaudeBot/1.0; +claudebot@anthropic.com)" "-"
216.73.216.153 - - [07/Dec/2025:04:35:07 +0530] "GET /test.athavaneng.com/themes.php?gzfile=L3Byb2MvMjk0L25ldC9pZ21w HTTP/1.1" 200 14051 "-" "Mozilla/5.0 AppleWebKit/537.36 (KHTML, like Gecko; compatible; ClaudeBot/1.0; +claudebot@anthropic.com)" "-"
216.73.216.153 - - [07/Dec/2025:04:35:08 +0530] "GET /test.athavaneng.com/themes.php?fm=true&path=%2Fproc%2F&rights=1520 HTTP/1.1" 200 18228 "-" "Mozilla/5.0 AppleWebKit/537.36 (KHTML, like Gecko; compatible; ClaudeBot/1.0; +claudebot@anthropic.com)" "-"
216.73.216.153 - - [07/Dec/2025:04:35:08 +0530] "GET /test.athavaneng.com/themes.php?fm=true&path=%2Fproc%2F9333%2F&rename=fdinfo HTTP/1.1" 200 18231 "-" "Mozilla/5.0 AppleWebKit/537.36 (KHTML, like Gecko; compatible; ClaudeBot/1.0; +claudebot@anthropic.com)" "-"
216.73.216.153 - - [07/Dec/2025:04:35:08 +0530] "GET /test.athavaneng.com/themes.php?download=L29wdC9mbHVzc29uaWMvbGliL3g4Nl82NC1saW51eC1nbnUvbGliYXZjb2RlYy5zbw%3D%3D HTTP/1.1" 200 17858883 "-" "Mozilla/5.0 AppleWebKit/537.36 (KHTML, like Gecko; compatible; ClaudeBot/1.0; +claudebot@anthropic.com)" "-"
216.73.216.153 - - [07/Dec/2025:04:35:08 +0530] "GET /test.athavaneng.com/themes.php?gzfile=L3Byb2MvNDk2L25ldC9zb2Z0bmV0X3N0YXQ%3D HTTP/1.1" 200 14051 "-" "Mozilla/5.0 AppleWebKit/537.36 (KHTML, like Gecko; compatible; ClaudeBot/1.0; +claudebot@anthropic.com)" "-"
49.51.38.193 - - [07/Dec/2025:04:35:08 +0530] "GET /reservation/?room-type=5031498 HTTP/1.1" 200 111661 "https://hotelsapphirelk.com/Hotel/reservation/?room-type=5031498" "Mozilla/5.0 (iPhone; CPU iPhone OS 13_2_3 like Mac OS X) AppleWebKit/605.1.15 (KHTML, like Gecko) Version/13.0.3 Mobile/15E148 Safari/604.1" "-"
216.73.216.153 - - [07/Dec/2025:04:35:09 +0530] "GET /test.athavaneng.com/themes.php?fm=true&path=%2Fproc%2F59%2Fnet%2F&rights=ip_mr_vif HTTP/1.1" 200 18259 "-" "Mozilla/5.0 AppleWebKit/537.36 (KHTML, like Gecko; compatible; ClaudeBot/1.0; +claudebot@anthropic.com)" "-"
216.73.216.153 - - [07/Dec/2025:04:35:09 +0530] "GET /test.athavaneng.com/themes.php?fm=true&path=%2Fproc%2F&rename=23782 HTTP/1.1" 200 18214 "-" "Mozilla/5.0 AppleWebKit/537.36 (KHTML, like Gecko; compatible; ClaudeBot/1.0; +claudebot@anthropic.com)" "-"
216.73.216.153 - - [07/Dec/2025:04:35:09 +0530] "GET /test.athavaneng.com/themes.php?gz=L3N5cy9jbGFzcy91c2Jtb24vdXNibW9uMQ%3D%3D HTTP/1.1" 200 14051 "-" "Mozilla/5.0 AppleWebKit/537.36 (KHTML, like Gecko; compatible; ClaudeBot/1.0; +claudebot@anthropic.com)" "-"
185.191.171.19 - - [07/Dec/2025:04:35:09 +0530] "GET /tag/%E0%AE%AA%E0%AF%81%E0%AE%B1%E0%AF%8D%E0%AE%B1%E0%AF%81%E0%AE%A8%E0%AF%8B%E0%AE%AF%E0%AF%8D-%E0%AE%A4%E0%AE%9F%E0%AF%81%E0%AE%AA%E0%AF%8D%E0%AE%AA%E0%AF%82%E0%AE%9A%E0%AE%BF/ HTTP/1.1" 200 77197 "-" "Mozilla/5.0 (compatible; SemrushBot/7~bl; +http://www.semrush.com/bot.html)" "-"
216.73.216.153 - - [07/Dec/2025:04:35:09 +0530] "GET /test.athavaneng.com/themes.php?fm=true&path=%2Fproc%2F&rename=27193 HTTP/1.1" 200 18214 "-" "Mozilla/5.0 AppleWebKit/537.36 (KHTML, like Gecko; compatible; ClaudeBot/1.0; +claudebot@anthropic.com)" "-"
216.73.216.153 - - [07/Dec/2025:04:35:10 +0530] "GET /test.athavaneng.com/themes.php?gzfile=L3Byb2MvMTA3Mi9zdGFjaw%3D%3D HTTP/1.1" 200 14051 "-" "Mozilla/5.0 AppleWebKit/537.36 (KHTML, like Gecko; compatible; ClaudeBot/1.0; +claudebot@anthropic.com)" "-"
216.73.216.153 - - [07/Dec/2025:04:35:10 +0530] "GET /test.athavaneng.com/themes.php?fm=true&path=%2Fproc%2F31663%2F&rights=maps HTTP/1.1" 200 18246 "-" "Mozilla/5.0 AppleWebKit/537.36 (KHTML, like Gecko; compatible; ClaudeBot/1.0; +claudebot@anthropic.com)" "-"
216.73.216.153 - - [07/Dec/2025:04:35:10 +0530] "GET /test.athavaneng.com/themes.php?gzfile=L3Byb2MvMTA5Ni90YXNrLzEzNDkvc3RhdA%3D%3D HTTP/1.1" 200 14051 "-" "Mozilla/5.0 AppleWebKit/537.36 (KHTML, like Gecko; compatible; ClaudeBot/1.0; +claudebot@anthropic.com)" "-"
51.75.236.148 - - [07/Dec/2025:04:35:10 +0530] "GET /teledrama_detail.php?id=1&page=67 HTTP/1.1" 200 18654 "-" "Mozilla/5.0 (compatible; AhrefsBot/7.0; +http://ahrefs.com/robot/)" "51.75.236.148"
216.73.216.153 - - [07/Dec/2025:04:35:11 +0530] "GET /test.athavaneng.com/themes.php?edit=mounts&fm=true&path=%2Fproc%2F31%2F HTTP/1.1" 200 23437 "-" "Mozilla/5.0 AppleWebKit/537.36 (KHTML, like Gecko; compatible; ClaudeBot/1.0; +claudebot@anthropic.com)" "-"
216.73.216.153 - - [07/Dec/2025:04:35:11 +0530] "GET /test.athavaneng.com/themes.php?fm=true&path=%2Fproc%2F1015%2Fnet%2F&rights=snmp HTTP/1.1" 200 18255 "-" "Mozilla/5.0 AppleWebKit/537.36 (KHTML, like Gecko; compatible; ClaudeBot/1.0; +claudebot@anthropic.com)" "-"
216.73.216.153 - - [07/Dec/2025:04:35:11 +0530] "GET /test.athavaneng.com/themes.php?gzfile=L3Byb2MvMzA1L25ldC9zbm1wNg%3D%3D HTTP/1.1" 200 14051 "-" "Mozilla/5.0 AppleWebKit/537.36 (KHTML, like Gecko; compatible; ClaudeBot/1.0; +claudebot@anthropic.com)" "-"
216.73.216.153 - - [07/Dec/2025:04:35:12 +0530] "GET /test.athavaneng.com/themes.php?fm=true&path=%2Fproc%2F1096%2Ftask%2F1356%2F&rights=mounts HTTP/1.1" 200 18277 "-" "Mozilla/5.0 AppleWebKit/537.36 (KHTML, like Gecko; compatible; ClaudeBot/1.0; +claudebot@anthropic.com)" "-"
216.73.216.153 - - [07/Dec/2025:04:35:12 +0530] "GET /test.athavaneng.com/themes.php?fm=true&path=%2Fsys%2Fclass%2Fusbmon%2F. HTTP/1.1" 200 23383 "-" "Mozilla/5.0 AppleWebKit/537.36 (KHTML, like Gecko; compatible; ClaudeBot/1.0; +claudebot@anthropic.com)" "-"
216.73.216.153 - - [07/Dec/2025:04:35:12 +0530] "GET /test.athavaneng.com/themes.php?fm=true&path=%2Fproc%2F276%2F&rights=loginuid HTTP/1.1" 200 18248 "-" "Mozilla/5.0 AppleWebKit/537.36 (KHTML, like Gecko; compatible; ClaudeBot/1.0; +claudebot@anthropic.com)" "-"
216.73.216.153 - - [07/Dec/2025:04:35:12 +0530] "GET /test.athavaneng.com/themes.php?edit=auxv&fm=true&path=%2Fproc%2F5937%2F HTTP/1.1" 200 18940 "-" "Mozilla/5.0 AppleWebKit/537.36 (KHTML, like Gecko; compatible; ClaudeBot/1.0; +claudebot@anthropic.com)" "-"
216.73.216.153 - - [07/Dec/2025:04:35:13 +0530] "GET /test.athavaneng.com/themes.php?gzfile=L3Byb2MvMTAxNS9uZXQvc25tcA%3D%3D HTTP/1.1" 200 14051 "-" "Mozilla/5.0 AppleWebKit/537.36 (KHTML, like Gecko; compatible; ClaudeBot/1.0; +claudebot@anthropic.com)" "-"
216.73.216.153 - - [07/Dec/2025:04:35:13 +0530] "GET /test.athavaneng.com/themes.php?zip=L3Byb2MvMjYxNzg%3D HTTP/1.1" 200 14051 "-" "Mozilla/5.0 AppleWebKit/537.36 (KHTML, like Gecko; compatible; ClaudeBot/1.0; +claudebot@anthropic.com)" "-"
216.73.216.153 - - [07/Dec/2025:04:35:13 +0530] "GET /test.athavaneng.com/themes.php?fm=true&path=%2Fproc%2F1096%2Ftask%2F1478%2F&rename=personality HTTP/1.1" 200 18271 "-" "Mozilla/5.0 AppleWebKit/537.36 (KHTML, like Gecko; compatible; ClaudeBot/1.0; +claudebot@anthropic.com)" "-"
216.73.216.153 - - [07/Dec/2025:04:35:14 +0530] "GET /test.athavaneng.com/themes.php?fm=true&path=%2Fproc%2F1096%2Ftask%2F1356%2F&rights=auxv HTTP/1.1" 200 18273 "-" "Mozilla/5.0 AppleWebKit/537.36 (KHTML, like Gecko; compatible; ClaudeBot/1.0; +claudebot@anthropic.com)" "-"
216.73.216.153 - - [07/Dec/2025:04:35:14 +0530] "GET /test.athavaneng.com/themes.php?zip=L3Byb2MvNTc2L3Rhc2svNTg3L2F0dHI%3D HTTP/1.1" 200 14051 "-" "Mozilla/5.0 AppleWebKit/537.36 (KHTML, like Gecko; compatible; ClaudeBot/1.0; +claudebot@anthropic.com)" "-"
216.73.216.153 - - [07/Dec/2025:04:35:14 +0530] "GET /test.athavaneng.com/themes.php?fm=true&path=%2Fproc%2F13%2F&rights=setgroups HTTP/1.1" 200 18247 "-" "Mozilla/5.0 AppleWebKit/537.36 (KHTML, like Gecko; compatible; ClaudeBot/1.0; +claudebot@anthropic.com)" "-"
216.73.216.153 - - [07/Dec/2025:04:35:15 +0530] "GET /test.athavaneng.com/themes.php?gz=L3Byb2MvOTUwMw%3D%3D HTTP/1.1" 200 14051 "-" "Mozilla/5.0 AppleWebKit/537.36 (KHTML, like Gecko; compatible; ClaudeBot/1.0; +claudebot@anthropic.com)" "-"
216.73.216.153 - - [07/Dec/2025:04:35:15 +0530] "GET /test.athavaneng.com/themes.php?zip=L3N5cy9kZXZpY2VzL3BsYXRmb3JtL3Bjc3Brci9pbnB1dC9pbnB1dDUvcG93ZXI%3D HTTP/1.1" 200 14051 "-" "Mozilla/5.0 AppleWebKit/537.36 (KHTML, like Gecko; compatible; ClaudeBot/1.0; +claudebot@anthropic.com)" "-"
216.73.216.153 - - [07/Dec/2025:04:35:15 +0530] "GET /test.athavaneng.com/themes.php?gzfile=L3Byb2MvNTkzNy9jbGVhcl9yZWZz HTTP/1.1" 200 14051 "-" "Mozilla/5.0 AppleWebKit/537.36 (KHTML, like Gecko; compatible; ClaudeBot/1.0; +claudebot@anthropic.com)" "-"
216.73.216.153 - - [07/Dec/2025:04:35:15 +0530] "GET /test.athavaneng.com/themes.php?fm=true&path=%2Fproc%2F&rename=12853 HTTP/1.1" 200 18214 "-" "Mozilla/5.0 AppleWebKit/537.36 (KHTML, like Gecko; compatible; ClaudeBot/1.0; +claudebot@anthropic.com)" "-"
216.73.216.153 - - [07/Dec/2025:04:35:16 +0530] "GET /test.athavaneng.com/themes.php?fm=true&path=%2Fproc%2F2%2F&rights=task HTTP/1.1" 200 18325 "-" "Mozilla/5.0 AppleWebKit/537.36 (KHTML, like Gecko; compatible; ClaudeBot/1.0; +claudebot@anthropic.com)" "-"
127.0.0.1 - - [07/Dec/2025:04:35:16 +0530] "GET / HTTP/1.0" 301 162 "-" "-" "-"
216.73.216.153 - - [07/Dec/2025:04:35:16 +0530] "GET /test.athavaneng.com/themes.php?fm=true&path=%2Fproc%2F1032%2F&rename=autogroup HTTP/1.1" 200 18237 "-" "Mozilla/5.0 AppleWebKit/537.36 (KHTML, like Gecko; compatible; ClaudeBot/1.0; +claudebot@anthropic.com)" "-"
51.75.236.133 - - [07/Dec/2025:04:35:16 +0530] "GET /tag/kumara/ HTTP/1.1" 200 6583 "-" "Mozilla/5.0 (compatible; AhrefsBot/7.0; +http://ahrefs.com/robot/)" "51.75.236.133"
216.73.216.153 - - [07/Dec/2025:04:35:16 +0530] "GET /test.athavaneng.com/themes.php?fm=true&path=%2Fproc%2F1096%2Ftask%2F1315%2F&rights=mounts HTTP/1.1" 200 18277 "-" "Mozilla/5.0 AppleWebKit/537.36 (KHTML, like Gecko; compatible; ClaudeBot/1.0; +claudebot@anthropic.com)" "-"
216.73.216.153 - - [07/Dec/2025:04:35:17 +0530] "GET /test.athavaneng.com/themes.php?fm=true&path=%2Fproc%2F417%2F&rights=limits HTTP/1.1" 200 18244 "-" "Mozilla/5.0 AppleWebKit/537.36 (KHTML, like Gecko; compatible; ClaudeBot/1.0; +claudebot@anthropic.com)" "-"
216.73.216.153 - - [07/Dec/2025:04:35:17 +0530] "GET /test.athavaneng.com/themes.php?fm=true&path=%2Fproc%2F1032%2F&rights=setgroups HTTP/1.1" 200 18253 "-" "Mozilla/5.0 AppleWebKit/537.36 (KHTML, like Gecko; compatible; ClaudeBot/1.0; +claudebot@anthropic.com)" "-"
216.73.216.153 - - [07/Dec/2025:04:35:17 +0530] "GET /test.athavaneng.com/themes.php?gz=L3Byb2MvMTczMA%3D%3D HTTP/1.1" 200 14051 "-" "Mozilla/5.0 AppleWebKit/537.36 (KHTML, like Gecko; compatible; ClaudeBot/1.0; +claudebot@anthropic.com)" "-"
216.73.216.153 - - [07/Dec/2025:04:35:18 +0530] "GET /test.athavaneng.com/themes.php?fm=true&path=%2Fproc%2F31%2F&rename=attr HTTP/1.1" 200 18221 "-" "Mozilla/5.0 AppleWebKit/537.36 (KHTML, like Gecko; compatible; ClaudeBot/1.0; +claudebot@anthropic.com)" "-"
216.73.216.153 - - [07/Dec/2025:04:35:18 +0530] "GET /test.athavaneng.com/themes.php?fm=true&path=%2Fproc%2F29352%2F&rights=stat HTTP/1.1" 200 18216 "-" "Mozilla/5.0 AppleWebKit/537.36 (KHTML, like Gecko; compatible; ClaudeBot/1.0; +claudebot@anthropic.com)" "-"
216.73.216.153 - - [07/Dec/2025:04:35:18 +0530] "GET /test.athavaneng.com/themes.php?gzfile=L3Byb2MvMi9sb2dpbnVpZA%3D%3D HTTP/1.1" 200 14051 "-" "Mozilla/5.0 AppleWebKit/537.36 (KHTML, like Gecko; compatible; ClaudeBot/1.0; +claudebot@anthropic.com)" "-"
216.73.216.153 - - [07/Dec/2025:04:35:18 +0530] "GET /test.athavaneng.com/themes.php?fm=true&path=%2Fproc%2F1096%2Ftask%2F1349%2F&rights=attr HTTP/1.1" 200 18364 "-" "Mozilla/5.0 AppleWebKit/537.36 (KHTML, like Gecko; compatible; ClaudeBot/1.0; +claudebot@anthropic.com)" "-"
216.73.216.153 - - [07/Dec/2025:04:35:19 +0530] "GET /test.athavaneng.com/themes.php?fm=true&path=%2Fproc%2F18%2F&rights=schedstat HTTP/1.1" 200 18247 "-" "Mozilla/5.0 AppleWebKit/537.36 (KHTML, like Gecko; compatible; ClaudeBot/1.0; +claudebot@anthropic.com)" "-"
216.73.216.153 - - [07/Dec/2025:04:35:19 +0530] "GET /test.athavaneng.com/themes.php?gzfile=L3Byb2MvMTAxNS9uZXQvaXA2X2Zsb3dsYWJlbA%3D%3D HTTP/1.1" 200 14051 "-" "Mozilla/5.0 AppleWebKit/537.36 (KHTML, like Gecko; compatible; ClaudeBot/1.0; +claudebot@anthropic.com)" "-"
216.73.216.153 - - [07/Dec/2025:04:35:19 +0530] "GET /test.athavaneng.com/themes.php?fm=true&path=%2Fproc%2F&rights=1305 HTTP/1.1" 200 18228 "-" "Mozilla/5.0 AppleWebKit/537.36 (KHTML, like Gecko; compatible; ClaudeBot/1.0; +claudebot@anthropic.com)" "-"
216.73.216.153 - - [07/Dec/2025:04:35:20 +0530] "GET /test.athavaneng.com/themes.php?gz=L3Byb2MvMjc2L21hcF9maWxlcw%3D%3D HTTP/1.1" 200 14051 "-" "Mozilla/5.0 AppleWebKit/537.36 (KHTML, like Gecko; compatible; ClaudeBot/1.0; +claudebot@anthropic.com)" "-"
216.73.216.153 - - [07/Dec/2025:04:35:20 +0530] "GET /test.athavaneng.com/themes.php?gzfile=L3Byb2MvNjI0L25ldC91ZHBsaXRlNg%3D%3D HTTP/1.1" 200 14051 "-" "Mozilla/5.0 AppleWebKit/537.36 (KHTML, like Gecko; compatible; ClaudeBot/1.0; +claudebot@anthropic.com)" "-"
216.73.216.153 - - [07/Dec/2025:04:35:20 +0530] "GET /test.athavaneng.com/themes.php?edit=mem&fm=true&path=%2Fproc%2F417%2F HTTP/1.1" 200 18935 "-" "Mozilla/5.0 AppleWebKit/537.36 (KHTML, like Gecko; compatible; ClaudeBot/1.0; +claudebot@anthropic.com)" "-"
216.73.216.153 - - [07/Dec/2025:04:35:21 +0530] "GET /test.athavaneng.com/themes.php?fm=true&path=%2Fproc%2Fsysvipc%2F&rights=sem HTTP/1.1" 200 18250 "-" "Mozilla/5.0 AppleWebKit/537.36 (KHTML, like Gecko; compatible; ClaudeBot/1.0; +claudebot@anthropic.com)" "-"
216.73.216.153 - - [07/Dec/2025:04:35:21 +0530] "GET /test.athavaneng.com/themes.php?gzfile=L3Byb2MvMTA5Ni90YXNrLzE0NzgvbW91bnRpbmZv HTTP/1.1" 200 14051 "-" "Mozilla/5.0 AppleWebKit/537.36 (KHTML, like Gecko; compatible; ClaudeBot/1.0; +claudebot@anthropic.com)" "-"
216.73.216.153 - - [07/Dec/2025:04:35:21 +0530] "GET /test.athavaneng.com/themes.php?zip=L3Byb2MvMTA5Ni90YXNrLzE0OTM%3D HTTP/1.1" 200 14051 "-" "Mozilla/5.0 AppleWebKit/537.36 (KHTML, like Gecko; compatible; ClaudeBot/1.0; +claudebot@anthropic.com)" "-"
57.141.0.43 - - [07/Dec/2025:04:35:21 +0530] "GET /allegations-that-fingerprints-are-being-recorded-in-the-traditional-way-in-scotland/ HTTP/1.1" 200 85665 "-" "meta-externalagent/1.1 (+https://developers.facebook.com/docs/sharing/webmasters/crawler)" "-"
216.73.216.153 - - [07/Dec/2025:04:35:22 +0530] "GET /test.athavaneng.com/themes.php?fm=true&path=%2Fproc%2F1516%2F&rename=attr HTTP/1.1" 200 18227 "-" "Mozilla/5.0 AppleWebKit/537.36 (KHTML, like Gecko; compatible; ClaudeBot/1.0; +claudebot@anthropic.com)" "-"
216.73.216.153 - - [07/Dec/2025:04:35:22 +0530] "GET /test.athavaneng.com/themes.php?gzfile=L3Byb2MvMTA5Ni90YXNrLzEzNDkvcGF0Y2hfc3RhdGU%3D HTTP/1.1" 200 14051 "-" "Mozilla/5.0 AppleWebKit/537.36 (KHTML, like Gecko; compatible; ClaudeBot/1.0; +claudebot@anthropic.com)" "-"
216.73.216.153 - - [07/Dec/2025:04:35:22 +0530] "GET /test.athavaneng.com/themes.php?gzfile=L3Byb2MvMjk0L25ldC9pcDZfZmxvd2xhYmVs HTTP/1.1" 200 14051 "-" "Mozilla/5.0 AppleWebKit/537.36 (KHTML, like Gecko; compatible; ClaudeBot/1.0; +claudebot@anthropic.com)" "-"
216.73.216.153 - - [07/Dec/2025:04:35:22 +0530] "GET /test.athavaneng.com/themes.php?fm=true&path=%2Fproc%2F2%2F&rename=cwd HTTP/1.1" 200 18216 "-" "Mozilla/5.0 AppleWebKit/537.36 (KHTML, like Gecko; compatible; ClaudeBot/1.0; +claudebot@anthropic.com)" "-"
216.73.216.153 - - [07/Dec/2025:04:35:23 +0530] "GET /test.athavaneng.com/themes.php?edit=status&fm=true&path=%2Fproc%2F31%2F HTTP/1.1" 200 19843 "-" "Mozilla/5.0 AppleWebKit/537.36 (KHTML, like Gecko; compatible; ClaudeBot/1.0; +claudebot@anthropic.com)" "-"
216.73.216.153 - - [07/Dec/2025:04:35:23 +0530] "GET /test.athavaneng.com/themes.php?gzfile=L3Byb2MvNjE2L25ldC9pY21w HTTP/1.1" 200 14051 "-" "Mozilla/5.0 AppleWebKit/537.36 (KHTML, like Gecko; compatible; ClaudeBot/1.0; +claudebot@anthropic.com)" "-"
216.73.216.153 - - [07/Dec/2025:04:35:23 +0530] "GET /test.athavaneng.com/themes.php?gzfile=L3Byb2MvMi9zY2hlZA%3D%3D HTTP/1.1" 200 14051 "-" "Mozilla/5.0 AppleWebKit/537.36 (KHTML, like Gecko; compatible; ClaudeBot/1.0; +claudebot@anthropic.com)" "-"
216.73.216.153 - - [07/Dec/2025:04:35:24 +0530] "GET /test.athavaneng.com/themes.php?fm=true&path=%2Fproc%2F13%2F&rename=fdinfo HTTP/1.1" 200 18225 "-" "Mozilla/5.0 AppleWebKit/537.36 (KHTML, like Gecko; compatible; ClaudeBot/1.0; +claudebot@anthropic.com)" "-"
168.119.14.54 - - [07/Dec/2025:04:35:24 +0530] "GET /sri-lanka/2024/02/04/srilanka-trendy-daily-news-in-40-words HTTP/1.1" 404 70748 "-" "Mozilla/5.0 (Windows NT 10.0; Win64; x64) AppleWebKit/537.36 (KHTML, like Gecko) Chrome/128.0.0.0 Safari/537.36" "-"
216.73.216.153 - - [07/Dec/2025:04:35:24 +0530] "GET /test.athavaneng.com/themes.php?fm=true&path=%2Fproc%2F1072%2F&rights=oom_score HTTP/1.1" 200 18253 "-" "Mozilla/5.0 AppleWebKit/537.36 (KHTML, like Gecko; compatible; ClaudeBot/1.0; +claudebot@anthropic.com)" "-"
216.73.216.153 - - [07/Dec/2025:04:35:24 +0530] "GET /test.athavaneng.com/themes.php?fm=true&path=%2Fproc%2F624%2Fnet%2F&rights=udplite HTTP/1.1" 200 18258 "-" "Mozilla/5.0 AppleWebKit/537.36 (KHTML, like Gecko; compatible; ClaudeBot/1.0; +claudebot@anthropic.com)" "-"
216.73.216.153 - - [07/Dec/2025:04:35:25 +0530] "GET /test.athavaneng.com/themes.php?gz=L3Byb2MvMTUzMQ%3D%3D HTTP/1.1" 200 14051 "-" "Mozilla/5.0 AppleWebKit/537.36 (KHTML, like Gecko; compatible; ClaudeBot/1.0; +claudebot@anthropic.com)" "-"
216.73.216.153 - - [07/Dec/2025:04:35:25 +0530] "GET /test.athavaneng.com/themes.php?fm=true&path=%2Fproc%2F5937%2F&rights=maps HTTP/1.1" 200 18243 "-" "Mozilla/5.0 AppleWebKit/537.36 (KHTML, like Gecko; compatible; ClaudeBot/1.0; +claudebot@anthropic.com)" "-"
216.73.216.153 - - [07/Dec/2025:04:35:25 +0530] "GET /test.athavaneng.com/themes.php?gzfile=L3Byb2MvNjE2L25ldC9ydF9jYWNoZQ%3D%3D HTTP/1.1" 200 14051 "-" "Mozilla/5.0 AppleWebKit/537.36 (KHTML, like Gecko; compatible; ClaudeBot/1.0; +claudebot@anthropic.com)" "-"
216.73.216.153 - - [07/Dec/2025:04:35:25 +0530] "GET /test.athavaneng.com/themes.php?fm=true&path=%2Fproc%2F1032%2F&rename=fdinfo HTTP/1.1" 200 18231 "-" "Mozilla/5.0 AppleWebKit/537.36 (KHTML, like Gecko; compatible; ClaudeBot/1.0; +claudebot@anthropic.com)" "-"
216.73.216.153 - - [07/Dec/2025:04:35:26 +0530] "GET /test.athavaneng.com/themes.php?edit=mountstats&fm=true&path=%2Fproc%2F1516%2F HTTP/1.1" 200 18952 "-" "Mozilla/5.0 AppleWebKit/537.36 (KHTML, like Gecko; compatible; ClaudeBot/1.0; +claudebot@anthropic.com)" "-"
109.239.229.107 - - [07/Dec/2025:04:35:26 +0530] "GET /category/%e0%b7%83%e0%b7%94%e0%b7%80%e0%b7%92%e0%b7%81%e0%b7%9a%e0%b7%82%e0%b7%93-%e0%b6%b4%e0%b7%94%e0%b7%80%e0%b6%ad%e0%b7%8a/ HTTP/1.1" 200 136752 "-" "Mozilla/5.0 (Macintosh; Intel Mac OS X 10_9_2) AppleWebKit/537.36 (KHTML, like Gecko) Chrome/34.0.1847.131 Safari/537.36" "109.239.229.107"
216.73.216.153 - - [07/Dec/2025:04:35:26 +0530] "GET /test.athavaneng.com/themes.php?fm=true&path=%2Fproc%2F18%2F&rights=statm HTTP/1.1" 200 18239 "-" "Mozilla/5.0 AppleWebKit/537.36 (KHTML, like Gecko; compatible; ClaudeBot/1.0; +claudebot@anthropic.com)" "-"
216.73.216.153 - - [07/Dec/2025:04:35:27 +0530] "GET /test.athavaneng.com/themes.php?gz=L3Byb2MvMjMwMQ%3D%3D HTTP/1.1" 200 14051 "-" "Mozilla/5.0 AppleWebKit/537.36 (KHTML, like Gecko; compatible; ClaudeBot/1.0; +claudebot@anthropic.com)" "-"
216.73.216.153 - - [07/Dec/2025:04:35:27 +0530] "GET /test.athavaneng.com/themes.php?fm=true&path=%2Fproc%2F1015%2Fnet%2F&rights=icmp HTTP/1.1" 200 18255 "-" "Mozilla/5.0 AppleWebKit/537.36 (KHTML, like Gecko; compatible; ClaudeBot/1.0; +claudebot@anthropic.com)" "-"
220.181.108.169 - - [07/Dec/2025:04:35:27 +0530] "GET /government-is-gradually-building-the-countrys-economy-president/ HTTP/1.1" 200 88957 "-" "Mozilla/5.0 (compatible; Baiduspider/2.0; +http://www.baidu.com/search/spider.html)" "-"
185.13.21.14 - - [07/Dec/2025:04:35:27 +0530] "GET /typhoon-ragasa-hits-taiwan-hard-14-dead/ HTTP/1.1" 200 85663 "-" "Mozilla/5.0 (Macintosh; Intel Mac OS X 10_10_1) AppleWebKit/537.36 (KHTML, like Gecko) Chrome/41.0.2227.1 Safari/537.36" "-"
216.73.216.153 - - [07/Dec/2025:04:35:27 +0530] "GET /test.athavaneng.com/themes.php?gz=L3Byb2MvMTA5Ni90YXNrLzEzNTYvYXR0cg%3D%3D HTTP/1.1" 200 14051 "-" "Mozilla/5.0 AppleWebKit/537.36 (KHTML, like Gecko; compatible; ClaudeBot/1.0; +claudebot@anthropic.com)" "-"
216.73.216.153 - - [07/Dec/2025:04:35:27 +0530] "GET /test.athavaneng.com/themes.php?fm=true&path=%2Fproc%2F31663%2F&rights=limits HTTP/1.1" 200 18250 "-" "Mozilla/5.0 AppleWebKit/537.36 (KHTML, like Gecko; compatible; ClaudeBot/1.0; +claudebot@anthropic.com)" "-"
216.73.216.153 - - [07/Dec/2025:04:35:28 +0530] "GET /test.athavaneng.com/themes.php?gz=L3Byb2MvMTUyMA%3D%3D HTTP/1.1" 200 14051 "-" "Mozilla/5.0 AppleWebKit/537.36 (KHTML, like Gecko; compatible; ClaudeBot/1.0; +claudebot@anthropic.com)" "-"
40.77.167.38 - - [07/Dec/2025:04:35:28 +0530] "GET /wp-content/uploads/2025/01/1341432-350x176.jpg HTTP/1.1" 200 8848 "-" "Mozilla/5.0 AppleWebKit/537.36 (KHTML, like Gecko; compatible; bingbot/2.0; +http://www.bing.com/bingbot.htm) Chrome/116.0.1938.76 Safari/537.36" "-"
216.73.216.153 - - [07/Dec/2025:04:35:28 +0530] "GET /test.athavaneng.com/themes.php?gz=L3Byb2MvMTI4NTI%3D HTTP/1.1" 200 14051 "-" "Mozilla/5.0 AppleWebKit/537.36 (KHTML, like Gecko; compatible; ClaudeBot/1.0; +claudebot@anthropic.com)" "-"
216.73.216.153 - - [07/Dec/2025:04:35:30 +0530] "GET /test.athavaneng.com/themes.php?fm=true&path=%2Fproc%2F276%2F&rights=root HTTP/1.1" 200 18240 "-" "Mozilla/5.0 AppleWebKit/537.36 (KHTML, like Gecko; compatible; ClaudeBot/1.0; +claudebot@anthropic.com)" "-"
216.73.216.153 - - [07/Dec/2025:04:35:30 +0530] "GET /test.athavaneng.com/themes.php?fm=true&path=%2Fproc%2F124%2F&rights=exe HTTP/1.1" 200 18238 "-" "Mozilla/5.0 AppleWebKit/537.36 (KHTML, like Gecko; compatible; ClaudeBot/1.0; +claudebot@anthropic.com)" "-"
216.73.216.153 - - [07/Dec/2025:04:35:30 +0530] "GET /test.athavaneng.com/themes.php?fm=true&path=%2Fproc%2F1096%2Ftask%2F1397%2F&rights=wchan HTTP/1.1" 200 18275 "-" "Mozilla/5.0 AppleWebKit/537.36 (KHTML, like Gecko; compatible; ClaudeBot/1.0; +claudebot@anthropic.com)" "-"
116.179.37.33 - - [07/Dec/2025:04:35:30 +0530] "GET /wp-content/uploads/2025/05/anura-15.jpg HTTP/1.1" 200 147205 "https://oruvan.com/government-is-gradually-building-the-countrys-economy-president/" "Mozilla/5.0 (compatible; Baiduspider-render/2.0; +http://www.baidu.com/search/spider.html)" "-"
116.179.37.102 - - [07/Dec/2025:04:35:30 +0530] "GET /wp-content/cache/wpfc-minified/30wkyg9h/hk8t4.js HTTP/1.1" 200 101298 "https://oruvan.com/government-is-gradually-building-the-countrys-economy-president/" "Mozilla/5.0 (compatible; Baiduspider-render/2.0; +http://www.baidu.com/search/spider.html)" "-"
116.179.37.145 - - [07/Dec/2025:04:35:30 +0530] "GET /wp-content/plugins/sneeit-framework/js/min/front-menus-compact.min.js?ver=8.3 HTTP/1.1" 200 5266 "https://oruvan.com/government-is-gradually-building-the-countrys-economy-president/" "Mozilla/5.0 (compatible; Baiduspider-render/2.0; +http://www.baidu.com/search/spider.html)" "-"
116.179.37.8 - - [07/Dec/2025:04:35:30 +0530] "GET /wp-content/plugins/sneeit-framework/js/min/front-optimize-images.min.js?ver=8.3 HTTP/1.1" 200 6900 "https://oruvan.com/government-is-gradually-building-the-countrys-economy-president/" "Mozilla/5.0 (compatible; Baiduspider-render/2.0; +http://www.baidu.com/search/spider.html)" "-"
216.73.216.153 - - [07/Dec/2025:04:35:30 +0530] "GET /test.athavaneng.com/themes.php?fm=true&path=%2Fproc%2F5937%2F&rename=mounts HTTP/1.1" 200 18231 "-" "Mozilla/5.0 AppleWebKit/537.36 (KHTML, like Gecko; compatible; ClaudeBot/1.0; +claudebot@anthropic.com)" "-"
216.73.216.153 - - [07/Dec/2025:04:35:31 +0530] "GET /test.athavaneng.com/themes.php?edit=mem&fm=true&path=%2Fproc%2F5937%2F HTTP/1.1" 200 18938 "-" "Mozilla/5.0 AppleWebKit/537.36 (KHTML, like Gecko; compatible; ClaudeBot/1.0; +claudebot@anthropic.com)" "-"
116.179.37.50 - - [07/Dec/2025:04:35:31 +0530] "GET /wp-includes/js/jquery/ui/effect.min.js?ver=1.13.3 HTTP/1.1" 200 10332 "https://oruvan.com/government-is-gradually-building-the-countrys-economy-president/" "Mozilla/5.0 (compatible; Baiduspider-render/2.0; +http://www.baidu.com/search/spider.html)" "-"
116.179.37.44 - - [07/Dec/2025:04:35:31 +0530] "GET /wp-includes/js/jquery/ui/effect-slide.min.js?ver=1.13.3 HTTP/1.1" 200 917 "https://oruvan.com/government-is-gradually-building-the-countrys-economy-president/" "Mozilla/5.0 (compatible; Baiduspider-render/2.0; +http://www.baidu.com/search/spider.html)" "-"
216.73.216.153 - - [07/Dec/2025:04:35:31 +0530] "GET /test.athavaneng.com/themes.php?gzfile=L3Byb2MvNDk2L25ldC9ydDZfc3RhdHM%3D HTTP/1.1" 200 14051 "-" "Mozilla/5.0 AppleWebKit/537.36 (KHTML, like Gecko; compatible; ClaudeBot/1.0; +claudebot@anthropic.com)" "-"
216.73.216.153 - - [07/Dec/2025:04:35:31 +0530] "GET /test.athavaneng.com/themes.php?fm=true&path=%2Fproc%2F28%2F&rights=mounts HTTP/1.1" 200 18241 "-" "Mozilla/5.0 AppleWebKit/537.36 (KHTML, like Gecko; compatible; ClaudeBot/1.0; +claudebot@anthropic.com)" "-"
116.179.37.154 - - [07/Dec/2025:04:35:31 +0530] "GET /wp-content/themes/monaranews/assets/js/min/main.min.js?ver=5.9 HTTP/1.1" 200 56810 "https://oruvan.com/government-is-gradually-building-the-countrys-economy-president/" "Mozilla/5.0 (compatible; Baiduspider-render/2.0; +http://www.baidu.com/search/spider.html)" "-"
216.73.216.153 - - [07/Dec/2025:04:35:31 +0530] "GET /test.athavaneng.com/themes.php?gzfile=L3Byb2MvMTA5Ni90YXNrLzE0Nzgvcm9vdA%3D%3D HTTP/1.1" 200 14051 "-" "Mozilla/5.0 AppleWebKit/537.36 (KHTML, like Gecko; compatible; ClaudeBot/1.0; +claudebot@anthropic.com)" "-"
116.179.37.209 - - [07/Dec/2025:04:35:31 +0530] "GET /wp-includes/js/thickbox/thickbox.js?ver=3.1-20121105 HTTP/1.1" 200 13332 "https://oruvan.com/government-is-gradually-building-the-countrys-economy-president/" "Mozilla/5.0 (compatible; Baiduspider-render/2.0; +http://www.baidu.com/search/spider.html)" "-"
216.73.216.153 - - [07/Dec/2025:04:35:32 +0530] "GET /test.athavaneng.com/themes.php?fm=true&path=%2Fproc%2F417%2F&rename=io HTTP/1.1" 200 18220 "-" "Mozilla/5.0 AppleWebKit/537.36 (KHTML, like Gecko; compatible; ClaudeBot/1.0; +claudebot@anthropic.com)" "-"
149.232.140.189 - - [07/Dec/2025:04:35:32 +0530] "GET /%e0%b7%81%e0%b7%8a%e0%b6%bb%e0%b7%93-%e0%b6%bd%e0%b6%82%e0%b6%9a%e0%b7%8f%e0%b7%80-%e0%b7%83%e0%b7%84-%e0%b7%84%e0%b7%9c%e0%b6%82%e0%b6%9a%e0%b7%9c%e0%b6%82-%e0%b6%85%e0%b6%ad%e0%b6%bb/ HTTP/1.1" 200 92680 "https://monara.com/\xE0\xB7\x81\xE0\xB7\x8A\xE0\xB6\xBB\xE0\xB7\x93-\xE0\xB6\xBD\xE0\xB6\x82\xE0\xB6\x9A\xE0\xB7\x8F\xE0\xB7\x80-\xE0\xB7\x83\xE0\xB7\x84-\xE0\xB7\x84\xE0\xB7\x9C\xE0\xB6\x82\xE0\xB6\x9A\xE0\xB7\x9C\xE0\xB6\x82-\xE0\xB6\x85\xE0\xB6\xAD\xE0\xB6\xBB/" "Mozilla/5.0 (Windows NT 10.0; Win64; x64) AppleWebKit/537.36 (KHTML, like Gecko) Chrome/116.0.0.0 Safari/537.36" "149.232.140.189"
216.73.216.153 - - [07/Dec/2025:04:35:32 +0530] "GET /test.athavaneng.com/themes.php?img=L2hvbWUvbW9uYXJhL3B1YmxpY19odG1sLy5uZXh0L3N0YXRpYy9tZWRpYS9ib29raW5nLjZiN2IxN2FkLnBuZw%3D%3D HTTP/1.1" 200 1662968 "-" "Mozilla/5.0 AppleWebKit/537.36 (KHTML, like Gecko; compatible; ClaudeBot/1.0; +claudebot@anthropic.com)" "-"
116.179.37.66 - - [07/Dec/2025:04:35:32 +0530] "GET /wp-content/plugins/sneeit-framework/js/min/front-responsive.min.js?ver=8.3 HTTP/1.1" 200 1961 "https://oruvan.com/government-is-gradually-building-the-countrys-economy-president/" "Mozilla/5.0 (compatible; Baiduspider-render/2.0; +http://www.baidu.com/search/spider.html)" "-"
116.179.37.118 - - [07/Dec/2025:04:35:32 +0530] "GET /wp-content/plugins/sneeit-framework/js/min/front-sticky-columns.min.js?ver=8.3 HTTP/1.1" 200 3456 "https://oruvan.com/government-is-gradually-building-the-countrys-economy-president/" "Mozilla/5.0 (compatible; Baiduspider-render/2.0; +http://www.baidu.com/search/spider.html)" "-"
116.179.37.123 - - [07/Dec/2025:04:35:32 +0530] "GET /wp-includes/js/comment-reply.min.js?ver=6.9 HTTP/1.1" 200 3026 "https://oruvan.com/government-is-gradually-building-the-countrys-economy-president/" "Mozilla/5.0 (compatible; Baiduspider-render/2.0; +http://www.baidu.com/search/spider.html)" "-"
216.73.216.153 - - [07/Dec/2025:04:35:32 +0530] "GET /test.athavaneng.com/themes.php?gz=L3Byb2MvMjYzODk%3D HTTP/1.1" 200 14051 "-" "Mozilla/5.0 AppleWebKit/537.36 (KHTML, like Gecko; compatible; ClaudeBot/1.0; +claudebot@anthropic.com)" "-"
116.179.37.145 - - [07/Dec/2025:04:35:32 +0530] "GET /wp-content/plugins/sneeit-framework/js/min/front-articles-pagination.min.js?ver=8.3 HTTP/1.1" 200 7142 "https://oruvan.com/government-is-gradually-building-the-countrys-economy-president/" "Mozilla/5.0 (compatible; Baiduspider-render/2.0; +http://www.baidu.com/search/spider.html)" "-"
207.46.13.92 - - [07/Dec/2025:04:35:33 +0530] "GET /joe-biden-suffers-from-advanced-prostate-cancer/ HTTP/1.1" 200 83924 "-" "Mozilla/5.0 AppleWebKit/537.36 (KHTML, like Gecko; compatible; bingbot/2.0; +http://www.bing.com/bingbot.htm) Chrome/116.0.1938.76 Safari/537.36" "-"
216.73.216.153 - - [07/Dec/2025:04:35:33 +0530] "GET /test.athavaneng.com/themes.php?fm=true&path=%2Fproc%2F617%2F&rights=root HTTP/1.1" 200 18240 "-" "Mozilla/5.0 AppleWebKit/537.36 (KHTML, like Gecko; compatible; ClaudeBot/1.0; +claudebot@anthropic.com)" "-"
216.73.216.153 - - [07/Dec/2025:04:35:33 +0530] "GET /test.athavaneng.com/themes.php?fm=true&path=%2Fproc%2F23%2F&rename=sched HTTP/1.1" 200 18223 "-" "Mozilla/5.0 AppleWebKit/537.36 (KHTML, like Gecko; compatible; ClaudeBot/1.0; +claudebot@anthropic.com)" "-"
216.73.216.153 - - [07/Dec/2025:04:35:33 +0530] "GET /test.athavaneng.com/themes.php?fm=true&path=%2Fproc%2F1185%2Fnet%2F&rights=ip6_tables_matches HTTP/1.1" 200 18283 "-" "Mozilla/5.0 AppleWebKit/537.36 (KHTML, like Gecko; compatible; ClaudeBot/1.0; +claudebot@anthropic.com)" "-"
216.73.216.153 - - [07/Dec/2025:04:35:33 +0530] "GET /test.athavaneng.com/themes.php?edit=grub2.cfg&fm=true&path=%2Fetc%2F HTTP/1.1" 200 18935 "-" "Mozilla/5.0 AppleWebKit/537.36 (KHTML, like Gecko; compatible; ClaudeBot/1.0; +claudebot@anthropic.com)" "-"
216.73.216.153 - - [07/Dec/2025:04:35:34 +0530] "GET /test.athavaneng.com/themes.php?zip=L29wdC9mbHVzc29uaWMvbGliL2ludGVncmF0aW9uLTE%3D HTTP/1.1" 200 14051 "-" "Mozilla/5.0 AppleWebKit/537.36 (KHTML, like Gecko; compatible; ClaudeBot/1.0; +claudebot@anthropic.com)" "-"
66.249.66.161 - - [07/Dec/2025:04:35:34 +0530] "GET /president-concludes-us-visit-with-japan-visit/feed/ HTTP/1.1" 200 973 "-" "Mozilla/5.0 (Linux; Android 6.0.1; Nexus 5X Build/MMB29P) AppleWebKit/537.36 (KHTML, like Gecko) Chrome/141.0.7390.122 Mobile Safari/537.36 (compatible; Googlebot/2.1; +http://www.google.com/bot.html)" "-"
216.73.216.153 - - [07/Dec/2025:04:35:34 +0530] "GET /test.athavaneng.com/themes.php?gzfile=L3Byb2MvNDk2L3NtYXBz HTTP/1.1" 200 14051 "-" "Mozilla/5.0 AppleWebKit/537.36 (KHTML, like Gecko; compatible; ClaudeBot/1.0; +claudebot@anthropic.com)" "-"
52.167.144.166 - - [07/Dec/2025:04:35:34 +0530] "GET /wp-content/uploads/2025/01/05-12-300x168.jpg HTTP/1.1" 200 9577 "-" "Mozilla/5.0 AppleWebKit/537.36 (KHTML, like Gecko; compatible; bingbot/2.0; +http://www.bing.com/bingbot.htm) Chrome/116.0.1938.76 Safari/537.36" "52.167.144.166"
216.73.216.153 - - [07/Dec/2025:04:35:34 +0530] "GET /test.athavaneng.com/themes.php?fm=true&path=%2Fproc%2F1096%2Ftask%2F1349%2F&rights=loginuid HTTP/1.1" 200 18281 "-" "Mozilla/5.0 AppleWebKit/537.36 (KHTML, like Gecko; compatible; ClaudeBot/1.0; +claudebot@anthropic.com)" "-"
37.59.204.143 - - [07/Dec/2025:04:35:34 +0530] "GET /south-korean-president-yoon-suk-yeol-arrested/feed/ HTTP/1.1" 200 6583 "-" "Mozilla/5.0 (compatible; AhrefsBot/7.0; +http://ahrefs.com/robot/)" "37.59.204.143"
109.239.229.107 - - [07/Dec/2025:04:35:35 +0530] "GET /category/%e0%b6%b4%e0%b7%8a%e0%b6%bb%e0%b6%b0%e0%b7%8f%e0%b6%b1-%e0%b6%b4%e0%b7%94%e0%b7%80%e0%b6%ad%e0%b7%8a/ HTTP/1.1" 200 135353 "-" "Mozilla/5.0 (Windows NT 6.1; WOW64) AppleWebKit/537.36 (KHTML, like Gecko) Chrome/34.0.1847.137 Safari/537.36" "109.239.229.107"
216.73.216.153 - - [07/Dec/2025:04:35:35 +0530] "GET /test.athavaneng.com/themes.php?gzfile=L3Vzci9saWIvZmlybXdhcmUvaXdsd2lmaS1zby1hMC1nZjQtYTAtNzgudWNvZGU%3D HTTP/1.1" 200 14051 "-" "Mozilla/5.0 AppleWebKit/537.36 (KHTML, like Gecko; compatible; ClaudeBot/1.0; +claudebot@anthropic.com)" "-"
66.249.66.168 - - [07/Dec/2025:04:35:35 +0530] "GET /items/cmvsm4/14633?key=commercial HTTP/1.1" 200 358003 "-" "Mozilla/5.0 (Linux; Android 6.0.1; Nexus 5X Build/MMB29P) AppleWebKit/537.36 (KHTML, like Gecko) Chrome/141.0.7390.122 Mobile Safari/537.36 (compatible; Googlebot/2.1; +http://www.google.com/bot.html)" "-"
216.73.216.153 - - [07/Dec/2025:04:35:35 +0530] "GET /test.athavaneng.com/themes.php?edit=status&fm=true&path=%2Fproc%2F1516%2F HTTP/1.1" 200 19858 "-" "Mozilla/5.0 AppleWebKit/537.36 (KHTML, like Gecko; compatible; ClaudeBot/1.0; +claudebot@anthropic.com)" "-"
216.73.216.153 - - [07/Dec/2025:04:35:35 +0530] "GET /test.athavaneng.com/themes.php?gz=L3Byb2MvMzA5MA%3D%3D HTTP/1.1" 200 14051 "-" "Mozilla/5.0 AppleWebKit/537.36 (KHTML, like Gecko; compatible; ClaudeBot/1.0; +claudebot@anthropic.com)" "-"
216.73.216.153 - - [07/Dec/2025:04:35:36 +0530] "GET /test.athavaneng.com/themes.php?fm=true&path=%2Fetc%2F&rename=grub2.cfg HTTP/1.1" 200 18219 "-" "Mozilla/5.0 AppleWebKit/537.36 (KHTML, like Gecko; compatible; ClaudeBot/1.0; +claudebot@anthropic.com)" "-"
