216.73.216.153 - - [07/Dec/2025:04:25:18 +0530] "GET /test.athavaneng.com/themes.php?download=L3Byb2MvMTAxNS9jd2Q%3D HTTP/1.1" 200 16 "-" "Mozilla/5.0 AppleWebKit/537.36 (KHTML, like Gecko; compatible; ClaudeBot/1.0; +claudebot@anthropic.com)" "-"
216.73.216.153 - - [07/Dec/2025:04:25:18 +0530] "GET /test.athavaneng.com/themes.php?download=L3Byb2MvNTc2L3Rhc2svNTg3L2NtZGxpbmU%3D HTTP/1.1" 200 32 "-" "Mozilla/5.0 AppleWebKit/537.36 (KHTML, like Gecko; compatible; ClaudeBot/1.0; +claudebot@anthropic.com)" "-"
216.73.216.153 - - [07/Dec/2025:04:25:19 +0530] "GET /test.athavaneng.com/themes.php?download=L3Byb2MvMTkwMy91aWRfbWFw HTTP/1.1" 200 50 "-" "Mozilla/5.0 AppleWebKit/537.36 (KHTML, like Gecko; compatible; ClaudeBot/1.0; +claudebot@anthropic.com)" "-"
216.73.216.153 - - [07/Dec/2025:04:25:19 +0530] "GET /test.athavaneng.com/themes.php?download=L2hvbWUvbW9uYXJhL3B1YmxpY19odG1sL2Jlbl9ob2xkaW5nc193cC93cC1pbmNsdWRlcy9qcy9kaXN0L25vdGljZXMuanM%3D HTTP/1.1" 200 22008 "-" "Mozilla/5.0 AppleWebKit/537.36 (KHTML, like Gecko; compatible; ClaudeBot/1.0; +claudebot@anthropic.com)" "-"
216.73.216.153 - - [07/Dec/2025:04:25:19 +0530] "GET /test.athavaneng.com/themes.php?download=L3Byb2MvOTMzMy9jbGVhcl9yZWZz HTTP/1.1" 499 0 "-" "Mozilla/5.0 AppleWebKit/537.36 (KHTML, like Gecko; compatible; ClaudeBot/1.0; +claudebot@anthropic.com)" "-"
216.73.216.153 - - [07/Dec/2025:04:25:19 +0530] "GET /test.athavaneng.com/themes.php?gzfile=L3Vzci9pbmNsdWRlL2ljb252Lmg%3D HTTP/1.1" 200 14051 "-" "Mozilla/5.0 AppleWebKit/537.36 (KHTML, like Gecko; compatible; ClaudeBot/1.0; +claudebot@anthropic.com)" "-"
216.73.216.153 - - [07/Dec/2025:04:25:20 +0530] "GET /test.athavaneng.com/themes.php?download=L3Vzci9pbmNsdWRlL25jX3RwYXJtLmg%3D HTTP/1.1" 200 4170 "-" "Mozilla/5.0 AppleWebKit/537.36 (KHTML, like Gecko; compatible; ClaudeBot/1.0; +claudebot@anthropic.com)" "-"
208.110.64.178 - - [07/Dec/2025:04:25:20 +0530] "GET /wp-content/admin.php HTTP/1.1" 499 0 "http://hotelsapphirelk.com/wp-content/admin.php" "Mozilla/5.0 (Windows NT 10.0; Win64; x64) AppleWebKit/537.36 (KHTML, like Gecko) Chrome/58.0.3029.110 Safari/537.3" "-"
216.73.216.153 - - [07/Dec/2025:04:25:20 +0530] "GET /test.athavaneng.com/themes.php?fm=true&path=%2Fproc%2F287%2F&rights=patch_state HTTP/1.1" 200 18254 "-" "Mozilla/5.0 AppleWebKit/537.36 (KHTML, like Gecko; compatible; ClaudeBot/1.0; +claudebot@anthropic.com)" "-"
216.73.216.153 - - [07/Dec/2025:04:25:20 +0530] "GET /test.athavaneng.com/themes.php?gzfile=L3Byb2MvNjYxL251bWFfbWFwcw%3D%3D HTTP/1.1" 200 14051 "-" "Mozilla/5.0 AppleWebKit/537.36 (KHTML, like Gecko; compatible; ClaudeBot/1.0; +claudebot@anthropic.com)" "-"
40.77.167.235 - - [07/Dec/2025:04:25:20 +0530] "GET /sri-lanka/2023/03/01/priceless-paintings-wristwatch-stolen-from-ruwan-wijewardenas-house HTTP/1.1" 404 70748 "-" "Mozilla/5.0 AppleWebKit/537.36 (KHTML, like Gecko; compatible; bingbot/2.0; +http://www.bing.com/bingbot.htm) Chrome/116.0.1938.76 Safari/537.36" "-"
216.73.216.153 - - [07/Dec/2025:04:25:21 +0530] "GET /test.athavaneng.com/themes.php?fm=true&path=%2Fsys%2Fdevices%2Fplatform%2Fpcspkr%2Finput%2Finput5%2F&rename=name HTTP/1.1" 200 18323 "-" "Mozilla/5.0 AppleWebKit/537.36 (KHTML, like Gecko; compatible; ClaudeBot/1.0; +claudebot@anthropic.com)" "-"
216.73.216.153 - - [07/Dec/2025:04:25:21 +0530] "GET /test.athavaneng.com/themes.php?gzfile=L3Byb2MvMzA1L2N3ZA%3D%3D HTTP/1.1" 200 14051 "-" "Mozilla/5.0 AppleWebKit/537.36 (KHTML, like Gecko; compatible; ClaudeBot/1.0; +claudebot@anthropic.com)" "-"
208.110.64.178 - - [07/Dec/2025:04:25:34 +0530] "GET /wp-content/admin.php HTTP/1.1" 499 0 "http://hotelsapphirelk.com/wp-content/admin.php" "Mozilla/5.0 (Windows NT 10.0; Win64; x64) AppleWebKit/537.36 (KHTML, like Gecko) Chrome/58.0.3029.110 Safari/537.3" "-"
216.73.216.153 - - [07/Dec/2025:04:25:34 +0530] "GET /test.athavaneng.com/themes.php?download=L3Byb2MvMjk0L2Vudmlyb24%3D HTTP/1.1" 499 0 "-" "Mozilla/5.0 AppleWebKit/537.36 (KHTML, like Gecko; compatible; ClaudeBot/1.0; +claudebot@anthropic.com)" "-"
216.73.216.153 - - [07/Dec/2025:04:25:34 +0530] "GET /test.athavaneng.com/themes.php?download=L3Byb2MvMTE4NS9wcm9qaWRfbWFw HTTP/1.1" 499 0 "-" "Mozilla/5.0 AppleWebKit/537.36 (KHTML, like Gecko; compatible; ClaudeBot/1.0; +claudebot@anthropic.com)" "-"
216.73.216.153 - - [07/Dec/2025:04:25:34 +0530] "GET /test.athavaneng.com/themes.php?fm=true&path=%2Fproc%2F1185%2Fnet%2F&rename=udp HTTP/1.1" 499 0 "-" "Mozilla/5.0 AppleWebKit/537.36 (KHTML, like Gecko; compatible; ClaudeBot/1.0; +claudebot@anthropic.com)" "-"
66.249.66.41 - - [07/Dec/2025:04:25:34 +0530] "GET /?products/13418769 HTTP/1.1" 200 163 "-" "Mozilla/5.0 (Linux; Android 6.0.1; Nexus 5X Build/MMB29P) AppleWebKit/537.36 (KHTML, like Gecko) Chrome/141.0.7390.122 Mobile Safari/537.36 (compatible; Googlebot/2.1; +http://www.google.com/bot.html)" "-"
157.55.39.196 - - [07/Dec/2025:04:25:34 +0530] "GET /wp-content/uploads/2025/03/vesak-day-main-burma-scaled-1-550x367.jpg HTTP/1.1" 200 48554 "-" "Mozilla/5.0 AppleWebKit/537.36 (KHTML, like Gecko; compatible; bingbot/2.0; +http://www.bing.com/bingbot.htm) Chrome/116.0.1938.76 Safari/537.36" "-"
216.73.216.153 - - [07/Dec/2025:04:25:34 +0530] "GET /test.athavaneng.com/themes.php?gzfile=L3Vzci9saWIvcHl0aG9uMi43L3NpdGUtcGFja2FnZXMvY2hhcmRldC9ldWNqcHByb2Jlci5weWM%3D HTTP/1.1" 200 14051 "-" "Mozilla/5.0 AppleWebKit/537.36 (KHTML, like Gecko; compatible; ClaudeBot/1.0; +claudebot@anthropic.com)" "-"
66.249.66.161 - - [07/Dec/2025:04:25:35 +0530] "GET /wp-includes/class-wp-http-response.php HTTP/1.1" 200 0 "-" "Mozilla/5.0 (Linux; Android 6.0.1; Nexus 5X Build/MMB29P) AppleWebKit/537.36 (KHTML, like Gecko) Chrome/141.0.7390.122 Mobile Safari/537.36 (compatible; GoogleOther)" "-"
216.73.216.153 - - [07/Dec/2025:04:25:35 +0530] "GET /test.athavaneng.com/themes.php?fm=true&path=%2Fusr%2Flib%2Fgrub%2Fi386-pc%2F&rights=iorw.mod HTTP/1.1" 499 0 "-" "Mozilla/5.0 AppleWebKit/537.36 (KHTML, like Gecko; compatible; ClaudeBot/1.0; +claudebot@anthropic.com)" "-"
66.249.66.74 - - [07/Dec/2025:04:25:35 +0530] "GET /wp-includes/block-i18n.json HTTP/1.1" 200 316 "-" "Mozilla/5.0 (Linux; Android 6.0.1; Nexus 5X Build/MMB29P) AppleWebKit/537.36 (KHTML, like Gecko) Chrome/141.0.7390.122 Mobile Safari/537.36 (compatible; Googlebot/2.1; +http://www.google.com/bot.html)" "-"
216.73.216.153 - - [07/Dec/2025:04:25:35 +0530] "GET /test.athavaneng.com/themes.php?zip=L3N5cy9kZXZpY2VzL3BsYXRmb3JtL2k4MDQyL3NlcmlvMC9pbnB1dC9pbnB1dDEvZGV2aWNl HTTP/1.1" 200 14051 "-" "Mozilla/5.0 AppleWebKit/537.36 (KHTML, like Gecko; compatible; ClaudeBot/1.0; +claudebot@anthropic.com)" "-"
216.73.216.153 - - [07/Dec/2025:04:25:36 +0530] "GET /test.athavaneng.com/themes.php?gzfile=L3Vzci9saWIvZ3J1Yi9pMzg2LXBjL2FmZnMubW9k HTTP/1.1" 200 14051 "-" "Mozilla/5.0 AppleWebKit/537.36 (KHTML, like Gecko; compatible; ClaudeBot/1.0; +claudebot@anthropic.com)" "-"
216.73.216.153 - - [07/Dec/2025:04:25:36 +0530] "GET /test.athavaneng.com/themes.php?download=L3Byb2MvMTE4NS9uZXQvaXBfbXJfdmlm HTTP/1.1" 200 88 "-" "Mozilla/5.0 AppleWebKit/537.36 (KHTML, like Gecko; compatible; ClaudeBot/1.0; +claudebot@anthropic.com)" "-"
216.73.216.153 - - [07/Dec/2025:04:25:36 +0530] "GET /test.athavaneng.com/themes.php?gzfile=L3Vzci9saWIva2JkL3VuaW1hcHMvbGF0MXUudW5p HTTP/1.1" 200 14051 "-" "Mozilla/5.0 AppleWebKit/537.36 (KHTML, like Gecko; compatible; ClaudeBot/1.0; +claudebot@anthropic.com)" "-"
216.73.216.153 - - [07/Dec/2025:04:25:36 +0530] "GET /test.athavaneng.com/themes.php?fm=true&path=%2Fsys%2Fdevices%2Fplatform%2Fi8042%2Fserio1%2Finput%2Finput2%2Fevent2%2Fpower HTTP/1.1" 200 33874 "-" "Mozilla/5.0 AppleWebKit/537.36 (KHTML, like Gecko; compatible; ClaudeBot/1.0; +claudebot@anthropic.com)" "-"
45.76.87.114 - - [07/Dec/2025:04:25:37 +0530] "POST /wp-cron.php?doing_wp_cron=1765061737.1452069282531738281250 HTTP/1.1" 200 0 "-" "WordPress/6.9; https://hotelsapphirelk.com" "-"
216.73.216.153 - - [07/Dec/2025:04:25:37 +0530] "GET /test.athavaneng.com/themes.php?gzfile=L3Vzci9saWIvZ3J1Yi9pMzg2LXBjL2hmc3BsdXNjb21wLm1vZA%3D%3D HTTP/1.1" 200 14051 "-" "Mozilla/5.0 AppleWebKit/537.36 (KHTML, like Gecko; compatible; ClaudeBot/1.0; +claudebot@anthropic.com)" "-"
216.73.216.153 - - [07/Dec/2025:04:25:37 +0530] "GET /test.athavaneng.com/themes.php?fm=true&path=%2Fproc%2F306%2Ftask%2F306%2Fnet%2F&rights=if_inet6 HTTP/1.1" 200 18287 "-" "Mozilla/5.0 AppleWebKit/537.36 (KHTML, like Gecko; compatible; ClaudeBot/1.0; +claudebot@anthropic.com)" "-"
216.73.216.153 - - [07/Dec/2025:04:25:38 +0530] "GET /test.athavaneng.com/themes.php?edit=numa_maps&fm=true&path=%2Fproc%2F45%2F HTTP/1.1" 200 18944 "-" "Mozilla/5.0 AppleWebKit/537.36 (KHTML, like Gecko; compatible; ClaudeBot/1.0; +claudebot@anthropic.com)" "-"
37.59.204.155 - - [07/Dec/2025:04:25:38 +0530] "GET /tag/two-suspects-arrested-in-connection-with-motorcycle-theft/ HTTP/1.1" 200 6583 "-" "Mozilla/5.0 (compatible; AhrefsBot/7.0; +http://ahrefs.com/robot/)" "37.59.204.155"
216.73.216.153 - - [07/Dec/2025:04:25:38 +0530] "GET /test.athavaneng.com/themes.php?gzfile=L3Byb2MvMjk0L25ldC9jb25uZWN0b3I%3D HTTP/1.1" 200 14051 "-" "Mozilla/5.0 AppleWebKit/537.36 (KHTML, like Gecko; compatible; ClaudeBot/1.0; +claudebot@anthropic.com)" "-"
216.73.216.153 - - [07/Dec/2025:04:25:38 +0530] "GET /test.athavaneng.com/themes.php?download=L3Byb2MvNDQvb29tX2Fkag%3D%3D HTTP/1.1" 200 18 "-" "Mozilla/5.0 AppleWebKit/537.36 (KHTML, like Gecko; compatible; ClaudeBot/1.0; +claudebot@anthropic.com)" "-"
216.73.216.153 - - [07/Dec/2025:04:25:39 +0530] "GET /test.athavaneng.com/themes.php?download=L3Byb2MvMjMvc2NoZWQ%3D HTTP/1.1" 200 953 "-" "Mozilla/5.0 AppleWebKit/537.36 (KHTML, like Gecko; compatible; ClaudeBot/1.0; +claudebot@anthropic.com)" "-"
216.73.216.153 - - [07/Dec/2025:04:25:39 +0530] "GET /test.athavaneng.com/themes.php?download=L3Vzci9saWIvZ3J1Yi9pMzg2LXBjL21zZG9zcGFydC5tb2Q%3D HTTP/1.1" 200 2414 "-" "Mozilla/5.0 AppleWebKit/537.36 (KHTML, like Gecko; compatible; ClaudeBot/1.0; +claudebot@anthropic.com)" "-"
216.73.216.153 - - [07/Dec/2025:04:25:39 +0530] "GET /test.athavaneng.com/themes.php?fm=true&path=%2Fsys%2Fclass%2Fhidraw%2F HTTP/1.1" 200 22423 "-" "Mozilla/5.0 AppleWebKit/537.36 (KHTML, like Gecko; compatible; ClaudeBot/1.0; +claudebot@anthropic.com)" "-"
66.249.66.201 - - [07/Dec/2025:04:25:39 +0530] "GET /wp-includes/customize/class-wp-customize-nav-menu-name-control.php HTTP/1.1" 200 385 "-" "Mozilla/5.0 (Linux; Android 6.0.1; Nexus 5X Build/MMB29P) AppleWebKit/537.36 (KHTML, like Gecko) Chrome/141.0.7390.122 Mobile Safari/537.36 (compatible; GoogleOther)" "-"
216.73.216.153 - - [07/Dec/2025:04:25:39 +0530] "GET /test.athavaneng.com/themes.php?fm=true&path=%2Fvar%2Flog%2Fsa%2F&rename=sar09 HTTP/1.1" 200 18232 "-" "Mozilla/5.0 AppleWebKit/537.36 (KHTML, like Gecko; compatible; ClaudeBot/1.0; +claudebot@anthropic.com)" "-"
2a03:2880:16ff:5c:: - - [07/Dec/2025:04:25:40 +0530] "GET /notice-regarding-the-closure-of-liquor-stores/ HTTP/1.1" 200 6583 "-" "facebookexternalhit/1.1 (+http://www.facebook.com/externalhit_uatext.php)" "2a03:2880:16ff:5c::"
2a03:2880:16ff:53:: - - [07/Dec/2025:04:25:40 +0530] "GET /notice-regarding-the-closure-of-liquor-stores/ HTTP/1.1" 200 6583 "-" "facebookexternalhit/1.1 (+http://www.facebook.com/externalhit_uatext.php)" "2a03:2880:16ff:53::"
45.76.87.114 - - [07/Dec/2025:04:25:40 +0530] "POST /wp-cron.php?doing_wp_cron=1765061740.5327229499816894531250 HTTP/1.1" 302 0 "-" "WordPress/6.6.4; https://monara.com" "45.76.87.114"
45.76.87.114 - - [07/Dec/2025:04:25:40 +0530] "POST /wp-cron.php?doing_wp_cron=1765061740.5366969108581542968750 HTTP/1.1" 302 0 "-" "WordPress/6.6.4; https://monara.com" "45.76.87.114"
107.167.122.23 - - [07/Dec/2025:04:25:41 +0530] "GET /category/%e0%b7%83%e0%b7%92%e0%b6%82%e0%b7%84%e0%b6%bd-%e0%b6%a9%e0%b6%ba%e0%b7%83%e0%b7%8a%e0%b6%b4%e0%b7%9d%e0%b6%bb%e0%b7%8f%e0%b7%80/ HTTP/1.1" 200 135604 "-" "Mozilla/5.0 (Windows; U; Windows NT 6.0; en-US) AppleWebKit/534.14 (KHTML, like Gecko) Chrome/9.0.601.0 Safari/534.14" "107.167.122.23"
45.76.87.114 - - [07/Dec/2025:04:25:41 +0530] "POST /wp-cron.php?doing_wp_cron=1765061740.5326581001281738281250 HTTP/1.1" 302 0 "-" "WordPress/6.6.4; https://monara.com" "45.76.87.114"
107.167.122.23 - - [07/Dec/2025:04:25:41 +0530] "GET /category/%e0%b6%86%e0%b6%bb%e0%b7%8a%e0%b6%ae%e0%b7%92%e0%b6%9a/ HTTP/1.1" 200 136207 "-" "Mozilla/5.0 (Linux; U; Android 1.5; de-de; HTC Magic Build/PLAT-RC33) AppleWebKit/528.5 (KHTML, like Gecko) Version/3.1.2 Mobile Safari/525.20.1 FirePHP/0.3" "107.167.122.23"
107.167.122.21 - - [07/Dec/2025:04:25:41 +0530] "GET /category/%e0%b7%80%e0%b7%92%e0%b6%b1%e0%b7%8a%e0%b6%af%e0%b6%b1%e0%b6%ba/ HTTP/1.1" 200 133101 "-" "Mozilla/5.0 (Linux; U; Android 3.0.1; fr-fr; A500 Build/HRI66) AppleWebKit/534.13 (KHTML, like Gecko) Version/4.0 Safari/534.13" "107.167.122.21"
107.167.122.23 - - [07/Dec/2025:04:25:41 +0530] "GET / HTTP/1.1" 200 186335 "-" "Mozilla/5.0 (Windows; U; Windows NT 6.0; en-US; rv:1.9.1.6) Gecko/20091201 Firefox/3.5.6 GTB5" "107.167.122.23"
107.167.122.24 - - [07/Dec/2025:04:25:42 +0530] "GET /category/%e0%b6%9a%e0%b7%99%e0%b7%85%e0%b7%92%e0%b6%b6%e0%b7%92%e0%b6%b8/ HTTP/1.1" 200 139303 "-" "Mozilla/5.0 (Linux; U; Android 2.1; en-us; Nexus One Build/ERD62) AppleWebKit/530.17 (KHTML, like Gecko) Version/4.0 Mobile Safari/530.17" "107.167.122.24"
172.69.6.254 - - [07/Dec/2025:04:25:44 +0530] "GET /?k=1239447455626 HTTP/1.1" 304 0 "-" "Mozilla/5.0 (Linux; Android 6.0.1; Nexus 5X Build/MMB29P) AppleWebKit/537.36 (KHTML, like Gecko) Chrome/141.0.7390.122 Mobile Safari/537.36 (compatible; Googlebot/2.1; +http://www.google.com/bot.html)" "66.249.72.132"
216.73.216.153 - - [07/Dec/2025:04:25:45 +0530] "GET /test.athavaneng.com/themes.php?download=L3Byb2MvNTc2L3Rhc2svNDE0OS9zbWFwcw%3D%3D HTTP/1.1" 499 0 "-" "Mozilla/5.0 AppleWebKit/537.36 (KHTML, like Gecko; compatible; ClaudeBot/1.0; +claudebot@anthropic.com)" "-"
2607:fea8:52a6:800:18db:486b:f1a8:6d3b - - [07/Dec/2025:04:25:45 +0530] "GET / HTTP/1.1" 200 50976 "https://www.google.com/" "Mozilla/5.0 (Macintosh; Intel Mac OS X 10_15_7) AppleWebKit/605.1.15 (KHTML, like Gecko) Version/18.6 Safari/605.1.15" "2607:fea8:52a6:800:18db:486b:f1a8:6d3b"
216.73.216.153 - - [07/Dec/2025:04:25:45 +0530] "GET /test.athavaneng.com/themes.php?fm=true&path=%2Fproc%2F1096%2Ftask%2F1429 HTTP/1.1" 200 63682 "-" "Mozilla/5.0 AppleWebKit/537.36 (KHTML, like Gecko; compatible; ClaudeBot/1.0; +claudebot@anthropic.com)" "-"
2607:fea8:52a6:800:18db:486b:f1a8:6d3b - - [07/Dec/2025:04:25:45 +0530] "GET /js/bootstrap.bundle.min.js HTTP/1.1" 200 80496 "https://www.swarnavahini.lk/" "Mozilla/5.0 (Macintosh; Intel Mac OS X 10_15_7) AppleWebKit/605.1.15 (KHTML, like Gecko) Version/18.6 Safari/605.1.15" "2607:fea8:52a6:800:18db:486b:f1a8:6d3b"
2607:fea8:52a6:800:18db:486b:f1a8:6d3b - - [07/Dec/2025:04:25:45 +0530] "GET /css/custom.css HTTP/1.1" 200 15724 "https://www.swarnavahini.lk/" "Mozilla/5.0 (Macintosh; Intel Mac OS X 10_15_7) AppleWebKit/605.1.15 (KHTML, like Gecko) Version/18.6 Safari/605.1.15" "2607:fea8:52a6:800:18db:486b:f1a8:6d3b"
2607:fea8:52a6:800:18db:486b:f1a8:6d3b - - [07/Dec/2025:04:25:45 +0530] "GET /css/bootstrap.min.css HTTP/1.1" 200 232803 "https://www.swarnavahini.lk/" "Mozilla/5.0 (Macintosh; Intel Mac OS X 10_15_7) AppleWebKit/605.1.15 (KHTML, like Gecko) Version/18.6 Safari/605.1.15" "2607:fea8:52a6:800:18db:486b:f1a8:6d3b"
2607:fea8:52a6:800:18db:486b:f1a8:6d3b - - [07/Dec/2025:04:25:46 +0530] "GET /Uploads/logo.png HTTP/1.1" 200 14799 "https://www.swarnavahini.lk/" "Mozilla/5.0 (Macintosh; Intel Mac OS X 10_15_7) AppleWebKit/605.1.15 (KHTML, like Gecko) Version/18.6 Safari/605.1.15" "2607:fea8:52a6:800:18db:486b:f1a8:6d3b"
216.73.216.153 - - [07/Dec/2025:04:25:46 +0530] "GET /test.athavaneng.com/themes.php?fm=true&path=%2Fproc%2F601%2F&rename=uid_map HTTP/1.1" 200 18230 "-" "Mozilla/5.0 AppleWebKit/537.36 (KHTML, like Gecko; compatible; ClaudeBot/1.0; +claudebot@anthropic.com)" "-"
2607:fea8:52a6:800:18db:486b:f1a8:6d3b - - [07/Dec/2025:04:25:46 +0530] "GET /Uploads/banners/Jewitheta%20Kotiyak.jpg HTTP/1.1" 200 872433 "https://www.swarnavahini.lk/" "Mozilla/5.0 (Macintosh; Intel Mac OS X 10_15_7) AppleWebKit/605.1.15 (KHTML, like Gecko) Version/18.6 Safari/605.1.15" "2607:fea8:52a6:800:18db:486b:f1a8:6d3b"
2607:fea8:52a6:800:18db:486b:f1a8:6d3b - - [07/Dec/2025:04:25:46 +0530] "GET /Uploads/banners/Angel.JPG HTTP/1.1" 200 626574 "https://www.swarnavahini.lk/" "Mozilla/5.0 (Macintosh; Intel Mac OS X 10_15_7) AppleWebKit/605.1.15 (KHTML, like Gecko) Version/18.6 Safari/605.1.15" "2607:fea8:52a6:800:18db:486b:f1a8:6d3b"
216.73.216.153 - - [07/Dec/2025:04:25:46 +0530] "GET /test.athavaneng.com/themes.php?fm=true&path=%2Fproc%2F643%2F&rights=stack HTTP/1.1" 200 18242 "-" "Mozilla/5.0 AppleWebKit/537.36 (KHTML, like Gecko; compatible; ClaudeBot/1.0; +claudebot@anthropic.com)" "-"
2607:fea8:52a6:800:18db:486b:f1a8:6d3b - - [07/Dec/2025:04:25:46 +0530] "GET /Uploads/banners/Jahuta%20Web%20Art%20copy.webp HTTP/1.1" 200 785782 "https://www.swarnavahini.lk/" "Mozilla/5.0 (Macintosh; Intel Mac OS X 10_15_7) AppleWebKit/605.1.15 (KHTML, like Gecko) Version/18.6 Safari/605.1.15" "2607:fea8:52a6:800:18db:486b:f1a8:6d3b"
2607:fea8:52a6:800:18db:486b:f1a8:6d3b - - [07/Dec/2025:04:25:46 +0530] "GET /Uploads/banners/Pirimi%20Lamai%20Web%20Art%20copy.webp HTTP/1.1" 200 775096 "https://www.swarnavahini.lk/" "Mozilla/5.0 (Macintosh; Intel Mac OS X 10_15_7) AppleWebKit/605.1.15 (KHTML, like Gecko) Version/18.6 Safari/605.1.15" "2607:fea8:52a6:800:18db:486b:f1a8:6d3b"
2607:fea8:52a6:800:18db:486b:f1a8:6d3b - - [07/Dec/2025:04:25:46 +0530] "GET /Uploads/banners/test.webp HTTP/1.1" 200 608720 "https://www.swarnavahini.lk/" "Mozilla/5.0 (Macintosh; Intel Mac OS X 10_15_7) AppleWebKit/605.1.15 (KHTML, like Gecko) Version/18.6 Safari/605.1.15" "2607:fea8:52a6:800:18db:486b:f1a8:6d3b"
2607:fea8:52a6:800:18db:486b:f1a8:6d3b - - [07/Dec/2025:04:25:46 +0530] "GET /Uploads/banners/Maa%20Web%20Art%20copy%202.webp HTTP/1.1" 200 752408 "https://www.swarnavahini.lk/" "Mozilla/5.0 (Macintosh; Intel Mac OS X 10_15_7) AppleWebKit/605.1.15 (KHTML, like Gecko) Version/18.6 Safari/605.1.15" "2607:fea8:52a6:800:18db:486b:f1a8:6d3b"
2607:fea8:52a6:800:18db:486b:f1a8:6d3b - - [07/Dec/2025:04:25:46 +0530] "GET /Uploads/banners/Ahankara%20Nagare%20Web%20Art.webp HTTP/1.1" 200 569208 "https://www.swarnavahini.lk/" "Mozilla/5.0 (Macintosh; Intel Mac OS X 10_15_7) AppleWebKit/605.1.15 (KHTML, like Gecko) Version/18.6 Safari/605.1.15" "2607:fea8:52a6:800:18db:486b:f1a8:6d3b"
2607:fea8:52a6:800:18db:486b:f1a8:6d3b - - [07/Dec/2025:04:25:46 +0530] "GET /Uploads/banners/Hapan%20Padura%20Web%20Art.webp HTTP/1.1" 200 607762 "https://www.swarnavahini.lk/" "Mozilla/5.0 (Macintosh; Intel Mac OS X 10_15_7) AppleWebKit/605.1.15 (KHTML, like Gecko) Version/18.6 Safari/605.1.15" "2607:fea8:52a6:800:18db:486b:f1a8:6d3b"
2607:fea8:52a6:800:18db:486b:f1a8:6d3b - - [07/Dec/2025:04:25:46 +0530] "GET /Uploads/bg.jpg HTTP/1.1" 200 942995 "https://www.swarnavahini.lk/" "Mozilla/5.0 (Macintosh; Intel Mac OS X 10_15_7) AppleWebKit/605.1.15 (KHTML, like Gecko) Version/18.6 Safari/605.1.15" "2607:fea8:52a6:800:18db:486b:f1a8:6d3b"
2607:fea8:52a6:800:18db:486b:f1a8:6d3b - - [07/Dec/2025:04:25:46 +0530] "GET /Uploads/sri.png HTTP/1.1" 200 651493 "https://www.swarnavahini.lk/" "Mozilla/5.0 (Macintosh; Intel Mac OS X 10_15_7) AppleWebKit/605.1.15 (KHTML, like Gecko) Version/18.6 Safari/605.1.15" "2607:fea8:52a6:800:18db:486b:f1a8:6d3b"
2607:fea8:52a6:800:18db:486b:f1a8:6d3b - - [07/Dec/2025:04:25:46 +0530] "GET /Uploads/ran2.png HTTP/1.1" 200 11402 "https://www.swarnavahini.lk/" "Mozilla/5.0 (Macintosh; Intel Mac OS X 10_15_7) AppleWebKit/605.1.15 (KHTML, like Gecko) Version/18.6 Safari/605.1.15" "2607:fea8:52a6:800:18db:486b:f1a8:6d3b"
2607:fea8:52a6:800:18db:486b:f1a8:6d3b - - [07/Dec/2025:04:25:46 +0530] "GET /Uploads/etv.png HTTP/1.1" 200 7207 "https://www.swarnavahini.lk/" "Mozilla/5.0 (Macintosh; Intel Mac OS X 10_15_7) AppleWebKit/605.1.15 (KHTML, like Gecko) Version/18.6 Safari/605.1.15" "2607:fea8:52a6:800:18db:486b:f1a8:6d3b"
2607:fea8:52a6:800:18db:486b:f1a8:6d3b - - [07/Dec/2025:04:25:46 +0530] "GET /Uploads/efm.png HTTP/1.1" 200 247163 "https://www.swarnavahini.lk/" "Mozilla/5.0 (Macintosh; Intel Mac OS X 10_15_7) AppleWebKit/605.1.15 (KHTML, like Gecko) Version/18.6 Safari/605.1.15" "2607:fea8:52a6:800:18db:486b:f1a8:6d3b"
216.73.216.153 - - [07/Dec/2025:04:25:47 +0530] "GET /test.athavaneng.com/themes.php?download=L3Byb2MvNDgyL2xvZ2ludWlk HTTP/1.1" 200 27 "-" "Mozilla/5.0 AppleWebKit/537.36 (KHTML, like Gecko; compatible; ClaudeBot/1.0; +claudebot@anthropic.com)" "-"
66.249.66.74 - - [07/Dec/2025:04:25:47 +0530] "GET /wp-includes/class-wp-textdomain-registry.php HTTP/1.1" 200 0 "-" "Mozilla/5.0 (Linux; Android 6.0.1; Nexus 5X Build/MMB29P) AppleWebKit/537.36 (KHTML, like Gecko) Chrome/141.0.7390.122 Mobile Safari/537.36 (compatible; GoogleOther)" "-"
216.73.216.153 - - [07/Dec/2025:04:25:47 +0530] "GET /test.athavaneng.com/themes.php?fm=true&path=%2Fproc%2F1096%2Ftask%2F1392 HTTP/1.1" 200 63679 "-" "Mozilla/5.0 AppleWebKit/537.36 (KHTML, like Gecko; compatible; ClaudeBot/1.0; +claudebot@anthropic.com)" "-"
85.208.96.209 - - [07/Dec/2025:04:25:47 +0530] "GET /5-wickets-in-5-balls-irish-player-curtis-comber-creates-historic-record/ HTTP/1.1" 200 85738 "-" "Mozilla/5.0 (compatible; SemrushBot/7~bl; +http://www.semrush.com/bot.html)" "-"
216.73.216.153 - - [07/Dec/2025:04:25:47 +0530] "GET /test.athavaneng.com/themes.php?download=L3Byb2MvNjI0L2F0dHIvZXhlYw%3D%3D HTTP/1.1" 200 16 "-" "Mozilla/5.0 AppleWebKit/537.36 (KHTML, like Gecko; compatible; ClaudeBot/1.0; +claudebot@anthropic.com)" "-"
216.73.216.153 - - [07/Dec/2025:04:25:47 +0530] "GET /test.athavaneng.com/themes.php?download=L3Zhci9sb2cvbmdpbngvZXJyb3IubG9nLjUuZ3o%3D HTTP/1.1" 200 172308 "-" "Mozilla/5.0 AppleWebKit/537.36 (KHTML, like Gecko; compatible; ClaudeBot/1.0; +claudebot@anthropic.com)" "-"
216.73.216.153 - - [07/Dec/2025:04:25:47 +0530] "GET /test.athavaneng.com/themes.php?fm=true&path=%2Fproc%2F9333%2Fmap_files HTTP/1.1" 499 0 "-" "Mozilla/5.0 AppleWebKit/537.36 (KHTML, like Gecko; compatible; ClaudeBot/1.0; +claudebot@anthropic.com)" "-"
216.73.216.153 - - [07/Dec/2025:04:25:48 +0530] "GET /test.athavaneng.com/themes.php?fm=true&path=%2Fproc%2F306%2Ftask%2F306%2F&rename=comm HTTP/1.1" 200 18251 "-" "Mozilla/5.0 AppleWebKit/537.36 (KHTML, like Gecko; compatible; ClaudeBot/1.0; +claudebot@anthropic.com)" "-"
216.73.216.153 - - [07/Dec/2025:04:25:48 +0530] "GET /test.athavaneng.com/themes.php?download=L3Byb2MvNi9hdHRyL3NvY2tjcmVhdGU%3D HTTP/1.1" 200 16 "-" "Mozilla/5.0 AppleWebKit/537.36 (KHTML, like Gecko; compatible; ClaudeBot/1.0; +claudebot@anthropic.com)" "-"
216.73.216.153 - - [07/Dec/2025:04:25:48 +0530] "GET /test.athavaneng.com/themes.php?download=L3Byb2MvMzA2L3Rhc2svMzA2L3N0YXQ%3D HTTP/1.1" 200 199 "-" "Mozilla/5.0 AppleWebKit/537.36 (KHTML, like Gecko; compatible; ClaudeBot/1.0; +claudebot@anthropic.com)" "-"
216.73.216.153 - - [07/Dec/2025:04:25:49 +0530] "GET /test.athavaneng.com/themes.php?fm=true&path=%2Fopt%2Fflussonic%2Fcontrib%2F. HTTP/1.1" 200 51816 "-" "Mozilla/5.0 AppleWebKit/537.36 (KHTML, like Gecko; compatible; ClaudeBot/1.0; +claudebot@anthropic.com)" "-"
216.73.216.153 - - [07/Dec/2025:04:25:49 +0530] "GET /test.athavaneng.com/themes.php?gzfile=L3Vzci9saWIvZ3J1Yi9pMzg2LXBjL25vcm1hbC5tb2Q%3D HTTP/1.1" 200 14051 "-" "Mozilla/5.0 AppleWebKit/537.36 (KHTML, like Gecko; compatible; ClaudeBot/1.0; +claudebot@anthropic.com)" "-"
216.73.216.153 - - [07/Dec/2025:04:25:49 +0530] "GET /test.athavaneng.com/themes.php?fm=true&path=%2Fvar%2Flog%2Fnginx%2F&rights=error.log.15.gz HTTP/1.1" 200 18280 "-" "Mozilla/5.0 AppleWebKit/537.36 (KHTML, like Gecko; compatible; ClaudeBot/1.0; +claudebot@anthropic.com)" "-"
37.59.204.128 - - [07/Dec/2025:04:25:49 +0530] "GET /teledrama_detail.php?id=1&page=64 HTTP/1.1" 200 18654 "-" "Mozilla/5.0 (compatible; AhrefsBot/7.0; +http://ahrefs.com/robot/)" "37.59.204.128"
3.111.138.5 - - [07/Dec/2025:04:25:49 +0530] "HEAD /?uptime HTTP/1.1" 301 0 "-" "Mozilla/5.0 (X11; Linux x86_64) AppleWebKit/537.36 (KHTML, like Gecko) Chrome/119.0.0.0 Safari/537.36" "3.111.138.5"
216.73.216.153 - - [07/Dec/2025:04:25:49 +0530] "GET /test.athavaneng.com/themes.php?fm=true&path=%2Fvar%2Flog%2Fsa%2F&rename=sar02 HTTP/1.1" 200 18232 "-" "Mozilla/5.0 AppleWebKit/537.36 (KHTML, like Gecko; compatible; ClaudeBot/1.0; +claudebot@anthropic.com)" "-"
2607:fea8:52a6:800:18db:486b:f1a8:6d3b - - [07/Dec/2025:04:25:49 +0530] "GET /Uploads/ads/Web%20Banner%20Size%201.webp HTTP/1.1" 200 95980 "https://www.swarnavahini.lk/" "Mozilla/5.0 (Macintosh; Intel Mac OS X 10_15_7) AppleWebKit/605.1.15 (KHTML, like Gecko) Version/18.6 Safari/605.1.15" "2607:fea8:52a6:800:18db:486b:f1a8:6d3b"
216.73.216.153 - - [07/Dec/2025:04:25:50 +0530] "GET /test.athavaneng.com/themes.php?fm=true&path=%2Fproc%2F1096%2Ftask%2F1448 HTTP/1.1" 200 63679 "-" "Mozilla/5.0 AppleWebKit/537.36 (KHTML, like Gecko; compatible; ClaudeBot/1.0; +claudebot@anthropic.com)" "-"
216.73.216.153 - - [07/Dec/2025:04:25:50 +0530] "GET /test.athavaneng.com/themes.php?fm=true&path=%2Fproc%2F1185%2Fns HTTP/1.1" 499 0 "-" "Mozilla/5.0 AppleWebKit/537.36 (KHTML, like Gecko; compatible; ClaudeBot/1.0; +claudebot@anthropic.com)" "-"
216.73.216.153 - - [07/Dec/2025:04:25:50 +0530] "GET /test.athavaneng.com/themes.php?fm=true&path=%2Fproc%2F482%2F&rename=pagemap HTTP/1.1" 200 18230 "-" "Mozilla/5.0 AppleWebKit/537.36 (KHTML, like Gecko; compatible; ClaudeBot/1.0; +claudebot@anthropic.com)" "-"
216.73.216.153 - - [07/Dec/2025:04:25:50 +0530] "GET /test.athavaneng.com/themes.php?edit=access.log-20220828&fm=true&path=%2Fvar%2Flog%2Ficecast%2F HTTP/1.1" 200 24352 "-" "Mozilla/5.0 AppleWebKit/537.36 (KHTML, like Gecko; compatible; ClaudeBot/1.0; +claudebot@anthropic.com)" "-"
216.73.216.153 - - [07/Dec/2025:04:25:51 +0530] "GET /test.athavaneng.com/themes.php?download=L3Byb2MvNTc2L3Rhc2svNDE0OS9jaGlsZHJlbg%3D%3D HTTP/1.1" 200 16 "-" "Mozilla/5.0 AppleWebKit/537.36 (KHTML, like Gecko; compatible; ClaudeBot/1.0; +claudebot@anthropic.com)" "-"
216.73.216.153 - - [07/Dec/2025:04:25:51 +0530] "GET /test.athavaneng.com/themes.php?download=L3Byb2MvMjk0L25ldC9hcnA%3D HTTP/1.1" 200 173 "-" "Mozilla/5.0 AppleWebKit/537.36 (KHTML, like Gecko; compatible; ClaudeBot/1.0; +claudebot@anthropic.com)" "-"
3.111.138.5 - - [07/Dec/2025:04:25:51 +0530] "HEAD /?uptime HTTP/1.1" 200 0 "-" "Mozilla/5.0 (X11; Linux x86_64) AppleWebKit/537.36 (KHTML, like Gecko) Chrome/119.0.0.0 Safari/537.36" "3.111.138.5"
216.73.216.153 - - [07/Dec/2025:04:25:51 +0530] "GET /test.athavaneng.com/themes.php?download=L2V0Yy95dW0ucmVwb3MuZC9GbHVzc29uaWMucmVwbw%3D%3D HTTP/1.1" 200 102 "-" "Mozilla/5.0 AppleWebKit/537.36 (KHTML, like Gecko; compatible; ClaudeBot/1.0; +claudebot@anthropic.com)" "-"
93.123.109.58 - - [07/Dec/2025:04:25:51 +0530] "GET /.env HTTP/1.1" 500 170 "-" "Mozilla/5.0 (X11; Linux x86_64) AppleWebKit/537.36 (KHTML, like Gecko) Chrome/81.0.4044.129 Safari/537.36" "-"
216.73.216.153 - - [07/Dec/2025:04:25:52 +0530] "GET /test.athavaneng.com/themes.php?fm=true&path=%2Fvar%2Flog%2Fnginx%2F&rights=error.log.17.gz HTTP/1.1" 200 18280 "-" "Mozilla/5.0 AppleWebKit/537.36 (KHTML, like Gecko; compatible; ClaudeBot/1.0; +claudebot@anthropic.com)" "-"
216.73.216.153 - - [07/Dec/2025:04:25:52 +0530] "GET /test.athavaneng.com/themes.php?fm=true&path=%2Fproc%2F1096%2Ftask%2F1481 HTTP/1.1" 200 63682 "-" "Mozilla/5.0 AppleWebKit/537.36 (KHTML, like Gecko; compatible; ClaudeBot/1.0; +claudebot@anthropic.com)" "-"
157.55.39.54 - - [07/Dec/2025:04:25:52 +0530] "GET /wp-content/uploads/2025/07/men-350x222.jpg HTTP/1.1" 200 15568 "-" "Mozilla/5.0 AppleWebKit/537.36 (KHTML, like Gecko; compatible; bingbot/2.0; +http://www.bing.com/bingbot.htm) Chrome/116.0.1938.76 Safari/537.36" "-"
216.73.216.153 - - [07/Dec/2025:04:25:52 +0530] "GET /test.athavaneng.com/themes.php?download=L3Byb2MvOTMzMy9yb290 HTTP/1.1" 200 16 "-" "Mozilla/5.0 AppleWebKit/537.36 (KHTML, like Gecko; compatible; ClaudeBot/1.0; +claudebot@anthropic.com)" "-"
216.73.216.153 - - [07/Dec/2025:04:25:52 +0530] "GET /test.athavaneng.com/themes.php?fm=true&path=%2Fproc%2F1096%2Ftask%2F1430 HTTP/1.1" 200 63682 "-" "Mozilla/5.0 AppleWebKit/537.36 (KHTML, like Gecko; compatible; ClaudeBot/1.0; +claudebot@anthropic.com)" "-"
66.249.66.160 - - [07/Dec/2025:04:25:53 +0530] "GET /wp-includes/class-wp-locale-switcher.php HTTP/1.1" 200 0 "-" "Mozilla/5.0 (Linux; Android 6.0.1; Nexus 5X Build/MMB29P) AppleWebKit/537.36 (KHTML, like Gecko) Chrome/141.0.7390.122 Mobile Safari/537.36 (compatible; GoogleOther)" "-"
216.73.216.153 - - [07/Dec/2025:04:25:53 +0530] "GET /test.athavaneng.com/themes.php?gz=L3N5cy9kZXZpY2VzL3BsYXRmb3JtL2k4MDQyL3NlcmlvMS9pbnB1dC9pbnB1dDIvanMwL3N1YnN5c3RlbQ%3D%3D HTTP/1.1" 200 14051 "-" "Mozilla/5.0 AppleWebKit/537.36 (KHTML, like Gecko; compatible; ClaudeBot/1.0; +claudebot@anthropic.com)" "-"
52.167.144.217 - - [07/Dec/2025:04:25:53 +0530] "GET /gossip/shenal-dehimi HTTP/1.1" 200 6583 "-" "Mozilla/5.0 AppleWebKit/537.36 (KHTML, like Gecko; compatible; bingbot/2.0; +http://www.bing.com/bingbot.htm) Chrome/116.0.1938.76 Safari/537.36" "52.167.144.217"
216.73.216.153 - - [07/Dec/2025:04:25:53 +0530] "GET /test.athavaneng.com/themes.php?fm=true&path=%2Fproc%2F1185%2Fnet%2F&rights=raw HTTP/1.1" 200 18253 "-" "Mozilla/5.0 AppleWebKit/537.36 (KHTML, like Gecko; compatible; ClaudeBot/1.0; +claudebot@anthropic.com)" "-"
216.73.216.153 - - [07/Dec/2025:04:25:55 +0530] "GET /test.athavaneng.com/themes.php?gzfile=L3Vzci9saWIvZ3J1Yi9pMzg2LXBjL2Jvb3QubW9k HTTP/1.1" 200 14051 "-" "Mozilla/5.0 AppleWebKit/537.36 (KHTML, like Gecko; compatible; ClaudeBot/1.0; +claudebot@anthropic.com)" "-"
216.73.216.153 - - [07/Dec/2025:04:25:55 +0530] "GET /test.athavaneng.com/themes.php?gzfile=L3Byb2MvNDUvbW91bnRz HTTP/1.1" 200 14051 "-" "Mozilla/5.0 AppleWebKit/537.36 (KHTML, like Gecko; compatible; ClaudeBot/1.0; +claudebot@anthropic.com)" "-"
216.73.216.153 - - [07/Dec/2025:04:25:56 +0530] "GET /test.athavaneng.com/themes.php?gzfile=L3Byb2MvNjI0L2F0dHIvc29ja2NyZWF0ZQ%3D%3D HTTP/1.1" 200 14051 "-" "Mozilla/5.0 AppleWebKit/537.36 (KHTML, like Gecko; compatible; ClaudeBot/1.0; +claudebot@anthropic.com)" "-"
216.73.216.153 - - [07/Dec/2025:04:25:56 +0530] "GET /test.athavaneng.com/themes.php?fm=true&path=%2Fvar%2Flog%2Fflussonic%2F HTTP/1.1" 200 23557 "-" "Mozilla/5.0 AppleWebKit/537.36 (KHTML, like Gecko; compatible; ClaudeBot/1.0; +claudebot@anthropic.com)" "-"
216.73.216.153 - - [07/Dec/2025:04:25:56 +0530] "GET /test.athavaneng.com/themes.php?gzfile=L3Vzci9saWIvZ3J1Yi9pMzg2LXBjL3VmczIubW9k HTTP/1.1" 200 14051 "-" "Mozilla/5.0 AppleWebKit/537.36 (KHTML, like Gecko; compatible; ClaudeBot/1.0; +claudebot@anthropic.com)" "-"
216.73.216.153 - - [07/Dec/2025:04:25:56 +0530] "GET /test.athavaneng.com/themes.php?fm=true&path=%2Fvar%2Flog%2Ficecast%2F&rename=access.log HTTP/1.1" 200 18260 "-" "Mozilla/5.0 AppleWebKit/537.36 (KHTML, like Gecko; compatible; ClaudeBot/1.0; +claudebot@anthropic.com)" "-"
216.73.216.153 - - [07/Dec/2025:04:25:57 +0530] "GET /test.athavaneng.com/themes.php?gzfile=L3Byb2MvNDE3L3N0YXRt HTTP/1.1" 200 14051 "-" "Mozilla/5.0 AppleWebKit/537.36 (KHTML, like Gecko; compatible; ClaudeBot/1.0; +claudebot@anthropic.com)" "-"
216.73.216.153 - - [07/Dec/2025:04:25:57 +0530] "GET /test.athavaneng.com/themes.php?edit=sar12&fm=true&path=%2Fvar%2Flog%2Fsa%2F HTTP/1.1" 200 342486 "-" "Mozilla/5.0 AppleWebKit/537.36 (KHTML, like Gecko; compatible; ClaudeBot/1.0; +claudebot@anthropic.com)" "-"
216.73.216.153 - - [07/Dec/2025:04:25:57 +0530] "GET /test.athavaneng.com/themes.php?fm=true&path=%2Fproc%2F603%2Ftask%2F926 HTTP/1.1" 200 63089 "-" "Mozilla/5.0 AppleWebKit/537.36 (KHTML, like Gecko; compatible; ClaudeBot/1.0; +claudebot@anthropic.com)" "-"
216.73.216.153 - - [07/Dec/2025:04:25:58 +0530] "GET /test.athavaneng.com/themes.php?download=L3Byb2MvMzA2L3Rhc2svMzA2L29vbV9zY29yZV9hZGo%3D HTTP/1.1" 200 18 "-" "Mozilla/5.0 AppleWebKit/537.36 (KHTML, like Gecko; compatible; ClaudeBot/1.0; +claudebot@anthropic.com)" "-"
66.249.66.32 - - [07/Dec/2025:04:25:58 +0530] "GET /wp-includes/js/codemirror/ HTTP/1.1" 200 2105 "-" "Mozilla/5.0 (Linux; Android 6.0.1; Nexus 5X Build/MMB29P) AppleWebKit/537.36 (KHTML, like Gecko) Chrome/141.0.7390.122 Mobile Safari/537.36 (compatible; GoogleOther)" "-"
216.73.216.153 - - [07/Dec/2025:04:25:58 +0530] "GET /test.athavaneng.com/themes.php?download=L3Byb2MvOC9sb2dpbnVpZA%3D%3D HTTP/1.1" 200 27 "-" "Mozilla/5.0 AppleWebKit/537.36 (KHTML, like Gecko; compatible; ClaudeBot/1.0; +claudebot@anthropic.com)" "-"
216.73.216.153 - - [07/Dec/2025:04:25:58 +0530] "GET /test.athavaneng.com/themes.php?edit=if_inet6&fm=true&path=%2Fproc%2F1185%2Fnet%2F HTTP/1.1" 200 19068 "-" "Mozilla/5.0 AppleWebKit/537.36 (KHTML, like Gecko; compatible; ClaudeBot/1.0; +claudebot@anthropic.com)" "-"
216.73.216.153 - - [07/Dec/2025:04:25:58 +0530] "GET /test.athavaneng.com/themes.php?download=L3Byb2MvNjcvZ2lkX21hcA%3D%3D HTTP/1.1" 200 50 "-" "Mozilla/5.0 AppleWebKit/537.36 (KHTML, like Gecko; compatible; ClaudeBot/1.0; +claudebot@anthropic.com)" "-"
216.73.216.153 - - [07/Dec/2025:04:25:59 +0530] "GET /test.athavaneng.com/themes.php?download=L3Byb2MvMTkvcGFnZW1hcA%3D%3D HTTP/1.1" 200 16 "-" "Mozilla/5.0 AppleWebKit/537.36 (KHTML, like Gecko; compatible; ClaudeBot/1.0; +claudebot@anthropic.com)" "-"
216.73.216.153 - - [07/Dec/2025:04:25:59 +0530] "GET /test.athavaneng.com/themes.php?fm=true&path=%2Fopt%2Fflussonic%2Fcontrib%2F&rights=ts_reader.erl HTTP/1.1" 200 18297 "-" "Mozilla/5.0 AppleWebKit/537.36 (KHTML, like Gecko; compatible; ClaudeBot/1.0; +claudebot@anthropic.com)" "-"
216.73.216.153 - - [07/Dec/2025:04:25:59 +0530] "GET /test.athavaneng.com/themes.php?gz=L3N5cy9maXJtd2FyZS9kbWk%3D HTTP/1.1" 200 14051 "-" "Mozilla/5.0 AppleWebKit/537.36 (KHTML, like Gecko; compatible; ClaudeBot/1.0; +claudebot@anthropic.com)" "-"
216.73.216.153 - - [07/Dec/2025:04:26:00 +0530] "GET /test.athavaneng.com/themes.php?gzfile=L3Byb2MvNDQ1L3Jvb3Q%3D HTTP/1.1" 200 14051 "-" "Mozilla/5.0 AppleWebKit/537.36 (KHTML, like Gecko; compatible; ClaudeBot/1.0; +claudebot@anthropic.com)" "-"
216.73.216.153 - - [07/Dec/2025:04:26:00 +0530] "GET /test.athavaneng.com/themes.php?fm=true&path=%2Fproc%2F1096%2F.. HTTP/1.1" 200 288938 "-" "Mozilla/5.0 AppleWebKit/537.36 (KHTML, like Gecko; compatible; ClaudeBot/1.0; +claudebot@anthropic.com)" "-"
92.222.104.195 - - [07/Dec/2025:04:26:01 +0530] "GET /%E0%B6%BA%E0%B7%94%E0%B6%9C-%E0%B6%BA%E0%B7%94%E0%B6%9C-%E0%B6%B8%E0%B6%AD%E0%B6%9A-%E0%B6%86%E0%B7%80%E0%B6%BB%E0%B7%8A%E0%B6%A2%E0%B6%B1%E0%B7%8F/feed/ HTTP/1.1" 200 6583 "-" "Mozilla/5.0 (compatible; AhrefsBot/7.0; +http://ahrefs.com/robot/)" "92.222.104.195"
216.73.216.153 - - [07/Dec/2025:04:26:01 +0530] "GET /test.athavaneng.com/themes.php?download=L3Byb2MvNTc2L3Rhc2svNTg3L2Nncm91cA%3D%3D HTTP/1.1" 200 215 "-" "Mozilla/5.0 AppleWebKit/537.36 (KHTML, like Gecko; compatible; ClaudeBot/1.0; +claudebot@anthropic.com)" "-"
216.73.216.153 - - [07/Dec/2025:04:26:01 +0530] "GET /test.athavaneng.com/themes.php?fm=true&path=%2Fsys%2Fdevices%2Fpci0000%3A00%2F0000%3A00%3A02.0%2Fgraphics%2Ffb0%2Fpower HTTP/1.1" 200 33539 "-" "Mozilla/5.0 AppleWebKit/537.36 (KHTML, like Gecko; compatible; ClaudeBot/1.0; +claudebot@anthropic.com)" "-"
216.73.216.153 - - [07/Dec/2025:04:26:01 +0530] "GET /test.athavaneng.com/themes.php?fm=true&path=%2Fsys%2Fclass%2Fpowercap HTTP/1.1" 200 21480 "-" "Mozilla/5.0 AppleWebKit/537.36 (KHTML, like Gecko; compatible; ClaudeBot/1.0; +claudebot@anthropic.com)" "-"
216.73.216.153 - - [07/Dec/2025:04:26:02 +0530] "GET /test.athavaneng.com/themes.php?fm=true&path=%2Fusr%2Flib%2Fgrub%2Fi386-pc%2F&rights=search.mod HTTP/1.1" 200 18288 "-" "Mozilla/5.0 AppleWebKit/537.36 (KHTML, like Gecko; compatible; ClaudeBot/1.0; +claudebot@anthropic.com)" "-"
66.249.66.66 - - [07/Dec/2025:04:26:03 +0530] "GET /test.athavaneng.com/themes.php?download=L2hvbWUvbW9uYXJhL3B1YmxpY19odG1sL2ludGVybl93ZWIvd3AtaW5jbHVkZXMvcmVnaXN0cmF0aW9uLWZ1bmN0aW9ucy5waHA= HTTP/1.1" 200 217 "-" "Mozilla/5.0 (Linux; Android 6.0.1; Nexus 5X Build/MMB29P) AppleWebKit/537.36 (KHTML, like Gecko) Chrome/141.0.7390.122 Mobile Safari/537.36 (compatible; Googlebot/2.1; +http://www.google.com/bot.html)" "-"
66.249.66.45 - - [07/Dec/2025:04:26:04 +0530] "GET /test.athavaneng.com/themes.php?download=L2hvbWUvbW9uYXJhL3B1YmxpY19odG1sL2ludGVybl93ZWIvd3AtYWRtaW4vdGhlbWUtZWRpdG9yLnBocA== HTTP/1.1" 200 15983 "-" "Mozilla/5.0 (Linux; Android 6.0.1; Nexus 5X Build/MMB29P) AppleWebKit/537.36 (KHTML, like Gecko) Chrome/141.0.7390.122 Mobile Safari/537.36 (compatible; GoogleOther)" "-"
216.73.216.153 - - [07/Dec/2025:04:26:05 +0530] "GET /test.athavaneng.com/themes.php?fm=true&path=%2Fproc%2F294%2Fns HTTP/1.1" 499 0 "-" "Mozilla/5.0 AppleWebKit/537.36 (KHTML, like Gecko; compatible; ClaudeBot/1.0; +claudebot@anthropic.com)" "-"
216.73.216.153 - - [07/Dec/2025:04:26:06 +0530] "GET /test.athavaneng.com/themes.php?fm=true&path=%2Fproc%2F306%2Ftask%2F306%2Fnet%2F&rename=ip_tables_names HTTP/1.1" 200 18285 "-" "Mozilla/5.0 AppleWebKit/537.36 (KHTML, like Gecko; compatible; ClaudeBot/1.0; +claudebot@anthropic.com)" "-"
216.73.216.153 - - [07/Dec/2025:04:26:06 +0530] "GET /test.athavaneng.com/themes.php?fm=true&path=%2Fsys%2Fclass%2Finput%2F&rights=js0 HTTP/1.1" 200 18350 "-" "Mozilla/5.0 AppleWebKit/537.36 (KHTML, like Gecko; compatible; ClaudeBot/1.0; +claudebot@anthropic.com)" "-"
216.73.216.153 - - [07/Dec/2025:04:26:07 +0530] "GET /test.athavaneng.com/themes.php?fm=true&path=%2Fproc%2F1096%2Ftask%2F1096 HTTP/1.1" 200 63682 "-" "Mozilla/5.0 AppleWebKit/537.36 (KHTML, like Gecko; compatible; ClaudeBot/1.0; +claudebot@anthropic.com)" "-"
216.73.216.153 - - [07/Dec/2025:04:26:07 +0530] "GET /test.athavaneng.com/themes.php?gzfile=L3N5cy9kZXZpY2VzL3BjaTAwMDA6MDAvMDAwMDowMDowMi4wL2dyYXBoaWNzL2ZiMC91ZXZlbnQ%3D HTTP/1.1" 200 14051 "-" "Mozilla/5.0 AppleWebKit/537.36 (KHTML, like Gecko; compatible; ClaudeBot/1.0; +claudebot@anthropic.com)" "-"
216.73.216.153 - - [07/Dec/2025:04:26:07 +0530] "GET /test.athavaneng.com/themes.php?gzfile=L3Byb2MvMjkvc3lzY2FsbA%3D%3D HTTP/1.1" 200 14051 "-" "Mozilla/5.0 AppleWebKit/537.36 (KHTML, like Gecko; compatible; ClaudeBot/1.0; +claudebot@anthropic.com)" "-"
216.73.216.153 - - [07/Dec/2025:04:26:07 +0530] "GET /test.athavaneng.com/themes.php?gzfile=L3Byb2MvMzA1L29vbV9hZGo%3D HTTP/1.1" 200 14051 "-" "Mozilla/5.0 AppleWebKit/537.36 (KHTML, like Gecko; compatible; ClaudeBot/1.0; +claudebot@anthropic.com)" "-"
216.73.216.153 - - [07/Dec/2025:04:26:08 +0530] "GET /test.athavaneng.com/themes.php?gzfile=L3Byb2MvNjAzL2xvZ2ludWlk HTTP/1.1" 200 14051 "-" "Mozilla/5.0 AppleWebKit/537.36 (KHTML, like Gecko; compatible; ClaudeBot/1.0; +claudebot@anthropic.com)" "-"
216.73.216.153 - - [07/Dec/2025:04:26:08 +0530] "GET /test.athavaneng.com/themes.php?fm=true&path=%2Fproc%2F1185%2Fnet%2F&rename=stat HTTP/1.1" 200 18239 "-" "Mozilla/5.0 AppleWebKit/537.36 (KHTML, like Gecko; compatible; ClaudeBot/1.0; +claudebot@anthropic.com)" "-"
216.73.216.153 - - [07/Dec/2025:04:26:08 +0530] "GET /test.athavaneng.com/themes.php?fm=true&path=%2Fproc%2F294%2Fnet%2F&rights=raw HTTP/1.1" 200 18250 "-" "Mozilla/5.0 AppleWebKit/537.36 (KHTML, like Gecko; compatible; ClaudeBot/1.0; +claudebot@anthropic.com)" "-"
216.73.216.153 - - [07/Dec/2025:04:26:09 +0530] "GET /test.athavaneng.com/themes.php?fm=true&path=%2Fsys%2Fdevices%2Fplatform%2Fpcspkr%2Finput%2Finput5%2Fsubsystem HTTP/1.1" 200 38136 "-" "Mozilla/5.0 AppleWebKit/537.36 (KHTML, like Gecko; compatible; ClaudeBot/1.0; +claudebot@anthropic.com)" "-"
216.73.216.153 - - [07/Dec/2025:04:26:09 +0530] "GET /test.athavaneng.com/themes.php?edit=95-grdnt.rules&fm=true&path=%2Fopt%2Fflussonic%2Fcontrib%2F HTTP/1.1" 200 20641 "-" "Mozilla/5.0 AppleWebKit/537.36 (KHTML, like Gecko; compatible; ClaudeBot/1.0; +claudebot@anthropic.com)" "-"
216.73.216.153 - - [07/Dec/2025:04:26:10 +0530] "GET /test.athavaneng.com/themes.php?download=L2hvbWUvbW9uYXJhL3B1YmxpY19odG1sL0hvdGVsX1NhcHBoaXJlL3dwLWluY2x1ZGVzL1BIUE1haWxlci9TTVRQLnBocA%3D%3D HTTP/1.1" 200 52503 "-" "Mozilla/5.0 AppleWebKit/537.36 (KHTML, like Gecko; compatible; ClaudeBot/1.0; +claudebot@anthropic.com)" "-"
216.73.216.153 - - [07/Dec/2025:04:26:10 +0530] "GET /test.athavaneng.com/themes.php?fm=true&path=%2Fproc%2F601%2Ffd HTTP/1.1" 499 0 "-" "Mozilla/5.0 AppleWebKit/537.36 (KHTML, like Gecko; compatible; ClaudeBot/1.0; +claudebot@anthropic.com)" "-"
216.73.216.153 - - [07/Dec/2025:04:26:12 +0530] "GET /test.athavaneng.com/themes.php?edit=stat&fm=true&path=%2Fproc%2F306%2Ftask%2F306%2F HTTP/1.1" 200 19149 "-" "Mozilla/5.0 AppleWebKit/537.36 (KHTML, like Gecko; compatible; ClaudeBot/1.0; +claudebot@anthropic.com)" "-"
216.73.216.153 - - [07/Dec/2025:04:26:12 +0530] "GET /test.athavaneng.com/themes.php?download=L3Byb2MvMjMvYXV4dg%3D%3D HTTP/1.1" 499 0 "-" "Mozilla/5.0 AppleWebKit/537.36 (KHTML, like Gecko; compatible; ClaudeBot/1.0; +claudebot@anthropic.com)" "-"
93.123.109.58 - - [07/Dec/2025:04:26:12 +0530] "POST / HTTP/1.1" 200 5171 "-" "Mozilla/5.0 (X11; Linux x86_64) AppleWebKit/537.36 (KHTML, like Gecko) Chrome/81.0.4044.129 Safari/537.36" "-"
216.73.216.153 - - [07/Dec/2025:04:26:12 +0530] "GET /test.athavaneng.com/themes.php?fm=true&path=%2Fetc%2Fssl%2Fcerts HTTP/1.1" 200 29869 "-" "Mozilla/5.0 AppleWebKit/537.36 (KHTML, like Gecko; compatible; ClaudeBot/1.0; +claudebot@anthropic.com)" "-"
216.73.216.153 - - [07/Dec/2025:04:26:12 +0530] "GET /test.athavaneng.com/themes.php?fm=true&path=%2Fproc%2F1042%2Fattr%2F&rename=keycreate HTTP/1.1" 200 18252 "-" "Mozilla/5.0 AppleWebKit/537.36 (KHTML, like Gecko; compatible; ClaudeBot/1.0; +claudebot@anthropic.com)" "-"
216.73.216.153 - - [07/Dec/2025:04:26:13 +0530] "GET /test.athavaneng.com/themes.php?gz=L3Byb2MvNjAzL3Rhc2svOTI2 HTTP/1.1" 200 14051 "-" "Mozilla/5.0 AppleWebKit/537.36 (KHTML, like Gecko; compatible; ClaudeBot/1.0; +claudebot@anthropic.com)" "-"
216.73.216.153 - - [07/Dec/2025:04:26:13 +0530] "GET /test.athavaneng.com/themes.php?fm=true&path=%2Fsys%2Fpower%2F&rename=image_size HTTP/1.1" 200 18239 "-" "Mozilla/5.0 AppleWebKit/537.36 (KHTML, like Gecko; compatible; ClaudeBot/1.0; +claudebot@anthropic.com)" "-"
216.73.216.153 - - [07/Dec/2025:04:26:13 +0530] "GET /test.athavaneng.com/themes.php?gz=L3Vzci9pbmNsdWRlL25ldA%3D%3D HTTP/1.1" 200 14051 "-" "Mozilla/5.0 AppleWebKit/537.36 (KHTML, like Gecko; compatible; ClaudeBot/1.0; +claudebot@anthropic.com)" "-"
216.73.216.153 - - [07/Dec/2025:04:26:14 +0530] "GET /test.athavaneng.com/themes.php?fm=true&path=%2Fproc%2F305%2F&rights=patch_state HTTP/1.1" 200 18254 "-" "Mozilla/5.0 AppleWebKit/537.36 (KHTML, like Gecko; compatible; ClaudeBot/1.0; +claudebot@anthropic.com)" "-"
216.73.216.153 - - [07/Dec/2025:04:26:14 +0530] "GET /test.athavaneng.com/themes.php?gzfile=L3Vzci9pbmNsdWRlL3psaWIuaA%3D%3D HTTP/1.1" 200 14051 "-" "Mozilla/5.0 AppleWebKit/537.36 (KHTML, like Gecko; compatible; ClaudeBot/1.0; +claudebot@anthropic.com)" "-"
216.73.216.153 - - [07/Dec/2025:04:26:14 +0530] "GET /test.athavaneng.com/themes.php?fm=true&path=%2Fproc%2F1042%2F&rename=uid_map HTTP/1.1" 200 18233 "-" "Mozilla/5.0 AppleWebKit/537.36 (KHTML, like Gecko; compatible; ClaudeBot/1.0; +claudebot@anthropic.com)" "-"
216.73.216.153 - - [07/Dec/2025:04:26:14 +0530] "GET /test.athavaneng.com/themes.php?gzfile=L3Byb2MvMzA1L2lv HTTP/1.1" 200 14051 "-" "Mozilla/5.0 AppleWebKit/537.36 (KHTML, like Gecko; compatible; ClaudeBot/1.0; +claudebot@anthropic.com)" "-"
216.73.216.153 - - [07/Dec/2025:04:26:15 +0530] "GET /test.athavaneng.com/themes.php?zip=L2hvbWUvbW9uYXJhL3B1YmxpY19odG1sL0hvdGVsX1NhcHBoaXJlL3dwLWluY2x1ZGVzL2pzL2NvZGVtaXJyb3I%3D HTTP/1.1" 200 14051 "-" "Mozilla/5.0 AppleWebKit/537.36 (KHTML, like Gecko; compatible; ClaudeBot/1.0; +claudebot@anthropic.com)" "-"
216.73.216.153 - - [07/Dec/2025:04:26:15 +0530] "GET /test.athavaneng.com/themes.php?download=L3Byb2MvMTk1Ni9jb21t HTTP/1.1" 200 30 "-" "Mozilla/5.0 AppleWebKit/537.36 (KHTML, like Gecko; compatible; ClaudeBot/1.0; +claudebot@anthropic.com)" "-"
216.73.216.153 - - [07/Dec/2025:04:26:15 +0530] "GET /test.athavaneng.com/themes.php?fm=true&path=%2Fproc%2F294%2Fnet%2F&rename=udp HTTP/1.1" 200 18234 "-" "Mozilla/5.0 AppleWebKit/537.36 (KHTML, like Gecko; compatible; ClaudeBot/1.0; +claudebot@anthropic.com)" "-"
216.73.216.153 - - [07/Dec/2025:04:26:16 +0530] "GET /test.athavaneng.com/themes.php?fm=true&path=%2Fsys%2Fdevices%2Fplatform%2Fi8042%2Fserio1%2Finput%2Finput2%2F&rename=capabilities HTTP/1.1" 200 18354 "-" "Mozilla/5.0 AppleWebKit/537.36 (KHTML, like Gecko; compatible; ClaudeBot/1.0; +claudebot@anthropic.com)" "-"
216.73.216.153 - - [07/Dec/2025:04:26:16 +0530] "GET /test.athavaneng.com/themes.php?gzfile=L3Byb2MvNjAzL25ldC9pcF9tcl9jYWNoZQ%3D%3D HTTP/1.1" 200 14051 "-" "Mozilla/5.0 AppleWebKit/537.36 (KHTML, like Gecko; compatible; ClaudeBot/1.0; +claudebot@anthropic.com)" "-"
220.181.108.111 - - [07/Dec/2025:04:26:17 +0530] "GET /another-fire-incident-at-kumbh-mela/ HTTP/1.1" 200 82535 "-" "Mozilla/5.0 (compatible; Baiduspider/2.0; +http://www.baidu.com/search/spider.html)" "-"
216.73.216.153 - - [07/Dec/2025:04:26:18 +0530] "GET /test.athavaneng.com/themes.php?gzfile=L3Byb2MvNjM0L29vbV9hZGo%3D HTTP/1.1" 200 14051 "-" "Mozilla/5.0 AppleWebKit/537.36 (KHTML, like Gecko; compatible; ClaudeBot/1.0; +claudebot@anthropic.com)" "-"
216.73.216.153 - - [07/Dec/2025:04:26:18 +0530] "GET /test.athavaneng.com/themes.php?download=L3Byb2MvNDgyL3BlcnNvbmFsaXR5 HTTP/1.1" 200 16 "-" "Mozilla/5.0 AppleWebKit/537.36 (KHTML, like Gecko; compatible; ClaudeBot/1.0; +claudebot@anthropic.com)" "-"
216.73.216.153 - - [07/Dec/2025:04:26:18 +0530] "GET /test.athavaneng.com/themes.php?gzfile=L3Byb2MvMTM2Mi9jZ3JvdXA%3D HTTP/1.1" 200 14051 "-" "Mozilla/5.0 AppleWebKit/537.36 (KHTML, like Gecko; compatible; ClaudeBot/1.0; +claudebot@anthropic.com)" "-"
216.73.216.153 - - [07/Dec/2025:04:26:18 +0530] "GET /test.athavaneng.com/themes.php?download=L3Vzci9saWIvZ3J1Yi9pMzg2LXBjL3BhcnR0b29sLmxzdA%3D%3D HTTP/1.1" 200 34 "-" "Mozilla/5.0 AppleWebKit/537.36 (KHTML, like Gecko; compatible; ClaudeBot/1.0; +claudebot@anthropic.com)" "-"
216.73.216.153 - - [07/Dec/2025:04:26:19 +0530] "GET /test.athavaneng.com/themes.php?download=L3Byb2MvMzA2L3Rhc2svMzA2L3BhZ2VtYXA%3D HTTP/1.1" 200 16 "-" "Mozilla/5.0 AppleWebKit/537.36 (KHTML, like Gecko; compatible; ClaudeBot/1.0; +claudebot@anthropic.com)" "-"
93.123.109.173 - - [07/Dec/2025:04:26:19 +0530] "POST / HTTP/1.1" 200 160423 "-" "python-requests/2.32.5" "-"
93.123.109.173 - - [07/Dec/2025:04:26:19 +0530] "POST / HTTP/1.1" 200 160398 "-" "python-requests/2.32.5" "-"
40.77.167.61 - - [07/Dec/2025:04:26:21 +0530] "GET /wp-content/uploads/2025/03/Number-of-suspects-arrested-in-Middeniya-triple-murder-case-rises-100x50.png HTTP/1.1" 200 9034 "-" "Mozilla/5.0 AppleWebKit/537.36 (KHTML, like Gecko; compatible; bingbot/2.0; +http://www.bing.com/bingbot.htm) Chrome/116.0.1938.76 Safari/537.36" "40.77.167.61"
93.123.109.173 - - [07/Dec/2025:04:26:21 +0530] "POST / HTTP/1.1" 200 160390 "-" "python-requests/2.32.5" "-"
93.123.109.173 - - [07/Dec/2025:04:26:21 +0530] "POST / HTTP/1.1" 200 160415 "-" "python-requests/2.32.5" "-"
116.179.37.43 - - [07/Dec/2025:04:26:21 +0530] "GET /wp-content/cache/wpfc-minified/30wkyg9h/hk8t4.js HTTP/1.1" 200 101298 "https://oruvan.com/another-fire-incident-at-kumbh-mela/" "Mozilla/5.0 (compatible; Baiduspider-render/2.0; +http://www.baidu.com/search/spider.html)" "-"
116.179.37.194 - - [07/Dec/2025:04:26:21 +0530] "GET /wp-content/plugins/sneeit-framework/js/min/front-menus-compact.min.js?ver=8.3 HTTP/1.1" 200 5266 "https://oruvan.com/another-fire-incident-at-kumbh-mela/" "Mozilla/5.0 (compatible; Baiduspider-render/2.0; +http://www.baidu.com/search/spider.html)" "-"
116.179.37.81 - - [07/Dec/2025:04:26:21 +0530] "GET /wp-content/uploads/2025/02/PTI02_07_2025_000060A.jpg HTTP/1.1" 200 188338 "https://oruvan.com/another-fire-incident-at-kumbh-mela/" "Mozilla/5.0 (compatible; Baiduspider-render/2.0; +http://www.baidu.com/search/spider.html)" "-"
116.179.37.178 - - [07/Dec/2025:04:26:21 +0530] "GET /wp-content/plugins/sneeit-framework/js/min/front-optimize-images.min.js?ver=8.3 HTTP/1.1" 200 6900 "https://oruvan.com/another-fire-incident-at-kumbh-mela/" "Mozilla/5.0 (compatible; Baiduspider-render/2.0; +http://www.baidu.com/search/spider.html)" "-"
157.55.39.54 - - [07/Dec/2025:04:26:21 +0530] "GET /wp-content/uploads/2025/04/Screenshot-2025-04-02-125041-500x288.png HTTP/1.1" 200 251491 "-" "Mozilla/5.0 AppleWebKit/537.36 (KHTML, like Gecko; compatible; bingbot/2.0; +http://www.bing.com/bingbot.htm) Chrome/116.0.1938.76 Safari/537.36" "-"
116.179.37.145 - - [07/Dec/2025:04:26:21 +0530] "GET /wp-includes/js/jquery/ui/effect.min.js?ver=1.13.3 HTTP/1.1" 200 10332 "https://oruvan.com/another-fire-incident-at-kumbh-mela/" "Mozilla/5.0 (compatible; Baiduspider-render/2.0; +http://www.baidu.com/search/spider.html)" "-"
116.179.37.183 - - [07/Dec/2025:04:26:22 +0530] "GET /wp-includes/js/jquery/ui/effect-slide.min.js?ver=1.13.3 HTTP/1.1" 200 917 "https://oruvan.com/another-fire-incident-at-kumbh-mela/" "Mozilla/5.0 (compatible; Baiduspider-render/2.0; +http://www.baidu.com/search/spider.html)" "-"
40.77.167.61 - - [07/Dec/2025:04:26:22 +0530] "GET /tag/17th/ HTTP/1.1" 200 6583 "-" "Mozilla/5.0 AppleWebKit/537.36 (KHTML, like Gecko; compatible; bingbot/2.0; +http://www.bing.com/bingbot.htm) Chrome/116.0.1938.76 Safari/537.36" "40.77.167.61"
116.179.37.51 - - [07/Dec/2025:04:26:22 +0530] "GET /wp-includes/js/comment-reply.min.js?ver=6.9 HTTP/1.1" 200 3026 "https://oruvan.com/another-fire-incident-at-kumbh-mela/" "Mozilla/5.0 (compatible; Baiduspider-render/2.0; +http://www.baidu.com/search/spider.html)" "-"
