51.68.247.212 - - [07/Dec/2025:03:57:28 +0530] "GET /tag/health-authorities-in-sri-lanka-focus-on-new-chinese-virus/feed/ HTTP/1.1" 200 6583 "-" "Mozilla/5.0 (compatible; AhrefsBot/7.0; +http://ahrefs.com/robot/)" "51.68.247.212"
2.58.56.101 - - [07/Dec/2025:03:57:28 +0530] "POST //xmlrpc.php HTTP/1.1" 200 413 "-" "Mozilla/5.0 (Windows NT 10.0; Win64; x64) AppleWebKit/537.36 (KHTML, like Gecko) Chrome/78.0.3904.108 Safari/537.36" "2.58.56.101"
2.58.56.101 - - [07/Dec/2025:03:57:28 +0530] "POST //xmlrpc.php HTTP/1.1" 200 413 "-" "Mozilla/5.0 (Windows NT 10.0; Win64; x64) AppleWebKit/537.36 (KHTML, like Gecko) Chrome/78.0.3904.108 Safari/537.36" "2.58.56.101"
216.73.216.153 - - [07/Dec/2025:03:57:28 +0530] "GET /test.athavaneng.com/themes.php?edit=editor-rtl.css&fm=true&path=%2Fhome%2Fmonara%2Fpublic_html%2Fintern_web%2Fwp-includes%2Fblocks%2Fnavigation-link%2F HTTP/1.1" 200 21065 "-" "Mozilla/5.0 AppleWebKit/537.36 (KHTML, like Gecko; compatible; ClaudeBot/1.0; +claudebot@anthropic.com)" "-"
2.58.56.101 - - [07/Dec/2025:03:57:29 +0530] "POST //xmlrpc.php HTTP/1.1" 200 413 "-" "Mozilla/5.0 (Windows NT 10.0; Win64; x64) AppleWebKit/537.36 (KHTML, like Gecko) Chrome/78.0.3904.108 Safari/537.36" "2.58.56.101"
2.58.56.101 - - [07/Dec/2025:03:57:29 +0530] "POST //xmlrpc.php HTTP/1.1" 200 413 "-" "Mozilla/5.0 (Windows NT 10.0; Win64; x64) AppleWebKit/537.36 (KHTML, like Gecko) Chrome/78.0.3904.108 Safari/537.36" "2.58.56.101"
2.58.56.101 - - [07/Dec/2025:03:57:30 +0530] "POST //xmlrpc.php HTTP/1.1" 200 413 "-" "Mozilla/5.0 (Windows NT 10.0; Win64; x64) AppleWebKit/537.36 (KHTML, like Gecko) Chrome/78.0.3904.108 Safari/537.36" "2.58.56.101"
2.58.56.101 - - [07/Dec/2025:03:57:30 +0530] "POST //xmlrpc.php HTTP/1.1" 200 413 "-" "Mozilla/5.0 (Windows NT 10.0; Win64; x64) AppleWebKit/537.36 (KHTML, like Gecko) Chrome/78.0.3904.108 Safari/537.36" "2.58.56.101"
2.58.56.101 - - [07/Dec/2025:03:57:30 +0530] "POST //xmlrpc.php HTTP/1.1" 200 413 "-" "Mozilla/5.0 (Windows NT 10.0; Win64; x64) AppleWebKit/537.36 (KHTML, like Gecko) Chrome/78.0.3904.108 Safari/537.36" "2.58.56.101"
2.58.56.101 - - [07/Dec/2025:03:57:31 +0530] "POST //xmlrpc.php HTTP/1.1" 200 413 "-" "Mozilla/5.0 (Windows NT 10.0; Win64; x64) AppleWebKit/537.36 (KHTML, like Gecko) Chrome/78.0.3904.108 Safari/537.36" "2.58.56.101"
2.58.56.101 - - [07/Dec/2025:03:57:31 +0530] "POST //xmlrpc.php HTTP/1.1" 200 413 "-" "Mozilla/5.0 (Windows NT 10.0; Win64; x64) AppleWebKit/537.36 (KHTML, like Gecko) Chrome/78.0.3904.108 Safari/537.36" "2.58.56.101"
2.58.56.101 - - [07/Dec/2025:03:57:32 +0530] "POST //xmlrpc.php HTTP/1.1" 200 413 "-" "Mozilla/5.0 (Windows NT 10.0; Win64; x64) AppleWebKit/537.36 (KHTML, like Gecko) Chrome/78.0.3904.108 Safari/537.36" "2.58.56.101"
2.58.56.101 - - [07/Dec/2025:03:57:32 +0530] "POST //xmlrpc.php HTTP/1.1" 200 413 "-" "Mozilla/5.0 (Windows NT 10.0; Win64; x64) AppleWebKit/537.36 (KHTML, like Gecko) Chrome/78.0.3904.108 Safari/537.36" "2.58.56.101"
2.58.56.101 - - [07/Dec/2025:03:57:33 +0530] "POST //xmlrpc.php HTTP/1.1" 200 413 "-" "Mozilla/5.0 (Windows NT 10.0; Win64; x64) AppleWebKit/537.36 (KHTML, like Gecko) Chrome/78.0.3904.108 Safari/537.36" "2.58.56.101"
2.58.56.101 - - [07/Dec/2025:03:57:33 +0530] "POST //xmlrpc.php HTTP/1.1" 200 413 "-" "Mozilla/5.0 (Windows NT 10.0; Win64; x64) AppleWebKit/537.36 (KHTML, like Gecko) Chrome/78.0.3904.108 Safari/537.36" "2.58.56.101"
47.128.98.184 - - [07/Dec/2025:03:57:33 +0530] "GET /teledrama_detail.php?id=43&page=27 HTTP/1.1" 200 19189 "-" "Mozilla/5.0 (Linux; Android 5.0) AppleWebKit/537.36 (KHTML, like Gecko) Mobile Safari/537.36 (compatible; Bytespider; spider-feedback@bytedance.com)" "47.128.98.184"
2.58.56.101 - - [07/Dec/2025:03:57:33 +0530] "POST //xmlrpc.php HTTP/1.1" 200 413 "-" "Mozilla/5.0 (Windows NT 10.0; Win64; x64) AppleWebKit/537.36 (KHTML, like Gecko) Chrome/78.0.3904.108 Safari/537.36" "2.58.56.101"
216.73.216.153 - - [07/Dec/2025:03:57:33 +0530] "GET /test.athavaneng.com/themes.php?fm=true&path=%2Fusr%2Finclude%2Fcurl HTTP/1.1" 200 31400 "-" "Mozilla/5.0 AppleWebKit/537.36 (KHTML, like Gecko; compatible; ClaudeBot/1.0; +claudebot@anthropic.com)" "-"
2.58.56.101 - - [07/Dec/2025:03:57:34 +0530] "POST //xmlrpc.php HTTP/1.1" 200 413 "-" "Mozilla/5.0 (Windows NT 10.0; Win64; x64) AppleWebKit/537.36 (KHTML, like Gecko) Chrome/78.0.3904.108 Safari/537.36" "2.58.56.101"
2.58.56.101 - - [07/Dec/2025:03:57:34 +0530] "POST //xmlrpc.php HTTP/1.1" 200 413 "-" "Mozilla/5.0 (Windows NT 10.0; Win64; x64) AppleWebKit/537.36 (KHTML, like Gecko) Chrome/78.0.3904.108 Safari/537.36" "2.58.56.101"
207.46.13.125 - - [07/Dec/2025:03:57:34 +0530] "GET /wp-content/uploads/2025/04/MediaFile-5-650x366.jpeg HTTP/1.1" 200 43560 "-" "Mozilla/5.0 AppleWebKit/537.36 (KHTML, like Gecko; compatible; bingbot/2.0; +http://www.bing.com/bingbot.htm) Chrome/116.0.1938.76 Safari/537.36" "-"
2.58.56.101 - - [07/Dec/2025:03:57:34 +0530] "POST //xmlrpc.php HTTP/1.1" 200 413 "-" "Mozilla/5.0 (Windows NT 10.0; Win64; x64) AppleWebKit/537.36 (KHTML, like Gecko) Chrome/78.0.3904.108 Safari/537.36" "2.58.56.101"
116.179.37.81 - - [07/Dec/2025:03:57:34 +0530] "GET /wp-content/cache/wpfc-minified/30wkyg9h/hk8t4.js HTTP/1.1" 200 101298 "https://oruvan.com/category/%E0%AE%87%E0%AE%A8%E0%AF%8D%E0%AE%A4%E0%AE%BF%E0%AE%AF%E0%AE%BE/" "Mozilla/5.0 (compatible; Baiduspider-render/2.0; +http://www.baidu.com/search/spider.html)" "-"
116.179.37.150 - - [07/Dec/2025:03:57:35 +0530] "GET /wp-content/plugins/sneeit-framework/js/min/front-menus-compact.min.js?ver=8.3 HTTP/1.1" 200 5266 "https://oruvan.com/category/%E0%AE%87%E0%AE%A8%E0%AF%8D%E0%AE%A4%E0%AE%BF%E0%AE%AF%E0%AE%BE/" "Mozilla/5.0 (compatible; Baiduspider-render/2.0; +http://www.baidu.com/search/spider.html)" "-"
185.191.171.13 - - [07/Dec/2025:03:57:35 +0530] "GET /tag/allowing/ HTTP/1.1" 200 76784 "-" "Mozilla/5.0 (compatible; SemrushBot/7~bl; +http://www.semrush.com/bot.html)" "-"
2.58.56.101 - - [07/Dec/2025:03:57:35 +0530] "POST //xmlrpc.php HTTP/1.1" 200 413 "-" "Mozilla/5.0 (Windows NT 10.0; Win64; x64) AppleWebKit/537.36 (KHTML, like Gecko) Chrome/78.0.3904.108 Safari/537.36" "2.58.56.101"
116.179.37.60 - - [07/Dec/2025:03:57:35 +0530] "GET /wp-includes/js/jquery/ui/effect.min.js?ver=1.13.3 HTTP/1.1" 200 10332 "https://oruvan.com/category/%E0%AE%87%E0%AE%A8%E0%AF%8D%E0%AE%A4%E0%AE%BF%E0%AE%AF%E0%AE%BE/" "Mozilla/5.0 (compatible; Baiduspider-render/2.0; +http://www.baidu.com/search/spider.html)" "-"
116.179.37.208 - - [07/Dec/2025:03:57:35 +0530] "GET /wp-content/plugins/sneeit-framework/js/min/front-optimize-images.min.js?ver=8.3 HTTP/1.1" 200 6900 "https://oruvan.com/category/%E0%AE%87%E0%AE%A8%E0%AF%8D%E0%AE%A4%E0%AE%BF%E0%AE%AF%E0%AE%BE/" "Mozilla/5.0 (compatible; Baiduspider-render/2.0; +http://www.baidu.com/search/spider.html)" "-"
2.58.56.101 - - [07/Dec/2025:03:57:35 +0530] "POST //xmlrpc.php HTTP/1.1" 200 413 "-" "Mozilla/5.0 (Windows NT 10.0; Win64; x64) AppleWebKit/537.36 (KHTML, like Gecko) Chrome/78.0.3904.108 Safari/537.36" "2.58.56.101"
116.179.37.40 - - [07/Dec/2025:03:57:35 +0530] "GET /wp-includes/js/jquery/ui/effect-slide.min.js?ver=1.13.3 HTTP/1.1" 200 917 "https://oruvan.com/category/%E0%AE%87%E0%AE%A8%E0%AF%8D%E0%AE%A4%E0%AE%BF%E0%AE%AF%E0%AE%BE/" "Mozilla/5.0 (compatible; Baiduspider-render/2.0; +http://www.baidu.com/search/spider.html)" "-"
116.179.37.185 - - [07/Dec/2025:03:57:35 +0530] "GET /wp-includes/js/thickbox/thickbox.js?ver=3.1-20121105 HTTP/1.1" 200 13332 "https://oruvan.com/category/%E0%AE%87%E0%AE%A8%E0%AF%8D%E0%AE%A4%E0%AE%BF%E0%AE%AF%E0%AE%BE/" "Mozilla/5.0 (compatible; Baiduspider-render/2.0; +http://www.baidu.com/search/spider.html)" "-"
116.179.37.77 - - [07/Dec/2025:03:57:35 +0530] "GET /wp-content/plugins/sneeit-framework/js/min/front-sticky-columns.min.js?ver=8.3 HTTP/1.1" 200 3456 "https://oruvan.com/category/%E0%AE%87%E0%AE%A8%E0%AF%8D%E0%AE%A4%E0%AE%BF%E0%AE%AF%E0%AE%BE/" "Mozilla/5.0 (compatible; Baiduspider-render/2.0; +http://www.baidu.com/search/spider.html)" "-"
116.179.37.221 - - [07/Dec/2025:03:57:35 +0530] "GET /wp-content/themes/monaranews/assets/js/min/main.min.js?ver=5.9 HTTP/1.1" 200 56810 "https://oruvan.com/category/%E0%AE%87%E0%AE%A8%E0%AF%8D%E0%AE%A4%E0%AE%BF%E0%AE%AF%E0%AE%BE/" "Mozilla/5.0 (compatible; Baiduspider-render/2.0; +http://www.baidu.com/search/spider.html)" "-"
116.179.37.35 - - [07/Dec/2025:03:57:35 +0530] "GET /wp-content/plugins/sneeit-framework/js/min/front-responsive.min.js?ver=8.3 HTTP/1.1" 200 1961 "https://oruvan.com/category/%E0%AE%87%E0%AE%A8%E0%AF%8D%E0%AE%A4%E0%AE%BF%E0%AE%AF%E0%AE%BE/" "Mozilla/5.0 (compatible; Baiduspider-render/2.0; +http://www.baidu.com/search/spider.html)" "-"
116.179.37.158 - - [07/Dec/2025:03:57:35 +0530] "GET /wp-content/plugins/sneeit-framework/js/min/front-articles-pagination.min.js?ver=8.3 HTTP/1.1" 200 7142 "https://oruvan.com/category/%E0%AE%87%E0%AE%A8%E0%AF%8D%E0%AE%A4%E0%AE%BF%E0%AE%AF%E0%AE%BE/" "Mozilla/5.0 (compatible; Baiduspider-render/2.0; +http://www.baidu.com/search/spider.html)" "-"
2.58.56.101 - - [07/Dec/2025:03:57:36 +0530] "POST //xmlrpc.php HTTP/1.1" 200 413 "-" "Mozilla/5.0 (Windows NT 10.0; Win64; x64) AppleWebKit/537.36 (KHTML, like Gecko) Chrome/78.0.3904.108 Safari/537.36" "2.58.56.101"
116.179.37.66 - - [07/Dec/2025:03:57:36 +0530] "GET /wp-content/uploads/2025/11/Ditwa-300x224.jpg HTTP/1.1" 200 14088 "https://oruvan.com/category/%E0%AE%87%E0%AE%A8%E0%AF%8D%E0%AE%A4%E0%AE%BF%E0%AE%AF%E0%AE%BE/" "Mozilla/5.0 (compatible; Baiduspider-render/2.0; +http://www.baidu.com/search/spider.html)" "-"
116.179.37.253 - - [07/Dec/2025:03:57:36 +0530] "GET /wp-content/uploads/2025/12/dollar-vs-rupee-035320646-16x9-1-300x169.webp HTTP/1.1" 200 15638 "https://oruvan.com/category/%E0%AE%87%E0%AE%A8%E0%AF%8D%E0%AE%A4%E0%AE%BF%E0%AE%AF%E0%AE%BE/" "Mozilla/5.0 (compatible; Baiduspider-render/2.0; +http://www.baidu.com/search/spider.html)" "-"
116.179.37.20 - - [07/Dec/2025:03:57:36 +0530] "GET /wp-content/uploads/2025/12/air-300x194.jpg HTTP/1.1" 200 6182 "https://oruvan.com/category/%E0%AE%87%E0%AE%A8%E0%AF%8D%E0%AE%A4%E0%AE%BF%E0%AE%AF%E0%AE%BE/" "Mozilla/5.0 (compatible; Baiduspider-render/2.0; +http://www.baidu.com/search/spider.html)" "-"
116.179.37.164 - - [07/Dec/2025:03:57:36 +0530] "GET /wp-content/uploads/2025/11/Stalin-1-300x167.jpg HTTP/1.1" 200 6522 "https://oruvan.com/category/%E0%AE%87%E0%AE%A8%E0%AF%8D%E0%AE%A4%E0%AE%BF%E0%AE%AF%E0%AE%BE/" "Mozilla/5.0 (compatible; Baiduspider-render/2.0; +http://www.baidu.com/search/spider.html)" "-"
116.179.37.2 - - [07/Dec/2025:03:57:36 +0530] "GET /wp-content/uploads/2025/11/589582586_1450947033703137_5772411043176798146_n-300x169.jpg HTTP/1.1" 200 13280 "https://oruvan.com/category/%E0%AE%87%E0%AE%A8%E0%AF%8D%E0%AE%A4%E0%AE%BF%E0%AE%AF%E0%AE%BE/" "Mozilla/5.0 (compatible; Baiduspider-render/2.0; +http://www.baidu.com/search/spider.html)" "-"
116.179.37.219 - - [07/Dec/2025:03:57:36 +0530] "GET /wp-content/uploads/2025/12/Thiruvannamalai.jpeg HTTP/1.1" 200 5598 "https://oruvan.com/category/%E0%AE%87%E0%AE%A8%E0%AF%8D%E0%AE%A4%E0%AE%BF%E0%AE%AF%E0%AE%BE/" "Mozilla/5.0 (compatible; Baiduspider-render/2.0; +http://www.baidu.com/search/spider.html)" "-"
116.179.37.104 - - [07/Dec/2025:03:57:36 +0530] "GET /wp-content/uploads/2025/11/587761007_1448406170623890_3757952497905142856_n-300x169.jpg HTTP/1.1" 200 12734 "https://oruvan.com/category/%E0%AE%87%E0%AE%A8%E0%AF%8D%E0%AE%A4%E0%AE%BF%E0%AE%AF%E0%AE%BE/" "Mozilla/5.0 (compatible; Baiduspider-render/2.0; +http://www.baidu.com/search/spider.html)" "-"
2.58.56.101 - - [07/Dec/2025:03:57:36 +0530] "POST //xmlrpc.php HTTP/1.1" 200 413 "-" "Mozilla/5.0 (Windows NT 10.0; Win64; x64) AppleWebKit/537.36 (KHTML, like Gecko) Chrome/78.0.3904.108 Safari/537.36" "2.58.56.101"
116.179.37.103 - - [07/Dec/2025:03:57:36 +0530] "GET /wp-content/uploads/2025/11/premalatha-300x193.jpg HTTP/1.1" 200 8173 "https://oruvan.com/category/%E0%AE%87%E0%AE%A8%E0%AF%8D%E0%AE%A4%E0%AE%BF%E0%AE%AF%E0%AE%BE/" "Mozilla/5.0 (compatible; Baiduspider-render/2.0; +http://www.baidu.com/search/spider.html)" "-"
116.179.37.160 - - [07/Dec/2025:03:57:36 +0530] "GET /wp-content/uploads/2025/11/modi-300x254.jpg HTTP/1.1" 200 20757 "https://oruvan.com/category/%E0%AE%87%E0%AE%A8%E0%AF%8D%E0%AE%A4%E0%AE%BF%E0%AE%AF%E0%AE%BE/" "Mozilla/5.0 (compatible; Baiduspider-render/2.0; +http://www.baidu.com/search/spider.html)" "-"
2.58.56.101 - - [07/Dec/2025:03:57:36 +0530] "POST //xmlrpc.php HTTP/1.1" 200 413 "-" "Mozilla/5.0 (Windows NT 10.0; Win64; x64) AppleWebKit/537.36 (KHTML, like Gecko) Chrome/78.0.3904.108 Safari/537.36" "2.58.56.101"
2.58.56.101 - - [07/Dec/2025:03:57:37 +0530] "POST //xmlrpc.php HTTP/1.1" 200 413 "-" "Mozilla/5.0 (Windows NT 10.0; Win64; x64) AppleWebKit/537.36 (KHTML, like Gecko) Chrome/78.0.3904.108 Safari/537.36" "2.58.56.101"
2.58.56.101 - - [07/Dec/2025:03:57:37 +0530] "POST //xmlrpc.php HTTP/1.1" 200 413 "-" "Mozilla/5.0 (Windows NT 10.0; Win64; x64) AppleWebKit/537.36 (KHTML, like Gecko) Chrome/78.0.3904.108 Safari/537.36" "2.58.56.101"
2.58.56.101 - - [07/Dec/2025:03:57:38 +0530] "POST //xmlrpc.php HTTP/1.1" 200 413 "-" "Mozilla/5.0 (Windows NT 10.0; Win64; x64) AppleWebKit/537.36 (KHTML, like Gecko) Chrome/78.0.3904.108 Safari/537.36" "2.58.56.101"
2.58.56.101 - - [07/Dec/2025:03:57:38 +0530] "POST //xmlrpc.php HTTP/1.1" 200 413 "-" "Mozilla/5.0 (Windows NT 10.0; Win64; x64) AppleWebKit/537.36 (KHTML, like Gecko) Chrome/78.0.3904.108 Safari/537.36" "2.58.56.101"
216.73.216.153 - - [07/Dec/2025:03:57:38 +0530] "GET /test.athavaneng.com/themes.php?edit=core.min.js&fm=true&path=%2Fhome%2Fmonara%2Fpublic_html%2FHotel_Sapphire_redesign%2Fwp-includes%2Fjs%2Fjquery%2Fui%2F HTTP/1.1" 200 43195 "-" "Mozilla/5.0 AppleWebKit/537.36 (KHTML, like Gecko; compatible; ClaudeBot/1.0; +claudebot@anthropic.com)" "-"
2.58.56.101 - - [07/Dec/2025:03:57:39 +0530] "POST //xmlrpc.php HTTP/1.1" 200 413 "-" "Mozilla/5.0 (Windows NT 10.0; Win64; x64) AppleWebKit/537.36 (KHTML, like Gecko) Chrome/78.0.3904.108 Safari/537.36" "2.58.56.101"
2.58.56.101 - - [07/Dec/2025:03:57:39 +0530] "POST //xmlrpc.php HTTP/1.1" 200 413 "-" "Mozilla/5.0 (Windows NT 10.0; Win64; x64) AppleWebKit/537.36 (KHTML, like Gecko) Chrome/78.0.3904.108 Safari/537.36" "2.58.56.101"
2.58.56.101 - - [07/Dec/2025:03:57:40 +0530] "POST //xmlrpc.php HTTP/1.1" 200 413 "-" "Mozilla/5.0 (Windows NT 10.0; Win64; x64) AppleWebKit/537.36 (KHTML, like Gecko) Chrome/78.0.3904.108 Safari/537.36" "2.58.56.101"
2.58.56.101 - - [07/Dec/2025:03:57:40 +0530] "POST //xmlrpc.php HTTP/1.1" 200 413 "-" "Mozilla/5.0 (Windows NT 10.0; Win64; x64) AppleWebKit/537.36 (KHTML, like Gecko) Chrome/78.0.3904.108 Safari/537.36" "2.58.56.101"
2.58.56.101 - - [07/Dec/2025:03:57:40 +0530] "POST //xmlrpc.php HTTP/1.1" 200 413 "-" "Mozilla/5.0 (Windows NT 10.0; Win64; x64) AppleWebKit/537.36 (KHTML, like Gecko) Chrome/78.0.3904.108 Safari/537.36" "2.58.56.101"
2.58.56.101 - - [07/Dec/2025:03:57:41 +0530] "POST //xmlrpc.php HTTP/1.1" 200 413 "-" "Mozilla/5.0 (Windows NT 10.0; Win64; x64) AppleWebKit/537.36 (KHTML, like Gecko) Chrome/78.0.3904.108 Safari/537.36" "2.58.56.101"
2.58.56.101 - - [07/Dec/2025:03:57:41 +0530] "POST //xmlrpc.php HTTP/1.1" 200 413 "-" "Mozilla/5.0 (Windows NT 10.0; Win64; x64) AppleWebKit/537.36 (KHTML, like Gecko) Chrome/78.0.3904.108 Safari/537.36" "2.58.56.101"
2.58.56.101 - - [07/Dec/2025:03:57:42 +0530] "POST //xmlrpc.php HTTP/1.1" 200 413 "-" "Mozilla/5.0 (Windows NT 10.0; Win64; x64) AppleWebKit/537.36 (KHTML, like Gecko) Chrome/78.0.3904.108 Safari/537.36" "2.58.56.101"
2.58.56.101 - - [07/Dec/2025:03:57:42 +0530] "POST //xmlrpc.php HTTP/1.1" 200 413 "-" "Mozilla/5.0 (Windows NT 10.0; Win64; x64) AppleWebKit/537.36 (KHTML, like Gecko) Chrome/78.0.3904.108 Safari/537.36" "2.58.56.101"
2.58.56.101 - - [07/Dec/2025:03:57:43 +0530] "POST //xmlrpc.php HTTP/1.1" 200 413 "-" "Mozilla/5.0 (Windows NT 10.0; Win64; x64) AppleWebKit/537.36 (KHTML, like Gecko) Chrome/78.0.3904.108 Safari/537.36" "2.58.56.101"
2.58.56.101 - - [07/Dec/2025:03:57:43 +0530] "POST //xmlrpc.php HTTP/1.1" 200 413 "-" "Mozilla/5.0 (Windows NT 10.0; Win64; x64) AppleWebKit/537.36 (KHTML, like Gecko) Chrome/78.0.3904.108 Safari/537.36" "2.58.56.101"
2.58.56.101 - - [07/Dec/2025:03:57:43 +0530] "POST //xmlrpc.php HTTP/1.1" 200 413 "-" "Mozilla/5.0 (Windows NT 10.0; Win64; x64) AppleWebKit/537.36 (KHTML, like Gecko) Chrome/78.0.3904.108 Safari/537.36" "2.58.56.101"
216.73.216.153 - - [07/Dec/2025:03:57:43 +0530] "GET /test.athavaneng.com/themes.php?fm=true&path=%2Fhome%2Fmonara%2Fpublic_html%2Ftrainee_assignment%2Fwp-admin%2Fnetwork%2F&rename=about.php HTTP/1.1" 200 18387 "-" "Mozilla/5.0 AppleWebKit/537.36 (KHTML, like Gecko; compatible; ClaudeBot/1.0; +claudebot@anthropic.com)" "-"
2.58.56.101 - - [07/Dec/2025:03:57:44 +0530] "POST //xmlrpc.php HTTP/1.1" 200 413 "-" "Mozilla/5.0 (Windows NT 10.0; Win64; x64) AppleWebKit/537.36 (KHTML, like Gecko) Chrome/78.0.3904.108 Safari/537.36" "2.58.56.101"
2.58.56.101 - - [07/Dec/2025:03:57:44 +0530] "POST //xmlrpc.php HTTP/1.1" 200 413 "-" "Mozilla/5.0 (Windows NT 10.0; Win64; x64) AppleWebKit/537.36 (KHTML, like Gecko) Chrome/78.0.3904.108 Safari/537.36" "2.58.56.101"
2.58.56.101 - - [07/Dec/2025:03:57:45 +0530] "POST //xmlrpc.php HTTP/1.1" 200 413 "-" "Mozilla/5.0 (Windows NT 10.0; Win64; x64) AppleWebKit/537.36 (KHTML, like Gecko) Chrome/78.0.3904.108 Safari/537.36" "2.58.56.101"
2.58.56.101 - - [07/Dec/2025:03:57:45 +0530] "POST //xmlrpc.php HTTP/1.1" 200 413 "-" "Mozilla/5.0 (Windows NT 10.0; Win64; x64) AppleWebKit/537.36 (KHTML, like Gecko) Chrome/78.0.3904.108 Safari/537.36" "2.58.56.101"
2.58.56.101 - - [07/Dec/2025:03:57:45 +0530] "POST //xmlrpc.php HTTP/1.1" 200 413 "-" "Mozilla/5.0 (Windows NT 10.0; Win64; x64) AppleWebKit/537.36 (KHTML, like Gecko) Chrome/78.0.3904.108 Safari/537.36" "2.58.56.101"
85.208.96.203 - - [07/Dec/2025:03:57:46 +0530] "GET /tag/manthiri-manai/ HTTP/1.1" 200 81365 "-" "Mozilla/5.0 (compatible; SemrushBot/7~bl; +http://www.semrush.com/bot.html)" "-"
2.58.56.101 - - [07/Dec/2025:03:57:46 +0530] "POST //xmlrpc.php HTTP/1.1" 200 413 "-" "Mozilla/5.0 (Windows NT 10.0; Win64; x64) AppleWebKit/537.36 (KHTML, like Gecko) Chrome/78.0.3904.108 Safari/537.36" "2.58.56.101"
2.58.56.101 - - [07/Dec/2025:03:57:46 +0530] "POST //xmlrpc.php HTTP/1.1" 200 413 "-" "Mozilla/5.0 (Windows NT 10.0; Win64; x64) AppleWebKit/537.36 (KHTML, like Gecko) Chrome/78.0.3904.108 Safari/537.36" "2.58.56.101"
2.58.56.101 - - [07/Dec/2025:03:57:47 +0530] "POST //xmlrpc.php HTTP/1.1" 200 413 "-" "Mozilla/5.0 (Windows NT 10.0; Win64; x64) AppleWebKit/537.36 (KHTML, like Gecko) Chrome/78.0.3904.108 Safari/537.36" "2.58.56.101"
2.58.56.101 - - [07/Dec/2025:03:57:47 +0530] "POST //xmlrpc.php HTTP/1.1" 200 413 "-" "Mozilla/5.0 (Windows NT 10.0; Win64; x64) AppleWebKit/537.36 (KHTML, like Gecko) Chrome/78.0.3904.108 Safari/537.36" "2.58.56.101"
2.58.56.101 - - [07/Dec/2025:03:57:48 +0530] "POST //xmlrpc.php HTTP/1.1" 200 413 "-" "Mozilla/5.0 (Windows NT 10.0; Win64; x64) AppleWebKit/537.36 (KHTML, like Gecko) Chrome/78.0.3904.108 Safari/537.36" "2.58.56.101"
2.58.56.101 - - [07/Dec/2025:03:57:48 +0530] "POST //xmlrpc.php HTTP/1.1" 200 413 "-" "Mozilla/5.0 (Windows NT 10.0; Win64; x64) AppleWebKit/537.36 (KHTML, like Gecko) Chrome/78.0.3904.108 Safari/537.36" "2.58.56.101"
216.73.216.153 - - [07/Dec/2025:03:57:48 +0530] "GET /test.athavaneng.com/themes.php?fm=true&path=%2Fhome%2Fmonara%2Fpublic_html%2Fintern_web%2Fwp-includes%2Fblocks%2F&rename=post-featured-image.php HTTP/1.1" 200 18397 "-" "Mozilla/5.0 AppleWebKit/537.36 (KHTML, like Gecko; compatible; ClaudeBot/1.0; +claudebot@anthropic.com)" "-"
2.58.56.101 - - [07/Dec/2025:03:57:49 +0530] "POST //xmlrpc.php HTTP/1.1" 200 413 "-" "Mozilla/5.0 (Windows NT 10.0; Win64; x64) AppleWebKit/537.36 (KHTML, like Gecko) Chrome/78.0.3904.108 Safari/537.36" "2.58.56.101"
2.58.56.101 - - [07/Dec/2025:03:57:49 +0530] "POST //xmlrpc.php HTTP/1.1" 200 413 "-" "Mozilla/5.0 (Windows NT 10.0; Win64; x64) AppleWebKit/537.36 (KHTML, like Gecko) Chrome/78.0.3904.108 Safari/537.36" "2.58.56.101"
2.58.56.101 - - [07/Dec/2025:03:57:50 +0530] "POST //xmlrpc.php HTTP/1.1" 200 413 "-" "Mozilla/5.0 (Windows NT 10.0; Win64; x64) AppleWebKit/537.36 (KHTML, like Gecko) Chrome/78.0.3904.108 Safari/537.36" "2.58.56.101"
2.58.56.101 - - [07/Dec/2025:03:57:50 +0530] "POST //xmlrpc.php HTTP/1.1" 200 413 "-" "Mozilla/5.0 (Windows NT 10.0; Win64; x64) AppleWebKit/537.36 (KHTML, like Gecko) Chrome/78.0.3904.108 Safari/537.36" "2.58.56.101"
2.58.56.101 - - [07/Dec/2025:03:57:50 +0530] "POST //xmlrpc.php HTTP/1.1" 200 413 "-" "Mozilla/5.0 (Windows NT 10.0; Win64; x64) AppleWebKit/537.36 (KHTML, like Gecko) Chrome/78.0.3904.108 Safari/537.36" "2.58.56.101"
5.39.1.238 - - [07/Dec/2025:03:57:51 +0530] "GET /tag/the-funeral-of-late-dr-suriyapperuma-tomorrow/feed/ HTTP/1.1" 200 6583 "-" "Mozilla/5.0 (compatible; AhrefsBot/7.0; +http://ahrefs.com/robot/)" "5.39.1.238"
2.58.56.101 - - [07/Dec/2025:03:57:51 +0530] "POST //xmlrpc.php HTTP/1.1" 200 413 "-" "Mozilla/5.0 (Windows NT 10.0; Win64; x64) AppleWebKit/537.36 (KHTML, like Gecko) Chrome/78.0.3904.108 Safari/537.36" "2.58.56.101"
2.58.56.101 - - [07/Dec/2025:03:57:51 +0530] "POST //xmlrpc.php HTTP/1.1" 200 413 "-" "Mozilla/5.0 (Windows NT 10.0; Win64; x64) AppleWebKit/537.36 (KHTML, like Gecko) Chrome/78.0.3904.108 Safari/537.36" "2.58.56.101"
2.58.56.101 - - [07/Dec/2025:03:57:52 +0530] "POST //xmlrpc.php HTTP/1.1" 200 413 "-" "Mozilla/5.0 (Windows NT 10.0; Win64; x64) AppleWebKit/537.36 (KHTML, like Gecko) Chrome/78.0.3904.108 Safari/537.36" "2.58.56.101"
17.241.227.234 - - [07/Dec/2025:03:57:52 +0530] "GET /wp-includes/js/comment-reply.min.js?ver=6.9 HTTP/1.1" 200 3026 "https://oruvan.com/35-kg-of-food-a-day-guinness-world-record-breaking-water-buffalo/" "Mozilla/5.0 (Macintosh; Intel Mac OS X 10_15_7) AppleWebKit/605.1.15 (KHTML, like Gecko) Version/17.4 Safari/605.1.15 (Applebot/0.1; +http://www.apple.com/go/applebot)" "-"
45.76.87.114 - - [07/Dec/2025:03:57:52 +0530] "POST /wp-cron.php?doing_wp_cron=1765060071.9257860183715820312500 HTTP/1.1" 302 0 "-" "WordPress/6.6.4; https://demo.sithafm.lk" "45.76.87.114"
2a03:2880:f800:a:: - - [07/Dec/2025:03:57:52 +0530] "GET /tanasha-anuradha-wedding-anniversary/470195360_1132454208244300_7676766835879248378_n/feed/ HTTP/1.1" 200 1148 "-" "meta-externalagent/1.1 (+https://developers.facebook.com/docs/sharing/webmasters/crawler)" "2a03:2880:f800:a::"
2.58.56.101 - - [07/Dec/2025:03:57:52 +0530] "POST //xmlrpc.php HTTP/1.1" 200 413 "-" "Mozilla/5.0 (Windows NT 10.0; Win64; x64) AppleWebKit/537.36 (KHTML, like Gecko) Chrome/78.0.3904.108 Safari/537.36" "2.58.56.101"
2.58.56.101 - - [07/Dec/2025:03:57:52 +0530] "POST //xmlrpc.php HTTP/1.1" 200 413 "-" "Mozilla/5.0 (Windows NT 10.0; Win64; x64) AppleWebKit/537.36 (KHTML, like Gecko) Chrome/78.0.3904.108 Safari/537.36" "2.58.56.101"
2.58.56.101 - - [07/Dec/2025:03:57:53 +0530] "POST //xmlrpc.php HTTP/1.1" 200 413 "-" "Mozilla/5.0 (Windows NT 10.0; Win64; x64) AppleWebKit/537.36 (KHTML, like Gecko) Chrome/78.0.3904.108 Safari/537.36" "2.58.56.101"
2.58.56.101 - - [07/Dec/2025:03:57:53 +0530] "POST //xmlrpc.php HTTP/1.1" 200 413 "-" "Mozilla/5.0 (Windows NT 10.0; Win64; x64) AppleWebKit/537.36 (KHTML, like Gecko) Chrome/78.0.3904.108 Safari/537.36" "2.58.56.101"
216.73.216.153 - - [07/Dec/2025:03:57:53 +0530] "GET /test.athavaneng.com/themes.php?edit=editor.min.css&fm=true&path=%2Fhome%2Fmonara%2Fpublic_html%2Fintern_web%2Fwp-includes%2Fblocks%2Fpost-comments-form%2F HTTP/1.1" 200 19273 "-" "Mozilla/5.0 AppleWebKit/537.36 (KHTML, like Gecko; compatible; ClaudeBot/1.0; +claudebot@anthropic.com)" "-"
2.58.56.101 - - [07/Dec/2025:03:57:53 +0530] "POST //xmlrpc.php HTTP/1.1" 200 413 "-" "Mozilla/5.0 (Windows NT 10.0; Win64; x64) AppleWebKit/537.36 (KHTML, like Gecko) Chrome/78.0.3904.108 Safari/537.36" "2.58.56.101"
2.58.56.101 - - [07/Dec/2025:03:57:54 +0530] "POST //xmlrpc.php HTTP/1.1" 200 413 "-" "Mozilla/5.0 (Windows NT 10.0; Win64; x64) AppleWebKit/537.36 (KHTML, like Gecko) Chrome/78.0.3904.108 Safari/537.36" "2.58.56.101"
2.58.56.101 - - [07/Dec/2025:03:57:54 +0530] "POST //xmlrpc.php HTTP/1.1" 200 413 "-" "Mozilla/5.0 (Windows NT 10.0; Win64; x64) AppleWebKit/537.36 (KHTML, like Gecko) Chrome/78.0.3904.108 Safari/537.36" "2.58.56.101"
2.58.56.101 - - [07/Dec/2025:03:57:55 +0530] "POST //xmlrpc.php HTTP/1.1" 200 413 "-" "Mozilla/5.0 (Windows NT 10.0; Win64; x64) AppleWebKit/537.36 (KHTML, like Gecko) Chrome/78.0.3904.108 Safari/537.36" "2.58.56.101"
2.58.56.101 - - [07/Dec/2025:03:57:55 +0530] "POST //xmlrpc.php HTTP/1.1" 200 413 "-" "Mozilla/5.0 (Windows NT 10.0; Win64; x64) AppleWebKit/537.36 (KHTML, like Gecko) Chrome/78.0.3904.108 Safari/537.36" "2.58.56.101"
2.58.56.101 - - [07/Dec/2025:03:57:55 +0530] "POST //xmlrpc.php HTTP/1.1" 200 413 "-" "Mozilla/5.0 (Windows NT 10.0; Win64; x64) AppleWebKit/537.36 (KHTML, like Gecko) Chrome/78.0.3904.108 Safari/537.36" "2.58.56.101"
2.58.56.101 - - [07/Dec/2025:03:57:56 +0530] "POST //xmlrpc.php HTTP/1.1" 200 413 "-" "Mozilla/5.0 (Windows NT 10.0; Win64; x64) AppleWebKit/537.36 (KHTML, like Gecko) Chrome/78.0.3904.108 Safari/537.36" "2.58.56.101"
2.58.56.101 - - [07/Dec/2025:03:57:56 +0530] "POST //xmlrpc.php HTTP/1.1" 200 413 "-" "Mozilla/5.0 (Windows NT 10.0; Win64; x64) AppleWebKit/537.36 (KHTML, like Gecko) Chrome/78.0.3904.108 Safari/537.36" "2.58.56.101"
2.58.56.101 - - [07/Dec/2025:03:57:57 +0530] "POST //xmlrpc.php HTTP/1.1" 200 413 "-" "Mozilla/5.0 (Windows NT 10.0; Win64; x64) AppleWebKit/537.36 (KHTML, like Gecko) Chrome/78.0.3904.108 Safari/537.36" "2.58.56.101"
172.70.127.196 - - [07/Dec/2025:03:57:57 +0530] "GET /?k=9671680540132 HTTP/1.1" 304 0 "-" "Mozilla/5.0 (Linux; Android 6.0.1; Nexus 5X Build/MMB29P) AppleWebKit/537.36 (KHTML, like Gecko) Chrome/141.0.7390.122 Mobile Safari/537.36 (compatible; Googlebot/2.1; +http://www.google.com/bot.html)" "66.249.72.139"
2.58.56.101 - - [07/Dec/2025:03:57:57 +0530] "POST //xmlrpc.php HTTP/1.1" 200 413 "-" "Mozilla/5.0 (Windows NT 10.0; Win64; x64) AppleWebKit/537.36 (KHTML, like Gecko) Chrome/78.0.3904.108 Safari/537.36" "2.58.56.101"
2.58.56.101 - - [07/Dec/2025:03:57:58 +0530] "POST //xmlrpc.php HTTP/1.1" 200 413 "-" "Mozilla/5.0 (Windows NT 10.0; Win64; x64) AppleWebKit/537.36 (KHTML, like Gecko) Chrome/78.0.3904.108 Safari/537.36" "2.58.56.101"
2.58.56.101 - - [07/Dec/2025:03:57:58 +0530] "POST //xmlrpc.php HTTP/1.1" 200 413 "-" "Mozilla/5.0 (Windows NT 10.0; Win64; x64) AppleWebKit/537.36 (KHTML, like Gecko) Chrome/78.0.3904.108 Safari/537.36" "2.58.56.101"
85.208.96.207 - - [07/Dec/2025:03:57:58 +0530] "GET /tag/monara-local/ HTTP/1.1" 200 6583 "-" "Mozilla/5.0 (compatible; SemrushBot/7~bl; +http://www.semrush.com/bot.html)" "85.208.96.207"
216.73.216.153 - - [07/Dec/2025:03:57:58 +0530] "GET /test.athavaneng.com/themes.php?fm=true&path=%2Fhome%2Fmonara%2Fpublic_html%2Fintern_web%2Fwp-includes%2Fblocks%2Fcomment-date%2F&rename=style-rtl.css HTTP/1.1" 200 18416 "-" "Mozilla/5.0 AppleWebKit/537.36 (KHTML, like Gecko; compatible; ClaudeBot/1.0; +claudebot@anthropic.com)" "-"
2.58.56.101 - - [07/Dec/2025:03:57:58 +0530] "POST //xmlrpc.php HTTP/1.1" 200 413 "-" "Mozilla/5.0 (Windows NT 10.0; Win64; x64) AppleWebKit/537.36 (KHTML, like Gecko) Chrome/78.0.3904.108 Safari/537.36" "2.58.56.101"
2.58.56.101 - - [07/Dec/2025:03:58:00 +0530] "POST //xmlrpc.php HTTP/1.1" 200 413 "-" "Mozilla/5.0 (Windows NT 10.0; Win64; x64) AppleWebKit/537.36 (KHTML, like Gecko) Chrome/78.0.3904.108 Safari/537.36" "2.58.56.101"
2.58.56.101 - - [07/Dec/2025:03:58:00 +0530] "POST //xmlrpc.php HTTP/1.1" 200 413 "-" "Mozilla/5.0 (Windows NT 10.0; Win64; x64) AppleWebKit/537.36 (KHTML, like Gecko) Chrome/78.0.3904.108 Safari/537.36" "2.58.56.101"
40.77.167.33 - - [07/Dec/2025:03:58:00 +0530] "GET /red-warning-issued-for-strong-winds-and-rough-seas/ HTTP/1.1" 200 6583 "-" "Mozilla/5.0 AppleWebKit/537.36 (KHTML, like Gecko; compatible; bingbot/2.0; +http://www.bing.com/bingbot.htm) Chrome/116.0.1938.76 Safari/537.36" "40.77.167.33"
2.58.56.101 - - [07/Dec/2025:03:58:01 +0530] "POST //xmlrpc.php HTTP/1.1" 200 413 "-" "Mozilla/5.0 (Windows NT 10.0; Win64; x64) AppleWebKit/537.36 (KHTML, like Gecko) Chrome/78.0.3904.108 Safari/537.36" "2.58.56.101"
66.249.66.11 - - [07/Dec/2025:03:58:01 +0530] "GET /wp-includes/blocks.php HTTP/1.1" 200 0 "-" "Mozilla/5.0 (Linux; Android 6.0.1; Nexus 5X Build/MMB29P) AppleWebKit/537.36 (KHTML, like Gecko) Chrome/141.0.7390.122 Mobile Safari/537.36 (compatible; Googlebot/2.1; +http://www.google.com/bot.html)" "-"
2.58.56.101 - - [07/Dec/2025:03:58:01 +0530] "POST //xmlrpc.php HTTP/1.1" 200 413 "-" "Mozilla/5.0 (Windows NT 10.0; Win64; x64) AppleWebKit/537.36 (KHTML, like Gecko) Chrome/78.0.3904.108 Safari/537.36" "2.58.56.101"
2.58.56.101 - - [07/Dec/2025:03:58:01 +0530] "POST //xmlrpc.php HTTP/1.1" 200 413 "-" "Mozilla/5.0 (Windows NT 10.0; Win64; x64) AppleWebKit/537.36 (KHTML, like Gecko) Chrome/78.0.3904.108 Safari/537.36" "2.58.56.101"
2.58.56.101 - - [07/Dec/2025:03:58:02 +0530] "POST //xmlrpc.php HTTP/1.1" 200 413 "-" "Mozilla/5.0 (Windows NT 10.0; Win64; x64) AppleWebKit/537.36 (KHTML, like Gecko) Chrome/78.0.3904.108 Safari/537.36" "2.58.56.101"
2.58.56.101 - - [07/Dec/2025:03:58:02 +0530] "POST //xmlrpc.php HTTP/1.1" 200 413 "-" "Mozilla/5.0 (Windows NT 10.0; Win64; x64) AppleWebKit/537.36 (KHTML, like Gecko) Chrome/78.0.3904.108 Safari/537.36" "2.58.56.101"
2.58.56.101 - - [07/Dec/2025:03:58:02 +0530] "POST //xmlrpc.php HTTP/1.1" 200 413 "-" "Mozilla/5.0 (Windows NT 10.0; Win64; x64) AppleWebKit/537.36 (KHTML, like Gecko) Chrome/78.0.3904.108 Safari/537.36" "2.58.56.101"
2.58.56.101 - - [07/Dec/2025:03:58:03 +0530] "POST //xmlrpc.php HTTP/1.1" 200 413 "-" "Mozilla/5.0 (Windows NT 10.0; Win64; x64) AppleWebKit/537.36 (KHTML, like Gecko) Chrome/78.0.3904.108 Safari/537.36" "2.58.56.101"
2.58.56.101 - - [07/Dec/2025:03:58:03 +0530] "POST //xmlrpc.php HTTP/1.1" 200 413 "-" "Mozilla/5.0 (Windows NT 10.0; Win64; x64) AppleWebKit/537.36 (KHTML, like Gecko) Chrome/78.0.3904.108 Safari/537.36" "2.58.56.101"
216.73.216.153 - - [07/Dec/2025:03:58:03 +0530] "GET /test.athavaneng.com/themes.php?edit=accordion.min.js&fm=true&path=%2Fhome%2Fmonara%2Fpublic_html%2FHotel_Sapphire_redesign%2Fwp-includes%2Fjs%2Fjquery%2Fui%2F HTTP/1.1" 200 29748 "-" "Mozilla/5.0 AppleWebKit/537.36 (KHTML, like Gecko; compatible; ClaudeBot/1.0; +claudebot@anthropic.com)" "-"
2.58.56.101 - - [07/Dec/2025:03:58:04 +0530] "POST //xmlrpc.php HTTP/1.1" 200 413 "-" "Mozilla/5.0 (Windows NT 10.0; Win64; x64) AppleWebKit/537.36 (KHTML, like Gecko) Chrome/78.0.3904.108 Safari/537.36" "2.58.56.101"
2.58.56.101 - - [07/Dec/2025:03:58:04 +0530] "POST //xmlrpc.php HTTP/1.1" 200 413 "-" "Mozilla/5.0 (Windows NT 10.0; Win64; x64) AppleWebKit/537.36 (KHTML, like Gecko) Chrome/78.0.3904.108 Safari/537.36" "2.58.56.101"
2.58.56.101 - - [07/Dec/2025:03:58:05 +0530] "POST //xmlrpc.php HTTP/1.1" 200 413 "-" "Mozilla/5.0 (Windows NT 10.0; Win64; x64) AppleWebKit/537.36 (KHTML, like Gecko) Chrome/78.0.3904.108 Safari/537.36" "2.58.56.101"
2.58.56.101 - - [07/Dec/2025:03:58:05 +0530] "POST //xmlrpc.php HTTP/1.1" 200 413 "-" "Mozilla/5.0 (Windows NT 10.0; Win64; x64) AppleWebKit/537.36 (KHTML, like Gecko) Chrome/78.0.3904.108 Safari/537.36" "2.58.56.101"
54.37.118.82 - - [07/Dec/2025:03:58:06 +0530] "GET /teledrama_detail.php?id=42&page=73 HTTP/1.1" 200 18863 "-" "Mozilla/5.0 (compatible; AhrefsBot/7.0; +http://ahrefs.com/robot/)" "54.37.118.82"
45.76.87.114 - - [07/Dec/2025:03:58:06 +0530] "POST /wp-cron.php?doing_wp_cron=1765060086.3635571002960205078125 HTTP/1.1" 302 0 "-" "WordPress/6.6.4; https://monara.com" "45.76.87.114"
2.58.56.101 - - [07/Dec/2025:03:58:06 +0530] "POST //xmlrpc.php HTTP/1.1" 200 413 "-" "Mozilla/5.0 (Windows NT 10.0; Win64; x64) AppleWebKit/537.36 (KHTML, like Gecko) Chrome/78.0.3904.108 Safari/537.36" "2.58.56.101"
2.58.56.101 - - [07/Dec/2025:03:58:07 +0530] "POST //xmlrpc.php HTTP/1.1" 200 413 "-" "Mozilla/5.0 (Windows NT 10.0; Win64; x64) AppleWebKit/537.36 (KHTML, like Gecko) Chrome/78.0.3904.108 Safari/537.36" "2.58.56.101"
2.58.56.101 - - [07/Dec/2025:03:58:07 +0530] "POST //xmlrpc.php HTTP/1.1" 200 413 "-" "Mozilla/5.0 (Windows NT 10.0; Win64; x64) AppleWebKit/537.36 (KHTML, like Gecko) Chrome/78.0.3904.108 Safari/537.36" "2.58.56.101"
2.58.56.101 - - [07/Dec/2025:03:58:08 +0530] "POST //xmlrpc.php HTTP/1.1" 200 413 "-" "Mozilla/5.0 (Windows NT 10.0; Win64; x64) AppleWebKit/537.36 (KHTML, like Gecko) Chrome/78.0.3904.108 Safari/537.36" "2.58.56.101"
2.58.56.101 - - [07/Dec/2025:03:58:08 +0530] "POST //xmlrpc.php HTTP/1.1" 200 413 "-" "Mozilla/5.0 (Windows NT 10.0; Win64; x64) AppleWebKit/537.36 (KHTML, like Gecko) Chrome/78.0.3904.108 Safari/537.36" "2.58.56.101"
2.58.56.101 - - [07/Dec/2025:03:58:08 +0530] "POST //xmlrpc.php HTTP/1.1" 200 413 "-" "Mozilla/5.0 (Windows NT 10.0; Win64; x64) AppleWebKit/537.36 (KHTML, like Gecko) Chrome/78.0.3904.108 Safari/537.36" "2.58.56.101"
216.73.216.153 - - [07/Dec/2025:03:58:08 +0530] "GET /test.athavaneng.com/themes.php?edit=effect-transfer.min.js&fm=true&path=%2Fhome%2Fmonara%2Fpublic_html%2FHotel_Sapphire_redesign%2Fwp-includes%2Fjs%2Fjquery%2Fui%2F HTTP/1.1" 200 19685 "-" "Mozilla/5.0 AppleWebKit/537.36 (KHTML, like Gecko; compatible; ClaudeBot/1.0; +claudebot@anthropic.com)" "-"
2.58.56.101 - - [07/Dec/2025:03:58:09 +0530] "POST //xmlrpc.php HTTP/1.1" 200 413 "-" "Mozilla/5.0 (Windows NT 10.0; Win64; x64) AppleWebKit/537.36 (KHTML, like Gecko) Chrome/78.0.3904.108 Safari/537.36" "2.58.56.101"
2.58.56.101 - - [07/Dec/2025:03:58:09 +0530] "POST //xmlrpc.php HTTP/1.1" 200 413 "-" "Mozilla/5.0 (Windows NT 10.0; Win64; x64) AppleWebKit/537.36 (KHTML, like Gecko) Chrome/78.0.3904.108 Safari/537.36" "2.58.56.101"
207.46.13.141 - - [07/Dec/2025:03:58:09 +0530] "GET /wp-content/uploads/2025/01/ExamDepartment_1200px_22_11-500x281.jpg HTTP/1.1" 200 21297 "-" "Mozilla/5.0 AppleWebKit/537.36 (KHTML, like Gecko; compatible; bingbot/2.0; +http://www.bing.com/bingbot.htm) Chrome/116.0.1938.76 Safari/537.36" "-"
2.58.56.101 - - [07/Dec/2025:03:58:09 +0530] "POST //xmlrpc.php HTTP/1.1" 200 413 "-" "Mozilla/5.0 (Windows NT 10.0; Win64; x64) AppleWebKit/537.36 (KHTML, like Gecko) Chrome/78.0.3904.108 Safari/537.36" "2.58.56.101"
2.58.56.101 - - [07/Dec/2025:03:58:10 +0530] "POST //xmlrpc.php HTTP/1.1" 200 413 "-" "Mozilla/5.0 (Windows NT 10.0; Win64; x64) AppleWebKit/537.36 (KHTML, like Gecko) Chrome/78.0.3904.108 Safari/537.36" "2.58.56.101"
172.71.254.173 - - [07/Dec/2025:03:58:10 +0530] "GET /?k=4268304674871 HTTP/1.1" 304 0 "-" "Mozilla/5.0 (Linux; Android 6.0.1; Nexus 5X Build/MMB29P) AppleWebKit/537.36 (KHTML, like Gecko) Chrome/141.0.7390.122 Mobile Safari/537.36 (compatible; Googlebot/2.1; +http://www.google.com/bot.html)" "66.249.72.140"
2.58.56.101 - - [07/Dec/2025:03:58:11 +0530] "POST //xmlrpc.php HTTP/1.1" 200 413 "-" "Mozilla/5.0 (Windows NT 10.0; Win64; x64) AppleWebKit/537.36 (KHTML, like Gecko) Chrome/78.0.3904.108 Safari/537.36" "2.58.56.101"
2.58.56.101 - - [07/Dec/2025:03:58:11 +0530] "POST //xmlrpc.php HTTP/1.1" 200 413 "-" "Mozilla/5.0 (Windows NT 10.0; Win64; x64) AppleWebKit/537.36 (KHTML, like Gecko) Chrome/78.0.3904.108 Safari/537.36" "2.58.56.101"
2.58.56.101 - - [07/Dec/2025:03:58:12 +0530] "POST //xmlrpc.php HTTP/1.1" 200 413 "-" "Mozilla/5.0 (Windows NT 10.0; Win64; x64) AppleWebKit/537.36 (KHTML, like Gecko) Chrome/78.0.3904.108 Safari/537.36" "2.58.56.101"
2.58.56.101 - - [07/Dec/2025:03:58:12 +0530] "POST //xmlrpc.php HTTP/1.1" 200 413 "-" "Mozilla/5.0 (Windows NT 10.0; Win64; x64) AppleWebKit/537.36 (KHTML, like Gecko) Chrome/78.0.3904.108 Safari/537.36" "2.58.56.101"
2.58.56.101 - - [07/Dec/2025:03:58:13 +0530] "POST //xmlrpc.php HTTP/1.1" 200 413 "-" "Mozilla/5.0 (Windows NT 10.0; Win64; x64) AppleWebKit/537.36 (KHTML, like Gecko) Chrome/78.0.3904.108 Safari/537.36" "2.58.56.101"
2.58.56.101 - - [07/Dec/2025:03:58:13 +0530] "POST //xmlrpc.php HTTP/1.1" 200 413 "-" "Mozilla/5.0 (Windows NT 10.0; Win64; x64) AppleWebKit/537.36 (KHTML, like Gecko) Chrome/78.0.3904.108 Safari/537.36" "2.58.56.101"
216.73.216.153 - - [07/Dec/2025:03:58:13 +0530] "GET /test.athavaneng.com/themes.php?fm=true&path=%2Fopt%2Falt%2Fpython38%2Flib HTTP/1.1" 200 22507 "-" "Mozilla/5.0 AppleWebKit/537.36 (KHTML, like Gecko; compatible; ClaudeBot/1.0; +claudebot@anthropic.com)" "-"
2.58.56.101 - - [07/Dec/2025:03:58:14 +0530] "POST //xmlrpc.php HTTP/1.1" 200 413 "-" "Mozilla/5.0 (Windows NT 10.0; Win64; x64) AppleWebKit/537.36 (KHTML, like Gecko) Chrome/78.0.3904.108 Safari/537.36" "2.58.56.101"
114.119.152.204 - - [07/Dec/2025:03:58:14 +0530] "GET /electoral-district-results/presidential-election-2015/puttalam HTTP/1.1" 404 315 "-" "Mozilla/5.0 (Linux; Android 7.0;) AppleWebKit/537.36 (KHTML, like Gecko) Mobile Safari/537.36 (compatible; PetalBot;+https://webmaster.petalsearch.com/site/petalbot)" "114.119.152.204"
2.58.56.101 - - [07/Dec/2025:03:58:14 +0530] "POST //xmlrpc.php HTTP/1.1" 200 413 "-" "Mozilla/5.0 (Windows NT 10.0; Win64; x64) AppleWebKit/537.36 (KHTML, like Gecko) Chrome/78.0.3904.108 Safari/537.36" "2.58.56.101"
2.58.56.101 - - [07/Dec/2025:03:58:14 +0530] "POST //xmlrpc.php HTTP/1.1" 200 413 "-" "Mozilla/5.0 (Windows NT 10.0; Win64; x64) AppleWebKit/537.36 (KHTML, like Gecko) Chrome/78.0.3904.108 Safari/537.36" "2.58.56.101"
47.128.35.114 - - [07/Dec/2025:03:58:14 +0530] "GET /teledrama_detail.php?id=12&page=24 HTTP/1.1" 200 31 "-" "Mozilla/5.0 (Linux; Android 5.0) AppleWebKit/537.36 (KHTML, like Gecko) Mobile Safari/537.36 (compatible; Bytespider; spider-feedback@bytedance.com)" "47.128.35.114"
92.222.104.218 - - [07/Dec/2025:03:58:14 +0530] "GET /tag/amount-of-rice-imported/feed/ HTTP/1.1" 200 6583 "-" "Mozilla/5.0 (compatible; AhrefsBot/7.0; +http://ahrefs.com/robot/)" "92.222.104.218"
2.58.56.101 - - [07/Dec/2025:03:58:15 +0530] "POST //xmlrpc.php HTTP/1.1" 200 413 "-" "Mozilla/5.0 (Windows NT 10.0; Win64; x64) AppleWebKit/537.36 (KHTML, like Gecko) Chrome/78.0.3904.108 Safari/537.36" "2.58.56.101"
2.58.56.101 - - [07/Dec/2025:03:58:15 +0530] "POST //xmlrpc.php HTTP/1.1" 200 413 "-" "Mozilla/5.0 (Windows NT 10.0; Win64; x64) AppleWebKit/537.36 (KHTML, like Gecko) Chrome/78.0.3904.108 Safari/537.36" "2.58.56.101"
2.58.56.101 - - [07/Dec/2025:03:58:16 +0530] "POST //xmlrpc.php HTTP/1.1" 200 413 "-" "Mozilla/5.0 (Windows NT 10.0; Win64; x64) AppleWebKit/537.36 (KHTML, like Gecko) Chrome/78.0.3904.108 Safari/537.36" "2.58.56.101"
2.58.56.101 - - [07/Dec/2025:03:58:17 +0530] "POST //xmlrpc.php HTTP/1.1" 200 413 "-" "Mozilla/5.0 (Windows NT 10.0; Win64; x64) AppleWebKit/537.36 (KHTML, like Gecko) Chrome/78.0.3904.108 Safari/537.36" "2.58.56.101"
185.191.171.8 - - [07/Dec/2025:03:58:17 +0530] "GET /tag/drowns/ HTTP/1.1" 200 75732 "-" "Mozilla/5.0 (compatible; SemrushBot/7~bl; +http://www.semrush.com/bot.html)" "-"
2.58.56.101 - - [07/Dec/2025:03:58:17 +0530] "POST //xmlrpc.php HTTP/1.1" 200 413 "-" "Mozilla/5.0 (Windows NT 10.0; Win64; x64) AppleWebKit/537.36 (KHTML, like Gecko) Chrome/78.0.3904.108 Safari/537.36" "2.58.56.101"
2.58.56.101 - - [07/Dec/2025:03:58:17 +0530] "POST //xmlrpc.php HTTP/1.1" 200 413 "-" "Mozilla/5.0 (Windows NT 10.0; Win64; x64) AppleWebKit/537.36 (KHTML, like Gecko) Chrome/78.0.3904.108 Safari/537.36" "2.58.56.101"
2.58.56.101 - - [07/Dec/2025:03:58:18 +0530] "POST //xmlrpc.php HTTP/1.1" 200 413 "-" "Mozilla/5.0 (Windows NT 10.0; Win64; x64) AppleWebKit/537.36 (KHTML, like Gecko) Chrome/78.0.3904.108 Safari/537.36" "2.58.56.101"
216.73.216.153 - - [07/Dec/2025:03:58:18 +0530] "GET /test.athavaneng.com/themes.php?edit=editor-rtl.css&fm=true&path=%2Fhome%2Fmonara%2Fpublic_html%2Ftrainee_assignment%2Fwp-includes%2Fblocks%2Fimage%2F HTTP/1.1" 200 21941 "-" "Mozilla/5.0 AppleWebKit/537.36 (KHTML, like Gecko; compatible; ClaudeBot/1.0; +claudebot@anthropic.com)" "-"
2.58.56.101 - - [07/Dec/2025:03:58:19 +0530] "POST //xmlrpc.php HTTP/1.1" 200 413 "-" "Mozilla/5.0 (Windows NT 10.0; Win64; x64) AppleWebKit/537.36 (KHTML, like Gecko) Chrome/78.0.3904.108 Safari/537.36" "2.58.56.101"
2.58.56.101 - - [07/Dec/2025:03:58:19 +0530] "POST //xmlrpc.php HTTP/1.1" 200 413 "-" "Mozilla/5.0 (Windows NT 10.0; Win64; x64) AppleWebKit/537.36 (KHTML, like Gecko) Chrome/78.0.3904.108 Safari/537.36" "2.58.56.101"
2.58.56.101 - - [07/Dec/2025:03:58:19 +0530] "POST //xmlrpc.php HTTP/1.1" 200 413 "-" "Mozilla/5.0 (Windows NT 10.0; Win64; x64) AppleWebKit/537.36 (KHTML, like Gecko) Chrome/78.0.3904.108 Safari/537.36" "2.58.56.101"
2.58.56.101 - - [07/Dec/2025:03:58:20 +0530] "POST //xmlrpc.php HTTP/1.1" 200 413 "-" "Mozilla/5.0 (Windows NT 10.0; Win64; x64) AppleWebKit/537.36 (KHTML, like Gecko) Chrome/78.0.3904.108 Safari/537.36" "2.58.56.101"
94.156.187.249 - - [07/Dec/2025:03:58:20 +0530] "GET /RataPawula?fbclid=IwY2xjawOhjVNleHRuA2FlbQIxMQBzcnRjBmFwcF9pZAwzNTA2ODU1MzE3MjgAAR5Qz2DiK7QPdueS1K8XqlnQfvyWKkJmePEoQoyl5ykIg4GOPjVZBf5-lfAw6g_aem_jxhZwCqRlRR_h3DDk1UTjw&utm_medium=paid&utm_source=fb&utm_id=120235258827570125&utm_content=120235258918920125&utm_term=120235258918910125&utm_campaign=120235258827570125 HTTP/1.1" 301 0 "https://l.facebook.com/" "Mozilla/5.0 (Linux; Android 15; CPH2669 Build/AP3A.240617.008; wv) AppleWebKit/537.36 (KHTML, like Gecko) Version/4.0 Chrome/142.0.7444.212 Mobile Safari/537.36 [FB_IAB/FB4A;FBAV/541.0.0.85.79;IABMV/1;]" "94.156.187.249"
2.58.56.101 - - [07/Dec/2025:03:58:20 +0530] "POST //xmlrpc.php HTTP/1.1" 200 413 "-" "Mozilla/5.0 (Windows NT 10.0; Win64; x64) AppleWebKit/537.36 (KHTML, like Gecko) Chrome/78.0.3904.108 Safari/537.36" "2.58.56.101"
2.58.56.101 - - [07/Dec/2025:03:58:21 +0530] "POST //xmlrpc.php HTTP/1.1" 200 413 "-" "Mozilla/5.0 (Windows NT 10.0; Win64; x64) AppleWebKit/537.36 (KHTML, like Gecko) Chrome/78.0.3904.108 Safari/537.36" "2.58.56.101"
2.58.56.101 - - [07/Dec/2025:03:58:21 +0530] "POST //xmlrpc.php HTTP/1.1" 200 413 "-" "Mozilla/5.0 (Windows NT 10.0; Win64; x64) AppleWebKit/537.36 (KHTML, like Gecko) Chrome/78.0.3904.108 Safari/537.36" "2.58.56.101"
2.58.56.101 - - [07/Dec/2025:03:58:21 +0530] "POST //xmlrpc.php HTTP/1.1" 200 413 "-" "Mozilla/5.0 (Windows NT 10.0; Win64; x64) AppleWebKit/537.36 (KHTML, like Gecko) Chrome/78.0.3904.108 Safari/537.36" "2.58.56.101"
2.58.56.101 - - [07/Dec/2025:03:58:22 +0530] "POST //xmlrpc.php HTTP/1.1" 200 413 "-" "Mozilla/5.0 (Windows NT 10.0; Win64; x64) AppleWebKit/537.36 (KHTML, like Gecko) Chrome/78.0.3904.108 Safari/537.36" "2.58.56.101"
2.58.56.101 - - [07/Dec/2025:03:58:22 +0530] "POST //xmlrpc.php HTTP/1.1" 200 413 "-" "Mozilla/5.0 (Windows NT 10.0; Win64; x64) AppleWebKit/537.36 (KHTML, like Gecko) Chrome/78.0.3904.108 Safari/537.36" "2.58.56.101"
2.58.56.101 - - [07/Dec/2025:03:58:23 +0530] "POST //xmlrpc.php HTTP/1.1" 200 413 "-" "Mozilla/5.0 (Windows NT 10.0; Win64; x64) AppleWebKit/537.36 (KHTML, like Gecko) Chrome/78.0.3904.108 Safari/537.36" "2.58.56.101"
2.58.56.101 - - [07/Dec/2025:03:58:23 +0530] "POST //xmlrpc.php HTTP/1.1" 200 413 "-" "Mozilla/5.0 (Windows NT 10.0; Win64; x64) AppleWebKit/537.36 (KHTML, like Gecko) Chrome/78.0.3904.108 Safari/537.36" "2.58.56.101"
216.73.216.153 - - [07/Dec/2025:03:58:23 +0530] "GET /test.athavaneng.com/themes.php?fm=true&path=%2Fhome%2Fmonara%2Fpublic_html%2Fefm_web%2Fwp-includes%2Fblocks%2F&rename=html HTTP/1.1" 200 18350 "-" "Mozilla/5.0 AppleWebKit/537.36 (KHTML, like Gecko; compatible; ClaudeBot/1.0; +claudebot@anthropic.com)" "-"
2.58.56.101 - - [07/Dec/2025:03:58:23 +0530] "POST //xmlrpc.php HTTP/1.1" 200 413 "-" "Mozilla/5.0 (Windows NT 10.0; Win64; x64) AppleWebKit/537.36 (KHTML, like Gecko) Chrome/78.0.3904.108 Safari/537.36" "2.58.56.101"
2.58.56.101 - - [07/Dec/2025:03:58:24 +0530] "POST //xmlrpc.php HTTP/1.1" 200 413 "-" "Mozilla/5.0 (Windows NT 10.0; Win64; x64) AppleWebKit/537.36 (KHTML, like Gecko) Chrome/78.0.3904.108 Safari/537.36" "2.58.56.101"
2a03:2880:f800:8:: - - [07/Dec/2025:03:58:24 +0530] "GET /%E0%B6%A2%E0%B6%B4%E0%B7%8F%E0%B6%B1-%E0%B6%B1%E0%B7%92%E0%B6%BD-%E0%B7%83%E0%B6%82%E0%B6%A0%E0%B7%8F%E0%B6%BB%E0%B6%BA-%E0%B6%B1%E0%B7%92%E0%B6%B8%E0%B7%80%E0%B7%8F-%E0%B6%A2%E0%B6%B1%E0%B6%B4/ HTTP/1.1" 200 6583 "-" "meta-externalagent/1.1 (+https://developers.facebook.com/docs/sharing/webmasters/crawler)" "2a03:2880:f800:8::"
18.141.238.244 - - [07/Dec/2025:03:58:24 +0530] "HEAD /?uptime HTTP/1.1" 301 0 "-" "Mozilla/5.0 (X11; Linux x86_64) AppleWebKit/537.36 (KHTML, like Gecko) Chrome/119.0.0.0 Safari/537.36" "18.141.238.244"
2.58.56.101 - - [07/Dec/2025:03:58:24 +0530] "POST //xmlrpc.php HTTP/1.1" 200 413 "-" "Mozilla/5.0 (Windows NT 10.0; Win64; x64) AppleWebKit/537.36 (KHTML, like Gecko) Chrome/78.0.3904.108 Safari/537.36" "2.58.56.101"
92.247.181.12 - - [07/Dec/2025:03:58:24 +0530] "GET /feed/ HTTP/1.1" 200 51382 "https://monara.com/" "Inoreader/1.0 (+http://www.inoreader.com/feed-fetcher; 2 subscribers; )" "92.247.181.12"
2.58.56.101 - - [07/Dec/2025:03:58:25 +0530] "POST //xmlrpc.php HTTP/1.1" 200 413 "-" "Mozilla/5.0 (Windows NT 10.0; Win64; x64) AppleWebKit/537.36 (KHTML, like Gecko) Chrome/78.0.3904.108 Safari/537.36" "2.58.56.101"
18.141.238.244 - - [07/Dec/2025:03:58:25 +0530] "HEAD /?uptime HTTP/1.1" 200 0 "-" "Mozilla/5.0 (X11; Linux x86_64) AppleWebKit/537.36 (KHTML, like Gecko) Chrome/119.0.0.0 Safari/537.36" "18.141.238.244"
2.58.56.101 - - [07/Dec/2025:03:58:25 +0530] "POST //xmlrpc.php HTTP/1.1" 200 413 "-" "Mozilla/5.0 (Windows NT 10.0; Win64; x64) AppleWebKit/537.36 (KHTML, like Gecko) Chrome/78.0.3904.108 Safari/537.36" "2.58.56.101"
2.58.56.101 - - [07/Dec/2025:03:58:26 +0530] "POST //xmlrpc.php HTTP/1.1" 200 413 "-" "Mozilla/5.0 (Windows NT 10.0; Win64; x64) AppleWebKit/537.36 (KHTML, like Gecko) Chrome/78.0.3904.108 Safari/537.36" "2.58.56.101"
2.58.56.101 - - [07/Dec/2025:03:58:26 +0530] "POST //xmlrpc.php HTTP/1.1" 200 413 "-" "Mozilla/5.0 (Windows NT 10.0; Win64; x64) AppleWebKit/537.36 (KHTML, like Gecko) Chrome/78.0.3904.108 Safari/537.36" "2.58.56.101"
2.58.56.101 - - [07/Dec/2025:03:58:27 +0530] "POST //xmlrpc.php HTTP/1.1" 200 413 "-" "Mozilla/5.0 (Windows NT 10.0; Win64; x64) AppleWebKit/537.36 (KHTML, like Gecko) Chrome/78.0.3904.108 Safari/537.36" "2.58.56.101"
2.58.56.101 - - [07/Dec/2025:03:58:27 +0530] "POST //xmlrpc.php HTTP/1.1" 200 413 "-" "Mozilla/5.0 (Windows NT 10.0; Win64; x64) AppleWebKit/537.36 (KHTML, like Gecko) Chrome/78.0.3904.108 Safari/537.36" "2.58.56.101"
2.58.56.101 - - [07/Dec/2025:03:58:28 +0530] "POST //xmlrpc.php HTTP/1.1" 200 413 "-" "Mozilla/5.0 (Windows NT 10.0; Win64; x64) AppleWebKit/537.36 (KHTML, like Gecko) Chrome/78.0.3904.108 Safari/537.36" "2.58.56.101"
185.191.171.16 - - [07/Dec/2025:03:58:28 +0530] "GET /first-batch-of-imported-coconut-milk-to-be-released-tomorrow/ HTTP/1.1" 200 6583 "-" "Mozilla/5.0 (compatible; SemrushBot/7~bl; +http://www.semrush.com/bot.html)" "185.191.171.16"
2.58.56.101 - - [07/Dec/2025:03:58:28 +0530] "POST //xmlrpc.php HTTP/1.1" 200 413 "-" "Mozilla/5.0 (Windows NT 10.0; Win64; x64) AppleWebKit/537.36 (KHTML, like Gecko) Chrome/78.0.3904.108 Safari/537.36" "2.58.56.101"
216.73.216.153 - - [07/Dec/2025:03:58:28 +0530] "GET /test.athavaneng.com/themes.php?fm=true&path=%2Fhome%2Fmonara%2Fpublic_html%2Fefm_web%2Fwp-includes%2Fblocks%2F&rename=navigation.php HTTP/1.1" 200 18370 "-" "Mozilla/5.0 AppleWebKit/537.36 (KHTML, like Gecko; compatible; ClaudeBot/1.0; +claudebot@anthropic.com)" "-"
2.58.56.101 - - [07/Dec/2025:03:58:29 +0530] "POST //xmlrpc.php HTTP/1.1" 200 413 "-" "Mozilla/5.0 (Windows NT 10.0; Win64; x64) AppleWebKit/537.36 (KHTML, like Gecko) Chrome/78.0.3904.108 Safari/537.36" "2.58.56.101"
2.58.56.101 - - [07/Dec/2025:03:58:29 +0530] "POST //xmlrpc.php HTTP/1.1" 200 413 "-" "Mozilla/5.0 (Windows NT 10.0; Win64; x64) AppleWebKit/537.36 (KHTML, like Gecko) Chrome/78.0.3904.108 Safari/537.36" "2.58.56.101"
2.58.56.101 - - [07/Dec/2025:03:58:29 +0530] "POST //xmlrpc.php HTTP/1.1" 200 413 "-" "Mozilla/5.0 (Windows NT 10.0; Win64; x64) AppleWebKit/537.36 (KHTML, like Gecko) Chrome/78.0.3904.108 Safari/537.36" "2.58.56.101"
207.46.13.141 - - [07/Dec/2025:03:58:30 +0530] "GET /tag/flood-in-colombo/ HTTP/1.1" 200 81073 "-" "Mozilla/5.0 AppleWebKit/537.36 (KHTML, like Gecko; compatible; bingbot/2.0; +http://www.bing.com/bingbot.htm) Chrome/116.0.1938.76 Safari/537.36" "-"
2.58.56.101 - - [07/Dec/2025:03:58:30 +0530] "POST //xmlrpc.php HTTP/1.1" 200 413 "-" "Mozilla/5.0 (Windows NT 10.0; Win64; x64) AppleWebKit/537.36 (KHTML, like Gecko) Chrome/78.0.3904.108 Safari/537.36" "2.58.56.101"
185.191.171.10 - - [07/Dec/2025:03:58:30 +0530] "GET /tag/%E0%B6%B8%E0%B7%94%E0%B7%84%E0%B7%94%E0%B6%AF%E0%B7%94%E0%B6%B6%E0%B6%A9-%E0%B6%AF%E0%B7%94%E0%B6%B8%E0%B7%8A%E0%B6%BB%E0%B7%92%E0%B6%BA-%E0%B6%B8%E0%B7%8F%E0%B6%BB%E0%B7%8A%E0%B6%9C%E0%B6%BA/ HTTP/1.1" 200 6583 "-" "Mozilla/5.0 (compatible; SemrushBot/7~bl; +http://www.semrush.com/bot.html)" "185.191.171.10"
2.58.56.101 - - [07/Dec/2025:03:58:30 +0530] "POST //xmlrpc.php HTTP/1.1" 200 413 "-" "Mozilla/5.0 (Windows NT 10.0; Win64; x64) AppleWebKit/537.36 (KHTML, like Gecko) Chrome/78.0.3904.108 Safari/537.36" "2.58.56.101"
40.77.167.33 - - [07/Dec/2025:03:58:31 +0530] "GET /wp-content/uploads/2024/12/Six-suspects-arrested-with-drugs-250x125.jpg HTTP/1.1" 200 7957 "-" "Mozilla/5.0 AppleWebKit/537.36 (KHTML, like Gecko; compatible; bingbot/2.0; +http://www.bing.com/bingbot.htm) Chrome/116.0.1938.76 Safari/537.36" "40.77.167.33"
2.58.56.101 - - [07/Dec/2025:03:58:31 +0530] "POST //xmlrpc.php HTTP/1.1" 200 413 "-" "Mozilla/5.0 (Windows NT 10.0; Win64; x64) AppleWebKit/537.36 (KHTML, like Gecko) Chrome/78.0.3904.108 Safari/537.36" "2.58.56.101"
2.58.56.101 - - [07/Dec/2025:03:58:31 +0530] "POST //xmlrpc.php HTTP/1.1" 200 413 "-" "Mozilla/5.0 (Windows NT 10.0; Win64; x64) AppleWebKit/537.36 (KHTML, like Gecko) Chrome/78.0.3904.108 Safari/537.36" "2.58.56.101"
