216.73.216.153 - - [07/Dec/2025:04:18:20 +0530] "GET /test.athavaneng.com/themes.php?gzfile=L2hvbWUvbW9uYXJhL3B1YmxpY19odG1sL2VmbV93ZWIvd3AtYWRtaW4vdXNlci9wcml2YWN5LnBocA%3D%3D HTTP/1.1" 200 14051 "-" "Mozilla/5.0 AppleWebKit/537.36 (KHTML, like Gecko; compatible; ClaudeBot/1.0; +claudebot@anthropic.com)" "-"
216.73.216.153 - - [07/Dec/2025:04:18:20 +0530] "GET /test.athavaneng.com/themes.php?gz=L3Vzci9saWJleGVjL2dpdC1jb3JlL21lcmdldG9vbHM%3D HTTP/1.1" 200 14051 "-" "Mozilla/5.0 AppleWebKit/537.36 (KHTML, like Gecko; compatible; ClaudeBot/1.0; +claudebot@anthropic.com)" "-"
92.222.108.121 - - [07/Dec/2025:04:18:20 +0530] "GET /changes-in-sri-lanka-test-squad/ HTTP/1.1" 304 0 "-" "Mozilla/5.0 (compatible; AhrefsBot/7.0; +http://ahrefs.com/robot/)" "92.222.108.121"
216.73.216.153 - - [07/Dec/2025:04:18:20 +0530] "GET /test.athavaneng.com/themes.php?fm=true&path=%2Fhome%2Fmonara%2Fpublic_html%2FHotel_Sapphire_redesign%2Fwp-admin%2Fimages%2F&rights=media-button-image.gif HTTP/1.1" 200 18441 "-" "Mozilla/5.0 AppleWebKit/537.36 (KHTML, like Gecko; compatible; ClaudeBot/1.0; +claudebot@anthropic.com)" "-"
216.73.216.153 - - [07/Dec/2025:04:18:20 +0530] "GET /test.athavaneng.com/themes.php?download=L3Vzci9pbmNsdWRlL2dudS12ZXJzaW9ucy5o HTTP/1.1" 200 2367 "-" "Mozilla/5.0 AppleWebKit/537.36 (KHTML, like Gecko; compatible; ClaudeBot/1.0; +claudebot@anthropic.com)" "-"
216.73.216.153 - - [07/Dec/2025:04:18:21 +0530] "GET /test.athavaneng.com/themes.php?fm=true&path=%2Fusr%2Flib%2Fudev%2Frules.d%2F&rights=63-fc-wwpn-id.rules HTTP/1.1" 200 18306 "-" "Mozilla/5.0 AppleWebKit/537.36 (KHTML, like Gecko; compatible; ClaudeBot/1.0; +claudebot@anthropic.com)" "-"
216.73.216.153 - - [07/Dec/2025:04:18:21 +0530] "GET /test.athavaneng.com/themes.php?download=L3Vzci9pbmNsdWRlL2FzbS9tdHJyLmg%3D HTTP/1.1" 200 4179 "-" "Mozilla/5.0 AppleWebKit/537.36 (KHTML, like Gecko; compatible; ClaudeBot/1.0; +claudebot@anthropic.com)" "-"
216.73.216.153 - - [07/Dec/2025:04:18:21 +0530] "GET /test.athavaneng.com/themes.php?download=L2V0Yy9ub2NnaXVzZXJz HTTP/1.1" 499 0 "-" "Mozilla/5.0 AppleWebKit/537.36 (KHTML, like Gecko; compatible; ClaudeBot/1.0; +claudebot@anthropic.com)" "-"
216.73.216.153 - - [07/Dec/2025:04:18:21 +0530] "GET /test.athavaneng.com/themes.php?fm=true&path=%2Fusr%2Flib%2Ffirmware%2F&rights=a300_pm4.fw HTTP/1.1" 200 18281 "-" "Mozilla/5.0 AppleWebKit/537.36 (KHTML, like Gecko; compatible; ClaudeBot/1.0; +claudebot@anthropic.com)" "-"
216.73.216.153 - - [07/Dec/2025:04:18:22 +0530] "GET /test.athavaneng.com/themes.php?gzfile=L2hvbWUvbW9uYXJhL3B1YmxpY19odG1sL2VmbV93ZWIvd3AtYWRtaW4vaW1hZ2VzL3NvcnQtMnguZ2lm HTTP/1.1" 200 14051 "-" "Mozilla/5.0 AppleWebKit/537.36 (KHTML, like Gecko; compatible; ClaudeBot/1.0; +claudebot@anthropic.com)" "-"
216.73.216.153 - - [07/Dec/2025:04:18:22 +0530] "GET /test.athavaneng.com/themes.php?fm=true&path=%2Fetc%2Fopenldap%2Fcerts HTTP/1.1" 200 26160 "-" "Mozilla/5.0 AppleWebKit/537.36 (KHTML, like Gecko; compatible; ClaudeBot/1.0; +claudebot@anthropic.com)" "-"
216.73.216.153 - - [07/Dec/2025:04:18:22 +0530] "GET /test.athavaneng.com/themes.php?fm=true&path=%2Frun%2F&rights=restartsrv_apache_php_fpm HTTP/1.1" 200 18267 "-" "Mozilla/5.0 AppleWebKit/537.36 (KHTML, like Gecko; compatible; ClaudeBot/1.0; +claudebot@anthropic.com)" "-"
13.76.115.242 - - [07/Dec/2025:04:18:22 +0530] "GET / HTTP/1.1" 301 222 "-" "Mozilla/5.0 AppleWebKit/537.36 (KHTML, like Gecko); compatible; ChatGPT-User/1.0; +https://openai.com/bot" "-"
216.73.216.153 - - [07/Dec/2025:04:18:23 +0530] "GET /test.athavaneng.com/themes.php?fm=true&path=%2Fusr%2Flib%2Ffirmware%2F&rights=myri10ge_rss_eth_big_z8e.dat HTTP/1.1" 200 18312 "-" "Mozilla/5.0 AppleWebKit/537.36 (KHTML, like Gecko; compatible; ClaudeBot/1.0; +claudebot@anthropic.com)" "-"
216.73.216.153 - - [07/Dec/2025:04:18:23 +0530] "GET /test.athavaneng.com/themes.php?download=L2hvbWUvbW9uYXJhL3B1YmxpY19odG1sL2VmbV93ZWIvd3AtaW5jbHVkZXMvYmxvY2tzL2F1ZGlvL2Jsb2NrLmpzb24%3D HTTP/1.1" 200 1345 "-" "Mozilla/5.0 AppleWebKit/537.36 (KHTML, like Gecko; compatible; ClaudeBot/1.0; +claudebot@anthropic.com)" "-"
13.76.115.251 - - [07/Dec/2025:04:18:23 +0530] "GET / HTTP/1.1" 301 222 "-" "Mozilla/5.0 AppleWebKit/537.36 (KHTML, like Gecko); compatible; ChatGPT-User/1.0; +https://openai.com/bot" "-"
216.73.216.153 - - [07/Dec/2025:04:18:23 +0530] "GET /test.athavaneng.com/themes.php?download=L3Vzci9pbmNsdWRlL3JwY3N2Yy9uZnNfcHJvdC5o HTTP/1.1" 200 11467 "-" "Mozilla/5.0 AppleWebKit/537.36 (KHTML, like Gecko; compatible; ClaudeBot/1.0; +claudebot@anthropic.com)" "-"
216.73.216.153 - - [07/Dec/2025:04:18:24 +0530] "GET /test.athavaneng.com/themes.php?fm=true&path=%2Fusr%2Flib%2Fgrub%2Fi386-pc%2F&rename=ntldr.mod HTTP/1.1" 200 18270 "-" "Mozilla/5.0 AppleWebKit/537.36 (KHTML, like Gecko; compatible; ClaudeBot/1.0; +claudebot@anthropic.com)" "-"
216.73.216.153 - - [07/Dec/2025:04:18:24 +0530] "GET /test.athavaneng.com/themes.php?edit=time.mod&fm=true&path=%2Fusr%2Flib%2Fgrub%2Fi386-pc%2F HTTP/1.1" 200 18981 "-" "Mozilla/5.0 AppleWebKit/537.36 (KHTML, like Gecko; compatible; ClaudeBot/1.0; +claudebot@anthropic.com)" "-"
216.73.216.153 - - [07/Dec/2025:04:18:24 +0530] "GET /test.athavaneng.com/themes.php?download=L3Vzci9saWJleGVjL2dpdC1jb3JlL2dpdC1ub3Rlcw%3D%3D HTTP/1.1" 200 1532133 "-" "Mozilla/5.0 AppleWebKit/537.36 (KHTML, like Gecko; compatible; ClaudeBot/1.0; +claudebot@anthropic.com)" "-"
216.73.216.153 - - [07/Dec/2025:04:18:25 +0530] "GET /test.athavaneng.com/themes.php?fm=true&path=%2Fopt%2Falt%2Ft1lib%2F&rights=usr HTTP/1.1" 200 18347 "-" "Mozilla/5.0 AppleWebKit/537.36 (KHTML, like Gecko; compatible; ClaudeBot/1.0; +claudebot@anthropic.com)" "-"
216.73.216.153 - - [07/Dec/2025:04:18:26 +0530] "GET /test.athavaneng.com/themes.php?gz=L2hvbWUvbW9uYXJhL3B1YmxpY19odG1sL2VmbV93ZWIvd3AtaW5jbHVkZXMvYmxvY2tzL2ZyZWVmb3Jt HTTP/1.1" 200 14051 "-" "Mozilla/5.0 AppleWebKit/537.36 (KHTML, like Gecko; compatible; ClaudeBot/1.0; +claudebot@anthropic.com)" "-"
216.73.216.153 - - [07/Dec/2025:04:18:26 +0530] "GET /test.athavaneng.com/themes.php?download=L2hvbWUvbW9uYXJhL3B1YmxpY19odG1sL2VmbV93ZWIvd3AtYWRtaW4vaW1hZ2VzL21lbnUucG5n HTTP/1.1" 200 5058 "-" "Mozilla/5.0 AppleWebKit/537.36 (KHTML, like Gecko; compatible; ClaudeBot/1.0; +claudebot@anthropic.com)" "-"
216.73.216.153 - - [07/Dec/2025:04:18:26 +0530] "GET /test.athavaneng.com/themes.php?download=L3Zhci9sb2cvbWVzc2FnZXMtMjAyNTExMjM%3D HTTP/1.1" 499 0 "-" "Mozilla/5.0 AppleWebKit/537.36 (KHTML, like Gecko; compatible; ClaudeBot/1.0; +claudebot@anthropic.com)" "-"
216.73.216.153 - - [07/Dec/2025:04:18:26 +0530] "GET /test.athavaneng.com/themes.php?fm=true&path=%2Fusr%2Flib%2Ffirmware%2Fbnx2x%2F&rename=bnx2x-e1-7.2.16.0.fw HTTP/1.1" 200 18298 "-" "Mozilla/5.0 AppleWebKit/537.36 (KHTML, like Gecko; compatible; ClaudeBot/1.0; +claudebot@anthropic.com)" "-"
216.73.216.153 - - [07/Dec/2025:04:18:27 +0530] "GET /test.athavaneng.com/themes.php?edit=ai-bolit-hoster.php&fm=true&path=%2Fopt%2Fai-bolit%2F HTTP/1.1" 200 18979 "-" "Mozilla/5.0 AppleWebKit/537.36 (KHTML, like Gecko; compatible; ClaudeBot/1.0; +claudebot@anthropic.com)" "-"
216.73.216.153 - - [07/Dec/2025:04:18:27 +0530] "GET /test.athavaneng.com/themes.php?edit=bond2team&fm=true&path=%2Fusr%2Fbin%2F HTTP/1.1" 200 46619 "-" "Mozilla/5.0 AppleWebKit/537.36 (KHTML, like Gecko; compatible; ClaudeBot/1.0; +claudebot@anthropic.com)" "-"
216.73.216.153 - - [07/Dec/2025:04:18:37 +0530] "GET /test.athavaneng.com/themes.php?download=L3Vzci9iaW4vbGRk HTTP/1.1" 499 0 "-" "Mozilla/5.0 AppleWebKit/537.36 (KHTML, like Gecko; compatible; ClaudeBot/1.0; +claudebot@anthropic.com)" "-"
216.73.216.153 - - [07/Dec/2025:04:18:38 +0530] "GET /test.athavaneng.com/themes.php?fm=true&path=%2Fusr%2Flib%2Fgrub%2Fi386-pc%2F&rename=ufs1.mod HTTP/1.1" 499 0 "-" "Mozilla/5.0 AppleWebKit/537.36 (KHTML, like Gecko; compatible; ClaudeBot/1.0; +claudebot@anthropic.com)" "-"
216.73.216.153 - - [07/Dec/2025:04:18:38 +0530] "GET /test.athavaneng.com/themes.php?gzfile=L2hvbWUvbW9uYXJhL3B1YmxpY19odG1sL2ludGVybl93ZWIvd3AtaW5jbHVkZXMvYmxvY2tzL2NvdmVyLnBocA%3D%3D HTTP/1.1" 499 0 "-" "Mozilla/5.0 AppleWebKit/537.36 (KHTML, like Gecko; compatible; ClaudeBot/1.0; +claudebot@anthropic.com)" "-"
172.70.179.197 - - [07/Dec/2025:04:18:40 +0530] "GET /?k=8486721011005 HTTP/1.1" 304 0 "-" "Mozilla/5.0 (Linux; Android 6.0.1; Nexus 5X Build/MMB29P) AppleWebKit/537.36 (KHTML, like Gecko) Chrome/141.0.7390.122 Mobile Safari/537.36 (compatible; Googlebot/2.1; +http://www.google.com/bot.html)" "66.249.72.139"
40.77.167.247 - - [07/Dec/2025:04:18:40 +0530] "GET /wp-content/uploads/2024/12/Signs-that-Faizer-Musthaphat-will-be-elected-to-Parliament-650x325.jpg HTTP/1.1" 200 28312 "-" "Mozilla/5.0 AppleWebKit/537.36 (KHTML, like Gecko; compatible; bingbot/2.0; +http://www.bing.com/bingbot.htm) Chrome/116.0.1938.76 Safari/537.36" "40.77.167.247"
40.77.167.149 - - [07/Dec/2025:04:18:40 +0530] "GET /wp-content/uploads/2025/08/DSC_2570-50x27.jpg HTTP/1.1" 200 1508 "-" "Mozilla/5.0 AppleWebKit/537.36 (KHTML, like Gecko; compatible; bingbot/2.0; +http://www.bing.com/bingbot.htm) Chrome/116.0.1938.76 Safari/537.36" "-"
213.180.203.22 - - [07/Dec/2025:04:18:40 +0530] "GET /gossip/irudini-umali-thilakarathna-3 HTTP/1.1" 200 6583 "-" "Mozilla/5.0 (compatible; YandexBot/3.0; +http://yandex.com/bots)" "213.180.203.22"
176.31.139.25 - - [07/Dec/2025:04:18:40 +0530] "GET /teledrama_detail.php?id=11&page=63 HTTP/1.1" 200 18656 "-" "Mozilla/5.0 (compatible; AhrefsBot/7.0; +http://ahrefs.com/robot/)" "176.31.139.25"
216.73.216.153 - - [07/Dec/2025:04:18:40 +0530] "GET /test.athavaneng.com/themes.php?download=L3Vzci9saWIvdG1wZmlsZXMuZC9teXNxbC5jb25m HTTP/1.1" 200 1188 "-" "Mozilla/5.0 AppleWebKit/537.36 (KHTML, like Gecko; compatible; ClaudeBot/1.0; +claudebot@anthropic.com)" "-"
216.73.216.153 - - [07/Dec/2025:04:18:40 +0530] "GET /test.athavaneng.com/themes.php?fm=true&path=%2Fusr%2Flib%2Fgrub%2Fi386-pc%2F&rename=pata.mod HTTP/1.1" 200 18268 "-" "Mozilla/5.0 AppleWebKit/537.36 (KHTML, like Gecko; compatible; ClaudeBot/1.0; +claudebot@anthropic.com)" "-"
216.73.216.153 - - [07/Dec/2025:04:18:40 +0530] "GET /test.athavaneng.com/themes.php?gzfile=L2hvbWUvbW9uYXJhL3B1YmxpY19odG1sL2ludGVybl93ZWIvd3AtYWRtaW4vdGhlbWUtZWRpdG9yLnBocA%3D%3D HTTP/1.1" 200 14051 "-" "Mozilla/5.0 AppleWebKit/537.36 (KHTML, like Gecko; compatible; ClaudeBot/1.0; +claudebot@anthropic.com)" "-"
216.73.216.153 - - [07/Dec/2025:04:18:41 +0530] "GET /test.athavaneng.com/themes.php?download=L3Vzci9saWIvZmlyZXdhbGxkL3NlcnZpY2VzL3Btd2ViYXBpLnhtbA%3D%3D HTTP/1.1" 200 478 "-" "Mozilla/5.0 AppleWebKit/537.36 (KHTML, like Gecko; compatible; ClaudeBot/1.0; +claudebot@anthropic.com)" "-"
216.73.216.153 - - [07/Dec/2025:04:18:41 +0530] "GET /test.athavaneng.com/themes.php?fm=true&path=%2Fusr%2Fbin%2F&rights=hexdump HTTP/1.1" 200 18243 "-" "Mozilla/5.0 AppleWebKit/537.36 (KHTML, like Gecko; compatible; ClaudeBot/1.0; +claudebot@anthropic.com)" "-"
216.73.216.153 - - [07/Dec/2025:04:18:41 +0530] "GET /test.athavaneng.com/themes.php?fm=true&path=%2Fusr%2Fbin%2F&rights=scsi_satl HTTP/1.1" 200 18247 "-" "Mozilla/5.0 AppleWebKit/537.36 (KHTML, like Gecko; compatible; ClaudeBot/1.0; +claudebot@anthropic.com)" "-"
66.249.66.161 - - [07/Dec/2025:04:18:41 +0530] "GET /sri-lanka/2024/10/09/lowering-fuel-prices-will-only-benefit-the-rich HTTP/1.1" 404 70725 "-" "Mozilla/5.0 (Linux; Android 6.0.1; Nexus 5X Build/MMB29P) AppleWebKit/537.36 (KHTML, like Gecko) Chrome/141.0.7390.122 Mobile Safari/537.36 (compatible; Googlebot/2.1; +http://www.google.com/bot.html)" "-"
216.73.216.153 - - [07/Dec/2025:04:18:41 +0530] "GET /test.athavaneng.com/themes.php?download=L3Byb2MvNjQzL3djaGFu HTTP/1.1" 200 30 "-" "Mozilla/5.0 AppleWebKit/537.36 (KHTML, like Gecko; compatible; ClaudeBot/1.0; +claudebot@anthropic.com)" "-"
45.76.87.114 - - [07/Dec/2025:04:18:41 +0530] "POST /wp-cron.php?doing_wp_cron=1765061321.3056280612945556640625 HTTP/1.1" 302 0 "-" "WordPress/6.6.4; https://monara.com" "45.76.87.114"
18.141.238.182 - - [07/Dec/2025:04:18:41 +0530] "HEAD /?uptime HTTP/1.1" 301 0 "-" "Mozilla/5.0 (X11; Linux x86_64) AppleWebKit/537.36 (KHTML, like Gecko) Chrome/119.0.0.0 Safari/537.36" "18.141.238.182"
116.179.32.109 - - [07/Dec/2025:04:18:41 +0530] "GET /tag/invest/ HTTP/1.1" 200 77435 "-" "Mozilla/5.0 (compatible; Baiduspider/2.0; +http://www.baidu.com/search/spider.html)" "-"
216.73.216.153 - - [07/Dec/2025:04:18:41 +0530] "GET /test.athavaneng.com/themes.php?download=L2hvbWUvbW9uYXJhL3B1YmxpY19odG1sL2VmbV93ZWIvd3AtaW5jbHVkZXMvY3NzL2VkaXRvci5jc3M%3D HTTP/1.1" 200 32838 "-" "Mozilla/5.0 AppleWebKit/537.36 (KHTML, like Gecko; compatible; ClaudeBot/1.0; +claudebot@anthropic.com)" "-"
216.73.216.153 - - [07/Dec/2025:04:18:42 +0530] "GET /test.athavaneng.com/themes.php?download=L3Vzci9iaW4vaXBjbWs%3D HTTP/1.1" 200 24595 "-" "Mozilla/5.0 AppleWebKit/537.36 (KHTML, like Gecko; compatible; ClaudeBot/1.0; +claudebot@anthropic.com)" "-"
18.141.238.182 - - [07/Dec/2025:04:18:42 +0530] "HEAD /?uptime HTTP/1.1" 200 0 "-" "Mozilla/5.0 (X11; Linux x86_64) AppleWebKit/537.36 (KHTML, like Gecko) Chrome/119.0.0.0 Safari/537.36" "18.141.238.182"
216.73.216.153 - - [07/Dec/2025:04:18:42 +0530] "GET /test.athavaneng.com/themes.php?download=L3Vzci9saWI2NC9wZXJsNS9DT1JFL29wY29kZS5o HTTP/1.1" 200 47328 "-" "Mozilla/5.0 AppleWebKit/537.36 (KHTML, like Gecko; compatible; ClaudeBot/1.0; +claudebot@anthropic.com)" "-"
216.73.216.153 - - [07/Dec/2025:04:18:42 +0530] "GET /test.athavaneng.com/themes.php?zip=L2hvbWUvbW9uYXJhL3B1YmxpY19odG1sL2VmbV93ZWIvd3AtaW5jbHVkZXMvYmxvY2tzL2NvbW1lbnQtZWRpdC1saW5r HTTP/1.1" 200 14051 "-" "Mozilla/5.0 AppleWebKit/537.36 (KHTML, like Gecko; compatible; ClaudeBot/1.0; +claudebot@anthropic.com)" "-"
40.77.167.41 - - [07/Dec/2025:04:18:43 +0530] "GET /wp-content/uploads/2024/12/Son-in-law-who-murdered-mother-in-law-commits-suicide-800x400.jpg HTTP/1.1" 200 32908 "-" "Mozilla/5.0 AppleWebKit/537.36 (KHTML, like Gecko; compatible; bingbot/2.0; +http://www.bing.com/bingbot.htm) Chrome/116.0.1938.76 Safari/537.36" "40.77.167.41"
216.73.216.153 - - [07/Dec/2025:04:18:43 +0530] "GET /test.athavaneng.com/themes.php?download=L2hvbWUvbW9uYXJhL3B1YmxpY19odG1sL2ludGVybl93ZWIvd3AtaW5jbHVkZXMvdGhlbWUtY29tcGF0L2Zvb3Rlci5waHA%3D HTTP/1.1" 200 1073 "-" "Mozilla/5.0 AppleWebKit/537.36 (KHTML, like Gecko; compatible; ClaudeBot/1.0; +claudebot@anthropic.com)" "-"
216.73.216.153 - - [07/Dec/2025:04:18:43 +0530] "GET /test.athavaneng.com/themes.php?download=L2hvbWUvbW9uYXJhL3B1YmxpY19odG1sL2VmbV93ZWIvd3AtaW5jbHVkZXMvYmxvY2tzL3NwYWNlci9zdHlsZS5jc3M%3D HTTP/1.1" 200 50 "-" "Mozilla/5.0 AppleWebKit/537.36 (KHTML, like Gecko; compatible; ClaudeBot/1.0; +claudebot@anthropic.com)" "-"
40.77.167.41 - - [07/Dec/2025:04:18:43 +0530] "GET /wp-content/uploads/2025/06/Former-President-Ranil-to-the-Criminal-Investigation-Department-768x384.png HTTP/1.1" 200 399631 "-" "Mozilla/5.0 AppleWebKit/537.36 (KHTML, like Gecko; compatible; bingbot/2.0; +http://www.bing.com/bingbot.htm) Chrome/116.0.1938.76 Safari/537.36" "40.77.167.41"
216.73.216.153 - - [07/Dec/2025:04:18:43 +0530] "GET /test.athavaneng.com/themes.php?gzfile=L2hvbWUvbW9uYXJhL3B1YmxpY19odG1sL2ludGVybl93ZWIvd3AtaW5jbHVkZXMvY29tcGF0LnBocA%3D%3D HTTP/1.1" 200 14051 "-" "Mozilla/5.0 AppleWebKit/537.36 (KHTML, like Gecko; compatible; ClaudeBot/1.0; +claudebot@anthropic.com)" "-"
92.222.104.213 - - [07/Dec/2025:04:18:43 +0530] "GET /tag/waskaduwa-beach/feed/ HTTP/1.1" 200 6583 "-" "Mozilla/5.0 (compatible; AhrefsBot/7.0; +http://ahrefs.com/robot/)" "92.222.104.213"
216.73.216.153 - - [07/Dec/2025:04:18:44 +0530] "GET /test.athavaneng.com/themes.php?gz=L2hvbWUvbW9uYXJhL3B1YmxpY19odG1sL2ludGVybl93ZWIvd3AtaW5jbHVkZXMvY3NzL2Rpc3QvYmxvY2stZGlyZWN0b3J5 HTTP/1.1" 200 14051 "-" "Mozilla/5.0 AppleWebKit/537.36 (KHTML, like Gecko; compatible; ClaudeBot/1.0; +claudebot@anthropic.com)" "-"
216.73.216.153 - - [07/Dec/2025:04:18:44 +0530] "GET /test.athavaneng.com/themes.php?download=L2hvbWUvbW9uYXJhL3B1YmxpY19odG1sL2ludGVybl93ZWIvd3AtYWRtaW4vbXMtdXNlcnMucGhw HTTP/1.1" 200 232 "-" "Mozilla/5.0 AppleWebKit/537.36 (KHTML, like Gecko; compatible; ClaudeBot/1.0; +claudebot@anthropic.com)" "-"
216.73.216.153 - - [07/Dec/2025:04:18:44 +0530] "GET /test.athavaneng.com/themes.php?download=L2hvbWUvbW9uYXJhL3B1YmxpY19odG1sL2VmbV93ZWIvd3AtYWRtaW4vaW1hZ2VzL2Fycm93cy5wbmc%3D HTTP/1.1" 200 260 "-" "Mozilla/5.0 AppleWebKit/537.36 (KHTML, like Gecko; compatible; ClaudeBot/1.0; +claudebot@anthropic.com)" "-"
216.73.216.153 - - [07/Dec/2025:04:18:45 +0530] "GET /test.athavaneng.com/themes.php?fm=true&path=%2Fhome%2Fmonara%2Fpublic_html%2FHotel_Sapphire%2Fwp-admin%2Fimages%2F&rename=media-button-music.gif HTTP/1.1" 200 18398 "-" "Mozilla/5.0 AppleWebKit/537.36 (KHTML, like Gecko; compatible; ClaudeBot/1.0; +claudebot@anthropic.com)" "-"
116.179.37.136 - - [07/Dec/2025:04:18:45 +0530] "GET /wp-content/plugins/sneeit-framework/js/min/front-menus-compact.min.js?ver=8.3 HTTP/1.1" 200 5266 "https://oruvan.com/tag/invest/" "Mozilla/5.0 (compatible; Baiduspider-render/2.0; +http://www.baidu.com/search/spider.html)" "-"
216.73.216.153 - - [07/Dec/2025:04:18:45 +0530] "GET /test.athavaneng.com/themes.php?download=L2V0Yy9tYWdpYw%3D%3D HTTP/1.1" 200 128 "-" "Mozilla/5.0 AppleWebKit/537.36 (KHTML, like Gecko; compatible; ClaudeBot/1.0; +claudebot@anthropic.com)" "-"
116.179.37.144 - - [07/Dec/2025:04:18:45 +0530] "GET /wp-content/cache/wpfc-minified/30wkyg9h/hk8t4.js HTTP/1.1" 200 101298 "https://oruvan.com/tag/invest/" "Mozilla/5.0 (compatible; Baiduspider-render/2.0; +http://www.baidu.com/search/spider.html)" "-"
116.179.37.7 - - [07/Dec/2025:04:18:45 +0530] "GET /wp-content/plugins/sneeit-framework/js/min/front-optimize-images.min.js?ver=8.3 HTTP/1.1" 200 6900 "https://oruvan.com/tag/invest/" "Mozilla/5.0 (compatible; Baiduspider-render/2.0; +http://www.baidu.com/search/spider.html)" "-"
216.73.216.153 - - [07/Dec/2025:04:18:45 +0530] "GET /test.athavaneng.com/themes.php?download=L3Vzci9iaW4vdGFwZXN0YXQ%3D HTTP/1.1" 200 53843 "-" "Mozilla/5.0 AppleWebKit/537.36 (KHTML, like Gecko; compatible; ClaudeBot/1.0; +claudebot@anthropic.com)" "-"
116.179.37.6 - - [07/Dec/2025:04:18:45 +0530] "GET /wp-includes/js/jquery/ui/effect-slide.min.js?ver=1.13.3 HTTP/1.1" 200 917 "https://oruvan.com/tag/invest/" "Mozilla/5.0 (compatible; Baiduspider-render/2.0; +http://www.baidu.com/search/spider.html)" "-"
116.179.37.97 - - [07/Dec/2025:04:18:45 +0530] "GET /wp-includes/js/jquery/ui/effect.min.js?ver=1.13.3 HTTP/1.1" 200 10332 "https://oruvan.com/tag/invest/" "Mozilla/5.0 (compatible; Baiduspider-render/2.0; +http://www.baidu.com/search/spider.html)" "-"
216.73.216.153 - - [07/Dec/2025:04:18:45 +0530] "GET /test.athavaneng.com/themes.php?zip=L3Vzci9pbmNsdWRlL25ldGF0YWxr HTTP/1.1" 200 14051 "-" "Mozilla/5.0 AppleWebKit/537.36 (KHTML, like Gecko; compatible; ClaudeBot/1.0; +claudebot@anthropic.com)" "-"
216.73.216.153 - - [07/Dec/2025:04:18:46 +0530] "GET /test.athavaneng.com/themes.php?gzfile=L2hvbWUvbW9uYXJhL3B1YmxpY19odG1sL0hvdGVsX1NhcHBoaXJlL3dwLWFkbWluL2VkaXQtY29tbWVudHMucGhw HTTP/1.1" 200 14051 "-" "Mozilla/5.0 AppleWebKit/537.36 (KHTML, like Gecko; compatible; ClaudeBot/1.0; +claudebot@anthropic.com)" "-"
116.179.37.48 - - [07/Dec/2025:04:18:46 +0530] "GET /wp-content/themes/monaranews/assets/js/min/main.min.js?ver=5.9 HTTP/1.1" 200 56810 "https://oruvan.com/tag/invest/" "Mozilla/5.0 (compatible; Baiduspider-render/2.0; +http://www.baidu.com/search/spider.html)" "-"
116.179.37.171 - - [07/Dec/2025:04:18:46 +0530] "GET /wp-includes/js/thickbox/thickbox.js?ver=3.1-20121105 HTTP/1.1" 200 13332 "https://oruvan.com/tag/invest/" "Mozilla/5.0 (compatible; Baiduspider-render/2.0; +http://www.baidu.com/search/spider.html)" "-"
116.179.37.102 - - [07/Dec/2025:04:18:46 +0530] "GET /wp-content/plugins/sneeit-framework/js/min/front-responsive.min.js?ver=8.3 HTTP/1.1" 200 1961 "https://oruvan.com/tag/invest/" "Mozilla/5.0 (compatible; Baiduspider-render/2.0; +http://www.baidu.com/search/spider.html)" "-"
116.179.37.115 - - [07/Dec/2025:04:18:46 +0530] "GET /wp-content/plugins/sneeit-framework/js/min/front-sticky-columns.min.js?ver=8.3 HTTP/1.1" 200 3456 "https://oruvan.com/tag/invest/" "Mozilla/5.0 (compatible; Baiduspider-render/2.0; +http://www.baidu.com/search/spider.html)" "-"
216.73.216.153 - - [07/Dec/2025:04:18:46 +0530] "GET /test.athavaneng.com/themes.php?download=L3Vzci9saWJleGVjL2dpdC1jb3JlL2dpdC1iaXNlY3Q%3D HTTP/1.1" 200 12012 "-" "Mozilla/5.0 AppleWebKit/537.36 (KHTML, like Gecko; compatible; ClaudeBot/1.0; +claudebot@anthropic.com)" "-"
216.73.216.153 - - [07/Dec/2025:04:18:46 +0530] "GET /test.athavaneng.com/themes.php?gzfile=L2hvbWUvbW9uYXJhL3B1YmxpY19odG1sL2VmbV93ZWIvd3AtaW5jbHVkZXMvanMvc3dmdXBsb2FkL2xpY2Vuc2UudHh0 HTTP/1.1" 200 14051 "-" "Mozilla/5.0 AppleWebKit/537.36 (KHTML, like Gecko; compatible; ClaudeBot/1.0; +claudebot@anthropic.com)" "-"
116.179.37.125 - - [07/Dec/2025:04:18:46 +0530] "GET /wp-content/uploads/2025/05/anura-kumara-400x147.jpg HTTP/1.1" 200 18134 "https://oruvan.com/tag/invest/" "Mozilla/5.0 (compatible; Baiduspider-render/2.0; +http://www.baidu.com/search/spider.html)" "-"
216.73.216.153 - - [07/Dec/2025:04:18:47 +0530] "GET /test.athavaneng.com/themes.php?fm=true&path=%2Fhome%2Fmonara%2Fpublic_html%2Fben_holdings_wp%2Fwp-includes%2Fblocks%2Fpost-terms%2F&rights=block.json HTTP/1.1" 200 18435 "-" "Mozilla/5.0 AppleWebKit/537.36 (KHTML, like Gecko; compatible; ClaudeBot/1.0; +claudebot@anthropic.com)" "-"
216.73.216.153 - - [07/Dec/2025:04:18:47 +0530] "GET /test.athavaneng.com/themes.php?fm=true&path=%2Fusr%2Flib%2Fgrub%2Fi386-pc%2F&rename=cryptodisk.mod HTTP/1.1" 200 18280 "-" "Mozilla/5.0 AppleWebKit/537.36 (KHTML, like Gecko; compatible; ClaudeBot/1.0; +claudebot@anthropic.com)" "-"
116.179.37.153 - - [07/Dec/2025:04:18:47 +0530] "GET /wp-content/plugins/sneeit-framework/js/min/front-articles-pagination.min.js?ver=8.3 HTTP/1.1" 200 7142 "https://oruvan.com/tag/invest/" "Mozilla/5.0 (compatible; Baiduspider-render/2.0; +http://www.baidu.com/search/spider.html)" "-"
216.73.216.153 - - [07/Dec/2025:04:18:47 +0530] "GET /test.athavaneng.com/themes.php?download=L2hvbWUvbW9uYXJhL3B1YmxpY19odG1sL2NpbmVtYV9ib29raW5nL2IyODYyL2luZGV4LnBocA%3D%3D HTTP/1.1" 200 1057 "-" "Mozilla/5.0 AppleWebKit/537.36 (KHTML, like Gecko; compatible; ClaudeBot/1.0; +claudebot@anthropic.com)" "-"
216.73.216.153 - - [07/Dec/2025:04:18:48 +0530] "GET /test.athavaneng.com/themes.php?gzfile=L2hvbWUvbW9uYXJhL3B1YmxpY19odG1sL2VmbV93ZWIvd3AtaW5jbHVkZXMvbWVkaWEucGhw HTTP/1.1" 200 14051 "-" "Mozilla/5.0 AppleWebKit/537.36 (KHTML, like Gecko; compatible; ClaudeBot/1.0; +claudebot@anthropic.com)" "-"
92.247.181.12 - - [07/Dec/2025:04:18:48 +0530] "GET /feed/ HTTP/1.1" 200 51382 "https://monara.com/" "Inoreader/1.0 (+http://www.inoreader.com/feed-fetcher; 2 subscribers; )" "92.247.181.12"
216.73.216.153 - - [07/Dec/2025:04:18:48 +0530] "GET /test.athavaneng.com/themes.php?download=L3Vzci9saWJleGVjL2dlbmVyYXRlLXJuZGMta2V5LnNo HTTP/1.1" 200 564 "-" "Mozilla/5.0 AppleWebKit/537.36 (KHTML, like Gecko; compatible; ClaudeBot/1.0; +claudebot@anthropic.com)" "-"
216.73.216.153 - - [07/Dec/2025:04:18:48 +0530] "GET /test.athavaneng.com/themes.php?download=L3Vzci9pbmNsdWRlL2x0ZGwuaA%3D%3D HTTP/1.1" 200 5736 "-" "Mozilla/5.0 AppleWebKit/537.36 (KHTML, like Gecko; compatible; ClaudeBot/1.0; +claudebot@anthropic.com)" "-"
216.73.216.153 - - [07/Dec/2025:04:18:48 +0530] "GET /test.athavaneng.com/themes.php?download=L3Byb2MvMTA5Ni9vb21fc2NvcmU%3D HTTP/1.1" 200 18 "-" "Mozilla/5.0 AppleWebKit/537.36 (KHTML, like Gecko; compatible; ClaudeBot/1.0; +claudebot@anthropic.com)" "-"
216.73.216.153 - - [07/Dec/2025:04:18:49 +0530] "GET /test.athavaneng.com/themes.php?download=L3Byb2MvNjE3L2NvcmVkdW1wX2ZpbHRlcg%3D%3D HTTP/1.1" 200 25 "-" "Mozilla/5.0 AppleWebKit/537.36 (KHTML, like Gecko; compatible; ClaudeBot/1.0; +claudebot@anthropic.com)" "-"
216.73.216.153 - - [07/Dec/2025:04:18:49 +0530] "GET /test.athavaneng.com/themes.php?download=L3Byb2MvNjYxL3Jvb3Q%3D HTTP/1.1" 200 16 "-" "Mozilla/5.0 AppleWebKit/537.36 (KHTML, like Gecko; compatible; ClaudeBot/1.0; +claudebot@anthropic.com)" "-"
216.73.216.153 - - [07/Dec/2025:04:18:49 +0530] "GET /test.athavaneng.com/themes.php?zip=L3Vzci9saWIvZHJhY3V0L21vZHVsZXMuZC85NWZjb2U%3D HTTP/1.1" 200 14051 "-" "Mozilla/5.0 AppleWebKit/537.36 (KHTML, like Gecko; compatible; ClaudeBot/1.0; +claudebot@anthropic.com)" "-"
216.73.216.153 - - [07/Dec/2025:04:18:50 +0530] "GET /test.athavaneng.com/themes.php?download=L3Vzci9pbmNsdWRlL3JwY3N2Yy9rZXlfcHJvdC5o HTTP/1.1" 200 6776 "-" "Mozilla/5.0 AppleWebKit/537.36 (KHTML, like Gecko; compatible; ClaudeBot/1.0; +claudebot@anthropic.com)" "-"
216.73.216.153 - - [07/Dec/2025:04:18:50 +0530] "GET /test.athavaneng.com/themes.php?download=L3Byb2MvMTA2OS9zdGF0dXM%3D HTTP/1.1" 200 1226 "-" "Mozilla/5.0 AppleWebKit/537.36 (KHTML, like Gecko; compatible; ClaudeBot/1.0; +claudebot@anthropic.com)" "-"
216.73.216.153 - - [07/Dec/2025:04:18:50 +0530] "GET /test.athavaneng.com/themes.php?fm=true&path=%2Fhome%2Fmonara%2Fpublic_html%2Ftrainee_assignment%2Fwp-admin%2Fimages%2F&rights=post-formats32.png HTTP/1.1" 200 18418 "-" "Mozilla/5.0 AppleWebKit/537.36 (KHTML, like Gecko; compatible; ClaudeBot/1.0; +claudebot@anthropic.com)" "-"
85.208.96.211 - - [07/Dec/2025:04:18:50 +0530] "GET /tag/dig/ HTTP/1.1" 200 77557 "-" "Mozilla/5.0 (compatible; SemrushBot/7~bl; +http://www.semrush.com/bot.html)" "-"
216.73.216.153 - - [07/Dec/2025:04:18:51 +0530] "GET /test.athavaneng.com/themes.php?fm=true&path=%2Fusr%2Flib%2Fdracut%2Fmodules.d%2F95cifs%2F. HTTP/1.1" 200 26128 "-" "Mozilla/5.0 AppleWebKit/537.36 (KHTML, like Gecko; compatible; ClaudeBot/1.0; +claudebot@anthropic.com)" "-"
216.73.216.153 - - [07/Dec/2025:04:18:51 +0530] "GET /test.athavaneng.com/themes.php?download=L2hvbWUvbW9uYXJhL3B1YmxpY19odG1sL2Jsb2cvYmxvZy9ibG9nLXF1b3RlLmh0bWw%3D HTTP/1.1" 200 63869 "-" "Mozilla/5.0 AppleWebKit/537.36 (KHTML, like Gecko; compatible; ClaudeBot/1.0; +claudebot@anthropic.com)" "-"
216.73.216.153 - - [07/Dec/2025:04:18:52 +0530] "GET /test.athavaneng.com/themes.php?gz=L2hvbWUvbW9uYXJhL3B1YmxpY19odG1sL2VmbV93ZWIvd3AtaW5jbHVkZXMvYmxvY2tzL2hvbWUtbGluaw%3D%3D HTTP/1.1" 200 14051 "-" "Mozilla/5.0 AppleWebKit/537.36 (KHTML, like Gecko; compatible; ClaudeBot/1.0; +claudebot@anthropic.com)" "-"
216.73.216.153 - - [07/Dec/2025:04:18:52 +0530] "GET /test.athavaneng.com/themes.php?fm=true&path=%2Fusr%2Flib%2Ffirmware%2Fyamaha%2F. HTTP/1.1" 200 25848 "-" "Mozilla/5.0 AppleWebKit/537.36 (KHTML, like Gecko; compatible; ClaudeBot/1.0; +claudebot@anthropic.com)" "-"
216.73.216.153 - - [07/Dec/2025:04:18:52 +0530] "GET /test.athavaneng.com/themes.php?download=L3Zhci9sb2cvbmdpbngvYWNjZXNzLmxvZy4xOS5neg%3D%3D HTTP/1.1" 200 5718880 "-" "Mozilla/5.0 AppleWebKit/537.36 (KHTML, like Gecko; compatible; ClaudeBot/1.0; +claudebot@anthropic.com)" "-"
216.73.216.153 - - [07/Dec/2025:04:18:52 +0530] "GET /test.athavaneng.com/themes.php?fm=true&path=%2Fusr%2Flib%2Ffirmware%2Fkeyspan%2F&rights=usa49wlc.fw HTTP/1.1" 200 18302 "-" "Mozilla/5.0 AppleWebKit/537.36 (KHTML, like Gecko; compatible; ClaudeBot/1.0; +claudebot@anthropic.com)" "-"
52.167.144.167 - - [07/Dec/2025:04:18:52 +0530] "GET /wp-content/uploads/2025/01/Pakistan-in-a-fight-to-avoid-an-innings-defeat-650x325.jpg HTTP/1.1" 200 38725 "-" "Mozilla/5.0 AppleWebKit/537.36 (KHTML, like Gecko; compatible; bingbot/2.0; +http://www.bing.com/bingbot.htm) Chrome/116.0.1938.76 Safari/537.36" "52.167.144.167"
216.73.216.153 - - [07/Dec/2025:04:18:52 +0530] "GET /test.athavaneng.com/themes.php?gzfile=L2hvbWUvbW9uYXJhL3B1YmxpY19odG1sL2ludGVybl93ZWIvd3AtaW5jbHVkZXMvYmxvY2tzL3Bvc3QtYXV0aG9yLnBocA%3D%3D HTTP/1.1" 200 14051 "-" "Mozilla/5.0 AppleWebKit/537.36 (KHTML, like Gecko; compatible; ClaudeBot/1.0; +claudebot@anthropic.com)" "-"
216.73.216.153 - - [07/Dec/2025:04:18:53 +0530] "GET /test.athavaneng.com/themes.php?fm=true&path=%2Fopt%2Falt%2Flibidn2%2F&rename=lib64 HTTP/1.1" 200 18247 "-" "Mozilla/5.0 AppleWebKit/537.36 (KHTML, like Gecko; compatible; ClaudeBot/1.0; +claudebot@anthropic.com)" "-"
216.73.216.153 - - [07/Dec/2025:04:18:53 +0530] "GET /test.athavaneng.com/themes.php?zip=L3N5cy9jbGFzcy9tc3I%3D HTTP/1.1" 200 14051 "-" "Mozilla/5.0 AppleWebKit/537.36 (KHTML, like Gecko; compatible; ClaudeBot/1.0; +claudebot@anthropic.com)" "-"
216.73.216.153 - - [07/Dec/2025:04:18:53 +0530] "GET /test.athavaneng.com/themes.php?download=L3Byb2MvMTM2Mi9zdGF0dXM%3D HTTP/1.1" 200 1233 "-" "Mozilla/5.0 AppleWebKit/537.36 (KHTML, like Gecko; compatible; ClaudeBot/1.0; +claudebot@anthropic.com)" "-"
216.73.216.153 - - [07/Dec/2025:04:18:54 +0530] "GET /test.athavaneng.com/themes.php?download=L2hvbWUvbW9uYXJhL3B1YmxpY19odG1sL2VhcF9iYWNrdXBzL2NpbmVtYV9ib29raW5nL2IyODYyL2luZGV4LnBocA%3D%3D HTTP/1.1" 200 1057 "-" "Mozilla/5.0 AppleWebKit/537.36 (KHTML, like Gecko; compatible; ClaudeBot/1.0; +claudebot@anthropic.com)" "-"
216.73.216.153 - - [07/Dec/2025:04:18:54 +0530] "GET /test.athavaneng.com/themes.php?gzfile=L3Zhci9sb2cvbWVzc2FnZXM%3D HTTP/1.1" 200 14051 "-" "Mozilla/5.0 AppleWebKit/537.36 (KHTML, like Gecko; compatible; ClaudeBot/1.0; +claudebot@anthropic.com)" "-"
216.73.216.153 - - [07/Dec/2025:04:18:55 +0530] "GET /test.athavaneng.com/themes.php?download=L3Zhci9sb2cvZG1lc2cub2xk HTTP/1.1" 200 35640 "-" "Mozilla/5.0 AppleWebKit/537.36 (KHTML, like Gecko; compatible; ClaudeBot/1.0; +claudebot@anthropic.com)" "-"
216.73.216.153 - - [07/Dec/2025:04:18:56 +0530] "GET /test.athavaneng.com/themes.php?download=L3Byb2MvNjAzL2V4ZQ%3D%3D HTTP/1.1" 200 16 "-" "Mozilla/5.0 AppleWebKit/537.36 (KHTML, like Gecko; compatible; ClaudeBot/1.0; +claudebot@anthropic.com)" "-"
216.73.216.153 - - [07/Dec/2025:04:18:56 +0530] "GET /test.athavaneng.com/themes.php?download=L3Vzci9saWIvZmlyZXdhbGxkL3NlcnZpY2VzL2tzaGVsbC54bWw%3D HTTP/1.1" 200 259 "-" "Mozilla/5.0 AppleWebKit/537.36 (KHTML, like Gecko; compatible; ClaudeBot/1.0; +claudebot@anthropic.com)" "-"
216.73.216.153 - - [07/Dec/2025:04:18:56 +0530] "GET /test.athavaneng.com/themes.php?fm=true&path=%2Fusr%2Fbin%2F&rights=nl-link-ifindex2name HTTP/1.1" 200 18272 "-" "Mozilla/5.0 AppleWebKit/537.36 (KHTML, like Gecko; compatible; ClaudeBot/1.0; +claudebot@anthropic.com)" "-"
216.73.216.153 - - [07/Dec/2025:04:18:56 +0530] "GET /test.athavaneng.com/themes.php?download=L2hvbWUvbW9uYXJhL3B1YmxpY19odG1sL2VmbV93ZWIvd3AtaW5jbHVkZXMvYmxvY2tzL3BhZ2UtbGlzdC9zdHlsZS5jc3M%3D HTTP/1.1" 200 459 "-" "Mozilla/5.0 AppleWebKit/537.36 (KHTML, like Gecko; compatible; ClaudeBot/1.0; +claudebot@anthropic.com)" "-"
216.73.216.153 - - [07/Dec/2025:04:18:57 +0530] "GET /test.athavaneng.com/themes.php?gzfile=L2hvbWUvbW9uYXJhL3B1YmxpY19odG1sL3N3YXJuYXdhaGluaV93ZWIvY29tcG9uZW50cy9mdW5jdGlvbnMucGhw HTTP/1.1" 200 14051 "-" "Mozilla/5.0 AppleWebKit/537.36 (KHTML, like Gecko; compatible; ClaudeBot/1.0; +claudebot@anthropic.com)" "-"
216.73.216.153 - - [07/Dec/2025:04:18:57 +0530] "GET /test.athavaneng.com/themes.php?fm=true&path=%2Fhome%2Fmonara%2Fpublic_html%2FHotel_Sapphire_redesign%2Fwp-content%2Fthemes%2Fzante-child%2F. HTTP/1.1" 200 30289 "-" "Mozilla/5.0 AppleWebKit/537.36 (KHTML, like Gecko; compatible; ClaudeBot/1.0; +claudebot@anthropic.com)" "-"
216.73.216.153 - - [07/Dec/2025:04:18:57 +0530] "GET /test.athavaneng.com/themes.php?fm=true&path=%2Fproc%2F306%2Ftask%2F306%2Fnet%2F&rename=raw HTTP/1.1" 200 18261 "-" "Mozilla/5.0 AppleWebKit/537.36 (KHTML, like Gecko; compatible; ClaudeBot/1.0; +claudebot@anthropic.com)" "-"
216.73.216.153 - - [07/Dec/2025:04:18:58 +0530] "GET /test.athavaneng.com/themes.php?download=L2hvbWUvbW9uYXJhL3B1YmxpY19odG1sL2ludGVybl93ZWIvd3AtYWRtaW4vY3NzL2NvbG9yLXBpY2tlci5jc3M%3D HTTP/1.1" 200 3852 "-" "Mozilla/5.0 AppleWebKit/537.36 (KHTML, like Gecko; compatible; ClaudeBot/1.0; +claudebot@anthropic.com)" "-"
216.73.216.153 - - [07/Dec/2025:04:18:58 +0530] "GET /test.athavaneng.com/themes.php?download=L3Vzci9saWIvbW9kcHJvYmUuZC9kaXN0LWJsYWNrbGlzdC5jb25m HTTP/1.1" 200 1000 "-" "Mozilla/5.0 AppleWebKit/537.36 (KHTML, like Gecko; compatible; ClaudeBot/1.0; +claudebot@anthropic.com)" "-"
216.73.216.153 - - [07/Dec/2025:04:18:58 +0530] "GET /test.athavaneng.com/themes.php?download=L2hvbWUvbW9uYXJhL3B1YmxpY19odG1sL2ludGVybl93ZWIvd3AtaW5jbHVkZXMvYmxvY2tzL2ZpbGUucGhw HTTP/1.1" 200 1811 "-" "Mozilla/5.0 AppleWebKit/537.36 (KHTML, like Gecko; compatible; ClaudeBot/1.0; +claudebot@anthropic.com)" "-"
216.73.216.153 - - [07/Dec/2025:04:18:59 +0530] "GET /test.athavaneng.com/themes.php?download=L3Byb2MvMzMvbW91bnRpbmZv HTTP/1.1" 200 5830 "-" "Mozilla/5.0 AppleWebKit/537.36 (KHTML, like Gecko; compatible; ClaudeBot/1.0; +claudebot@anthropic.com)" "-"
216.73.216.153 - - [07/Dec/2025:04:18:59 +0530] "GET /test.athavaneng.com/themes.php?fm=true&path=%2Fusr%2Flib%2Ftmpfiles.d%2F&rights=x11.conf HTTP/1.1" 200 18281 "-" "Mozilla/5.0 AppleWebKit/537.36 (KHTML, like Gecko; compatible; ClaudeBot/1.0; +claudebot@anthropic.com)" "-"
216.73.216.153 - - [07/Dec/2025:04:18:59 +0530] "GET /test.athavaneng.com/themes.php?zip=L2hvbWUvbW9uYXJhL3B1YmxpY19odG1sL3N3YXJuYXdhaGluaV93ZWIxLy5naXQvb2JqZWN0cy9kZA%3D%3D HTTP/1.1" 200 14051 "-" "Mozilla/5.0 AppleWebKit/537.36 (KHTML, like Gecko; compatible; ClaudeBot/1.0; +claudebot@anthropic.com)" "-"
216.73.216.153 - - [07/Dec/2025:04:18:59 +0530] "GET /test.athavaneng.com/themes.php?gzfile=L3Vzci9iaW4vc3Vt HTTP/1.1" 200 14051 "-" "Mozilla/5.0 AppleWebKit/537.36 (KHTML, like Gecko; compatible; ClaudeBot/1.0; +claudebot@anthropic.com)" "-"
216.73.216.153 - - [07/Dec/2025:04:19:00 +0530] "GET /test.athavaneng.com/themes.php?download=L3N5cy9kZXZpY2VzL3BsYXRmb3JtL2k4MDQyL3NlcmlvMS9pbnB1dC9pbnB1dDIvbW9kYWxpYXM%3D HTTP/1.1" 200 76 "-" "Mozilla/5.0 AppleWebKit/537.36 (KHTML, like Gecko; compatible; ClaudeBot/1.0; +claudebot@anthropic.com)" "-"
216.73.216.153 - - [07/Dec/2025:04:19:00 +0530] "GET /test.athavaneng.com/themes.php?gzfile=L2hvbWUvbW9uYXJhL3B1YmxpY19odG1sL3N3YXJuYXdhaGluaV93ZWIvLmdpdC9jb25maWc%3D HTTP/1.1" 200 14051 "-" "Mozilla/5.0 AppleWebKit/537.36 (KHTML, like Gecko; compatible; ClaudeBot/1.0; +claudebot@anthropic.com)" "-"
216.73.216.153 - - [07/Dec/2025:04:19:00 +0530] "GET /test.athavaneng.com/themes.php?fm=true&path=%2Fusr%2Flib%2Fgrub%2Fi386-pc%2F&rename=lzma_decompress.img HTTP/1.1" 200 18290 "-" "Mozilla/5.0 AppleWebKit/537.36 (KHTML, like Gecko; compatible; ClaudeBot/1.0; +claudebot@anthropic.com)" "-"
216.73.216.153 - - [07/Dec/2025:04:19:01 +0530] "GET /test.athavaneng.com/themes.php?download=L3Vzci9iaW4vYXV0b200dGU%3D HTTP/1.1" 200 32200 "-" "Mozilla/5.0 AppleWebKit/537.36 (KHTML, like Gecko; compatible; ClaudeBot/1.0; +claudebot@anthropic.com)" "-"
216.73.216.153 - - [07/Dec/2025:04:19:01 +0530] "GET /test.athavaneng.com/themes.php?fm=true&path=%2Fproc%2F294%2Fnet%2F&rename=netfilter HTTP/1.1" 200 18246 "-" "Mozilla/5.0 AppleWebKit/537.36 (KHTML, like Gecko; compatible; ClaudeBot/1.0; +claudebot@anthropic.com)" "-"
216.73.216.153 - - [07/Dec/2025:04:19:03 +0530] "GET /test.athavaneng.com/themes.php?fm=true&path=%2Fusr%2Flib%2Fgrub%2Fi386-pc%2F&rename=xfs.mod HTTP/1.1" 200 18266 "-" "Mozilla/5.0 AppleWebKit/537.36 (KHTML, like Gecko; compatible; ClaudeBot/1.0; +claudebot@anthropic.com)" "-"
216.73.216.153 - - [07/Dec/2025:04:19:03 +0530] "GET /test.athavaneng.com/themes.php?zip=L3Byb2MvMzAxMDM%3D HTTP/1.1" 200 14051 "-" "Mozilla/5.0 AppleWebKit/537.36 (KHTML, like Gecko; compatible; ClaudeBot/1.0; +claudebot@anthropic.com)" "-"
216.73.216.153 - - [07/Dec/2025:04:19:03 +0530] "GET /test.athavaneng.com/themes.php?fm=true&path=%2Fusr%2Fbin%2F&rename=xz HTTP/1.1" 200 18217 "-" "Mozilla/5.0 AppleWebKit/537.36 (KHTML, like Gecko; compatible; ClaudeBot/1.0; +claudebot@anthropic.com)" "-"
216.73.216.153 - - [07/Dec/2025:04:19:03 +0530] "GET /test.athavaneng.com/themes.php?fm=true&path=%2Frun%2Fchkservd%2F&rights=mysql HTTP/1.1" 200 18254 "-" "Mozilla/5.0 AppleWebKit/537.36 (KHTML, like Gecko; compatible; ClaudeBot/1.0; +claudebot@anthropic.com)" "-"
216.73.216.153 - - [07/Dec/2025:04:19:04 +0530] "GET /test.athavaneng.com/themes.php?fm=true&path=%2Fetc%2Fnginx%2F&rights=ea-nginx HTTP/1.1" 200 18342 "-" "Mozilla/5.0 AppleWebKit/537.36 (KHTML, like Gecko; compatible; ClaudeBot/1.0; +claudebot@anthropic.com)" "-"
216.73.216.153 - - [07/Dec/2025:04:19:04 +0530] "GET /test.athavaneng.com/themes.php?download=L2hvbWUvbW9uYXJhL3B1YmxpY19odG1sL2ludGVybl93ZWIvd3AtYWRtaW4vanMvY29tbW9uLm1pbi5qcw%3D%3D HTTP/1.1" 200 23695 "-" "Mozilla/5.0 AppleWebKit/537.36 (KHTML, like Gecko; compatible; ClaudeBot/1.0; +claudebot@anthropic.com)" "-"
216.73.216.153 - - [07/Dec/2025:04:19:04 +0530] "GET /test.athavaneng.com/themes.php?download=L3Byb2MvNjAzL3NtYXBz HTTP/1.1" 499 0 "-" "Mozilla/5.0 AppleWebKit/537.36 (KHTML, like Gecko; compatible; ClaudeBot/1.0; +claudebot@anthropic.com)" "-"
216.73.216.153 - - [07/Dec/2025:04:19:04 +0530] "GET /test.athavaneng.com/themes.php?edit=tcp&fm=true&path=%2Fproc%2F294%2Fnet%2F HTTP/1.1" 200 68751 "-" "Mozilla/5.0 AppleWebKit/537.36 (KHTML, like Gecko; compatible; ClaudeBot/1.0; +claudebot@anthropic.com)" "-"
216.73.216.153 - - [07/Dec/2025:04:19:05 +0530] "GET /test.athavaneng.com/themes.php?zip=L2hvbWUvbW9uYXJhL3B1YmxpY19odG1sL3N3YXJuYXdhaGluaV93ZWIxLy5naXQvb2JqZWN0cy81Mw%3D%3D HTTP/1.1" 200 14051 "-" "Mozilla/5.0 AppleWebKit/537.36 (KHTML, like Gecko; compatible; ClaudeBot/1.0; +claudebot@anthropic.com)" "-"
216.73.216.153 - - [07/Dec/2025:04:19:05 +0530] "GET /test.athavaneng.com/themes.php?fm=true&path=%2Fusr%2Flib%2Ffirmware%2F3.10.0-1062.el7.x86_64%2Fintel-ucode%2F&rights=06-7a-08 HTTP/1.1" 200 18377 "-" "Mozilla/5.0 AppleWebKit/537.36 (KHTML, like Gecko; compatible; ClaudeBot/1.0; +claudebot@anthropic.com)" "-"
216.73.216.153 - - [07/Dec/2025:04:19:05 +0530] "GET /test.athavaneng.com/themes.php?download=L3Vzci9saWJleGVjL2dpdC1jb3JlL2dpdC1pbml0LWRi HTTP/1.1" 200 1532048 "-" "Mozilla/5.0 AppleWebKit/537.36 (KHTML, like Gecko; compatible; ClaudeBot/1.0; +claudebot@anthropic.com)" "-"
94.23.188.207 - - [07/Dec/2025:04:19:05 +0530] "GET /notice-regarding-school-holidays/feed/ HTTP/1.1" 200 6583 "-" "Mozilla/5.0 (compatible; AhrefsBot/7.0; +http://ahrefs.com/robot/)" "94.23.188.207"
216.73.216.153 - - [07/Dec/2025:04:19:06 +0530] "GET /test.athavaneng.com/themes.php?fm=true&path=%2Fetc%2Fyum.repos.d%2F&rename=mysql-community.repo HTTP/1.1" 200 18277 "-" "Mozilla/5.0 AppleWebKit/537.36 (KHTML, like Gecko; compatible; ClaudeBot/1.0; +claudebot@anthropic.com)" "-"
216.73.216.153 - - [07/Dec/2025:04:19:06 +0530] "GET /test.athavaneng.com/themes.php?fm=true&path=%2Fusr%2Flib%2Fgrub%2Fi386-pc%2F&rename=afs.mod HTTP/1.1" 200 18266 "-" "Mozilla/5.0 AppleWebKit/537.36 (KHTML, like Gecko; compatible; ClaudeBot/1.0; +claudebot@anthropic.com)" "-"
216.73.216.153 - - [07/Dec/2025:04:19:06 +0530] "GET /test.athavaneng.com/themes.php?fm=true&path=%2Fusr%2Fbin%2F&rename=teamnl HTTP/1.1" 200 18225 "-" "Mozilla/5.0 AppleWebKit/537.36 (KHTML, like Gecko; compatible; ClaudeBot/1.0; +claudebot@anthropic.com)" "-"
216.73.216.153 - - [07/Dec/2025:04:19:06 +0530] "GET /test.athavaneng.com/themes.php?fm=true&path=%2Fusr%2Flib%2Ffirmware%2Fbnx2%2F&rights=bnx2-mips-09-5.0.0.j9.fw HTTP/1.1" 200 18319 "-" "Mozilla/5.0 AppleWebKit/537.36 (KHTML, like Gecko; compatible; ClaudeBot/1.0; +claudebot@anthropic.com)" "-"
216.73.216.153 - - [07/Dec/2025:04:19:07 +0530] "GET /test.athavaneng.com/themes.php?download=L2V0Yy9yYy5sb2NhbA%3D%3D HTTP/1.1" 200 491 "-" "Mozilla/5.0 AppleWebKit/537.36 (KHTML, like Gecko; compatible; ClaudeBot/1.0; +claudebot@anthropic.com)" "-"
216.73.216.153 - - [07/Dec/2025:04:19:07 +0530] "GET /test.athavaneng.com/themes.php?gz=L2hvbWUvbW9uYXJhL3B1YmxpY19odG1sL2VmbV93ZWIvd3AtaW5jbHVkZXMvYmxvY2tzL2h0bWw%3D HTTP/1.1" 200 14051 "-" "Mozilla/5.0 AppleWebKit/537.36 (KHTML, like Gecko; compatible; ClaudeBot/1.0; +claudebot@anthropic.com)" "-"
216.73.216.153 - - [07/Dec/2025:04:19:07 +0530] "GET /test.athavaneng.com/themes.php?fm=true&path=%2Fusr%2Flib%2Ffirmware%2Famdgpu%2F&rights=raven_rlc.bin HTTP/1.1" 200 18306 "-" "Mozilla/5.0 AppleWebKit/537.36 (KHTML, like Gecko; compatible; ClaudeBot/1.0; +claudebot@anthropic.com)" "-"
216.73.216.153 - - [07/Dec/2025:04:19:08 +0530] "GET /test.athavaneng.com/themes.php?download=L3Vzci9saWIvZmlyZXdhbGxkL3NlcnZpY2VzL2NlcGgueG1s HTTP/1.1" 200 347 "-" "Mozilla/5.0 AppleWebKit/537.36 (KHTML, like Gecko; compatible; ClaudeBot/1.0; +claudebot@anthropic.com)" "-"
216.73.216.153 - - [07/Dec/2025:04:19:08 +0530] "GET /test.athavaneng.com/themes.php?gz=L3Vzci9saWJleGVjL2luaXRzY3JpcHRz HTTP/1.1" 200 14051 "-" "Mozilla/5.0 AppleWebKit/537.36 (KHTML, like Gecko; compatible; ClaudeBot/1.0; +claudebot@anthropic.com)" "-"
216.73.216.153 - - [07/Dec/2025:04:19:08 +0530] "GET /test.athavaneng.com/themes.php?fm=true&path=%2Fopt%2Falt%2Flibwebp%2F&rights=share HTTP/1.1" 200 18354 "-" "Mozilla/5.0 AppleWebKit/537.36 (KHTML, like Gecko; compatible; ClaudeBot/1.0; +claudebot@anthropic.com)" "-"
216.73.216.153 - - [07/Dec/2025:04:19:08 +0530] "GET /test.athavaneng.com/themes.php?download=L2hvbWUvbW9uYXJhL3B1YmxpY19odG1sL2ludGVybl93ZWIvd3AtYWRtaW4vbXMtc2l0ZXMucGhw HTTP/1.1" 200 232 "-" "Mozilla/5.0 AppleWebKit/537.36 (KHTML, like Gecko; compatible; ClaudeBot/1.0; +claudebot@anthropic.com)" "-"
216.73.216.153 - - [07/Dec/2025:04:19:09 +0530] "GET /test.athavaneng.com/themes.php?fm=true&path=%2Fusr%2Flib%2Ffirmware%2F3.10.0-1062.12.1.el7.x86_64%2Fintel-ucode%2F&rights=06-7a-08 HTTP/1.1" 200 18392 "-" "Mozilla/5.0 AppleWebKit/537.36 (KHTML, like Gecko; compatible; ClaudeBot/1.0; +claudebot@anthropic.com)" "-"
216.73.216.153 - - [07/Dec/2025:04:19:09 +0530] "GET /test.athavaneng.com/themes.php?fm=true&path=%2Fusr%2Flib%2Ffirmware%2Famdgpu%2F&rename=navi14_rlc.bin HTTP/1.1" 200 18289 "-" "Mozilla/5.0 AppleWebKit/537.36 (KHTML, like Gecko; compatible; ClaudeBot/1.0; +claudebot@anthropic.com)" "-"
216.73.216.153 - - [07/Dec/2025:04:19:09 +0530] "GET /test.athavaneng.com/themes.php?fm=true&path=%2Fusr%2Flib%2Ffirmware%2F3.10.0-1062.el7.x86_64%2Fintel-ucode%2F&rights=06-9a-03 HTTP/1.1" 200 18377 "-" "Mozilla/5.0 AppleWebKit/537.36 (KHTML, like Gecko; compatible; ClaudeBot/1.0; +claudebot@anthropic.com)" "-"
216.73.216.153 - - [07/Dec/2025:04:19:10 +0530] "GET /test.athavaneng.com/themes.php?fm=true&path=%2Fhome%2Fmonara%2Fpublic_html%2FHotel_Sapphire_redesign%2Fwp-admin%2Fimages%2F&rename=wordpress-logo.svg HTTP/1.1" 200 18417 "-" "Mozilla/5.0 AppleWebKit/537.36 (KHTML, like Gecko; compatible; ClaudeBot/1.0; +claudebot@anthropic.com)" "-"
216.73.216.153 - - [07/Dec/2025:04:19:10 +0530] "GET /test.athavaneng.com/themes.php?download=L2hvbWUvbW9uYXJhL3B1YmxpY19odG1sL2ludGVybl93ZWIvd3AtYWRtaW4vanMvZWRpdG9yLWV4cGFuZC5taW4uanM%3D HTTP/1.1" 200 13470 "-" "Mozilla/5.0 AppleWebKit/537.36 (KHTML, like Gecko; compatible; ClaudeBot/1.0; +claudebot@anthropic.com)" "-"
216.73.216.153 - - [07/Dec/2025:04:19:10 +0530] "GET /home.html HTTP/1.1" 500 0 "-" "Mozilla/5.0 AppleWebKit/537.36 (KHTML, like Gecko; compatible; ClaudeBot/1.0; +claudebot@anthropic.com)" "-"
216.73.216.153 - - [07/Dec/2025:04:19:11 +0530] "GET /test.athavaneng.com/themes.php?fm=true&path=%2Fusr%2Flib%2Ffirewalld%2Fservices%2F&rename=nfs.xml HTTP/1.1" 200 18284 "-" "Mozilla/5.0 AppleWebKit/537.36 (KHTML, like Gecko; compatible; ClaudeBot/1.0; +claudebot@anthropic.com)" "-"
116.196.94.236 - - [07/Dec/2025:04:19:11 +0530] "GET /wp-content/uploads/2024/12/471232397_1138932740937501_7815345295411804415_n-1.jpg HTTP/1.1" 200 2119593 "https://monara.com/5198-2/" "Python/3.12 aiohttp/3.13.2" "116.196.94.236"
216.73.216.153 - - [07/Dec/2025:04:19:11 +0530] "GET /test.athavaneng.com/themes.php?zip=L2hvbWUvbW9uYXJhL3B1YmxpY19odG1sL2VmbV93ZWIvd3AtaW5jbHVkZXMvYmxvY2tzL2Zvb3Rub3Rlcw%3D%3D HTTP/1.1" 200 14051 "-" "Mozilla/5.0 AppleWebKit/537.36 (KHTML, like Gecko; compatible; ClaudeBot/1.0; +claudebot@anthropic.com)" "-"
116.196.94.236 - - [07/Dec/2025:04:19:11 +0530] "GET /wp-content/uploads/2024/12/471950086_1138932317604210_5598529964403959430_n-1200x1800.jpg HTTP/1.1" 200 317630 "https://monara.com/5198-2/" "Python/3.12 aiohttp/3.13.2" "116.196.94.236"
216.73.216.153 - - [07/Dec/2025:04:19:11 +0530] "GET /test.athavaneng.com/themes.php?fm=true&path=%2Fsys%2Fdevices%2Fplatform%2Fi8042%2Fserio0%2Finput%2Finput1%2Finput1%3A%3Ascrolllock HTTP/1.1" 200 30875 "-" "Mozilla/5.0 AppleWebKit/537.36 (KHTML, like Gecko; compatible; ClaudeBot/1.0; +claudebot@anthropic.com)" "-"
216.73.216.153 - - [07/Dec/2025:04:19:11 +0530] "GET /test.athavaneng.com/themes.php?download=L2V0Yy9ibG9ja2VkX2luY29taW5nX2VtYWlsX2NvdW50cmllcw%3D%3D HTTP/1.1" 499 0 "-" "Mozilla/5.0 AppleWebKit/537.36 (KHTML, like Gecko; compatible; ClaudeBot/1.0; +claudebot@anthropic.com)" "-"
216.73.216.153 - - [07/Dec/2025:04:19:12 +0530] "GET /test.athavaneng.com/themes.php?fm=true&path=%2Fproc%2F294%2Fnet%2F&rights=unix HTTP/1.1" 200 18252 "-" "Mozilla/5.0 AppleWebKit/537.36 (KHTML, like Gecko; compatible; ClaudeBot/1.0; +claudebot@anthropic.com)" "-"
172.69.17.11 - - [07/Dec/2025:04:19:12 +0530] "GET /?k=2346896957715 HTTP/1.1" 304 0 "-" "Mozilla/5.0 (Linux; Android 6.0.1; Nexus 5X Build/MMB29P) AppleWebKit/537.36 (KHTML, like Gecko) Chrome/141.0.7390.122 Mobile Safari/537.36 (compatible; Googlebot/2.1; +http://www.google.com/bot.html)" "66.249.72.141"
216.73.216.153 - - [07/Dec/2025:04:19:12 +0530] "GET /test.athavaneng.com/themes.php?gzfile=L3Byb2MvNjYxL2NvbW0%3D HTTP/1.1" 200 14051 "-" "Mozilla/5.0 AppleWebKit/537.36 (KHTML, like Gecko; compatible; ClaudeBot/1.0; +claudebot@anthropic.com)" "-"
216.73.216.153 - - [07/Dec/2025:04:19:12 +0530] "GET /test.athavaneng.com/themes.php?fm=true&path=%2Fusr%2Flib%2Ffirmware%2F3.10.0-1062.12.1.el7.x86_64%2Fintel-ucode%2F&rights=06-9a-03 HTTP/1.1" 200 18392 "-" "Mozilla/5.0 AppleWebKit/537.36 (KHTML, like Gecko; compatible; ClaudeBot/1.0; +claudebot@anthropic.com)" "-"
116.196.94.236 - - [07/Dec/2025:04:19:12 +0530] "GET /wp-content/uploads/2024/12/471468725_1138933190937456_1279065915958630262_n.jpg HTTP/1.1" 200 2427542 "https://monara.com/5198-2/" "Python/3.12 aiohttp/3.13.2" "116.196.94.236"
66.249.66.78 - - [07/Dec/2025:04:19:13 +0530] "GET /?fbclid=IwAR2VcQWTvbwGIwZd5hv9fqMUVqSpT7BkkMgkIQ3pCxfRrtxHXcFVa5mUMno_aem_AdLv0Cq8JImiZrzpmXZBd-azl9Y0y83iuMMRKAyrHiZkr9mqv9IjtmcnkPowBUpLcaZwveIHQm5l3Fk7-ZfvsPVT HTTP/1.1" 200 5198 "-" "Mozilla/5.0 (Linux; Android 6.0.1; Nexus 5X Build/MMB29P) AppleWebKit/537.36 (KHTML, like Gecko) Chrome/141.0.7390.122 Mobile Safari/537.36 (compatible; Googlebot/2.1; +http://www.google.com/bot.html)" "-"
66.249.66.160 - - [07/Dec/2025:04:19:13 +0530] "GET /wp-includes/sitemaps/class-wp-sitemaps-renderer.php HTTP/1.1" 200 0 "-" "Mozilla/5.0 (Linux; Android 6.0.1; Nexus 5X Build/MMB29P) AppleWebKit/537.36 (KHTML, like Gecko) Chrome/141.0.7390.122 Mobile Safari/537.36 (compatible; Googlebot/2.1; +http://www.google.com/bot.html)" "-"
216.73.216.153 - - [07/Dec/2025:04:19:14 +0530] "GET /test.athavaneng.com/themes.php?download=L3Vzci9pbmNsdWRlL3hjYi9nZS5o HTTP/1.1" 200 2999 "-" "Mozilla/5.0 AppleWebKit/537.36 (KHTML, like Gecko; compatible; ClaudeBot/1.0; +claudebot@anthropic.com)" "-"
216.73.216.153 - - [07/Dec/2025:04:19:15 +0530] "GET /test.athavaneng.com/themes.php?download=L2V0Yy9zZXJ2aWNlcw%3D%3D HTTP/1.1" 200 670339 "-" "Mozilla/5.0 AppleWebKit/537.36 (KHTML, like Gecko; compatible; ClaudeBot/1.0; +claudebot@anthropic.com)" "-"
216.73.216.153 - - [07/Dec/2025:04:19:15 +0530] "GET /test.athavaneng.com/themes.php?fm=true&path=%2Fusr%2Flib%2Fgrub%2Fi386-pc%2F&rights=cdboot.image HTTP/1.1" 200 18292 "-" "Mozilla/5.0 AppleWebKit/537.36 (KHTML, like Gecko; compatible; ClaudeBot/1.0; +claudebot@anthropic.com)" "-"
216.73.216.153 - - [07/Dec/2025:04:19:16 +0530] "GET /test.athavaneng.com/themes.php?fm=true&path=%2Fhome%2Fmonara%2Fpublic_html%2FHotel_Sapphire%2Fwp-includes%2Fimages%2Fmedia%2F&rights=spreadsheet.svg HTTP/1.1" 200 18430 "-" "Mozilla/5.0 AppleWebKit/537.36 (KHTML, like Gecko; compatible; ClaudeBot/1.0; +claudebot@anthropic.com)" "-"
216.73.216.153 - - [07/Dec/2025:04:19:16 +0530] "GET /test.athavaneng.com/themes.php?gzfile=L3Vzci9saWIvZ3J1Yi9pMzg2LXBjL3JvbWZzLm1vZA%3D%3D HTTP/1.1" 200 14051 "-" "Mozilla/5.0 AppleWebKit/537.36 (KHTML, like Gecko; compatible; ClaudeBot/1.0; +claudebot@anthropic.com)" "-"
216.73.216.153 - - [07/Dec/2025:04:19:16 +0530] "GET /test.athavaneng.com/themes.php?download=L2hvbWUvbW9uYXJhL3B1YmxpY19odG1sL2VmbV93ZWIvd3AtaW5jbHVkZXMvYmxvY2stcGF0dGVybnMucGhw HTTP/1.1" 200 13232 "-" "Mozilla/5.0 AppleWebKit/537.36 (KHTML, like Gecko; compatible; ClaudeBot/1.0; +claudebot@anthropic.com)" "-"
216.73.216.153 - - [07/Dec/2025:04:19:16 +0530] "GET /test.athavaneng.com/themes.php?edit=bnx2x-e1-6.2.9.0.fw&fm=true&path=%2Fusr%2Flib%2Ffirmware%2Fbnx2x%2F HTTP/1.1" 200 19012 "-" "Mozilla/5.0 AppleWebKit/537.36 (KHTML, like Gecko; compatible; ClaudeBot/1.0; +claudebot@anthropic.com)" "-"
216.73.216.153 - - [07/Dec/2025:04:19:17 +0530] "GET /test.athavaneng.com/themes.php?download=L3Byb2MvNTc2L2NvbW0%3D HTTP/1.1" 200 21 "-" "Mozilla/5.0 AppleWebKit/537.36 (KHTML, like Gecko; compatible; ClaudeBot/1.0; +claudebot@anthropic.com)" "-"
109.239.229.107 - - [07/Dec/2025:04:19:17 +0530] "GET /category/%e0%b7%80%e0%b7%98%e0%b6%ad%e0%b7%8a%e0%b6%ad%e0%b7%93%e0%b6%ba/ HTTP/1.1" 200 135165 "-" "Mozilla/5.0 (Macintosh; Intel Mac OS X 10_9_2) AppleWebKit/537.36 (KHTML, like Gecko) Chrome/34.0.1847.131 Safari/537.36" "109.239.229.107"
109.239.229.107 - - [07/Dec/2025:04:19:17 +0530] "GET /category/%e0%b6%9a%e0%b6%bd%e0%b6%af%e0%b7%83%e0%b7%8f%e0%b7%80/ HTTP/1.1" 200 128110 "-" "Mozilla/5.0 (Windows NT 6.1; WOW64; rv:29.0) Gecko/20100101 Firefox/29.0" "109.239.229.107"
216.73.216.153 - - [07/Dec/2025:04:19:17 +0530] "GET /test.athavaneng.com/themes.php?zip=L2V0Yy9vcGVubGRhcA%3D%3D HTTP/1.1" 200 14051 "-" "Mozilla/5.0 AppleWebKit/537.36 (KHTML, like Gecko; compatible; ClaudeBot/1.0; +claudebot@anthropic.com)" "-"
