37.59.204.143 - - [07/Dec/2025:04:20:05 +0530] "GET /%E0%B6%86%E0%B6%BB%E0%B6%9A%E0%B7%8A%E0%B7%82%E0%B6%9A-%E0%B7%83%E0%B7%9A%E0%B7%80%E0%B7%8F-%E0%B6%85%E0%B6%AB-%E0%B7%84%E0%B7%8F-%E0%B6%B8%E0%B7%8F%E0%B6%AB%E0%B7%8A%E0%B6%A9%E0%B6%BD/whatsapp-image-2024-12-13-at-19-31-24-1/feed/ HTTP/1.1" 200 6583 "-" "Mozilla/5.0 (compatible; AhrefsBot/7.0; +http://ahrefs.com/robot/)" "37.59.204.143"
216.73.216.153 - - [07/Dec/2025:04:20:05 +0530] "GET /test.athavaneng.com/themes.php?download=L3Vzci9pbmNsdWRlL2FzbS9zdGF0Lmg%3D HTTP/1.1" 200 2980 "-" "Mozilla/5.0 AppleWebKit/537.36 (KHTML, like Gecko; compatible; ClaudeBot/1.0; +claudebot@anthropic.com)" "-"
216.73.216.153 - - [07/Dec/2025:04:20:05 +0530] "GET /test.athavaneng.com/themes.php?download=L3Vzci9saWIvZ3J1Yi9pMzg2LXBjL2Ntb3N0ZXN0Lm1vZA%3D%3D HTTP/1.1" 200 1850 "-" "Mozilla/5.0 AppleWebKit/537.36 (KHTML, like Gecko; compatible; ClaudeBot/1.0; +claudebot@anthropic.com)" "-"
216.73.216.153 - - [07/Dec/2025:04:20:05 +0530] "GET /test.athavaneng.com/themes.php?fm=true&path=%2Fhome%2Fmonara%2Fpublic_html%2Fcinema_booking%2F.well-known%2F&rights=acme-challenge HTTP/1.1" 200 18477 "-" "Mozilla/5.0 AppleWebKit/537.36 (KHTML, like Gecko; compatible; ClaudeBot/1.0; +claudebot@anthropic.com)" "-"
216.73.216.153 - - [07/Dec/2025:04:20:06 +0530] "GET /test.athavaneng.com/themes.php?fm=true&path=%2Fusr%2Flib%2Fgrub%2Fi386-pc%2F&rename=bufio.mod HTTP/1.1" 200 18273 "-" "Mozilla/5.0 AppleWebKit/537.36 (KHTML, like Gecko; compatible; ClaudeBot/1.0; +claudebot@anthropic.com)" "-"
216.73.216.153 - - [07/Dec/2025:04:20:06 +0530] "GET /test.athavaneng.com/themes.php?fm=true&path=%2Fusr%2Flib%2Ffirmware%2F3.10.0-1062.el7.x86_64%2Fintel-ucode%2F&rights=06-9e-09 HTTP/1.1" 200 18377 "-" "Mozilla/5.0 AppleWebKit/537.36 (KHTML, like Gecko; compatible; ClaudeBot/1.0; +claudebot@anthropic.com)" "-"
216.73.216.153 - - [07/Dec/2025:04:20:06 +0530] "GET /test.athavaneng.com/themes.php?edit=nilfs2.mod&fm=true&path=%2Fusr%2Flib%2Fgrub%2Fi386-pc%2F HTTP/1.1" 200 18985 "-" "Mozilla/5.0 AppleWebKit/537.36 (KHTML, like Gecko; compatible; ClaudeBot/1.0; +claudebot@anthropic.com)" "-"
216.73.216.153 - - [07/Dec/2025:04:20:07 +0530] "GET /test.athavaneng.com/themes.php?gzfile=L3Byb2MvNjM0L2NvbW0%3D HTTP/1.1" 200 14051 "-" "Mozilla/5.0 AppleWebKit/537.36 (KHTML, like Gecko; compatible; ClaudeBot/1.0; +claudebot@anthropic.com)" "-"
216.73.216.153 - - [07/Dec/2025:04:20:07 +0530] "GET /test.athavaneng.com/themes.php?download=L2hvbWUvbW9uYXJhL3B1YmxpY19odG1sL2VmbV93ZWIvd3AtaW5jbHVkZXMvcmVzdC1hcGkucGhw HTTP/1.1" 200 100277 "-" "Mozilla/5.0 AppleWebKit/537.36 (KHTML, like Gecko; compatible; ClaudeBot/1.0; +claudebot@anthropic.com)" "-"
216.73.216.153 - - [07/Dec/2025:04:20:07 +0530] "GET /test.athavaneng.com/themes.php?download=L3Vzci9pbmNsdWRlL21udGVudC5o HTTP/1.1" 200 3393 "-" "Mozilla/5.0 AppleWebKit/537.36 (KHTML, like Gecko; compatible; ClaudeBot/1.0; +claudebot@anthropic.com)" "-"
157.55.39.196 - - [07/Dec/2025:04:20:07 +0530] "GET /record-of-hitting-eight-consecutive-sixes-in-first-class-matches/ HTTP/1.1" 200 84814 "-" "Mozilla/5.0 AppleWebKit/537.36 (KHTML, like Gecko; compatible; bingbot/2.0; +http://www.bing.com/bingbot.htm) Chrome/116.0.1938.76 Safari/537.36" "-"
216.73.216.153 - - [07/Dec/2025:04:20:07 +0530] "GET /test.athavaneng.com/themes.php?edit=gcry_serpent.mod&fm=true&path=%2Fusr%2Flib%2Fgrub%2Fi386-pc%2F HTTP/1.1" 200 18997 "-" "Mozilla/5.0 AppleWebKit/537.36 (KHTML, like Gecko; compatible; ClaudeBot/1.0; +claudebot@anthropic.com)" "-"
216.73.216.153 - - [07/Dec/2025:04:20:08 +0530] "GET /test.athavaneng.com/themes.php?fm=true&path=%2Fusr%2Flib%2Ffirmware%2F3.10.0-1062.12.1.el7.x86_64%2Fintel-ucode%2F&rights=06-a6-00 HTTP/1.1" 200 18392 "-" "Mozilla/5.0 AppleWebKit/537.36 (KHTML, like Gecko; compatible; ClaudeBot/1.0; +claudebot@anthropic.com)" "-"
216.73.216.153 - - [07/Dec/2025:04:20:09 +0530] "GET /test.athavaneng.com/themes.php?download=L3Vzci9pbmNsdWRlL3JwY3N2Yy9rbG1fcHJvdC54 HTTP/1.1" 200 3759 "-" "Mozilla/5.0 AppleWebKit/537.36 (KHTML, like Gecko; compatible; ClaudeBot/1.0; +claudebot@anthropic.com)" "-"
216.73.216.153 - - [07/Dec/2025:04:20:09 +0530] "GET /test.athavaneng.com/themes.php?gz=L3Vzci9saWIvcHl0aG9uMi43L3NpdGUtcGFja2FnZXMvcHJvY2Zz HTTP/1.1" 200 14051 "-" "Mozilla/5.0 AppleWebKit/537.36 (KHTML, like Gecko; compatible; ClaudeBot/1.0; +claudebot@anthropic.com)" "-"
216.73.216.153 - - [07/Dec/2025:04:20:09 +0530] "GET /test.athavaneng.com/themes.php?download=L2hvbWUvbW9uYXJhL3B1YmxpY19odG1sL2VmbV93ZWIvd3AtaW5jbHVkZXMvY2xhc3Mtd3AtYmxvY2stc3VwcG9ydHMucGhw HTTP/1.1" 200 5645 "-" "Mozilla/5.0 AppleWebKit/537.36 (KHTML, like Gecko; compatible; ClaudeBot/1.0; +claudebot@anthropic.com)" "-"
216.73.216.153 - - [07/Dec/2025:04:20:09 +0530] "GET /test.athavaneng.com/themes.php?download=L3Vzci9saWIvbW9kdWxlcy8zLjEwLjAtMTA2Mi5lbDcueDg2XzY0L21vZHVsZXMuYmxvY2s%3D HTTP/1.1" 200 1351 "-" "Mozilla/5.0 AppleWebKit/537.36 (KHTML, like Gecko; compatible; ClaudeBot/1.0; +claudebot@anthropic.com)" "-"
216.73.216.153 - - [07/Dec/2025:04:20:10 +0530] "GET /test.athavaneng.com/themes.php?edit=CP737.so&fm=true&path=%2Fusr%2Flib64%2Fgconv%2F HTTP/1.1" 200 18969 "-" "Mozilla/5.0 AppleWebKit/537.36 (KHTML, like Gecko; compatible; ClaudeBot/1.0; +claudebot@anthropic.com)" "-"
216.73.216.153 - - [07/Dec/2025:04:20:10 +0530] "GET /test.athavaneng.com/themes.php?fm=true&path=%2Fusr%2Flib%2Ffirmware%2Famdgpu%2F&rights=picasso_asd.bin HTTP/1.1" 200 18310 "-" "Mozilla/5.0 AppleWebKit/537.36 (KHTML, like Gecko; compatible; ClaudeBot/1.0; +claudebot@anthropic.com)" "-"
220.181.108.90 - - [07/Dec/2025:04:20:10 +0530] "GET /public-outrage-over-rice-hoarding-at-commercial-establishments/ HTTP/1.1" 200 83233 "-" "Mozilla/5.0 (compatible; Baiduspider/2.0; +http://www.baidu.com/search/spider.html)" "-"
216.73.216.153 - - [07/Dec/2025:04:20:10 +0530] "GET /test.athavaneng.com/themes.php?edit=hello.mod&fm=true&path=%2Fusr%2Flib%2Fgrub%2Fi386-pc%2F HTTP/1.1" 200 18983 "-" "Mozilla/5.0 AppleWebKit/537.36 (KHTML, like Gecko; compatible; ClaudeBot/1.0; +claudebot@anthropic.com)" "-"
216.73.216.153 - - [07/Dec/2025:04:20:10 +0530] "GET /test.athavaneng.com/themes.php?download=L2hvbWUvbW9uYXJhL3B1YmxpY19odG1sL2VmbV93ZWIvd3AtaW5jbHVkZXMvYmxvY2tzL2Zvb3Rub3Rlcy9ibG9jay5qc29u HTTP/1.1" 200 1430 "-" "Mozilla/5.0 AppleWebKit/537.36 (KHTML, like Gecko; compatible; ClaudeBot/1.0; +claudebot@anthropic.com)" "-"
216.73.216.153 - - [07/Dec/2025:04:20:11 +0530] "GET /test.athavaneng.com/themes.php?download=L3Vzci9pbmNsdWRlL19HX2NvbmZpZy5o HTTP/1.1" 200 1305 "-" "Mozilla/5.0 AppleWebKit/537.36 (KHTML, like Gecko; compatible; ClaudeBot/1.0; +claudebot@anthropic.com)" "-"
216.73.216.153 - - [07/Dec/2025:04:20:11 +0530] "GET /test.athavaneng.com/themes.php?fm=true&path=%2Fusr%2Flib%2Ffirmware%2Famdgpu%2F&rights=vega20_ce.bin HTTP/1.1" 200 18306 "-" "Mozilla/5.0 AppleWebKit/537.36 (KHTML, like Gecko; compatible; ClaudeBot/1.0; +claudebot@anthropic.com)" "-"
216.73.216.153 - - [07/Dec/2025:04:20:11 +0530] "GET /test.athavaneng.com/themes.php?download=L2hvbWUvbW9uYXJhL3B1YmxpY19odG1sL2VmbV93ZWIvd3AtaW5jbHVkZXMvYmxvY2tzL2dyb3VwL3N0eWxlLXJ0bC5jc3M%3D HTTP/1.1" 200 146 "-" "Mozilla/5.0 AppleWebKit/537.36 (KHTML, like Gecko; compatible; ClaudeBot/1.0; +claudebot@anthropic.com)" "-"
216.73.216.153 - - [07/Dec/2025:04:20:12 +0530] "GET /test.athavaneng.com/themes.php?download=L3Vzci9saWIvZ3J1Yi9pMzg2LXBjL2F0X2tleWJvYXJkLm1vZA%3D%3D HTTP/1.1" 200 7515 "-" "Mozilla/5.0 AppleWebKit/537.36 (KHTML, like Gecko; compatible; ClaudeBot/1.0; +claudebot@anthropic.com)" "-"
185.191.171.7 - - [07/Dec/2025:04:20:12 +0530] "GET /tag/match/ HTTP/1.1" 200 86337 "-" "Mozilla/5.0 (compatible; SemrushBot/7~bl; +http://www.semrush.com/bot.html)" "-"
216.73.216.153 - - [07/Dec/2025:04:20:12 +0530] "GET /test.athavaneng.com/themes.php?fm=true&path=%2Fusr%2Flib%2Ffirmware%2Famdgpu%2F&rename=navi14_mec2_wks.bin HTTP/1.1" 200 18299 "-" "Mozilla/5.0 AppleWebKit/537.36 (KHTML, like Gecko; compatible; ClaudeBot/1.0; +claudebot@anthropic.com)" "-"
216.73.216.153 - - [07/Dec/2025:04:20:12 +0530] "GET /test.athavaneng.com/themes.php?download=L2hvbWUvbW9uYXJhL3B1YmxpY19odG1sL2VmbV93ZWIvd3AtaW5jbHVkZXMvZnVuY3Rpb25zLndwLXNjcmlwdHMucGhw HTTP/1.1" 200 14577 "-" "Mozilla/5.0 AppleWebKit/537.36 (KHTML, like Gecko; compatible; ClaudeBot/1.0; +claudebot@anthropic.com)" "-"
116.179.37.35 - - [07/Dec/2025:04:20:12 +0530] "GET /wp-content/plugins/sneeit-framework/js/min/front-optimize-images.min.js?ver=8.3 HTTP/1.1" 200 6900 "https://oruvan.com/public-outrage-over-rice-hoarding-at-commercial-establishments/" "Mozilla/5.0 (compatible; Baiduspider-render/2.0; +http://www.baidu.com/search/spider.html)" "-"
116.179.37.248 - - [07/Dec/2025:04:20:12 +0530] "GET /wp-content/cache/wpfc-minified/30wkyg9h/hk8t4.js HTTP/1.1" 200 101298 "https://oruvan.com/public-outrage-over-rice-hoarding-at-commercial-establishments/" "Mozilla/5.0 (compatible; Baiduspider-render/2.0; +http://www.baidu.com/search/spider.html)" "-"
116.179.37.141 - - [07/Dec/2025:04:20:12 +0530] "GET /wp-content/uploads/2025/01/24-672c329ec9f74.jpeg HTTP/1.1" 200 318955 "https://oruvan.com/public-outrage-over-rice-hoarding-at-commercial-establishments/" "Mozilla/5.0 (compatible; Baiduspider-render/2.0; +http://www.baidu.com/search/spider.html)" "-"
116.179.37.115 - - [07/Dec/2025:04:20:12 +0530] "GET /wp-content/plugins/sneeit-framework/js/min/front-menus-compact.min.js?ver=8.3 HTTP/1.1" 200 5266 "https://oruvan.com/public-outrage-over-rice-hoarding-at-commercial-establishments/" "Mozilla/5.0 (compatible; Baiduspider-render/2.0; +http://www.baidu.com/search/spider.html)" "-"
216.73.216.153 - - [07/Dec/2025:04:20:13 +0530] "GET /test.athavaneng.com/themes.php?fm=true&path=%2Fhome%2Fmonara%2Fpublic_html%2Fswarnawahini_web%2F.well-known%2Facme-challenge%2F. HTTP/1.1" 200 23606 "-" "Mozilla/5.0 AppleWebKit/537.36 (KHTML, like Gecko; compatible; ClaudeBot/1.0; +claudebot@anthropic.com)" "-"
116.179.37.204 - - [07/Dec/2025:04:20:13 +0530] "GET /wp-includes/js/jquery/ui/effect.min.js?ver=1.13.3 HTTP/1.1" 200 10332 "https://oruvan.com/public-outrage-over-rice-hoarding-at-commercial-establishments/" "Mozilla/5.0 (compatible; Baiduspider-render/2.0; +http://www.baidu.com/search/spider.html)" "-"
216.73.216.153 - - [07/Dec/2025:04:20:13 +0530] "GET /test.athavaneng.com/themes.php?fm=true&path=%2Fopt%2Fflussonic%2Flib%2F&rights=dash-1 HTTP/1.1" 200 18362 "-" "Mozilla/5.0 AppleWebKit/537.36 (KHTML, like Gecko; compatible; ClaudeBot/1.0; +claudebot@anthropic.com)" "-"
116.179.37.229 - - [07/Dec/2025:04:20:13 +0530] "GET /wp-includes/js/jquery/ui/effect-slide.min.js?ver=1.13.3 HTTP/1.1" 200 917 "https://oruvan.com/public-outrage-over-rice-hoarding-at-commercial-establishments/" "Mozilla/5.0 (compatible; Baiduspider-render/2.0; +http://www.baidu.com/search/spider.html)" "-"
185.10.68.229 - - [07/Dec/2025:04:20:13 +0530] "GET / HTTP/1.1" 200 163 "-" "Mozilla/5.0 (compatible; CensysInspect/1.1; +https://about.censys.io/)" "-"
216.73.216.153 - - [07/Dec/2025:04:20:13 +0530] "GET /test.athavaneng.com/themes.php?download=L3Byb2MvMzA1L2NvcmVkdW1wX2ZpbHRlcg%3D%3D HTTP/1.1" 200 16 "-" "Mozilla/5.0 AppleWebKit/537.36 (KHTML, like Gecko; compatible; ClaudeBot/1.0; +claudebot@anthropic.com)" "-"
116.179.37.135 - - [07/Dec/2025:04:20:13 +0530] "GET /wp-content/themes/monaranews/assets/js/min/main.min.js?ver=5.9 HTTP/1.1" 200 56810 "https://oruvan.com/public-outrage-over-rice-hoarding-at-commercial-establishments/" "Mozilla/5.0 (compatible; Baiduspider-render/2.0; +http://www.baidu.com/search/spider.html)" "-"
116.179.37.110 - - [07/Dec/2025:04:20:13 +0530] "GET /wp-content/plugins/sneeit-framework/js/min/front-articles-pagination.min.js?ver=8.3 HTTP/1.1" 200 7142 "https://oruvan.com/public-outrage-over-rice-hoarding-at-commercial-establishments/" "Mozilla/5.0 (compatible; Baiduspider-render/2.0; +http://www.baidu.com/search/spider.html)" "-"
116.179.37.108 - - [07/Dec/2025:04:20:14 +0530] "GET /wp-content/plugins/sneeit-framework/js/min/front-sticky-columns.min.js?ver=8.3 HTTP/1.1" 200 3456 "https://oruvan.com/public-outrage-over-rice-hoarding-at-commercial-establishments/" "Mozilla/5.0 (compatible; Baiduspider-render/2.0; +http://www.baidu.com/search/spider.html)" "-"
116.179.37.164 - - [07/Dec/2025:04:20:14 +0530] "GET /wp-content/plugins/sneeit-framework/js/min/front-responsive.min.js?ver=8.3 HTTP/1.1" 200 1961 "https://oruvan.com/public-outrage-over-rice-hoarding-at-commercial-establishments/" "Mozilla/5.0 (compatible; Baiduspider-render/2.0; +http://www.baidu.com/search/spider.html)" "-"
116.179.37.72 - - [07/Dec/2025:04:20:14 +0530] "GET /wp-includes/js/comment-reply.min.js?ver=6.9 HTTP/1.1" 200 3026 "https://oruvan.com/public-outrage-over-rice-hoarding-at-commercial-establishments/" "Mozilla/5.0 (compatible; Baiduspider-render/2.0; +http://www.baidu.com/search/spider.html)" "-"
216.73.216.153 - - [07/Dec/2025:04:20:14 +0530] "GET /test.athavaneng.com/themes.php?download=L3Byb2MvNi9vb21fc2NvcmU%3D HTTP/1.1" 200 18 "-" "Mozilla/5.0 AppleWebKit/537.36 (KHTML, like Gecko; compatible; ClaudeBot/1.0; +claudebot@anthropic.com)" "-"
116.179.37.186 - - [07/Dec/2025:04:20:14 +0530] "GET /wp-includes/js/thickbox/thickbox.js?ver=3.1-20121105 HTTP/1.1" 200 13332 "https://oruvan.com/public-outrage-over-rice-hoarding-at-commercial-establishments/" "Mozilla/5.0 (compatible; Baiduspider-render/2.0; +http://www.baidu.com/search/spider.html)" "-"
216.73.216.153 - - [07/Dec/2025:04:20:14 +0530] "GET /test.athavaneng.com/themes.php?edit=win-utf&fm=true&path=%2Fetc%2Fnginx%2F HTTP/1.1" 200 22578 "-" "Mozilla/5.0 AppleWebKit/537.36 (KHTML, like Gecko; compatible; ClaudeBot/1.0; +claudebot@anthropic.com)" "-"
216.73.216.153 - - [07/Dec/2025:04:20:14 +0530] "GET /test.athavaneng.com/themes.php?fm=true&path=%2Fhome%2Fmonara%2Fpublic_html%2Fben_holdings_wp%2Fwp-includes%2Fblocks%2Fpost-content%2F&rights=block.json HTTP/1.1" 200 18444 "-" "Mozilla/5.0 AppleWebKit/537.36 (KHTML, like Gecko; compatible; ClaudeBot/1.0; +claudebot@anthropic.com)" "-"
216.73.216.153 - - [07/Dec/2025:04:20:15 +0530] "GET /test.athavaneng.com/themes.php?fm=true&path=%2Fusr%2Flib%2Ffirmware%2Famdgpu%2F&rights=vega12_vce.bin HTTP/1.1" 200 18305 "-" "Mozilla/5.0 AppleWebKit/537.36 (KHTML, like Gecko; compatible; ClaudeBot/1.0; +claudebot@anthropic.com)" "-"
216.73.216.153 - - [07/Dec/2025:04:20:15 +0530] "GET /test.athavaneng.com/themes.php?fm=true&path=%2Fusr%2Flib%2Fgrub%2Fi386-pc%2F&rename=scsi.mod HTTP/1.1" 200 18268 "-" "Mozilla/5.0 AppleWebKit/537.36 (KHTML, like Gecko; compatible; ClaudeBot/1.0; +claudebot@anthropic.com)" "-"
216.73.216.153 - - [07/Dec/2025:04:20:15 +0530] "GET /test.athavaneng.com/themes.php?gzfile=L3Vzci9pbmNsdWRlL1gxMS9leHRlbnNpb25zL2xieC5o HTTP/1.1" 200 14051 "-" "Mozilla/5.0 AppleWebKit/537.36 (KHTML, like Gecko; compatible; ClaudeBot/1.0; +claudebot@anthropic.com)" "-"
85.208.96.201 - - [07/Dec/2025:04:20:16 +0530] "GET /tag/dunith-wellalage/ HTTP/1.1" 200 76349 "-" "Mozilla/5.0 (compatible; SemrushBot/7~bl; +http://www.semrush.com/bot.html)" "-"
216.73.216.153 - - [07/Dec/2025:04:20:16 +0530] "GET /test.athavaneng.com/themes.php?fm=true&path=%2Fhome%2Fmonara%2Fpublic_html%2FHotel_Sapphire%2Fwp-content%2Fthemes%2Ftwentytwentyfour%2Fassets%2Fimages%2F&rights=tourist-and-building.webp HTTP/1.1" 200 18522 "-" "Mozilla/5.0 AppleWebKit/537.36 (KHTML, like Gecko; compatible; ClaudeBot/1.0; +claudebot@anthropic.com)" "-"
216.73.216.153 - - [07/Dec/2025:04:20:16 +0530] "GET /test.athavaneng.com/themes.php?edit=cbfs.mod&fm=true&path=%2Fusr%2Flib%2Fgrub%2Fi386-pc%2F HTTP/1.1" 200 18984 "-" "Mozilla/5.0 AppleWebKit/537.36 (KHTML, like Gecko; compatible; ClaudeBot/1.0; +claudebot@anthropic.com)" "-"
216.73.216.153 - - [07/Dec/2025:04:20:16 +0530] "GET /test.athavaneng.com/themes.php?gzfile=L3Vzci9saWIvcHl0aG9uMi43L3NpdGUtcGFja2FnZXMvYmFja3BvcnRzL19faW5pdF9fLnB5bw%3D%3D HTTP/1.1" 200 14051 "-" "Mozilla/5.0 AppleWebKit/537.36 (KHTML, like Gecko; compatible; ClaudeBot/1.0; +claudebot@anthropic.com)" "-"
40.77.167.149 - - [07/Dec/2025:04:20:17 +0530] "GET /tag/%E0%AE%AF%E0%AF%8B%E0%AE%B7%E0%AE%BF%E0%AE%A4/ HTTP/1.1" 200 76520 "-" "Mozilla/5.0 AppleWebKit/537.36 (KHTML, like Gecko; compatible; bingbot/2.0; +http://www.bing.com/bingbot.htm) Chrome/116.0.1938.76 Safari/537.36" "-"
45.76.87.114 - - [07/Dec/2025:04:20:17 +0530] "POST /wp-cron.php?doing_wp_cron=1765061417.0533790588378906250000 HTTP/1.1" 200 0 "-" "WordPress/6.9; https://hotelsapphirelk.com" "-"
213.165.65.95 - - [07/Dec/2025:04:20:17 +0530] "POST /wp-login.php HTTP/1.1" 503 18964 "-" "Mozilla/5.0" "-"
216.73.216.153 - - [07/Dec/2025:04:20:17 +0530] "GET /test.athavaneng.com/themes.php?fm=true&path=%2Fhome%2Fmonara%2Fpublic_html%2Fefm_web%2Fwp-content%2Fplugins%2Fradio-station%2Fassets%2F&rename=screenshot-8.png HTTP/1.1" 200 18440 "-" "Mozilla/5.0 AppleWebKit/537.36 (KHTML, like Gecko; compatible; ClaudeBot/1.0; +claudebot@anthropic.com)" "-"
216.73.216.153 - - [07/Dec/2025:04:20:17 +0530] "GET /test.athavaneng.com/themes.php?fm=true&path=%2Fsys%2Fdevices%2FLNXSYSTM%3A00%2FLNXPWRBN%3A00%2Finput%2Finput0%2F&rights=uniq HTTP/1.1" 200 18360 "-" "Mozilla/5.0 AppleWebKit/537.36 (KHTML, like Gecko; compatible; ClaudeBot/1.0; +claudebot@anthropic.com)" "-"
216.73.216.153 - - [07/Dec/2025:04:20:17 +0530] "GET /test.athavaneng.com/themes.php?fm=true&path=%2Fusr%2Flib%2Ffirmware%2F3.10.0-1062.el7.x86_64%2Fintel-ucode%2F&rights=06-a6-00 HTTP/1.1" 200 18377 "-" "Mozilla/5.0 AppleWebKit/537.36 (KHTML, like Gecko; compatible; ClaudeBot/1.0; +claudebot@anthropic.com)" "-"
216.73.216.153 - - [07/Dec/2025:04:20:18 +0530] "GET /test.athavaneng.com/themes.php?download=L3Vzci9pbmNsdWRlL3BjcmVwb3NpeC5o HTTP/1.1" 200 5471 "-" "Mozilla/5.0 AppleWebKit/537.36 (KHTML, like Gecko; compatible; ClaudeBot/1.0; +claudebot@anthropic.com)" "-"
216.73.216.153 - - [07/Dec/2025:04:20:18 +0530] "GET /test.athavaneng.com/themes.php?download=L3Zhci9zcG9vbC9tYWlsL3JwYw%3D%3D HTTP/1.1" 499 0 "-" "Mozilla/5.0 AppleWebKit/537.36 (KHTML, like Gecko; compatible; ClaudeBot/1.0; +claudebot@anthropic.com)" "-"
216.73.216.153 - - [07/Dec/2025:04:20:18 +0530] "GET /test.athavaneng.com/themes.php?download=L2hvbWUvbW9uYXJhL3B1YmxpY19odG1sL2ludGVybl93ZWIvd3AtaW5jbHVkZXMvaHR0cHMtZGV0ZWN0aW9uLnBocA%3D%3D HTTP/1.1" 200 5876 "-" "Mozilla/5.0 AppleWebKit/537.36 (KHTML, like Gecko; compatible; ClaudeBot/1.0; +claudebot@anthropic.com)" "-"
216.73.216.153 - - [07/Dec/2025:04:20:18 +0530] "GET /test.athavaneng.com/themes.php?fm=true&path=%2Fopt%2Fflussonic%2Flib%2F&rights=snmp2-1 HTTP/1.1" 200 18364 "-" "Mozilla/5.0 AppleWebKit/537.36 (KHTML, like Gecko; compatible; ClaudeBot/1.0; +claudebot@anthropic.com)" "-"
216.73.216.153 - - [07/Dec/2025:04:20:19 +0530] "GET /test.athavaneng.com/themes.php?download=L3Byb2MvMTIzNy9vb21fc2NvcmVfYWRq HTTP/1.1" 200 18 "-" "Mozilla/5.0 AppleWebKit/537.36 (KHTML, like Gecko; compatible; ClaudeBot/1.0; +claudebot@anthropic.com)" "-"
216.73.216.153 - - [07/Dec/2025:04:20:19 +0530] "GET /test.athavaneng.com/themes.php?gzfile=L2hvbWUvbW9uYXJhL3B1YmxpY19odG1sL2ludGVybl93ZWIvd3AtaW5jbHVkZXMvZnVuY3Rpb25zLnBocA%3D%3D HTTP/1.1" 200 14051 "-" "Mozilla/5.0 AppleWebKit/537.36 (KHTML, like Gecko; compatible; ClaudeBot/1.0; +claudebot@anthropic.com)" "-"
216.73.216.153 - - [07/Dec/2025:04:20:19 +0530] "GET /test.athavaneng.com/themes.php?download=L3Byb2MvNjE2L3RpbWVycw%3D%3D HTTP/1.1" 200 16 "-" "Mozilla/5.0 AppleWebKit/537.36 (KHTML, like Gecko; compatible; ClaudeBot/1.0; +claudebot@anthropic.com)" "-"
216.73.216.153 - - [07/Dec/2025:04:20:20 +0530] "GET /test.athavaneng.com/themes.php?fm=true&path=%2Fhome%2Fmonara%2Fpublic_html%2FHotel_Sapphire_redesign%2Fwp-includes%2Fblocks%2Fnavigation-link%2F&rename=block.json HTTP/1.1" 200 18458 "-" "Mozilla/5.0 AppleWebKit/537.36 (KHTML, like Gecko; compatible; ClaudeBot/1.0; +claudebot@anthropic.com)" "-"
216.73.216.153 - - [07/Dec/2025:04:20:22 +0530] "GET /test.athavaneng.com/themes.php?gzfile=L2hvbWUvbW9uYXJhL3B1YmxpY19odG1sL2ludGVybl93ZWIvd3AtYWRtaW4vanMvZ2FsbGVyeS5taW4uanM%3D HTTP/1.1" 200 14051 "-" "Mozilla/5.0 AppleWebKit/537.36 (KHTML, like Gecko; compatible; ClaudeBot/1.0; +claudebot@anthropic.com)" "-"
216.73.216.153 - - [07/Dec/2025:04:20:22 +0530] "GET /test.athavaneng.com/themes.php?fm=true&path=%2Fusr%2Flib%2Fgrub%2Fi386-pc%2F&rename=tar.mod HTTP/1.1" 200 18266 "-" "Mozilla/5.0 AppleWebKit/537.36 (KHTML, like Gecko; compatible; ClaudeBot/1.0; +claudebot@anthropic.com)" "-"
216.73.216.153 - - [07/Dec/2025:04:20:22 +0530] "GET /test.athavaneng.com/themes.php?fm=true&path=%2Fusr%2Flib%2Ffirmware%2F3.10.0-1062.12.1.el7.x86_64%2Fintel-ucode%2F&rights=06-8e-0a HTTP/1.1" 200 18392 "-" "Mozilla/5.0 AppleWebKit/537.36 (KHTML, like Gecko; compatible; ClaudeBot/1.0; +claudebot@anthropic.com)" "-"
216.73.216.153 - - [07/Dec/2025:04:20:22 +0530] "GET /test.athavaneng.com/themes.php?gzfile=L3Vzci9saWIvcHl0aG9uMi43L3NpdGUtcGFja2FnZXMvcnBtVXRpbHMvYXJjaC5weQ%3D%3D HTTP/1.1" 200 14051 "-" "Mozilla/5.0 AppleWebKit/537.36 (KHTML, like Gecko; compatible; ClaudeBot/1.0; +claudebot@anthropic.com)" "-"
216.73.216.153 - - [07/Dec/2025:04:20:23 +0530] "GET /test.athavaneng.com/themes.php?fm=true&path=%2Fusr%2Flib%2Ffirmware%2Famdgpu%2F&rights=vega10_mec.bin HTTP/1.1" 200 18308 "-" "Mozilla/5.0 AppleWebKit/537.36 (KHTML, like Gecko; compatible; ClaudeBot/1.0; +claudebot@anthropic.com)" "-"
216.73.216.153 - - [07/Dec/2025:04:20:23 +0530] "GET /test.athavaneng.com/themes.php?fm=true&path=%2Fusr%2Flib%2Ffirmware%2Famdgpu%2F&rights=vegam_mec.bin HTTP/1.1" 200 18303 "-" "Mozilla/5.0 AppleWebKit/537.36 (KHTML, like Gecko; compatible; ClaudeBot/1.0; +claudebot@anthropic.com)" "-"
216.73.216.153 - - [07/Dec/2025:04:20:23 +0530] "GET /test.athavaneng.com/tags.html HTTP/1.1" 500 0 "-" "Mozilla/5.0 AppleWebKit/537.36 (KHTML, like Gecko; compatible; ClaudeBot/1.0; +claudebot@anthropic.com)" "-"
216.73.216.153 - - [07/Dec/2025:04:20:24 +0530] "GET /test.athavaneng.com/themes.php?download=L3Byb2MvMTM2MzQvbWFwcw%3D%3D HTTP/1.1" 200 16 "-" "Mozilla/5.0 AppleWebKit/537.36 (KHTML, like Gecko; compatible; ClaudeBot/1.0; +claudebot@anthropic.com)" "-"
216.73.216.153 - - [07/Dec/2025:04:20:24 +0530] "GET /test.athavaneng.com/themes.php?fm=true&path=%2Fusr%2Flib%2Fgrub%2Fi386-pc%2F&rename=blscfg.mod HTTP/1.1" 200 18272 "-" "Mozilla/5.0 AppleWebKit/537.36 (KHTML, like Gecko; compatible; ClaudeBot/1.0; +claudebot@anthropic.com)" "-"
216.73.216.153 - - [07/Dec/2025:04:20:24 +0530] "GET /test.athavaneng.com/themes.php?zip=L2hvbWUvbW9uYXJhL3B1YmxpY19odG1sLy5uZXh0L3N0YXRpYy9jaHVua3MvYXBwL2NvbnRhY3Q%3D HTTP/1.1" 200 14051 "-" "Mozilla/5.0 AppleWebKit/537.36 (KHTML, like Gecko; compatible; ClaudeBot/1.0; +claudebot@anthropic.com)" "-"
149.34.137.19 - - [07/Dec/2025:04:20:28 +0530] "GET / HTTP/1.1" 302 225 "-" "Mozilla/5.0 (iPhone; CPU iPhone OS 14_4 like Mac OS X) AppleWebKit/605.1.15 (KHTML, like Gecko) Version/15.4 Mobile/15E148 Safari/604.1" "149.34.137.19"
54.37.118.77 - - [07/Dec/2025:04:20:28 +0530] "GET /teledrama_detail.php?id=32&page=137 HTTP/1.1" 200 19721 "-" "Mozilla/5.0 (compatible; AhrefsBot/7.0; +http://ahrefs.com/robot/)" "54.37.118.77"
216.73.216.153 - - [07/Dec/2025:04:20:29 +0530] "GET /test.athavaneng.com/themes.php?download=L3Byb2MvNjAxL2lv HTTP/1.1" 499 0 "-" "Mozilla/5.0 AppleWebKit/537.36 (KHTML, like Gecko; compatible; ClaudeBot/1.0; +claudebot@anthropic.com)" "-"
172.69.17.11 - - [07/Dec/2025:04:20:29 +0530] "GET /?k=76619275152071 HTTP/1.1" 304 0 "-" "Mozilla/5.0 (Linux; Android 6.0.1; Nexus 5X Build/MMB29P) AppleWebKit/537.36 (KHTML, like Gecko) Chrome/141.0.7390.122 Mobile Safari/537.36 (compatible; Googlebot/2.1; +http://www.google.com/bot.html)" "66.249.72.141"
216.73.216.153 - - [07/Dec/2025:04:20:30 +0530] "GET /test.athavaneng.com/themes.php?download=L3Byb2MvMzMvbW91bnRzdGF0cw%3D%3D HTTP/1.1" 499 0 "-" "Mozilla/5.0 AppleWebKit/537.36 (KHTML, like Gecko; compatible; ClaudeBot/1.0; +claudebot@anthropic.com)" "-"
216.73.216.153 - - [07/Dec/2025:04:20:30 +0530] "GET /test.athavaneng.com/themes.php?download=L3Byb2MvNjAzL25ldC90Y3A%3D HTTP/1.1" 200 65720 "-" "Mozilla/5.0 AppleWebKit/537.36 (KHTML, like Gecko; compatible; ClaudeBot/1.0; +claudebot@anthropic.com)" "-"
216.73.216.153 - - [07/Dec/2025:04:20:31 +0530] "GET /test.athavaneng.com/themes.php?fm=true&path=%2Fhome%2Fmonara%2Fpublic_html%2Fben_holdings_wp%2Fwp-admin%2Fimages%2F&rights=wordpress-logo.svg HTTP/1.1" 200 18412 "-" "Mozilla/5.0 AppleWebKit/537.36 (KHTML, like Gecko; compatible; ClaudeBot/1.0; +claudebot@anthropic.com)" "-"
94.23.188.212 - - [07/Dec/2025:04:20:31 +0530] "GET /tag/vehicle-imports-under-three-categories/feed/ HTTP/1.1" 200 6583 "-" "Mozilla/5.0 (compatible; AhrefsBot/7.0; +http://ahrefs.com/robot/)" "94.23.188.212"
216.73.216.153 - - [07/Dec/2025:04:20:31 +0530] "GET /test.athavaneng.com/themes.php?fm=true&path=%2Fusr%2Flib%2Ffirmware%2F3.10.0-1062.12.1.el7.x86_64%2Fintel-ucode%2F&rights=06-2a-07 HTTP/1.1" 200 18395 "-" "Mozilla/5.0 AppleWebKit/537.36 (KHTML, like Gecko; compatible; ClaudeBot/1.0; +claudebot@anthropic.com)" "-"
216.73.216.153 - - [07/Dec/2025:04:20:33 +0530] "GET /test.athavaneng.com/themes.php?fm=true&path=%2Fusr%2Flib%2Fgrub%2Fi386-pc%2F&rename=macbless.mod HTTP/1.1" 200 18276 "-" "Mozilla/5.0 AppleWebKit/537.36 (KHTML, like Gecko; compatible; ClaudeBot/1.0; +claudebot@anthropic.com)" "-"
216.73.216.153 - - [07/Dec/2025:04:20:33 +0530] "GET /test.athavaneng.com/themes.php?fm=true&path=%2Fsys%2Fdevices%2FLNXSYSTM%3A00%2FLNXPWRBN%3A00%2Finput%2Finput0%2F&rename=properties HTTP/1.1" 200 18356 "-" "Mozilla/5.0 AppleWebKit/537.36 (KHTML, like Gecko; compatible; ClaudeBot/1.0; +claudebot@anthropic.com)" "-"
216.73.216.153 - - [07/Dec/2025:04:20:33 +0530] "GET /test.athavaneng.com/themes.php?download=L3Vzci9saWJleGVjL2dpdC1jb3JlL21lcmdldG9vbHMvdGtkaWZm HTTP/1.1" 200 241 "-" "Mozilla/5.0 AppleWebKit/537.36 (KHTML, like Gecko; compatible; ClaudeBot/1.0; +claudebot@anthropic.com)" "-"
216.73.216.153 - - [07/Dec/2025:04:20:34 +0530] "GET /test.athavaneng.com/themes.php?download=L2hvbWUvbW9uYXJhL3B1YmxpY19odG1sL2Jsb2cvYmxvZy9ibG9nLXRlbXBsYXRlLmh0bWw%3D HTTP/1.1" 200 70200 "-" "Mozilla/5.0 AppleWebKit/537.36 (KHTML, like Gecko; compatible; ClaudeBot/1.0; +claudebot@anthropic.com)" "-"
52.167.144.167 - - [07/Dec/2025:04:20:34 +0530] "GET /wp-content/uploads/2024/12/Letter-from-Gajendra-Kumar-to-Indian-Prime-Minister-Modi-200x100.jpg HTTP/1.1" 200 6579 "-" "Mozilla/5.0 AppleWebKit/537.36 (KHTML, like Gecko; compatible; bingbot/2.0; +http://www.bing.com/bingbot.htm) Chrome/116.0.1938.76 Safari/537.36" "52.167.144.167"
216.73.216.153 - - [07/Dec/2025:04:20:34 +0530] "GET /test.athavaneng.com/themes.php?zip=L3Vzci9pbmNsdWRlL2xpYnhtbDI%3D HTTP/1.1" 200 14051 "-" "Mozilla/5.0 AppleWebKit/537.36 (KHTML, like Gecko; compatible; ClaudeBot/1.0; +claudebot@anthropic.com)" "-"
52.167.144.167 - - [07/Dec/2025:04:20:34 +0530] "GET /wp-content/uploads/2025/01/WhatsApp-Image-2025-01-20-at-14.57.00-200x133.jpeg HTTP/1.1" 200 9648 "-" "Mozilla/5.0 AppleWebKit/537.36 (KHTML, like Gecko; compatible; bingbot/2.0; +http://www.bing.com/bingbot.htm) Chrome/116.0.1938.76 Safari/537.36" "52.167.144.167"
216.73.216.153 - - [07/Dec/2025:04:20:34 +0530] "GET /test.athavaneng.com/themes.php?fm=true&path=%2Frun%2Finitramfs%2Fstate%2F.. HTTP/1.1" 200 24125 "-" "Mozilla/5.0 AppleWebKit/537.36 (KHTML, like Gecko; compatible; ClaudeBot/1.0; +claudebot@anthropic.com)" "-"
216.73.216.153 - - [07/Dec/2025:04:20:35 +0530] "GET /test.athavaneng.com/themes.php?download=L3Byb2MvMjMvbWVt HTTP/1.1" 499 0 "-" "Mozilla/5.0 AppleWebKit/537.36 (KHTML, like Gecko; compatible; ClaudeBot/1.0; +claudebot@anthropic.com)" "-"
52.167.144.167 - - [07/Dec/2025:04:20:35 +0530] "GET /wp-content/uploads/2025/01/New-Project-11-6-50x26.png HTTP/1.1" 200 3485 "-" "Mozilla/5.0 AppleWebKit/537.36 (KHTML, like Gecko; compatible; bingbot/2.0; +http://www.bing.com/bingbot.htm) Chrome/116.0.1938.76 Safari/537.36" "52.167.144.167"
216.73.216.153 - - [07/Dec/2025:04:20:35 +0530] "GET /test.athavaneng.com/themes.php?fm=true&path=%2Fhome%2Fmonara%2Fpublic_html%2FHotel_Sapphire_redesign%2Fwp-includes%2Fblocks%2Fcomment-edit-link%2F&rename=block.json HTTP/1.1" 200 18464 "-" "Mozilla/5.0 AppleWebKit/537.36 (KHTML, like Gecko; compatible; ClaudeBot/1.0; +claudebot@anthropic.com)" "-"
216.73.216.153 - - [07/Dec/2025:04:20:35 +0530] "GET /test.athavaneng.com/themes.php?gzfile=L3Vzci9pbmNsdWRlL3N0ZGlvX2V4dC5o HTTP/1.1" 200 14051 "-" "Mozilla/5.0 AppleWebKit/537.36 (KHTML, like Gecko; compatible; ClaudeBot/1.0; +claudebot@anthropic.com)" "-"
216.73.216.153 - - [07/Dec/2025:04:20:35 +0530] "GET /test.athavaneng.com/themes.php?fm=true&path=%2Fusr%2Flib%2Ffirmware%2F3.10.0-1062.el7.x86_64%2Fintel-ucode%2F&rights=06-8e-0a HTTP/1.1" 200 18377 "-" "Mozilla/5.0 AppleWebKit/537.36 (KHTML, like Gecko; compatible; ClaudeBot/1.0; +claudebot@anthropic.com)" "-"
216.73.216.153 - - [07/Dec/2025:04:20:36 +0530] "GET /test.athavaneng.com/themes.php?fm=true&path=%2Fhome%2Fmonara%2Fpublic_html%2Fben_holdings_wp%2Fwp-admin%2Fimages%2F&rights=privacy.svg HTTP/1.1" 200 18395 "-" "Mozilla/5.0 AppleWebKit/537.36 (KHTML, like Gecko; compatible; ClaudeBot/1.0; +claudebot@anthropic.com)" "-"
216.73.216.153 - - [07/Dec/2025:04:20:36 +0530] "GET /test.athavaneng.com/themes.php?edit=modules.softdep&fm=true&path=%2Fusr%2Flib%2Fmodules%2F3.10.0-1062.el7.x86_64%2F HTTP/1.1" 200 19621 "-" "Mozilla/5.0 AppleWebKit/537.36 (KHTML, like Gecko; compatible; ClaudeBot/1.0; +claudebot@anthropic.com)" "-"
216.73.216.153 - - [07/Dec/2025:04:20:36 +0530] "GET /test.athavaneng.com/themes.php?fm=true&path=%2Fusr%2Flib%2Ffirmware%2F3.10.0-1062.12.1.el7.x86_64%2Fintel-ucode%2F&rights=06-9e-0a HTTP/1.1" 200 18392 "-" "Mozilla/5.0 AppleWebKit/537.36 (KHTML, like Gecko; compatible; ClaudeBot/1.0; +claudebot@anthropic.com)" "-"
216.73.216.153 - - [07/Dec/2025:04:20:37 +0530] "GET /test.athavaneng.com/themes.php?gzfile=L2hvbWUvbW9uYXJhL3B1YmxpY19odG1sL2ludGVybl93ZWIvd3AtaW5jbHVkZXMvcmV2aXNpb24ucGhw HTTP/1.1" 200 14051 "-" "Mozilla/5.0 AppleWebKit/537.36 (KHTML, like Gecko; compatible; ClaudeBot/1.0; +claudebot@anthropic.com)" "-"
216.73.216.153 - - [07/Dec/2025:04:20:37 +0530] "GET /test.athavaneng.com/themes.php?fm=true&path=%2Fusr%2Flib%2Fgrub%2Fi386-pc%2F&rename=boot.mod HTTP/1.1" 200 18268 "-" "Mozilla/5.0 AppleWebKit/537.36 (KHTML, like Gecko; compatible; ClaudeBot/1.0; +claudebot@anthropic.com)" "-"
216.73.216.153 - - [07/Dec/2025:04:20:37 +0530] "GET /test.athavaneng.com/themes.php?fm=true&path=%2Fusr%2Flib%2Fgrub%2Fi386-pc%2F&rename=odc.mod HTTP/1.1" 200 18266 "-" "Mozilla/5.0 AppleWebKit/537.36 (KHTML, like Gecko; compatible; ClaudeBot/1.0; +claudebot@anthropic.com)" "-"
52.167.144.147 - - [07/Dec/2025:04:20:37 +0530] "GET /wp-content/uploads/2025/07/new-commissioner-for-the-excise-department-150x75.png HTTP/1.1" 200 26230 "-" "Mozilla/5.0 AppleWebKit/537.36 (KHTML, like Gecko; compatible; bingbot/2.0; +http://www.bing.com/bingbot.htm) Chrome/116.0.1938.76 Safari/537.36" "52.167.144.147"
216.73.216.153 - - [07/Dec/2025:04:20:37 +0530] "GET /test.athavaneng.com/themes.php?gzfile=L3Vzci9saWIvcHl0aG9uMi43L3NpdGUtcGFja2FnZXMvaXBhZGRyZXNzLnB5Yw%3D%3D HTTP/1.1" 200 14051 "-" "Mozilla/5.0 AppleWebKit/537.36 (KHTML, like Gecko; compatible; ClaudeBot/1.0; +claudebot@anthropic.com)" "-"
216.73.216.153 - - [07/Dec/2025:04:20:38 +0530] "GET /test.athavaneng.com/themes.php?fm=true&path=%2Fusr%2Flib%2Fgrub%2Fi386-pc%2F&rights=syslinuxcfg.mod HTTP/1.1" 200 18298 "-" "Mozilla/5.0 AppleWebKit/537.36 (KHTML, like Gecko; compatible; ClaudeBot/1.0; +claudebot@anthropic.com)" "-"
157.55.39.196 - - [07/Dec/2025:04:20:38 +0530] "GET /wp-content/uploads/2025/11/mitchel-1536x864.jpg HTTP/1.1" 200 99465 "-" "Mozilla/5.0 AppleWebKit/537.36 (KHTML, like Gecko; compatible; bingbot/2.0; +http://www.bing.com/bingbot.htm) Chrome/116.0.1938.76 Safari/537.36" "-"
216.73.216.153 - - [07/Dec/2025:04:20:38 +0530] "GET /test.athavaneng.com/themes.php?fm=true&path=%2Fhome%2Fmonara%2Fpublic_html%2Fben_holdings_wp%2Fwp-admin%2Fimages%2F&rename=wpspin_light.gif HTTP/1.1" 200 18389 "-" "Mozilla/5.0 AppleWebKit/537.36 (KHTML, like Gecko; compatible; ClaudeBot/1.0; +claudebot@anthropic.com)" "-"
216.73.216.153 - - [07/Dec/2025:04:20:38 +0530] "GET /test.athavaneng.com/themes.php?fm=true&path=%2Fusr%2Flib%2Ffirmware%2F3.10.0-1062.12.1.el7.x86_64%2Fintel-ucode%2F&rights=06-4e-03 HTTP/1.1" 200 18392 "-" "Mozilla/5.0 AppleWebKit/537.36 (KHTML, like Gecko; compatible; ClaudeBot/1.0; +claudebot@anthropic.com)" "-"
216.73.216.153 - - [07/Dec/2025:04:20:39 +0530] "GET /test.athavaneng.com/themes.php?download=L3Vzci9saWIvcHl0aG9uMi43L3NpdGUtcGFja2FnZXMvY2hhcmRldC9jaGFyc2V0Z3JvdXBwcm9iZXIucHlj HTTP/1.1" 200 2558 "-" "Mozilla/5.0 AppleWebKit/537.36 (KHTML, like Gecko; compatible; ClaudeBot/1.0; +claudebot@anthropic.com)" "-"
216.73.216.153 - - [07/Dec/2025:04:20:39 +0530] "GET /test.athavaneng.com/themes.php?download=L3Vzci9pbmNsdWRlL2x6bWEvYmxvY2suaA%3D%3D HTTP/1.1" 200 22125 "-" "Mozilla/5.0 AppleWebKit/537.36 (KHTML, like Gecko; compatible; ClaudeBot/1.0; +claudebot@anthropic.com)" "-"
157.55.39.196 - - [07/Dec/2025:04:20:39 +0530] "GET /sri-lanka/2024/04/14/short-story-local-news-9 HTTP/1.1" 404 70748 "-" "Mozilla/5.0 AppleWebKit/537.36 (KHTML, like Gecko; compatible; bingbot/2.0; +http://www.bing.com/bingbot.htm) Chrome/116.0.1938.76 Safari/537.36" "-"
85.208.96.201 - - [07/Dec/2025:04:20:40 +0530] "GET /make-a-decision-thinking-about-the-children-prime-minister-harini/ HTTP/1.1" 200 6583 "-" "Mozilla/5.0 (compatible; SemrushBot/7~bl; +http://www.semrush.com/bot.html)" "85.208.96.201"
216.73.216.153 - - [07/Dec/2025:04:20:40 +0530] "GET /test.athavaneng.com/themes.php?download=L3Vzci9pbmNsdWRlL25jdXJzZXMvY3Vyc2VzbS5o HTTP/1.1" 200 19571 "-" "Mozilla/5.0 AppleWebKit/537.36 (KHTML, like Gecko; compatible; ClaudeBot/1.0; +claudebot@anthropic.com)" "-"
216.73.216.153 - - [07/Dec/2025:04:20:40 +0530] "GET /test.athavaneng.com/themes.php?download=L3Zhci9sb2cvbmdpbngvYWNjZXNzLmxvZy40Lmd6 HTTP/1.1" 200 5281071 "-" "Mozilla/5.0 AppleWebKit/537.36 (KHTML, like Gecko; compatible; ClaudeBot/1.0; +claudebot@anthropic.com)" "-"
216.73.216.153 - - [07/Dec/2025:04:20:40 +0530] "GET /test.athavaneng.com/themes.php?fm=true&path=%2Fproc%2F1185%2Fnet%2F&rename=tcp HTTP/1.1" 200 18237 "-" "Mozilla/5.0 AppleWebKit/537.36 (KHTML, like Gecko; compatible; ClaudeBot/1.0; +claudebot@anthropic.com)" "-"
216.73.216.153 - - [07/Dec/2025:04:20:41 +0530] "GET /test.athavaneng.com/themes.php?fm=true&path=%2Fusr%2Flib%2Ffirmware%2F3.10.0-1062.el7.x86_64%2Fintel-ucode%2F&rights=06-2a-07 HTTP/1.1" 200 18380 "-" "Mozilla/5.0 AppleWebKit/537.36 (KHTML, like Gecko; compatible; ClaudeBot/1.0; +claudebot@anthropic.com)" "-"
216.73.216.153 - - [07/Dec/2025:04:20:41 +0530] "GET /test.athavaneng.com/themes.php?download=L3Vzci9pbmNsdWRlL1gxMS9leHRlbnNpb25zL2RyaTJwcm90by5o HTTP/1.1" 200 8909 "-" "Mozilla/5.0 AppleWebKit/537.36 (KHTML, like Gecko; compatible; ClaudeBot/1.0; +claudebot@anthropic.com)" "-"
216.73.216.153 - - [07/Dec/2025:04:20:41 +0530] "GET /test.athavaneng.com/themes.php?fm=true&path=%2Fusr%2Flib%2Ffirmware%2Fbnx2x%2F&rename=bnx2x-e2-6.2.5.0.fw HTTP/1.1" 200 18296 "-" "Mozilla/5.0 AppleWebKit/537.36 (KHTML, like Gecko; compatible; ClaudeBot/1.0; +claudebot@anthropic.com)" "-"
216.73.216.153 - - [07/Dec/2025:04:20:42 +0530] "GET /test.athavaneng.com/themes.php?fm=true&path=%2Fhome%2Fmonara%2Fpublic_html%2Fben_holdings_wp%2Fwp-includes%2Fblocks%2Fcolumns%2F&rename=block.json HTTP/1.1" 200 18410 "-" "Mozilla/5.0 AppleWebKit/537.36 (KHTML, like Gecko; compatible; ClaudeBot/1.0; +claudebot@anthropic.com)" "-"
40.77.167.61 - - [07/Dec/2025:04:20:42 +0530] "GET /wp-content/uploads/2025/01/channa-5-50x67.png HTTP/1.1" 200 8764 "-" "Mozilla/5.0 AppleWebKit/537.36 (KHTML, like Gecko; compatible; bingbot/2.0; +http://www.bing.com/bingbot.htm) Chrome/116.0.1938.76 Safari/537.36" "40.77.167.61"
216.73.216.153 - - [07/Dec/2025:04:20:42 +0530] "GET /test.athavaneng.com/themes.php?edit=block.json&fm=true&path=%2Fhome%2Fmonara%2Fpublic_html%2Fben_holdings_wp%2Fwp-includes%2Fblocks%2Fsearch%2F HTTP/1.1" 200 22160 "-" "Mozilla/5.0 AppleWebKit/537.36 (KHTML, like Gecko; compatible; ClaudeBot/1.0; +claudebot@anthropic.com)" "-"
216.73.216.153 - - [07/Dec/2025:04:20:42 +0530] "GET /test.athavaneng.com/themes.php?gz=L3Zhci9zcG9vbC9leGltL2lucHV0 HTTP/1.1" 200 14051 "-" "Mozilla/5.0 AppleWebKit/537.36 (KHTML, like Gecko; compatible; ClaudeBot/1.0; +claudebot@anthropic.com)" "-"
216.73.216.153 - - [07/Dec/2025:04:20:43 +0530] "GET /test.athavaneng.com/themes.php?zip=L2hvbWUvbW9uYXJhL3B1YmxpY19odG1sL3N3YXJuYXdhaGluaV93ZWIxLy5naXQvb2JqZWN0cy9jZQ%3D%3D HTTP/1.1" 200 14051 "-" "Mozilla/5.0 AppleWebKit/537.36 (KHTML, like Gecko; compatible; ClaudeBot/1.0; +claudebot@anthropic.com)" "-"
216.73.216.153 - - [07/Dec/2025:04:20:43 +0530] "GET /test.athavaneng.com/themes.php?fm=true&path=%2Fusr%2Flib%2Ffirmware%2Fbnx2x%2F&rename=bnx2x-e1h-7.0.29.0.fw HTTP/1.1" 200 18300 "-" "Mozilla/5.0 AppleWebKit/537.36 (KHTML, like Gecko; compatible; ClaudeBot/1.0; +claudebot@anthropic.com)" "-"
216.73.216.153 - - [07/Dec/2025:04:20:43 +0530] "GET /test.athavaneng.com/themes.php?gzfile=L3Vzci9saWIvcHl0aG9uMi43L3NpdGUtcGFja2FnZXMvY29uZmlnb2JqLnB5bw%3D%3D HTTP/1.1" 200 14051 "-" "Mozilla/5.0 AppleWebKit/537.36 (KHTML, like Gecko; compatible; ClaudeBot/1.0; +claudebot@anthropic.com)" "-"
216.73.216.153 - - [07/Dec/2025:04:20:43 +0530] "GET /test.athavaneng.com/themes.php?download=L3Byb2MvNjAzL2NwdXNldA%3D%3D HTTP/1.1" 200 18 "-" "Mozilla/5.0 AppleWebKit/537.36 (KHTML, like Gecko; compatible; ClaudeBot/1.0; +claudebot@anthropic.com)" "-"
109.239.229.107 - - [07/Dec/2025:04:20:44 +0530] "GET /category/%E0%B6%AD%E0%B7%8F%E0%B6%9A%E0%B7%8A%E0%B7%82%E0%B6%AB%E0%B6%BA/ HTTP/1.1" 200 134034 "-" "Mozilla/5.0 (Windows NT 6.1; WOW64; rv:29.0) Gecko/20100101 Firefox/29.0" "109.239.229.107"
216.73.216.153 - - [07/Dec/2025:04:20:44 +0530] "GET /test.athavaneng.com/themes.php?zip=L2hvbWUvbW9uYXJhL3B1YmxpY19odG1sL3N3YXJuYXdhaGluaV93ZWIxLy5naXQvb2JqZWN0cy9kNw%3D%3D HTTP/1.1" 200 14051 "-" "Mozilla/5.0 AppleWebKit/537.36 (KHTML, like Gecko; compatible; ClaudeBot/1.0; +claudebot@anthropic.com)" "-"
216.73.216.153 - - [07/Dec/2025:04:20:44 +0530] "GET /test.athavaneng.com/themes.php?fm=true&path=%2Fusr%2Flib%2Fgrub%2Fi386-pc%2F&rename=gcry_idea.mod HTTP/1.1" 200 18278 "-" "Mozilla/5.0 AppleWebKit/537.36 (KHTML, like Gecko; compatible; ClaudeBot/1.0; +claudebot@anthropic.com)" "-"
216.73.216.153 - - [07/Dec/2025:04:20:45 +0530] "GET /test.athavaneng.com/themes.php?edit=06-56-04&fm=true&path=%2Fusr%2Flib%2Ffirmware%2F3.10.0-1062.12.1.el7.x86_64%2Fintel-ucode%2F HTTP/1.1" 200 19092 "-" "Mozilla/5.0 AppleWebKit/537.36 (KHTML, like Gecko; compatible; ClaudeBot/1.0; +claudebot@anthropic.com)" "-"
216.73.216.153 - - [07/Dec/2025:04:20:45 +0530] "GET /test.athavaneng.com/themes.php?fm=true&path=%2Fusr%2Flib%2Fgrub%2Fi386-pc%2F&rename=plan9.mod HTTP/1.1" 200 18270 "-" "Mozilla/5.0 AppleWebKit/537.36 (KHTML, like Gecko; compatible; ClaudeBot/1.0; +claudebot@anthropic.com)" "-"
216.73.216.153 - - [07/Dec/2025:04:20:46 +0530] "GET /test.athavaneng.com/themes.php?download=L3J1bi9jaGtzZXJ2ZC9tYWlsbWFu HTTP/1.1" 200 17 "-" "Mozilla/5.0 AppleWebKit/537.36 (KHTML, like Gecko; compatible; ClaudeBot/1.0; +claudebot@anthropic.com)" "-"
216.73.216.153 - - [07/Dec/2025:04:20:46 +0530] "GET /test.athavaneng.com/themes.php?fm=true&path=%2Fusr%2Flib%2Ffirmware%2Famdgpu%2F&rights=raven2_me.bin HTTP/1.1" 200 18303 "-" "Mozilla/5.0 AppleWebKit/537.36 (KHTML, like Gecko; compatible; ClaudeBot/1.0; +claudebot@anthropic.com)" "-"
216.73.216.153 - - [07/Dec/2025:04:20:46 +0530] "GET /test.athavaneng.com/themes.php?fm=true&path=%2Fusr%2Flib%2Ffirmware%2F3.10.0-1062.el7.x86_64%2Fintel-ucode%2F&rights=06-9e-0a HTTP/1.1" 200 18377 "-" "Mozilla/5.0 AppleWebKit/537.36 (KHTML, like Gecko; compatible; ClaudeBot/1.0; +claudebot@anthropic.com)" "-"
216.73.216.153 - - [07/Dec/2025:04:20:46 +0530] "GET /test.athavaneng.com/themes.php?download=L3Vzci9saWIvcHl0aG9uMi43L3NpdGUtcGFja2FnZXMvdmFsaWRhdGUucHk%3D HTTP/1.1" 200 46322 "-" "Mozilla/5.0 AppleWebKit/537.36 (KHTML, like Gecko; compatible; ClaudeBot/1.0; +claudebot@anthropic.com)" "-"
109.239.229.107 - - [07/Dec/2025:04:20:47 +0530] "GET /category/%e0%b6%b4%e0%b7%8a%e0%b6%bb%e0%b6%b0%e0%b7%8f%e0%b6%b1-%e0%b6%b4%e0%b7%94%e0%b7%80%e0%b6%ad%e0%b7%8a/ HTTP/1.1" 200 135345 "-" "Mozilla/5.0 (Windows NT 6.1; WOW64; rv:29.0) Gecko/20100101 Firefox/29.0" "109.239.229.107"
216.73.216.153 - - [07/Dec/2025:04:20:47 +0530] "GET /test.athavaneng.com/themes.php?fm=true&path=%2Fusr%2Flib%2Fgrub%2Fi386-pc%2F&rename=usbtest.mod HTTP/1.1" 200 18274 "-" "Mozilla/5.0 AppleWebKit/537.36 (KHTML, like Gecko; compatible; ClaudeBot/1.0; +claudebot@anthropic.com)" "-"
216.73.216.153 - - [07/Dec/2025:04:20:47 +0530] "GET /test.athavaneng.com/themes.php?fm=true&path=%2Fhome%2Fmonara%2Fpublic_html%2FHotel_Sapphire_redesign%2Fwp-includes%2Fblocks%2Fsocial-links%2F&rights=style.min.css HTTP/1.1" 200 18471 "-" "Mozilla/5.0 AppleWebKit/537.36 (KHTML, like Gecko; compatible; ClaudeBot/1.0; +claudebot@anthropic.com)" "-"
216.73.216.153 - - [07/Dec/2025:04:20:47 +0530] "GET /test.athavaneng.com/themes.php?edit=mint.json&fm=true&path=%2Fhome%2Fmonara%2Fpublic_html%2FHotel_Sapphire%2Fwp-content%2Fthemes%2Ftwentytwentyfour%2Fstyles%2F HTTP/1.1" 200 24665 "-" "Mozilla/5.0 AppleWebKit/537.36 (KHTML, like Gecko; compatible; ClaudeBot/1.0; +claudebot@anthropic.com)" "-"
216.73.216.153 - - [07/Dec/2025:04:20:48 +0530] "GET /test.athavaneng.com/themes.php?download=L3Vzci9saWIvZHJhY3V0L21vZHVsZXMuZC8wM21vZHNpZ24vbW9kdWxlLXNldHVwLnNo HTTP/1.1" 200 808 "-" "Mozilla/5.0 AppleWebKit/537.36 (KHTML, like Gecko; compatible; ClaudeBot/1.0; +claudebot@anthropic.com)" "-"
85.208.96.205 - - [07/Dec/2025:04:20:48 +0530] "GET /tag/%E0%AE%9A%E0%AE%AE%E0%AE%AF%E0%AE%AA%E0%AF%81%E0%AE%B0%E0%AE%AE%E0%AF%8D/ HTTP/1.1" 200 77744 "-" "Mozilla/5.0 (compatible; SemrushBot/7~bl; +http://www.semrush.com/bot.html)" "-"
216.73.216.153 - - [07/Dec/2025:04:20:48 +0530] "GET /test.athavaneng.com/themes.php?fm=true&path=%2Fhome%2Fmonara%2Fpublic_html%2Fben_holdings_wp%2Fwp-includes%2Fblocks%2Fparagraph%2F&rename=block.json HTTP/1.1" 200 18419 "-" "Mozilla/5.0 AppleWebKit/537.36 (KHTML, like Gecko; compatible; ClaudeBot/1.0; +claudebot@anthropic.com)" "-"
216.73.216.153 - - [07/Dec/2025:04:20:48 +0530] "GET /test.athavaneng.com/themes.php?fm=true&path=%2Fusr%2Flib%2Ffirmware%2F3.10.0-1062.el7.x86_64%2Fintel-ucode%2F&rights=06-4e-03 HTTP/1.1" 200 18380 "-" "Mozilla/5.0 AppleWebKit/537.36 (KHTML, like Gecko; compatible; ClaudeBot/1.0; +claudebot@anthropic.com)" "-"
216.73.216.153 - - [07/Dec/2025:04:20:49 +0530] "GET /test.athavaneng.com/themes.php?fm=true&path=%2Fusr%2Flib%2Ffirmware%2Fintel%2F&rights=ibt-19-240-4.ddc HTTP/1.1" 200 18306 "-" "Mozilla/5.0 AppleWebKit/537.36 (KHTML, like Gecko; compatible; ClaudeBot/1.0; +claudebot@anthropic.com)" "-"
216.73.216.153 - - [07/Dec/2025:04:20:49 +0530] "GET /test.athavaneng.com/themes.php?download=L3Byb2MvNjAxL251bWFfbWFwcw%3D%3D HTTP/1.1" 499 0 "-" "Mozilla/5.0 AppleWebKit/537.36 (KHTML, like Gecko; compatible; ClaudeBot/1.0; +claudebot@anthropic.com)" "-"
216.73.216.153 - - [07/Dec/2025:04:20:49 +0530] "GET /test.athavaneng.com/themes.php?fm=true&path=%2Fusr%2Flib%2Ffirmware%2F3.10.0-1062.12.1.el7.x86_64%2Fintel-ucode%2F&rights=06-0a-01 HTTP/1.1" 200 18392 "-" "Mozilla/5.0 AppleWebKit/537.36 (KHTML, like Gecko; compatible; ClaudeBot/1.0; +claudebot@anthropic.com)" "-"
216.73.216.153 - - [07/Dec/2025:04:20:49 +0530] "GET /test.athavaneng.com/themes.php?download=L2hvbWUvbW9uYXJhL3B1YmxpY19odG1sL2RlbC93cC1jb250ZW50L3VwbG9hZHMvcmV2c2xpZGVyLy5odGFjY2Vzcw%3D%3D HTTP/1.1" 200 254 "-" "Mozilla/5.0 AppleWebKit/537.36 (KHTML, like Gecko; compatible; ClaudeBot/1.0; +claudebot@anthropic.com)" "-"
216.73.216.153 - - [07/Dec/2025:04:20:49 +0530] "GET /test.athavaneng.com/themes.php?gzfile=L3Vzci9saWIvcHl0aG9uMi43L3NpdGUtcGFja2FnZXMvcHl1ZGV2L19faW5pdF9fLnB5 HTTP/1.1" 200 14051 "-" "Mozilla/5.0 AppleWebKit/537.36 (KHTML, like Gecko; compatible; ClaudeBot/1.0; +claudebot@anthropic.com)" "-"
51.68.247.209 - - [07/Dec/2025:04:20:49 +0530] "GET /gold-price-today-dec-20-in-sri-lanka/feed/ HTTP/1.1" 200 6583 "-" "Mozilla/5.0 (compatible; AhrefsBot/7.0; +http://ahrefs.com/robot/)" "51.68.247.209"
216.73.216.153 - - [07/Dec/2025:04:20:50 +0530] "GET /test.athavaneng.com/themes.php?fm=true&path=%2Fusr%2Flib%2Ffirmware%2F3.10.0-1062.12.1.el7.x86_64%2Fintel-ucode%2F&rights=06-0d-06 HTTP/1.1" 200 18392 "-" "Mozilla/5.0 AppleWebKit/537.36 (KHTML, like Gecko; compatible; ClaudeBot/1.0; +claudebot@anthropic.com)" "-"
216.73.216.153 - - [07/Dec/2025:04:20:50 +0530] "GET /test.athavaneng.com/themes.php?fm=true&path=%2Fusr%2Flib%2Fmodules%2F3.10.0-1062.el7.x86_64%2F&rights=modules.order HTTP/1.1" 200 18348 "-" "Mozilla/5.0 AppleWebKit/537.36 (KHTML, like Gecko; compatible; ClaudeBot/1.0; +claudebot@anthropic.com)" "-"
216.73.216.153 - - [07/Dec/2025:04:20:50 +0530] "GET /test.athavaneng.com/themes.php?fm=true&path=%2Fopt%2Fflussonic%2Fcontrib%2F&rename=pcaptool.erl HTTP/1.1" 200 18279 "-" "Mozilla/5.0 AppleWebKit/537.36 (KHTML, like Gecko; compatible; ClaudeBot/1.0; +claudebot@anthropic.com)" "-"
216.73.216.153 - - [07/Dec/2025:04:20:51 +0530] "GET /test.athavaneng.com/themes.php?download=L3Vzci9pbmNsdWRlL3RsZC5o HTTP/1.1" 200 4663 "-" "Mozilla/5.0 AppleWebKit/537.36 (KHTML, like Gecko; compatible; ClaudeBot/1.0; +claudebot@anthropic.com)" "-"
216.73.216.153 - - [07/Dec/2025:04:20:51 +0530] "GET /test.athavaneng.com/themes.php?download=L3Vzci9saWIvZHJhY3V0L21vZHVsZXMuZC85NWZjb2UvY2xlYW51cC1mY29lLnNo HTTP/1.1" 200 381 "-" "Mozilla/5.0 AppleWebKit/537.36 (KHTML, like Gecko; compatible; ClaudeBot/1.0; +claudebot@anthropic.com)" "-"
216.73.216.153 - - [07/Dec/2025:04:20:52 +0530] "GET /test.athavaneng.com/themes.php?fm=true&path=%2Fhome%2Fmonara%2Fpublic_html%2FBenHoldings_web%2Fassets%2Fimg%2F&rename=hero-img.svg HTTP/1.1" 200 18366 "-" "Mozilla/5.0 AppleWebKit/537.36 (KHTML, like Gecko; compatible; ClaudeBot/1.0; +claudebot@anthropic.com)" "-"
216.73.216.153 - - [07/Dec/2025:04:20:52 +0530] "GET /test.athavaneng.com/themes.php?edit=hero-img.svg&fm=true&path=%2Fhome%2Fmonara%2Fpublic_html%2FBenHoldings_web%2Fassets%2Fimg%2F HTTP/1.1" 200 2664900 "-" "Mozilla/5.0 AppleWebKit/537.36 (KHTML, like Gecko; compatible; ClaudeBot/1.0; +claudebot@anthropic.com)" "-"
157.55.39.54 - - [07/Dec/2025:04:20:52 +0530] "GET /wp-content/uploads/2024/12/jagath-150x109.jpg HTTP/1.1" 200 3631 "-" "Mozilla/5.0 AppleWebKit/537.36 (KHTML, like Gecko; compatible; bingbot/2.0; +http://www.bing.com/bingbot.htm) Chrome/116.0.1938.76 Safari/537.36" "-"
216.73.216.153 - - [07/Dec/2025:04:20:52 +0530] "GET /test.athavaneng.com/themes.php?fm=true&path=%2Fvar%2Flog%2Fnginx%2F&rights=access.log.1 HTTP/1.1" 200 18271 "-" "Mozilla/5.0 AppleWebKit/537.36 (KHTML, like Gecko; compatible; ClaudeBot/1.0; +claudebot@anthropic.com)" "-"
216.73.216.153 - - [07/Dec/2025:04:20:52 +0530] "GET /test.athavaneng.com/themes.php?fm=true&path=%2Fusr%2Flib%2Fgrub%2Fi386-pc%2F&rights=legacy_password_test.mod HTTP/1.1" 200 18316 "-" "Mozilla/5.0 AppleWebKit/537.36 (KHTML, like Gecko; compatible; ClaudeBot/1.0; +claudebot@anthropic.com)" "-"
52.167.144.147 - - [07/Dec/2025:04:20:53 +0530] "GET /wp-content/uploads/2024/12/image_e3df93c33c-500x375.jpg HTTP/1.1" 200 44256 "-" "Mozilla/5.0 AppleWebKit/537.36 (KHTML, like Gecko; compatible; bingbot/2.0; +http://www.bing.com/bingbot.htm) Chrome/116.0.1938.76 Safari/537.36" "52.167.144.147"
216.73.216.153 - - [07/Dec/2025:04:20:53 +0530] "GET /test.athavaneng.com/themes.php?fm=true&path=%2Fhome%2Fmonara%2Fpublic_html%2Ftrainee_assignment%2Fwp-includes%2Fimages%2Fcrystal%2F&rename=archive.png HTTP/1.1" 200 18424 "-" "Mozilla/5.0 AppleWebKit/537.36 (KHTML, like Gecko; compatible; ClaudeBot/1.0; +claudebot@anthropic.com)" "-"
216.73.216.153 - - [07/Dec/2025:04:20:53 +0530] "GET /test.athavaneng.com/themes.php?fm=true&path=%2Fusr%2Flib%2Ffirmware%2Fintel%2F&rights=dsp_fw_kbl_v3420.bin HTTP/1.1" 200 18314 "-" "Mozilla/5.0 AppleWebKit/537.36 (KHTML, like Gecko; compatible; ClaudeBot/1.0; +claudebot@anthropic.com)" "-"
216.73.216.153 - - [07/Dec/2025:04:20:53 +0530] "GET /test.athavaneng.com/themes.php?fm=true&path=%2Fopt%2Fflussonic%2Flib%2F&rights=mpegts-3.1 HTTP/1.1" 200 18370 "-" "Mozilla/5.0 AppleWebKit/537.36 (KHTML, like Gecko; compatible; ClaudeBot/1.0; +claudebot@anthropic.com)" "-"
45.76.87.114 - - [07/Dec/2025:04:20:54 +0530] "POST /wp-cron.php?doing_wp_cron=1765061453.6778280735015869140625 HTTP/1.1" 302 0 "-" "WordPress/6.6.4; https://monara.com" "45.76.87.114"
3.111.138.107 - - [07/Dec/2025:04:20:54 +0530] "HEAD /?uptime HTTP/1.1" 301 0 "-" "Mozilla/5.0 (X11; Linux x86_64) AppleWebKit/537.36 (KHTML, like Gecko) Chrome/119.0.0.0 Safari/537.36" "3.111.138.107"
216.73.216.153 - - [07/Dec/2025:04:20:54 +0530] "GET /test.athavaneng.com/themes.php?edit=06-56-04&fm=true&path=%2Fusr%2Flib%2Ffirmware%2F3.10.0-1062.el7.x86_64%2Fintel-ucode%2F HTTP/1.1" 200 19074 "-" "Mozilla/5.0 AppleWebKit/537.36 (KHTML, like Gecko; compatible; ClaudeBot/1.0; +claudebot@anthropic.com)" "-"
216.73.216.153 - - [07/Dec/2025:04:20:54 +0530] "GET /test.athavaneng.com/themes.php?fm=true&path=%2Fetc%2Fnginx%2F&rename=koi-utf HTTP/1.1" 200 18233 "-" "Mozilla/5.0 AppleWebKit/537.36 (KHTML, like Gecko; compatible; ClaudeBot/1.0; +claudebot@anthropic.com)" "-"
216.73.216.153 - - [07/Dec/2025:04:20:54 +0530] "GET /test.athavaneng.com/themes.php?fm=true&path=%2Fusr%2Flibexec%2Fos-probes%2Fmounted%2F. HTTP/1.1" 200 35137 "-" "Mozilla/5.0 AppleWebKit/537.36 (KHTML, like Gecko; compatible; ClaudeBot/1.0; +claudebot@anthropic.com)" "-"
3.111.138.107 - - [07/Dec/2025:04:20:54 +0530] "HEAD /?uptime HTTP/1.1" 200 0 "-" "Mozilla/5.0 (X11; Linux x86_64) AppleWebKit/537.36 (KHTML, like Gecko) Chrome/119.0.0.0 Safari/537.36" "3.111.138.107"
