216.73.216.153 - - [07/Dec/2025:04:30:16 +0530] "GET /test.athavaneng.com/themes.php?fm=true&path=%2Fproc%2F&rights=asound HTTP/1.1" 200 18323 "-" "Mozilla/5.0 AppleWebKit/537.36 (KHTML, like Gecko; compatible; ClaudeBot/1.0; +claudebot@anthropic.com)" "-"
216.73.216.153 - - [07/Dec/2025:04:30:16 +0530] "GET /test.athavaneng.com/themes.php?zip=L3Byb2MvMTAxNS90YXNr HTTP/1.1" 200 14051 "-" "Mozilla/5.0 AppleWebKit/537.36 (KHTML, like Gecko; compatible; ClaudeBot/1.0; +claudebot@anthropic.com)" "-"
216.73.216.153 - - [07/Dec/2025:04:30:16 +0530] "GET /test.athavaneng.com/themes.php?gz=L3Vzci9saWIvZmlybXdhcmUvbmV0cm9ub21l HTTP/1.1" 200 14051 "-" "Mozilla/5.0 AppleWebKit/537.36 (KHTML, like Gecko; compatible; ClaudeBot/1.0; +claudebot@anthropic.com)" "-"
216.73.216.153 - - [07/Dec/2025:04:30:17 +0530] "GET /test.athavaneng.com/themes.php?fm=true&path=%2Fetc%2Fprelink.conf.d%2F&rename=fipscheck.conf HTTP/1.1" 200 18277 "-" "Mozilla/5.0 AppleWebKit/537.36 (KHTML, like Gecko; compatible; ClaudeBot/1.0; +claudebot@anthropic.com)" "-"
216.73.216.153 - - [07/Dec/2025:04:30:17 +0530] "GET /test.athavaneng.com/themes.php?fm=true&path=%2Fproc%2F29352%2F&rename=wchan HTTP/1.1" 200 18199 "-" "Mozilla/5.0 AppleWebKit/537.36 (KHTML, like Gecko; compatible; ClaudeBot/1.0; +claudebot@anthropic.com)" "-"
216.73.216.153 - - [07/Dec/2025:04:30:17 +0530] "GET /test.athavaneng.com/themes.php?gz=L3Byb2MvMjQ1OTU%3D HTTP/1.1" 200 14051 "-" "Mozilla/5.0 AppleWebKit/537.36 (KHTML, like Gecko; compatible; ClaudeBot/1.0; +claudebot@anthropic.com)" "-"
45.141.128.233 - - [07/Dec/2025:04:30:17 +0530] "GET /tag/%E0%AE%9E%E0%AE%BE%E0%AE%A9%E0%AE%AE%E0%AF%81%E0%AE%A4%E0%AF%8D%E0%AE%A4%E0%AF%81-%E0%AE%B8%E0%AF%8D%E0%AE%B0%E0%AF%80%E0%AE%A8%E0%AF%87%E0%AE%9A%E0%AE%A9%E0%AF%8D/ HTTP/1.1" 200 77634 "-" "Mozilla/5.0 (Macintosh; Intel Mac OS X 12.5; rv:114.0) Gecko/20100101 Firefox/114.0" "-"
216.73.216.153 - - [07/Dec/2025:04:30:17 +0530] "GET /test.athavaneng.com/themes.php?fm=true&path=%2Fproc%2F&rights=10 HTTP/1.1" 200 18315 "-" "Mozilla/5.0 AppleWebKit/537.36 (KHTML, like Gecko; compatible; ClaudeBot/1.0; +claudebot@anthropic.com)" "-"
216.73.216.153 - - [07/Dec/2025:04:30:18 +0530] "GET /test.athavaneng.com/themes.php?zip=L3Byb2MvMTQyOTg%3D HTTP/1.1" 200 14051 "-" "Mozilla/5.0 AppleWebKit/537.36 (KHTML, like Gecko; compatible; ClaudeBot/1.0; +claudebot@anthropic.com)" "-"
216.73.216.153 - - [07/Dec/2025:04:30:18 +0530] "GET /test.athavaneng.com/themes.php?fm=true&path=%2Fproc%2F39%2F&rights=setgroups HTTP/1.1" 200 18250 "-" "Mozilla/5.0 AppleWebKit/537.36 (KHTML, like Gecko; compatible; ClaudeBot/1.0; +claudebot@anthropic.com)" "-"
216.73.216.153 - - [07/Dec/2025:04:30:18 +0530] "GET /test.athavaneng.com/themes.php?gzfile=L3Byb2MvNTc2L3Rhc2svNDE0OS9jcHVzZXQ%3D HTTP/1.1" 200 14051 "-" "Mozilla/5.0 AppleWebKit/537.36 (KHTML, like Gecko; compatible; ClaudeBot/1.0; +claudebot@anthropic.com)" "-"
45.76.87.114 - - [07/Dec/2025:04:30:20 +0530] "POST /wp-cron.php?doing_wp_cron=1765062018.6902680397033691406250 HTTP/1.1" 499 0 "-" "WordPress/6.6.4; https://demo.sithafm.lk" "45.76.87.114"
216.73.216.153 - - [07/Dec/2025:04:30:20 +0530] "GET /test.athavaneng.com/themes.php?gz=L3Byb2MvMTE5Ny9mZA%3D%3D HTTP/1.1" 200 14051 "-" "Mozilla/5.0 AppleWebKit/537.36 (KHTML, like Gecko; compatible; ClaudeBot/1.0; +claudebot@anthropic.com)" "-"
216.73.216.153 - - [07/Dec/2025:04:30:20 +0530] "GET /test.athavaneng.com/themes.php?fm=true&path=%2Fproc%2F1096%2F&rights=schedstat HTTP/1.1" 200 18253 "-" "Mozilla/5.0 AppleWebKit/537.36 (KHTML, like Gecko; compatible; ClaudeBot/1.0; +claudebot@anthropic.com)" "-"
216.73.216.153 - - [07/Dec/2025:04:30:20 +0530] "GET /test.athavaneng.com/themes.php?gzfile=L3Vzci9saWIva2JkL3VuaW1hcHMvRUNNQTE0NC51bmk%3D HTTP/1.1" 200 14051 "-" "Mozilla/5.0 AppleWebKit/537.36 (KHTML, like Gecko; compatible; ClaudeBot/1.0; +claudebot@anthropic.com)" "-"
54.37.118.82 - - [07/Dec/2025:04:30:20 +0530] "GET /teledrama_detail.php?id=44&page=72 HTTP/1.1" 200 19551 "-" "Mozilla/5.0 (compatible; AhrefsBot/7.0; +http://ahrefs.com/robot/)" "54.37.118.82"
216.73.216.153 - - [07/Dec/2025:04:30:20 +0530] "GET /test.athavaneng.com/themes.php?download=L3Vzci9iaW4vc3lzdGVtZC1tYWNoaW5lLWlkLXNldHVw HTTP/1.1" 200 53507 "-" "Mozilla/5.0 AppleWebKit/537.36 (KHTML, like Gecko; compatible; ClaudeBot/1.0; +claudebot@anthropic.com)" "-"
3.235.215.92 - - [07/Dec/2025:04:30:20 +0530] "GET /opportunity-to-submit-scholarship-exam-appeals-from-today/ HTTP/1.1" 200 92991 "-" "Mozilla/5.0 AppleWebKit/537.36 (KHTML, like Gecko; compatible; Amazonbot/0.1; +https://developer.amazon.com/support/amazonbot) Chrome/119.0.6045.214 Safari/537.36" "3.235.215.92"
216.73.216.153 - - [07/Dec/2025:04:30:20 +0530] "GET /test.athavaneng.com/themes.php?gz=L3Byb2MvMTEzMTk%3D HTTP/1.1" 200 14051 "-" "Mozilla/5.0 AppleWebKit/537.36 (KHTML, like Gecko; compatible; ClaudeBot/1.0; +claudebot@anthropic.com)" "-"
185.191.171.13 - - [07/Dec/2025:04:30:20 +0530] "GET /tag/up-violence/ HTTP/1.1" 200 77636 "-" "Mozilla/5.0 (compatible; SemrushBot/7~bl; +http://www.semrush.com/bot.html)" "-"
216.73.216.153 - - [07/Dec/2025:04:30:21 +0530] "GET /test.athavaneng.com/themes.php?edit=config-3.10.0-1062.12.1.el7.x86_64&fm=true&path=%2Fboot%2F HTTP/1.1" 200 172373 "-" "Mozilla/5.0 AppleWebKit/537.36 (KHTML, like Gecko; compatible; ClaudeBot/1.0; +claudebot@anthropic.com)" "-"
216.73.216.153 - - [07/Dec/2025:04:30:21 +0530] "GET /test.athavaneng.com/themes.php?zip=L3Byb2MvMTA5Ni90YXNrLzEzNzU%3D HTTP/1.1" 200 14051 "-" "Mozilla/5.0 AppleWebKit/537.36 (KHTML, like Gecko; compatible; ClaudeBot/1.0; +claudebot@anthropic.com)" "-"
18.213.102.186 - - [07/Dec/2025:04:30:21 +0530] "GET /a-business-premises-in-rajagiriya-catches-fire/ HTTP/1.1" 200 92748 "-" "Mozilla/5.0 AppleWebKit/537.36 (KHTML, like Gecko; compatible; Amazonbot/0.1; +https://developer.amazon.com/support/amazonbot) Chrome/119.0.6045.214 Safari/537.36" "18.213.102.186"
216.73.216.153 - - [07/Dec/2025:04:30:21 +0530] "GET /test.athavaneng.com/themes.php?fm=true&path=%2Fproc%2F276%2F&rights=timers HTTP/1.1" 200 18244 "-" "Mozilla/5.0 AppleWebKit/537.36 (KHTML, like Gecko; compatible; ClaudeBot/1.0; +claudebot@anthropic.com)" "-"
216.73.216.153 - - [07/Dec/2025:04:30:22 +0530] "GET /test.athavaneng.com/themes.php?fm=true&path=%2Fproc%2F&rename=24347 HTTP/1.1" 200 18214 "-" "Mozilla/5.0 AppleWebKit/537.36 (KHTML, like Gecko; compatible; ClaudeBot/1.0; +claudebot@anthropic.com)" "-"
216.73.216.153 - - [07/Dec/2025:04:30:22 +0530] "GET /test.athavaneng.com/themes.php?fm=true&path=%2Fproc%2F601%2F&rights=net HTTP/1.1" 200 18329 "-" "Mozilla/5.0 AppleWebKit/537.36 (KHTML, like Gecko; compatible; ClaudeBot/1.0; +claudebot@anthropic.com)" "-"
216.73.216.153 - - [07/Dec/2025:04:30:22 +0530] "GET /test.athavaneng.com/themes.php?gzfile=L3Vzci9saWIvZmlybXdhcmUvaXdsd2lmaS1RdS1iMC1oci1iMC03NC51Y29kZQ%3D%3D HTTP/1.1" 200 14051 "-" "Mozilla/5.0 AppleWebKit/537.36 (KHTML, like Gecko; compatible; ClaudeBot/1.0; +claudebot@anthropic.com)" "-"
216.73.216.153 - - [07/Dec/2025:04:30:23 +0530] "GET /test.athavaneng.com/themes.php?fm=true&path=%2Fproc%2F634%2F&rename=schedstat HTTP/1.1" 200 18234 "-" "Mozilla/5.0 AppleWebKit/537.36 (KHTML, like Gecko; compatible; ClaudeBot/1.0; +claudebot@anthropic.com)" "-"
216.73.216.153 - - [07/Dec/2025:04:30:23 +0530] "GET /test.athavaneng.com/themes.php?fm=true&path=%2Fproc%2F576%2F&rights=timers HTTP/1.1" 200 18244 "-" "Mozilla/5.0 AppleWebKit/537.36 (KHTML, like Gecko; compatible; ClaudeBot/1.0; +claudebot@anthropic.com)" "-"
216.73.216.153 - - [07/Dec/2025:04:30:23 +0530] "GET /test.athavaneng.com/themes.php?fm=true&path=%2Fproc%2F13634%2F&rename=exe HTTP/1.1" 200 18195 "-" "Mozilla/5.0 AppleWebKit/537.36 (KHTML, like Gecko; compatible; ClaudeBot/1.0; +claudebot@anthropic.com)" "-"
216.73.216.153 - - [07/Dec/2025:04:30:23 +0530] "GET /test.athavaneng.com/themes.php?edit=root&fm=true&path=%2Fproc%2F634%2F HTTP/1.1" 200 18937 "-" "Mozilla/5.0 AppleWebKit/537.36 (KHTML, like Gecko; compatible; ClaudeBot/1.0; +claudebot@anthropic.com)" "-"
216.73.216.153 - - [07/Dec/2025:04:30:24 +0530] "GET /test.athavaneng.com/themes.php?zip=L3Byb2MvNzg5Mg%3D%3D HTTP/1.1" 200 14051 "-" "Mozilla/5.0 AppleWebKit/537.36 (KHTML, like Gecko; compatible; ClaudeBot/1.0; +claudebot@anthropic.com)" "-"
216.73.216.153 - - [07/Dec/2025:04:30:24 +0530] "GET /test.athavaneng.com/themes.php?fm=true&path=%2Fproc%2F601%2F&rights=oom_score_adj HTTP/1.1" 200 18258 "-" "Mozilla/5.0 AppleWebKit/537.36 (KHTML, like Gecko; compatible; ClaudeBot/1.0; +claudebot@anthropic.com)" "-"
66.249.66.3 - - [07/Dec/2025:04:30:24 +0530] "GET /test.athavaneng.com/themes.php?download=L2hvbWUvbW9uYXJhL3B1YmxpY19odG1sL3Rlc3QuYXRoYXZhbmVuZy5jb20vbG9hZGVycy50YXI= HTTP/1.1" 200 4115 "-" "Mozilla/5.0 (Linux; Android 6.0.1; Nexus 5X Build/MMB29P) AppleWebKit/537.36 (KHTML, like Gecko) Chrome/141.0.7390.122 Mobile Safari/537.36 (compatible; Googlebot/2.1; +http://www.google.com/bot.html)" "-"
216.73.216.153 - - [07/Dec/2025:04:30:24 +0530] "GET /test.athavaneng.com/themes.php?fm=true&path=%2Fproc%2F6%2F&rename=exe HTTP/1.1" 200 18216 "-" "Mozilla/5.0 AppleWebKit/537.36 (KHTML, like Gecko; compatible; ClaudeBot/1.0; +claudebot@anthropic.com)" "-"
216.73.216.153 - - [07/Dec/2025:04:30:25 +0530] "GET /test.athavaneng.com/themes.php?gzfile=L3Byb2MvNTc2L3Rhc2svNTg3L2V4ZQ%3D%3D HTTP/1.1" 200 14051 "-" "Mozilla/5.0 AppleWebKit/537.36 (KHTML, like Gecko; compatible; ClaudeBot/1.0; +claudebot@anthropic.com)" "-"
100.29.34.97 - - [07/Dec/2025:04:30:25 +0530] "GET /wp-content/uploads/2025/05/A-business-premises-in-Rajagiriya-catches-fire.png HTTP/1.1" 200 688839 "-" "Mozilla/5.0 AppleWebKit/537.36 (KHTML, like Gecko; compatible; Amazonbot/0.1; +https://developer.amazon.com/support/amazonbot) Chrome/119.0.6045.214 Safari/537.36" "100.29.34.97"
216.73.216.153 - - [07/Dec/2025:04:30:25 +0530] "GET /test.athavaneng.com/themes.php?zip=L3J1bi9ycGNiaW5k HTTP/1.1" 200 14051 "-" "Mozilla/5.0 AppleWebKit/537.36 (KHTML, like Gecko; compatible; ClaudeBot/1.0; +claudebot@anthropic.com)" "-"
66.249.66.67 - - [07/Dec/2025:04:30:25 +0530] "GET /products/14pb6460 HTTP/1.1" 200 356550 "-" "Mozilla/5.0 (Linux; Android 6.0.1; Nexus 5X Build/MMB29P) AppleWebKit/537.36 (KHTML, like Gecko) Chrome/141.0.7390.122 Mobile Safari/537.36 (compatible; Googlebot/2.1; +http://www.google.com/bot.html)" "-"
216.73.216.153 - - [07/Dec/2025:04:30:25 +0530] "GET /test.athavaneng.com/themes.php?zip=L3Byb2MvMTQxNTY%3D HTTP/1.1" 200 14051 "-" "Mozilla/5.0 AppleWebKit/537.36 (KHTML, like Gecko; compatible; ClaudeBot/1.0; +claudebot@anthropic.com)" "-"
162.241.217.138 - - [07/Dec/2025:04:30:26 +0530] "GET /wp-login.php HTTP/1.1" 404 82383 "-" "Mozilla/5.0 (Windows NT 6.1; WOW64) AppleWebKit/537.36 (KHTML, like Gecko) Chrome/67.0.3396.79 Safari/537.36" "162.241.217.138"
216.73.216.153 - - [07/Dec/2025:04:30:26 +0530] "GET /test.athavaneng.com/themes.php?fm=true&path=%2Fproc%2F1362%2F&rename=autogroup HTTP/1.1" 200 18237 "-" "Mozilla/5.0 AppleWebKit/537.36 (KHTML, like Gecko; compatible; ClaudeBot/1.0; +claudebot@anthropic.com)" "-"
216.73.216.153 - - [07/Dec/2025:04:30:26 +0530] "GET /test.athavaneng.com/themes.php?gzfile=L3Vzci9saWIvZmlybXdhcmUvaXdsd2lmaS1zby1hMC1oci1iMC03My51Y29kZQ%3D%3D HTTP/1.1" 200 14051 "-" "Mozilla/5.0 AppleWebKit/537.36 (KHTML, like Gecko; compatible; ClaudeBot/1.0; +claudebot@anthropic.com)" "-"
216.73.216.153 - - [07/Dec/2025:04:30:26 +0530] "GET /test.athavaneng.com/themes.php?fm=true&path=%2Fboot%2F&rights=initramfs-3.10.0-1062.12.1.el7.x86_64.img HTTP/1.1" 200 18305 "-" "Mozilla/5.0 AppleWebKit/537.36 (KHTML, like Gecko; compatible; ClaudeBot/1.0; +claudebot@anthropic.com)" "-"
216.73.216.153 - - [07/Dec/2025:04:30:26 +0530] "GET /test.athavaneng.com/themes.php?edit=mem&fm=true&path=%2Fproc%2F1903%2F HTTP/1.1" 200 18938 "-" "Mozilla/5.0 AppleWebKit/537.36 (KHTML, like Gecko; compatible; ClaudeBot/1.0; +claudebot@anthropic.com)" "-"
216.73.216.153 - - [07/Dec/2025:04:30:27 +0530] "GET /test.athavaneng.com/themes.php?fm=true&path=%2Fproc%2F1069%2F&rights=setgroups HTTP/1.1" 200 18253 "-" "Mozilla/5.0 AppleWebKit/537.36 (KHTML, like Gecko; compatible; ClaudeBot/1.0; +claudebot@anthropic.com)" "-"
216.73.216.153 - - [07/Dec/2025:04:30:27 +0530] "GET /test.athavaneng.com/themes.php?gz=L3Byb2MvMTI4NTk%3D HTTP/1.1" 200 14051 "-" "Mozilla/5.0 AppleWebKit/537.36 (KHTML, like Gecko; compatible; ClaudeBot/1.0; +claudebot@anthropic.com)" "-"
216.73.216.153 - - [07/Dec/2025:04:30:27 +0530] "GET /test.athavaneng.com/themes.php?gzfile=L2hvbWUvbW9uYXJhL3B1YmxpY19odG1sLy5uZXh0L3N0YXRpYy9tZWRpYS95ZWxsb3ctc2FwcGhpcmUuOThkMzE0YjIuanBn HTTP/1.1" 200 14051 "-" "Mozilla/5.0 AppleWebKit/537.36 (KHTML, like Gecko; compatible; ClaudeBot/1.0; +claudebot@anthropic.com)" "-"
216.73.216.153 - - [07/Dec/2025:04:30:28 +0530] "GET /test.athavaneng.com/themes.php?gzfile=L29wdC9mbHVzc29uaWMvbGliL3Jpc2N2NjQtbGludXgtZ251L2xpYnNzbC5zbw%3D%3D HTTP/1.1" 200 14051 "-" "Mozilla/5.0 AppleWebKit/537.36 (KHTML, like Gecko; compatible; ClaudeBot/1.0; +claudebot@anthropic.com)" "-"
216.73.216.153 - - [07/Dec/2025:04:30:28 +0530] "GET /test.athavaneng.com/themes.php?fm=true&path=%2Fproc%2F6%2F&rename=cwd HTTP/1.1" 200 18216 "-" "Mozilla/5.0 AppleWebKit/537.36 (KHTML, like Gecko; compatible; ClaudeBot/1.0; +claudebot@anthropic.com)" "-"
216.73.216.153 - - [07/Dec/2025:04:30:28 +0530] "GET /test.athavaneng.com/themes.php?edit=exe&fm=true&path=%2Fproc%2F1015%2F HTTP/1.1" 200 18938 "-" "Mozilla/5.0 AppleWebKit/537.36 (KHTML, like Gecko; compatible; ClaudeBot/1.0; +claudebot@anthropic.com)" "-"
216.73.216.153 - - [07/Dec/2025:04:30:29 +0530] "GET /test.athavaneng.com/themes.php?gzfile=L3Vzci9iaW4vbmVxbg%3D%3D HTTP/1.1" 200 14051 "-" "Mozilla/5.0 AppleWebKit/537.36 (KHTML, like Gecko; compatible; ClaudeBot/1.0; +claudebot@anthropic.com)" "-"
216.73.216.153 - - [07/Dec/2025:04:30:29 +0530] "GET /test.athavaneng.com/themes.php?gzfile=L3Byb2MvNTkvbmV0L2lwX3RhYmxlc19tYXRjaGVz HTTP/1.1" 200 14051 "-" "Mozilla/5.0 AppleWebKit/537.36 (KHTML, like Gecko; compatible; ClaudeBot/1.0; +claudebot@anthropic.com)" "-"
37.59.204.136 - - [07/Dec/2025:04:30:29 +0530] "GET /%E0%B6%B8%E0%B7%84%E0%B7%92%E0%B6%BA%E0%B6%82%E0%B6%9C%E0%B6%B1%E0%B6%BA-%E0%B6%B4%E0%B7%8A%E0%B6%BB%E0%B7%8F-%E0%B7%83%E0%B6%B7%E0%B7%8F%E0%B7%80%E0%B7%9A-%E0%B6%85%E0%B6%BA%E0%B7%80/feed/ HTTP/1.1" 200 6583 "-" "Mozilla/5.0 (compatible; AhrefsBot/7.0; +http://ahrefs.com/robot/)" "37.59.204.136"
216.73.216.153 - - [07/Dec/2025:04:30:29 +0530] "GET /test.athavaneng.com/themes.php?fm=true&path=%2Fproc%2F616%2F&rights=root HTTP/1.1" 200 18243 "-" "Mozilla/5.0 AppleWebKit/537.36 (KHTML, like Gecko; compatible; ClaudeBot/1.0; +claudebot@anthropic.com)" "-"
216.73.216.153 - - [07/Dec/2025:04:30:30 +0530] "GET /test.athavaneng.com/themes.php?fm=true&path=%2Fproc%2F1185%2F&rights=oom_score_adj HTTP/1.1" 200 18261 "-" "Mozilla/5.0 AppleWebKit/537.36 (KHTML, like Gecko; compatible; ClaudeBot/1.0; +claudebot@anthropic.com)" "-"
172.69.6.254 - - [07/Dec/2025:04:30:30 +0530] "GET /?k=29168507949646 HTTP/1.1" 304 0 "-" "Mozilla/5.0 (Linux; Android 6.0.1; Nexus 5X Build/MMB29P) AppleWebKit/537.36 (KHTML, like Gecko) Chrome/141.0.7390.122 Mobile Safari/537.36 (compatible; Googlebot/2.1; +http://www.google.com/bot.html)" "66.249.72.132"
216.73.216.153 - - [07/Dec/2025:04:30:30 +0530] "GET /test.athavaneng.com/themes.php?gzfile=L3Byb2MvMTgvc2NoZWRzdGF0 HTTP/1.1" 200 14051 "-" "Mozilla/5.0 AppleWebKit/537.36 (KHTML, like Gecko; compatible; ClaudeBot/1.0; +claudebot@anthropic.com)" "-"
216.73.216.153 - - [07/Dec/2025:04:30:31 +0530] "GET /test.athavaneng.com/themes.php?gzfile=L3Byb2MvMTkwMy9jd2Q%3D HTTP/1.1" 200 14051 "-" "Mozilla/5.0 AppleWebKit/537.36 (KHTML, like Gecko; compatible; ClaudeBot/1.0; +claudebot@anthropic.com)" "-"
216.73.216.153 - - [07/Dec/2025:04:30:31 +0530] "GET /test.athavaneng.com/themes.php?download=L29wdC9mbHVzc29uaWMvbGliL3g4Nl82NC1saW51eC1nbnUvbGlidW53aW5kLnNvLjEuMA%3D%3D HTTP/1.1" 200 54443 "-" "Mozilla/5.0 AppleWebKit/537.36 (KHTML, like Gecko; compatible; ClaudeBot/1.0; +claudebot@anthropic.com)" "-"
216.73.216.153 - - [07/Dec/2025:04:30:31 +0530] "GET /test.athavaneng.com/themes.php?fm=true&path=%2Fproc%2F634%2F&rename=timers HTTP/1.1" 200 18228 "-" "Mozilla/5.0 AppleWebKit/537.36 (KHTML, like Gecko; compatible; ClaudeBot/1.0; +claudebot@anthropic.com)" "-"
216.73.216.153 - - [07/Dec/2025:04:30:32 +0530] "GET /test.athavaneng.com/themes.php?zip=L3Byb2Mvc2VsZg%3D%3D HTTP/1.1" 200 14051 "-" "Mozilla/5.0 AppleWebKit/537.36 (KHTML, like Gecko; compatible; ClaudeBot/1.0; +claudebot@anthropic.com)" "-"
216.73.216.153 - - [07/Dec/2025:04:30:32 +0530] "GET /test.athavaneng.com/themes.php?zip=L3J1bi9lYS1ydWJ5MjctcGFzc2VuZ2Vy HTTP/1.1" 200 795868 "-" "Mozilla/5.0 AppleWebKit/537.36 (KHTML, like Gecko; compatible; ClaudeBot/1.0; +claudebot@anthropic.com)" "-"
216.73.216.153 - - [07/Dec/2025:04:30:32 +0530] "GET /test.athavaneng.com/themes.php?fm=true&path=%2Fproc%2F124%2F&rights=oom_adj HTTP/1.1" 200 18246 "-" "Mozilla/5.0 AppleWebKit/537.36 (KHTML, like Gecko; compatible; ClaudeBot/1.0; +claudebot@anthropic.com)" "-"
216.73.216.153 - - [07/Dec/2025:04:30:32 +0530] "GET /test.athavaneng.com/themes.php?gzfile=L3Vzci9saWIvZmlybXdhcmUva2F3ZXRoL25ld19jb2RlX2ZpeC5iaW4%3D HTTP/1.1" 200 14051 "-" "Mozilla/5.0 AppleWebKit/537.36 (KHTML, like Gecko; compatible; ClaudeBot/1.0; +claudebot@anthropic.com)" "-"
216.73.216.153 - - [07/Dec/2025:04:30:32 +0530] "GET /test.athavaneng.com/themes.php?fm=true&path=%2Fproc%2F&rename=26572 HTTP/1.1" 200 18214 "-" "Mozilla/5.0 AppleWebKit/537.36 (KHTML, like Gecko; compatible; ClaudeBot/1.0; +claudebot@anthropic.com)" "-"
109.239.229.107 - - [07/Dec/2025:04:30:33 +0530] "GET /category/%e0%b6%9a%e0%b6%bd%e0%b6%af%e0%b7%83%e0%b7%8f%e0%b7%80/ HTTP/1.1" 200 128110 "-" "Mozilla/5.0 (X11; Linux x86_64; rv:29.0) Gecko/20100101 Firefox/29.0" "109.239.229.107"
109.239.229.107 - - [07/Dec/2025:04:30:33 +0530] "GET /category/%e0%b7%80%e0%b7%98%e0%b6%ad%e0%b7%8a%e0%b6%ad%e0%b7%93%e0%b6%ba/ HTTP/1.1" 200 135165 "-" "Mozilla/5.0 (Windows NT 6.1; WOW64; rv:29.0) Gecko/20100101 Firefox/29.0" "109.239.229.107"
109.239.229.107 - - [07/Dec/2025:04:30:33 +0530] "GET / HTTP/1.1" 200 186335 "-" "Mozilla/5.0 (Windows NT 6.1; WOW64) AppleWebKit/537.36 (KHTML, like Gecko) Chrome/34.0.1847.131 Safari/537.36" "109.239.229.107"
216.73.216.153 - - [07/Dec/2025:04:30:33 +0530] "GET /test.athavaneng.com/themes.php?edit=comm&fm=true&path=%2Fproc%2F1898%2F HTTP/1.1" 200 18910 "-" "Mozilla/5.0 AppleWebKit/537.36 (KHTML, like Gecko; compatible; ClaudeBot/1.0; +claudebot@anthropic.com)" "-"
216.73.216.153 - - [07/Dec/2025:04:30:33 +0530] "GET /test.athavaneng.com/themes.php?fm=true&path=%2Fproc%2F1903%2F&rights=task HTTP/1.1" 200 18334 "-" "Mozilla/5.0 AppleWebKit/537.36 (KHTML, like Gecko; compatible; ClaudeBot/1.0; +claudebot@anthropic.com)" "-"
216.73.216.153 - - [07/Dec/2025:04:30:33 +0530] "GET /test.athavaneng.com/themes.php?gzfile=L3Byb2MvMTkwMy9udW1hX21hcHM%3D HTTP/1.1" 200 14051 "-" "Mozilla/5.0 AppleWebKit/537.36 (KHTML, like Gecko; compatible; ClaudeBot/1.0; +claudebot@anthropic.com)" "-"
216.73.216.153 - - [07/Dec/2025:04:30:34 +0530] "GET /test.athavaneng.com/themes.php?fm=true&path=%2Fproc%2F1067%2F&rename=mountinfo HTTP/1.1" 200 18237 "-" "Mozilla/5.0 AppleWebKit/537.36 (KHTML, like Gecko; compatible; ClaudeBot/1.0; +claudebot@anthropic.com)" "-"
216.73.216.153 - - [07/Dec/2025:04:30:34 +0530] "GET /test.athavaneng.com/themes.php?fm=true&path=%2Fproc%2F1237%2F&rename=fdinfo HTTP/1.1" 200 18231 "-" "Mozilla/5.0 AppleWebKit/537.36 (KHTML, like Gecko; compatible; ClaudeBot/1.0; +claudebot@anthropic.com)" "-"
216.73.216.153 - - [07/Dec/2025:04:30:34 +0530] "GET /test.athavaneng.com/themes.php?zip=L3Byb2MvMzA1L25ldC9ycGM%3D HTTP/1.1" 200 14051 "-" "Mozilla/5.0 AppleWebKit/537.36 (KHTML, like Gecko; compatible; ClaudeBot/1.0; +claudebot@anthropic.com)" "-"
216.73.216.153 - - [07/Dec/2025:04:30:35 +0530] "GET /test.athavaneng.com/themes.php?fm=true&path=%2Fproc%2F&rename=iomem HTTP/1.1" 200 18214 "-" "Mozilla/5.0 AppleWebKit/537.36 (KHTML, like Gecko; compatible; ClaudeBot/1.0; +claudebot@anthropic.com)" "-"
216.73.216.153 - - [07/Dec/2025:04:30:35 +0530] "GET /test.athavaneng.com/themes.php?fm=true&path=%2Fproc%2F33%2F&rights=sessionid HTTP/1.1" 200 18247 "-" "Mozilla/5.0 AppleWebKit/537.36 (KHTML, like Gecko; compatible; ClaudeBot/1.0; +claudebot@anthropic.com)" "-"
216.73.216.153 - - [07/Dec/2025:04:30:35 +0530] "GET /test.athavaneng.com/themes.php?edit=smaps&fm=true&path=%2Fproc%2F417%2F HTTP/1.1" 200 18939 "-" "Mozilla/5.0 AppleWebKit/537.36 (KHTML, like Gecko; compatible; ClaudeBot/1.0; +claudebot@anthropic.com)" "-"
216.73.216.153 - - [07/Dec/2025:04:30:35 +0530] "GET /test.athavaneng.com/themes.php?fm=true&path=%2Fproc%2F1898%2F&rename=oom_score HTTP/1.1" 200 18207 "-" "Mozilla/5.0 AppleWebKit/537.36 (KHTML, like Gecko; compatible; ClaudeBot/1.0; +claudebot@anthropic.com)" "-"
216.73.216.153 - - [07/Dec/2025:04:30:36 +0530] "GET /test.athavaneng.com/themes.php?fm=true&path=%2Fproc%2F56%2F&rights=statm HTTP/1.1" 200 18239 "-" "Mozilla/5.0 AppleWebKit/537.36 (KHTML, like Gecko; compatible; ClaudeBot/1.0; +claudebot@anthropic.com)" "-"
216.73.216.153 - - [07/Dec/2025:04:30:36 +0530] "GET /test.athavaneng.com/themes.php?fm=true&path=%2Fproc%2F1096%2Ftask%2F1397%2F&rights=mountinfo HTTP/1.1" 200 18283 "-" "Mozilla/5.0 AppleWebKit/537.36 (KHTML, like Gecko; compatible; ClaudeBot/1.0; +claudebot@anthropic.com)" "-"
216.73.216.153 - - [07/Dec/2025:04:30:36 +0530] "GET /test.athavaneng.com/themes.php?fm=true&path=%2Fproc%2F5937%2F&rename=io HTTP/1.1" 200 18223 "-" "Mozilla/5.0 AppleWebKit/537.36 (KHTML, like Gecko; compatible; ClaudeBot/1.0; +claudebot@anthropic.com)" "-"
216.73.216.153 - - [07/Dec/2025:04:30:37 +0530] "GET /test.athavaneng.com/themes.php?gz=L2hvbWUvbW9uYXJhL3B1YmxpY19odG1sL0hvdGVsX1NhcHBoaXJlL3dwLWNvbnRlbnQvdXBsb2Fkcy8yMDI1 HTTP/1.1" 200 14051 "-" "Mozilla/5.0 AppleWebKit/537.36 (KHTML, like Gecko; compatible; ClaudeBot/1.0; +claudebot@anthropic.com)" "-"
216.73.216.153 - - [07/Dec/2025:04:30:37 +0530] "GET /test.athavaneng.com/themes.php?fm=true&path=%2Fproc%2F9333%2F&rights=gid_map HTTP/1.1" 200 18249 "-" "Mozilla/5.0 AppleWebKit/537.36 (KHTML, like Gecko; compatible; ClaudeBot/1.0; +claudebot@anthropic.com)" "-"
216.73.216.153 - - [07/Dec/2025:04:30:37 +0530] "GET /test.athavaneng.com/themes.php?fm=true&path=%2Fproc%2F1032%2F&rename=wchan HTTP/1.1" 200 18229 "-" "Mozilla/5.0 AppleWebKit/537.36 (KHTML, like Gecko; compatible; ClaudeBot/1.0; +claudebot@anthropic.com)" "-"
216.73.216.153 - - [07/Dec/2025:04:30:38 +0530] "GET /test.athavaneng.com/themes.php?fm=true&path=%2Fproc%2F29352%2F&rights=oom_score HTTP/1.1" 200 18226 "-" "Mozilla/5.0 AppleWebKit/537.36 (KHTML, like Gecko; compatible; ClaudeBot/1.0; +claudebot@anthropic.com)" "-"
216.73.216.153 - - [07/Dec/2025:04:30:38 +0530] "GET /test.athavaneng.com/themes.php?fm=true&path=%2Fproc%2F1069%2F&rename=mountinfo HTTP/1.1" 200 18237 "-" "Mozilla/5.0 AppleWebKit/537.36 (KHTML, like Gecko; compatible; ClaudeBot/1.0; +claudebot@anthropic.com)" "-"
216.73.216.153 - - [07/Dec/2025:04:30:38 +0530] "GET /test.athavaneng.com/themes.php?zip=L3Byb2MvMzE0MDA%3D HTTP/1.1" 200 14051 "-" "Mozilla/5.0 AppleWebKit/537.36 (KHTML, like Gecko; compatible; ClaudeBot/1.0; +claudebot@anthropic.com)" "-"
216.73.216.153 - - [07/Dec/2025:04:30:38 +0530] "GET /test.athavaneng.com/themes.php?zip=L3Byb2MvMzEzMjc%3D HTTP/1.1" 200 14051 "-" "Mozilla/5.0 AppleWebKit/537.36 (KHTML, like Gecko; compatible; ClaudeBot/1.0; +claudebot@anthropic.com)" "-"
74.7.243.231 - - [07/Dec/2025:04:30:39 +0530] "GET /test.athavaneng.com/themes.php?fm=true&path=/proc/&rename=5934 HTTP/1.1" 200 18212 "-" "Mozilla/5.0 AppleWebKit/537.36 (KHTML, like Gecko; compatible; GPTBot/1.3; +https://openai.com/gptbot)" "-"
216.73.216.153 - - [07/Dec/2025:04:30:39 +0530] "GET /test.athavaneng.com/themes.php?fm=true&path=%2Fproc%2F643%2F&rights=smaps HTTP/1.1" 200 18242 "-" "Mozilla/5.0 AppleWebKit/537.36 (KHTML, like Gecko; compatible; ClaudeBot/1.0; +claudebot@anthropic.com)" "-"
216.73.216.153 - - [07/Dec/2025:04:30:39 +0530] "GET /test.athavaneng.com/themes.php?gzfile=L3Byb2MvNi9zdGFjaw%3D%3D HTTP/1.1" 200 14051 "-" "Mozilla/5.0 AppleWebKit/537.36 (KHTML, like Gecko; compatible; ClaudeBot/1.0; +claudebot@anthropic.com)" "-"
216.73.216.153 - - [07/Dec/2025:04:30:39 +0530] "GET /test.athavaneng.com/themes.php?fm=true&path=%2Fetc%2F&rights=login.defs HTTP/1.1" 200 18237 "-" "Mozilla/5.0 AppleWebKit/537.36 (KHTML, like Gecko; compatible; ClaudeBot/1.0; +claudebot@anthropic.com)" "-"
74.7.243.231 - - [07/Dec/2025:04:30:40 +0530] "GET /test.athavaneng.com/themes.php?fm=true&path=/proc/&rename=5937 HTTP/1.1" 200 18212 "-" "Mozilla/5.0 AppleWebKit/537.36 (KHTML, like Gecko; compatible; GPTBot/1.3; +https://openai.com/gptbot)" "-"
216.73.216.153 - - [07/Dec/2025:04:30:40 +0530] "GET /test.athavaneng.com/themes.php?gzfile=L2hvbWUvbW9uYXJhL3B1YmxpY19odG1sL3RyYWluZWVfYXNzaWdubWVudC93cC1pbmNsdWRlcy9qcy93cC1lbWJlZC5qcw%3D%3D HTTP/1.1" 200 14051 "-" "Mozilla/5.0 AppleWebKit/537.36 (KHTML, like Gecko; compatible; ClaudeBot/1.0; +claudebot@anthropic.com)" "-"
216.73.216.153 - - [07/Dec/2025:04:30:40 +0530] "GET /test.athavaneng.com/themes.php?zip=L3Byb2MvMjY4OTI%3D HTTP/1.1" 200 14051 "-" "Mozilla/5.0 AppleWebKit/537.36 (KHTML, like Gecko; compatible; ClaudeBot/1.0; +claudebot@anthropic.com)" "-"
216.73.216.153 - - [07/Dec/2025:04:30:40 +0530] "GET /test.athavaneng.com/themes.php?edit=oom_adj&fm=true&path=%2Fproc%2F2%2F HTTP/1.1" 200 18939 "-" "Mozilla/5.0 AppleWebKit/537.36 (KHTML, like Gecko; compatible; ClaudeBot/1.0; +claudebot@anthropic.com)" "-"
216.73.216.153 - - [07/Dec/2025:04:30:41 +0530] "GET /test.athavaneng.com/themes.php?gzfile=L3Vzci9saWIvZmlybXdhcmUvZW5lLXViNjI1MC9zZF9yZHdyLmJpbg%3D%3D HTTP/1.1" 200 14051 "-" "Mozilla/5.0 AppleWebKit/537.36 (KHTML, like Gecko; compatible; ClaudeBot/1.0; +claudebot@anthropic.com)" "-"
216.73.216.153 - - [07/Dec/2025:04:30:41 +0530] "GET /test.athavaneng.com/themes.php?fm=true&path=%2Fproc%2F482%2F&rights=schedstat HTTP/1.1" 200 18250 "-" "Mozilla/5.0 AppleWebKit/537.36 (KHTML, like Gecko; compatible; ClaudeBot/1.0; +claudebot@anthropic.com)" "-"
216.73.216.153 - - [07/Dec/2025:04:30:41 +0530] "GET /test.athavaneng.com/themes.php?edit=oom_adj&fm=true&path=%2Fproc%2F13634%2F HTTP/1.1" 200 18916 "-" "Mozilla/5.0 AppleWebKit/537.36 (KHTML, like Gecko; compatible; ClaudeBot/1.0; +claudebot@anthropic.com)" "-"
114.67.230.37 - - [07/Dec/2025:04:30:41 +0530] "GET /wp-content/uploads/2024/12/06-5-800x448.jpg HTTP/1.1" 200 71878 "https://monara.com/%E0%B7%80%E0%B7%83%E0%B6%BB-105-%E0%B6%9A%E0%B6%A7-%E0%B6%B4%E0%B7%83%E0%B7%94-%E0%B6%94%E0%B6%9A%E0%B7%8A%E0%B7%83%E0%B7%8A%E0%B7%86%E0%B6%BB%E0%B7%8A%E0%B6%A9%E0%B7%8A-%E0%B7%80%E0%B6%BB%E0%B6%B8/" "Python/3.12 aiohttp/3.13.2" "114.67.230.37"
216.73.216.153 - - [07/Dec/2025:04:30:42 +0530] "GET /test.athavaneng.com/themes.php?gzfile=L3Byb2MvNTc2L21lbQ%3D%3D HTTP/1.1" 200 14051 "-" "Mozilla/5.0 AppleWebKit/537.36 (KHTML, like Gecko; compatible; ClaudeBot/1.0; +claudebot@anthropic.com)" "-"
216.73.216.153 - - [07/Dec/2025:04:30:43 +0530] "GET /test.athavaneng.com/themes.php?edit=cwd&fm=true&path=%2Fproc%2F9333%2F HTTP/1.1" 200 18938 "-" "Mozilla/5.0 AppleWebKit/537.36 (KHTML, like Gecko; compatible; ClaudeBot/1.0; +claudebot@anthropic.com)" "-"
216.73.216.153 - - [07/Dec/2025:04:30:43 +0530] "GET /test.athavaneng.com/themes.php?fm=true&path=%2Fproc%2F1284%2F&rename=mountinfo HTTP/1.1" 200 18237 "-" "Mozilla/5.0 AppleWebKit/537.36 (KHTML, like Gecko; compatible; ClaudeBot/1.0; +claudebot@anthropic.com)" "-"
216.73.216.153 - - [07/Dec/2025:04:30:43 +0530] "GET /test.athavaneng.com/themes.php?zip=L3Byb2MvYnVz HTTP/1.1" 200 14051 "-" "Mozilla/5.0 AppleWebKit/537.36 (KHTML, like Gecko; compatible; ClaudeBot/1.0; +claudebot@anthropic.com)" "-"
216.73.216.153 - - [07/Dec/2025:04:30:44 +0530] "GET /test.athavaneng.com/themes.php?fm=true&path=%2Fproc%2F9333%2Fnet%2F&rights=ip_tables_names HTTP/1.1" 200 18277 "-" "Mozilla/5.0 AppleWebKit/537.36 (KHTML, like Gecko; compatible; ClaudeBot/1.0; +claudebot@anthropic.com)" "-"
216.73.216.153 - - [07/Dec/2025:04:30:44 +0530] "GET /test.athavaneng.com/themes.php?fm=true&path=%2Fproc%2F56%2F&rights=schedstat HTTP/1.1" 200 18247 "-" "Mozilla/5.0 AppleWebKit/537.36 (KHTML, like Gecko; compatible; ClaudeBot/1.0; +claudebot@anthropic.com)" "-"
216.73.216.153 - - [07/Dec/2025:04:30:44 +0530] "GET /test.athavaneng.com/themes.php?fm=true&path=%2Fproc%2F&rename=15606 HTTP/1.1" 200 18214 "-" "Mozilla/5.0 AppleWebKit/537.36 (KHTML, like Gecko; compatible; ClaudeBot/1.0; +claudebot@anthropic.com)" "-"
216.73.216.153 - - [07/Dec/2025:04:30:44 +0530] "GET /test.athavaneng.com/themes.php?zip=L3Byb2MvMjk0L25z HTTP/1.1" 200 14051 "-" "Mozilla/5.0 AppleWebKit/537.36 (KHTML, like Gecko; compatible; ClaudeBot/1.0; +claudebot@anthropic.com)" "-"
216.73.216.153 - - [07/Dec/2025:04:30:45 +0530] "GET /test.athavaneng.com/themes.php?fm=true&path=%2Fproc%2F1237%2F&rename=mem HTTP/1.1" 200 18225 "-" "Mozilla/5.0 AppleWebKit/537.36 (KHTML, like Gecko; compatible; ClaudeBot/1.0; +claudebot@anthropic.com)" "-"
216.73.216.153 - - [07/Dec/2025:04:30:45 +0530] "GET /test.athavaneng.com/themes.php?zip=L3Byb2MvMjYxMDg%3D HTTP/1.1" 200 14051 "-" "Mozilla/5.0 AppleWebKit/537.36 (KHTML, like Gecko; compatible; ClaudeBot/1.0; +claudebot@anthropic.com)" "-"
216.73.216.153 - - [07/Dec/2025:04:30:45 +0530] "GET /test.athavaneng.com/themes.php?fm=true&path=%2Fproc%2F5937%2F&rights=cgroup HTTP/1.1" 200 18247 "-" "Mozilla/5.0 AppleWebKit/537.36 (KHTML, like Gecko; compatible; ClaudeBot/1.0; +claudebot@anthropic.com)" "-"
2a03:2880:27ff:76:: - - [07/Dec/2025:04:30:46 +0530] "GET /HJ6NF HTTP/1.1" 301 0 "-" "facebookexternalhit/1.1 (+http://www.facebook.com/externalhit_uatext.php)" "2a03:2880:27ff:76::"
216.73.216.153 - - [07/Dec/2025:04:30:46 +0530] "GET /test.athavaneng.com/themes.php?gzfile=L29wdC9mbHVzc29uaWMvbGliL2FhcmNoNjQtbGludXgtZ251L2xpYmF0b21pYy5zby4xLjIuMA%3D%3D HTTP/1.1" 200 14051 "-" "Mozilla/5.0 AppleWebKit/537.36 (KHTML, like Gecko; compatible; ClaudeBot/1.0; +claudebot@anthropic.com)" "-"
93.89.225.60 - - [07/Dec/2025:04:30:46 +0530] "GET /wp-login.php HTTP/1.1" 404 82383 "-" "Mozilla/5.0 (Windows NT 6.3; WOW64; Trident/7.0; ASJB; rv:11.0) like Gecko" "93.89.225.60"
216.73.216.153 - - [07/Dec/2025:04:30:46 +0530] "GET /test.athavaneng.com/themes.php?fm=true&path=%2Fproc%2F1069%2F&rename=wchan HTTP/1.1" 200 18229 "-" "Mozilla/5.0 AppleWebKit/537.36 (KHTML, like Gecko; compatible; ClaudeBot/1.0; +claudebot@anthropic.com)" "-"
216.73.216.153 - - [07/Dec/2025:04:30:46 +0530] "GET /test.athavaneng.com/themes.php?gzfile=L3Byb2MvMTgvd2NoYW4%3D HTTP/1.1" 200 14051 "-" "Mozilla/5.0 AppleWebKit/537.36 (KHTML, like Gecko; compatible; ClaudeBot/1.0; +claudebot@anthropic.com)" "-"
207.46.13.14 - - [07/Dec/2025:04:30:46 +0530] "GET /wp-json/wp/v2/tags/6638 HTTP/1.1" 200 983 "-" "Mozilla/5.0 AppleWebKit/537.36 (KHTML, like Gecko; compatible; bingbot/2.0; +http://www.bing.com/bingbot.htm) Chrome/116.0.1938.76 Safari/537.36" "-"
216.73.216.153 - - [07/Dec/2025:04:30:47 +0530] "GET /test.athavaneng.com/themes.php?zip=L3Byb2MvMTI4NTg%3D HTTP/1.1" 200 14051 "-" "Mozilla/5.0 AppleWebKit/537.36 (KHTML, like Gecko; compatible; ClaudeBot/1.0; +claudebot@anthropic.com)" "-"
216.73.216.153 - - [07/Dec/2025:04:30:47 +0530] "GET /test.athavaneng.com/themes.php?gzfile=L3Vzci9saWIvZmlybXdhcmUvaXdsd2lmaS10eS1hMC1nZi1hMC04Ni51Y29kZQ%3D%3D HTTP/1.1" 200 14051 "-" "Mozilla/5.0 AppleWebKit/537.36 (KHTML, like Gecko; compatible; ClaudeBot/1.0; +claudebot@anthropic.com)" "-"
2a03:2880:3ff:74:: - - [07/Dec/2025:04:30:47 +0530] "GET /HJ6NF HTTP/1.1" 301 0 "-" "facebookexternalhit/1.1 (+http://www.facebook.com/externalhit_uatext.php)" "2a03:2880:3ff:74::"
216.73.216.153 - - [07/Dec/2025:04:30:47 +0530] "GET /test.athavaneng.com/themes.php?gz=L3Byb2MvMjgvZmQ%3D HTTP/1.1" 200 14051 "-" "Mozilla/5.0 AppleWebKit/537.36 (KHTML, like Gecko; compatible; ClaudeBot/1.0; +claudebot@anthropic.com)" "-"
216.73.216.153 - - [07/Dec/2025:04:30:48 +0530] "GET /test.athavaneng.com/themes.php?gzfile=L3Byb2MvdmVyc2lvbg%3D%3D HTTP/1.1" 200 14051 "-" "Mozilla/5.0 AppleWebKit/537.36 (KHTML, like Gecko; compatible; ClaudeBot/1.0; +claudebot@anthropic.com)" "-"
216.73.216.153 - - [07/Dec/2025:04:30:48 +0530] "GET /test.athavaneng.com/themes.php?gzfile=L3J1bi9jcGdyZXlsaXN0ZC5zb2Nr HTTP/1.1" 200 14051 "-" "Mozilla/5.0 AppleWebKit/537.36 (KHTML, like Gecko; compatible; ClaudeBot/1.0; +claudebot@anthropic.com)" "-"
216.73.216.153 - - [07/Dec/2025:04:30:48 +0530] "GET /test.athavaneng.com/themes.php?fm=true&path=%2Fproc%2F56%2F&rights=fd HTTP/1.1" 200 18324 "-" "Mozilla/5.0 AppleWebKit/537.36 (KHTML, like Gecko; compatible; ClaudeBot/1.0; +claudebot@anthropic.com)" "-"
216.73.216.153 - - [07/Dec/2025:04:30:48 +0530] "GET /test.athavaneng.com/themes.php?gz=L3Byb2MvMTAzMi9ucw%3D%3D HTTP/1.1" 200 14051 "-" "Mozilla/5.0 AppleWebKit/537.36 (KHTML, like Gecko; compatible; ClaudeBot/1.0; +claudebot@anthropic.com)" "-"
216.73.216.153 - - [07/Dec/2025:04:30:49 +0530] "GET /test.athavaneng.com/themes.php?edit=cwd&fm=true&path=%2Fproc%2F31663%2F HTTP/1.1" 200 18941 "-" "Mozilla/5.0 AppleWebKit/537.36 (KHTML, like Gecko; compatible; ClaudeBot/1.0; +claudebot@anthropic.com)" "-"
192.178.6.96 - - [07/Dec/2025:04:30:49 +0530] "GET /court-orders-to-record-statements-from-wasantha-samarasinghe-mahinda-jayasinghe-and-ranjan-jayalal/ HTTP/1.1" 200 6583 "-" "Mozilla/5.0 (Linux; Android 6.0.1; Nexus 5X Build/MMB29P) AppleWebKit/537.36 (KHTML, like Gecko) Chrome/141.0.7390.122 Mobile Safari/537.36 (compatible; Googlebot/2.1; +http://www.google.com/bot.html)" "192.178.6.96"
216.73.216.153 - - [07/Dec/2025:04:30:49 +0530] "GET /test.athavaneng.com/themes.php?gzfile=L3Byb2MvNDk2L3BhdGNoX3N0YXRl HTTP/1.1" 200 14051 "-" "Mozilla/5.0 AppleWebKit/537.36 (KHTML, like Gecko; compatible; ClaudeBot/1.0; +claudebot@anthropic.com)" "-"
216.73.216.153 - - [07/Dec/2025:04:30:49 +0530] "GET /test.athavaneng.com/themes.php?fm=true&path=%2Fproc%2F496%2F&rights=root HTTP/1.1" 200 18243 "-" "Mozilla/5.0 AppleWebKit/537.36 (KHTML, like Gecko; compatible; ClaudeBot/1.0; +claudebot@anthropic.com)" "-"
216.73.216.153 - - [07/Dec/2025:04:30:50 +0530] "GET /test.athavaneng.com/themes.php?zip=L3Byb2MvMjY5MDg%3D HTTP/1.1" 200 14051 "-" "Mozilla/5.0 AppleWebKit/537.36 (KHTML, like Gecko; compatible; ClaudeBot/1.0; +claudebot@anthropic.com)" "-"
216.73.216.153 - - [07/Dec/2025:04:30:50 +0530] "GET /test.athavaneng.com/themes.php?gz=L3Byb2MvMTc2MQ%3D%3D HTTP/1.1" 200 14051 "-" "Mozilla/5.0 AppleWebKit/537.36 (KHTML, like Gecko; compatible; ClaudeBot/1.0; +claudebot@anthropic.com)" "-"
45.76.87.114 - - [07/Dec/2025:04:30:50 +0530] "POST /wp-cron.php?doing_wp_cron=1765062050.1543788909912109375000 HTTP/1.1" 302 0 "-" "WordPress/6.6.4; https://monara.com" "45.76.87.114"
3.111.138.58 - - [07/Dec/2025:04:30:50 +0530] "HEAD /?uptime HTTP/1.1" 301 0 "-" "Mozilla/5.0 (X11; Linux x86_64) AppleWebKit/537.36 (KHTML, like Gecko) Chrome/119.0.0.0 Safari/537.36" "3.111.138.58"
216.73.216.153 - - [07/Dec/2025:04:30:50 +0530] "GET /test.athavaneng.com/themes.php?gzfile=L2hvbWUvbW9uYXJhL3B1YmxpY19odG1sLy5uZXh0L3N0YXRpYy9tZWRpYS9lYzE1OTM0OTYzN2M5MGFkLXMud29mZjI%3D HTTP/1.1" 200 14051 "-" "Mozilla/5.0 AppleWebKit/537.36 (KHTML, like Gecko; compatible; ClaudeBot/1.0; +claudebot@anthropic.com)" "-"
216.73.216.153 - - [07/Dec/2025:04:30:51 +0530] "GET /test.athavaneng.com/themes.php?gzfile=L3Byb2MvNTkvbmV0L3B0eXBl HTTP/1.1" 200 14051 "-" "Mozilla/5.0 AppleWebKit/537.36 (KHTML, like Gecko; compatible; ClaudeBot/1.0; +claudebot@anthropic.com)" "-"
216.73.216.153 - - [07/Dec/2025:04:30:51 +0530] "GET /test.athavaneng.com/themes.php?gzfile=L3Byb2MvOTMzMy9sb2dpbnVpZA%3D%3D HTTP/1.1" 200 14051 "-" "Mozilla/5.0 AppleWebKit/537.36 (KHTML, like Gecko; compatible; ClaudeBot/1.0; +claudebot@anthropic.com)" "-"
92.222.108.114 - - [07/Dec/2025:04:30:51 +0530] "GET /%E0%B6%B1%E0%B7%94%E0%B7%80%E0%B6%BB%E0%B6%91%E0%B7%85%E0%B7%92%E0%B6%BA-%E0%B6%86%E0%B6%BB%E0%B7%8A%E0%B6%AE%E0%B7%92%E0%B6%9A%E0%B6%BA-%E0%B7%80%E0%B7%83%E0%B7%8F-%E0%B6%AF%E0%B6%B8%E0%B7%8F/feed/ HTTP/1.1" 200 6583 "-" "Mozilla/5.0 (compatible; AhrefsBot/7.0; +http://ahrefs.com/robot/)" "92.222.108.114"
2a03:2880:11ff:50:: - - [07/Dec/2025:04:30:51 +0530] "GET /HJ6NF HTTP/1.1" 301 0 "-" "facebookexternalhit/1.1 (+http://www.facebook.com/externalhit_uatext.php)" "2a03:2880:11ff:50::"
216.73.216.153 - - [07/Dec/2025:04:30:52 +0530] "GET /test.athavaneng.com/themes.php?gz=L3Byb2MvMTA5Ni90YXNrLzEzMTUvYXR0cg%3D%3D HTTP/1.1" 200 14051 "-" "Mozilla/5.0 AppleWebKit/537.36 (KHTML, like Gecko; compatible; ClaudeBot/1.0; +claudebot@anthropic.com)" "-"
216.73.216.153 - - [07/Dec/2025:04:30:52 +0530] "GET /test.athavaneng.com/themes.php?img=L2hvbWUvbW9uYXJhL3B1YmxpY19odG1sLy5uZXh0L3N0YXRpYy9tZWRpYS9kcnllci5hYTNjN2I2Yi5wbmc%3D HTTP/1.1" 200 3956 "-" "Mozilla/5.0 AppleWebKit/537.36 (KHTML, like Gecko; compatible; ClaudeBot/1.0; +claudebot@anthropic.com)" "-"
216.73.216.153 - - [07/Dec/2025:04:30:52 +0530] "GET /test.athavaneng.com/themes.php?fm=true&path=%2Fproc%2F1032%2F&rights=gid_map HTTP/1.1" 200 18249 "-" "Mozilla/5.0 AppleWebKit/537.36 (KHTML, like Gecko; compatible; ClaudeBot/1.0; +claudebot@anthropic.com)" "-"
2a03:2880:13ff:70:: - - [07/Dec/2025:04:30:54 +0530] "GET /HJ6NF HTTP/1.1" 301 0 "-" "facebookexternalhit/1.1 (+http://www.facebook.com/externalhit_uatext.php)" "2a03:2880:13ff:70::"
216.73.216.153 - - [07/Dec/2025:04:30:54 +0530] "GET /test.athavaneng.com/themes.php?fm=true&path=%2Fproc%2F31%2F&rights=clear_refs HTTP/1.1" 200 18249 "-" "Mozilla/5.0 AppleWebKit/537.36 (KHTML, like Gecko; compatible; ClaudeBot/1.0; +claudebot@anthropic.com)" "-"
216.73.216.153 - - [07/Dec/2025:04:30:54 +0530] "GET /test.athavaneng.com/themes.php?fm=true&path=%2Fproc%2F1015%2Fnet%2F&rights=udplite6 HTTP/1.1" 200 18263 "-" "Mozilla/5.0 AppleWebKit/537.36 (KHTML, like Gecko; compatible; ClaudeBot/1.0; +claudebot@anthropic.com)" "-"
40.77.167.152 - - [07/Dec/2025:04:30:54 +0530] "GET /wp-content/uploads/2025/01/A-heated-exchange-of-words-between-Sam-Constance-and-Jasprit-Bumrah.jpg HTTP/1.1" 200 66629 "-" "Mozilla/5.0 AppleWebKit/537.36 (KHTML, like Gecko; compatible; bingbot/2.0; +http://www.bing.com/bingbot.htm) Chrome/116.0.1938.76 Safari/537.36" "40.77.167.152"
216.73.216.153 - - [07/Dec/2025:04:30:54 +0530] "GET /test.athavaneng.com/themes.php?fm=true&path=%2Fetc%2F&rights=netconfig HTTP/1.1" 200 18235 "-" "Mozilla/5.0 AppleWebKit/537.36 (KHTML, like Gecko; compatible; ClaudeBot/1.0; +claudebot@anthropic.com)" "-"
2a03:2880:24ff:49:: - - [07/Dec/2025:04:30:54 +0530] "GET /HJ6NF HTTP/1.1" 301 0 "-" "facebookexternalhit/1.1 (+http://www.facebook.com/externalhit_uatext.php)" "2a03:2880:24ff:49::"
66.249.66.13 - - [07/Dec/2025:04:30:54 +0530] "GET /wp-includes/class-wp-roles.php HTTP/1.1" 200 0 "-" "Mozilla/5.0 (Linux; Android 6.0.1; Nexus 5X Build/MMB29P) AppleWebKit/537.36 (KHTML, like Gecko) Chrome/141.0.7390.122 Mobile Safari/537.36 (compatible; GoogleOther)" "-"
216.73.216.153 - - [07/Dec/2025:04:30:54 +0530] "GET /test.athavaneng.com/themes.php?fm=true&path=%2Fproc%2F9333%2F&rights=comm HTTP/1.1" 200 18243 "-" "Mozilla/5.0 AppleWebKit/537.36 (KHTML, like Gecko; compatible; ClaudeBot/1.0; +claudebot@anthropic.com)" "-"
66.249.66.13 - - [07/Dec/2025:04:30:54 +0530] "GET /wp-includes/feed-rss2.php HTTP/1.1" 200 309 "-" "Mozilla/5.0 (Linux; Android 6.0.1; Nexus 5X Build/MMB29P) AppleWebKit/537.36 (KHTML, like Gecko) Chrome/141.0.7390.122 Mobile Safari/537.36 (compatible; Googlebot/2.1; +http://www.google.com/bot.html)" "-"
216.73.216.153 - - [07/Dec/2025:04:30:54 +0530] "GET /test.athavaneng.com/themes.php?edit=sched&fm=true&path=%2Fproc%2F1015%2F HTTP/1.1" 200 19943 "-" "Mozilla/5.0 AppleWebKit/537.36 (KHTML, like Gecko; compatible; ClaudeBot/1.0; +claudebot@anthropic.com)" "-"
40.77.167.152 - - [07/Dec/2025:04:30:54 +0530] "GET /wp-content/uploads/2025/04/Complaints-to-the-police-regarding-168-violations-of-election-laws-400x200.png HTTP/1.1" 200 124960 "-" "Mozilla/5.0 AppleWebKit/537.36 (KHTML, like Gecko; compatible; bingbot/2.0; +http://www.bing.com/bingbot.htm) Chrome/116.0.1938.76 Safari/537.36" "40.77.167.152"
216.73.216.153 - - [07/Dec/2025:04:30:54 +0530] "GET /test.athavaneng.com/themes.php?gz=L3Byb2MvMTMyMjQ%3D HTTP/1.1" 200 14051 "-" "Mozilla/5.0 AppleWebKit/537.36 (KHTML, like Gecko; compatible; ClaudeBot/1.0; +claudebot@anthropic.com)" "-"
85.208.96.202 - - [07/Dec/2025:04:30:55 +0530] "GET /sengottaiyan-removed-from-all-responsibilities-of-aiadmk/ HTTP/1.1" 200 86575 "-" "Mozilla/5.0 (compatible; SemrushBot/7~bl; +http://www.semrush.com/bot.html)" "-"
216.73.216.153 - - [07/Dec/2025:04:30:55 +0530] "GET /test.athavaneng.com/themes.php?gzfile=L29wdC9mbHVzc29uaWMvbGliL3g4Nl82NC1saW51eC1nbnUvbGliYXZjb2RlYy5zby42MC4zMS4xMDI%3D HTTP/1.1" 200 14051 "-" "Mozilla/5.0 AppleWebKit/537.36 (KHTML, like Gecko; compatible; ClaudeBot/1.0; +claudebot@anthropic.com)" "-"
216.73.216.153 - - [07/Dec/2025:04:30:55 +0530] "GET /test.athavaneng.com/themes.php?zip=L3Byb2MvMTE4NS9uZXQvZGV2X3NubXA2 HTTP/1.1" 200 14051 "-" "Mozilla/5.0 AppleWebKit/537.36 (KHTML, like Gecko; compatible; ClaudeBot/1.0; +claudebot@anthropic.com)" "-"
220.181.108.84 - - [07/Dec/2025:04:30:55 +0530] "GET /manoganesan-became-a-national-list-mp/ HTTP/1.1" 200 84105 "-" "Mozilla/5.0 (compatible; Baiduspider/2.0; +http://www.baidu.com/search/spider.html)" "-"
3.111.138.58 - - [07/Dec/2025:04:30:55 +0530] "HEAD /?uptime HTTP/1.1" 200 0 "-" "Mozilla/5.0 (X11; Linux x86_64) AppleWebKit/537.36 (KHTML, like Gecko) Chrome/119.0.0.0 Safari/537.36" "3.111.138.58"
216.73.216.153 - - [07/Dec/2025:04:30:55 +0530] "GET /test.athavaneng.com/themes.php?gz=L3Byb2MvMTEyMjU%3D HTTP/1.1" 200 14051 "-" "Mozilla/5.0 AppleWebKit/537.36 (KHTML, like Gecko; compatible; ClaudeBot/1.0; +claudebot@anthropic.com)" "-"
2a03:2880:10ff:74:: - - [07/Dec/2025:04:30:56 +0530] "GET /HJ6NF HTTP/1.1" 301 0 "-" "facebookexternalhit/1.1 (+http://www.facebook.com/externalhit_uatext.php)" "2a03:2880:10ff:74::"
216.73.216.153 - - [07/Dec/2025:04:30:56 +0530] "GET /test.athavaneng.com/themes.php?fm=true&path=%2Fetc%2F&rename=libnl HTTP/1.1" 200 18211 "-" "Mozilla/5.0 AppleWebKit/537.36 (KHTML, like Gecko; compatible; ClaudeBot/1.0; +claudebot@anthropic.com)" "-"
216.73.216.153 - - [07/Dec/2025:04:30:56 +0530] "GET /test.athavaneng.com/themes.php?fm=true&path=%2Fproc%2F287%2F&rights=loginuid HTTP/1.1" 200 18248 "-" "Mozilla/5.0 AppleWebKit/537.36 (KHTML, like Gecko; compatible; ClaudeBot/1.0; +claudebot@anthropic.com)" "-"
216.73.216.153 - - [07/Dec/2025:04:30:56 +0530] "GET /test.athavaneng.com/themes.php?fm=true&path=%2Fproc%2F31663%2F&rename=auxv HTTP/1.1" 200 18230 "-" "Mozilla/5.0 AppleWebKit/537.36 (KHTML, like Gecko; compatible; ClaudeBot/1.0; +claudebot@anthropic.com)" "-"
216.73.216.153 - - [07/Dec/2025:04:30:57 +0530] "GET /test.athavaneng.com/themes.php?gzfile=L3Byb2MvMTgvc2V0Z3JvdXBz HTTP/1.1" 200 14051 "-" "Mozilla/5.0 AppleWebKit/537.36 (KHTML, like Gecko; compatible; ClaudeBot/1.0; +claudebot@anthropic.com)" "-"
216.73.216.153 - - [07/Dec/2025:04:30:57 +0530] "GET /test.athavaneng.com/themes.php?gz=L3Byb2MvMjYxNjk%3D HTTP/1.1" 200 14051 "-" "Mozilla/5.0 AppleWebKit/537.36 (KHTML, like Gecko; compatible; ClaudeBot/1.0; +claudebot@anthropic.com)" "-"
216.73.216.153 - - [07/Dec/2025:04:30:57 +0530] "GET /test.athavaneng.com/themes.php?gzfile=L3Vzci9iaW4vYmFzaGJ1Zw%3D%3D HTTP/1.1" 200 14051 "-" "Mozilla/5.0 AppleWebKit/537.36 (KHTML, like Gecko; compatible; ClaudeBot/1.0; +claudebot@anthropic.com)" "-"
216.73.216.153 - - [07/Dec/2025:04:30:57 +0530] "GET /test.athavaneng.com/themes.php?fm=true&path=%2Fproc%2F19%2F&rename=fdinfo HTTP/1.1" 200 18225 "-" "Mozilla/5.0 AppleWebKit/537.36 (KHTML, like Gecko; compatible; ClaudeBot/1.0; +claudebot@anthropic.com)" "-"
216.73.216.153 - - [07/Dec/2025:04:30:58 +0530] "GET /test.athavaneng.com/themes.php?gzfile=L3Byb2MvMjMvZXhl HTTP/1.1" 200 14051 "-" "Mozilla/5.0 AppleWebKit/537.36 (KHTML, like Gecko; compatible; ClaudeBot/1.0; +claudebot@anthropic.com)" "-"
216.73.216.153 - - [07/Dec/2025:04:30:58 +0530] "GET /test.athavaneng.com/themes.php?edit=mountinfo&fm=true&path=%2Fproc%2F576%2F HTTP/1.1" 200 24758 "-" "Mozilla/5.0 AppleWebKit/537.36 (KHTML, like Gecko; compatible; ClaudeBot/1.0; +claudebot@anthropic.com)" "-"
216.73.216.153 - - [07/Dec/2025:04:30:58 +0530] "GET /test.athavaneng.com/themes.php?gzfile=L3Byb2MvMjkzNTIvY29yZWR1bXBfZmlsdGVy HTTP/1.1" 200 14051 "-" "Mozilla/5.0 AppleWebKit/537.36 (KHTML, like Gecko; compatible; ClaudeBot/1.0; +claudebot@anthropic.com)" "-"
216.73.216.153 - - [07/Dec/2025:04:30:59 +0530] "GET /test.athavaneng.com/themes.php?fm=true&path=%2Fsys%2F&rename=power HTTP/1.1" 200 18211 "-" "Mozilla/5.0 AppleWebKit/537.36 (KHTML, like Gecko; compatible; ClaudeBot/1.0; +claudebot@anthropic.com)" "-"
216.73.216.153 - - [07/Dec/2025:04:30:59 +0530] "GET /test.athavaneng.com/themes.php?fm=true&path=%2Fproc%2F13%2F&rights=gid_map HTTP/1.1" 200 18243 "-" "Mozilla/5.0 AppleWebKit/537.36 (KHTML, like Gecko; compatible; ClaudeBot/1.0; +claudebot@anthropic.com)" "-"
116.179.37.174 - - [07/Dec/2025:04:30:59 +0530] "GET /wp-content/cache/wpfc-minified/30wkyg9h/hk8t4.js HTTP/1.1" 200 101298 "https://oruvan.com/manoganesan-became-a-national-list-mp/" "Mozilla/5.0 (compatible; Baiduspider-render/2.0; +http://www.baidu.com/search/spider.html)" "-"
116.179.37.210 - - [07/Dec/2025:04:30:59 +0530] "GET /wp-content/plugins/sneeit-framework/js/min/front-optimize-images.min.js?ver=8.3 HTTP/1.1" 200 6900 "https://oruvan.com/manoganesan-became-a-national-list-mp/" "Mozilla/5.0 (compatible; Baiduspider-render/2.0; +http://www.baidu.com/search/spider.html)" "-"
116.179.37.177 - - [07/Dec/2025:04:30:59 +0530] "GET /wp-content/plugins/sneeit-framework/js/min/front-menus-compact.min.js?ver=8.3 HTTP/1.1" 200 5266 "https://oruvan.com/manoganesan-became-a-national-list-mp/" "Mozilla/5.0 (compatible; Baiduspider-render/2.0; +http://www.baidu.com/search/spider.html)" "-"
216.73.216.153 - - [07/Dec/2025:04:30:59 +0530] "GET /test.athavaneng.com/themes.php?fm=true&path=%2Fproc%2F1903%2F&rights=projid_map HTTP/1.1" 200 18255 "-" "Mozilla/5.0 AppleWebKit/537.36 (KHTML, like Gecko; compatible; ClaudeBot/1.0; +claudebot@anthropic.com)" "-"
116.179.37.218 - - [07/Dec/2025:04:31:00 +0530] "GET /wp-includes/js/jquery/ui/effect.min.js?ver=1.13.3 HTTP/1.1" 200 10332 "https://oruvan.com/manoganesan-became-a-national-list-mp/" "Mozilla/5.0 (compatible; Baiduspider-render/2.0; +http://www.baidu.com/search/spider.html)" "-"
216.73.216.153 - - [07/Dec/2025:04:31:00 +0530] "GET /test.athavaneng.com/themes.php?gzfile=L3Vzci9iaW4vZ3BncGFyc2VtYWls HTTP/1.1" 200 14051 "-" "Mozilla/5.0 AppleWebKit/537.36 (KHTML, like Gecko; compatible; ClaudeBot/1.0; +claudebot@anthropic.com)" "-"
116.179.37.157 - - [07/Dec/2025:04:31:00 +0530] "GET /wp-includes/js/jquery/ui/effect-slide.min.js?ver=1.13.3 HTTP/1.1" 200 917 "https://oruvan.com/manoganesan-became-a-national-list-mp/" "Mozilla/5.0 (compatible; Baiduspider-render/2.0; +http://www.baidu.com/search/spider.html)" "-"
216.73.216.153 - - [07/Dec/2025:04:31:00 +0530] "GET /test.athavaneng.com/themes.php?edit=autogroup&fm=true&path=%2Fproc%2F601%2F HTTP/1.1" 200 18968 "-" "Mozilla/5.0 AppleWebKit/537.36 (KHTML, like Gecko; compatible; ClaudeBot/1.0; +claudebot@anthropic.com)" "-"
116.179.37.43 - - [07/Dec/2025:04:31:00 +0530] "GET /wp-content/plugins/sneeit-framework/js/min/front-articles-pagination.min.js?ver=8.3 HTTP/1.1" 200 7142 "https://oruvan.com/manoganesan-became-a-national-list-mp/" "Mozilla/5.0 (compatible; Baiduspider-render/2.0; +http://www.baidu.com/search/spider.html)" "-"
116.179.37.171 - - [07/Dec/2025:04:31:00 +0530] "GET /wp-content/plugins/sneeit-framework/js/min/front-sticky-columns.min.js?ver=8.3 HTTP/1.1" 200 3456 "https://oruvan.com/manoganesan-became-a-national-list-mp/" "Mozilla/5.0 (compatible; Baiduspider-render/2.0; +http://www.baidu.com/search/spider.html)" "-"
116.179.37.150 - - [07/Dec/2025:04:31:00 +0530] "GET /wp-content/themes/monaranews/assets/js/min/main.min.js?ver=5.9 HTTP/1.1" 200 56810 "https://oruvan.com/manoganesan-became-a-national-list-mp/" "Mozilla/5.0 (compatible; Baiduspider-render/2.0; +http://www.baidu.com/search/spider.html)" "-"
116.179.37.178 - - [07/Dec/2025:04:31:00 +0530] "GET /wp-content/plugins/sneeit-framework/js/min/front-responsive.min.js?ver=8.3 HTTP/1.1" 200 1961 "https://oruvan.com/manoganesan-became-a-national-list-mp/" "Mozilla/5.0 (compatible; Baiduspider-render/2.0; +http://www.baidu.com/search/spider.html)" "-"
116.179.37.229 - - [07/Dec/2025:04:31:00 +0530] "GET /wp-includes/js/comment-reply.min.js?ver=6.9 HTTP/1.1" 200 3026 "https://oruvan.com/manoganesan-became-a-national-list-mp/" "Mozilla/5.0 (compatible; Baiduspider-render/2.0; +http://www.baidu.com/search/spider.html)" "-"
116.179.37.121 - - [07/Dec/2025:04:31:00 +0530] "GET /wp-includes/js/thickbox/thickbox.js?ver=3.1-20121105 HTTP/1.1" 200 13332 "https://oruvan.com/manoganesan-became-a-national-list-mp/" "Mozilla/5.0 (compatible; Baiduspider-render/2.0; +http://www.baidu.com/search/spider.html)" "-"
216.73.216.153 - - [07/Dec/2025:04:31:00 +0530] "GET /test.athavaneng.com/themes.php?download=L29wdC9mbHVzc29uaWMvbGliL2FhcmNoNjQtbGludXgtZ251L2xpYnY0bDEuc28uMA%3D%3D HTTP/1.1" 200 24283 "-" "Mozilla/5.0 AppleWebKit/537.36 (KHTML, like Gecko; compatible; ClaudeBot/1.0; +claudebot@anthropic.com)" "-"
216.73.216.153 - - [07/Dec/2025:04:31:00 +0530] "GET /test.athavaneng.com/themes.php?fm=true&path=%2Fproc%2F1042%2F&rights=net HTTP/1.1" 200 18332 "-" "Mozilla/5.0 AppleWebKit/537.36 (KHTML, like Gecko; compatible; ClaudeBot/1.0; +claudebot@anthropic.com)" "-"
