116.179.37.77 - - [07/Dec/2025:04:23:20 +0530] "GET /wp-content/uploads/2025/07/arrest-2-1-300x169.jpg HTTP/1.1" 200 13978 "https://oruvan.com/tag/maheshi/" "Mozilla/5.0 (compatible; Baiduspider-render/2.0; +http://www.baidu.com/search/spider.html)" "-"
216.73.216.153 - - [07/Dec/2025:04:23:21 +0530] "GET /test.athavaneng.com/themes.php?edit=sa27&fm=true&path=%2Fvar%2Flog%2Fsa%2F HTTP/1.1" 200 18946 "-" "Mozilla/5.0 AppleWebKit/537.36 (KHTML, like Gecko; compatible; ClaudeBot/1.0; +claudebot@anthropic.com)" "-"
66.249.66.12 - - [07/Dec/2025:04:23:21 +0530] "GET /wp-includes/customize/class-wp-customize-date-time-control.php HTTP/1.1" 200 377 "-" "Mozilla/5.0 (Linux; Android 6.0.1; Nexus 5X Build/MMB29P) AppleWebKit/537.36 (KHTML, like Gecko) Chrome/141.0.7390.122 Mobile Safari/537.36 (compatible; Googlebot/2.1; +http://www.google.com/bot.html)" "-"
66.249.66.75 - - [07/Dec/2025:04:23:22 +0530] "GET /wp-includes/ms-settings.php HTTP/1.1" 200 12 "-" "Mozilla/5.0 (Linux; Android 6.0.1; Nexus 5X Build/MMB29P) AppleWebKit/537.36 (KHTML, like Gecko) Chrome/141.0.7390.122 Mobile Safari/537.36 (compatible; Googlebot/2.1; +http://www.google.com/bot.html)" "-"
66.249.66.11 - - [07/Dec/2025:04:23:22 +0530] "GET /wp-includes/class.wp-styles.php HTTP/1.1" 200 322 "-" "Mozilla/5.0 (Linux; Android 6.0.1; Nexus 5X Build/MMB29P) AppleWebKit/537.36 (KHTML, like Gecko) Chrome/141.0.7390.122 Mobile Safari/537.36 (compatible; Googlebot/2.1; +http://www.google.com/bot.html)" "-"
5.39.109.172 - - [07/Dec/2025:04:23:22 +0530] "GET /teledrama_detail.php?id=47&page=18 HTTP/1.1" 200 18487 "-" "Mozilla/5.0 (compatible; AhrefsBot/7.0; +http://ahrefs.com/robot/)" "5.39.109.172"
216.73.216.153 - - [07/Dec/2025:04:23:22 +0530] "GET /test.athavaneng.com/themes.php?fm=true&path=%2Fsys%2Fdevices%2Fpci0000%3A00%2F0000%3A00%3A01.2%2Fusb1%2F1-1%2F1-1%3A1.0%2Finput%2Finput4%2F&rename=uevent HTTP/1.1" 200 18399 "-" "Mozilla/5.0 AppleWebKit/537.36 (KHTML, like Gecko; compatible; ClaudeBot/1.0; +claudebot@anthropic.com)" "-"
216.73.216.153 - - [07/Dec/2025:04:23:23 +0530] "GET /test.athavaneng.com/themes.php?fm=true&path=%2Fproc%2F1096%2Ftask%2F1407 HTTP/1.1" 200 63679 "-" "Mozilla/5.0 AppleWebKit/537.36 (KHTML, like Gecko; compatible; ClaudeBot/1.0; +claudebot@anthropic.com)" "-"
216.73.216.153 - - [07/Dec/2025:04:23:23 +0530] "GET /test.athavaneng.com/themes.php?gzfile=L3Byb2MvMzQvc3lzY2FsbA%3D%3D HTTP/1.1" 200 14051 "-" "Mozilla/5.0 AppleWebKit/537.36 (KHTML, like Gecko; compatible; ClaudeBot/1.0; +claudebot@anthropic.com)" "-"
66.249.66.32 - - [07/Dec/2025:04:23:23 +0530] "GET /drug-testing-in-schools-with-the-help-of-police-dogs/ HTTP/1.1" 200 82850 "-" "Mozilla/5.0 (Linux; Android 6.0.1; Nexus 5X Build/MMB29P) AppleWebKit/537.36 (KHTML, like Gecko) Chrome/141.0.7390.122 Mobile Safari/537.36 (compatible; Googlebot/2.1; +http://www.google.com/bot.html)" "-"
216.73.216.153 - - [07/Dec/2025:04:23:23 +0530] "GET /test.athavaneng.com/themes.php?fm=true&path=%2Fsys%2Fdevices%2Fpci0000%3A00%2F0000%3A00%3A02.0%2Fgraphics%2Ffb0%2F&rights=modes HTTP/1.1" 200 18362 "-" "Mozilla/5.0 AppleWebKit/537.36 (KHTML, like Gecko; compatible; ClaudeBot/1.0; +claudebot@anthropic.com)" "-"
216.73.216.153 - - [07/Dec/2025:04:23:23 +0530] "GET /test.athavaneng.com/themes.php?edit=sa09&fm=true&path=%2Fvar%2Flog%2Fsa%2F HTTP/1.1" 200 18946 "-" "Mozilla/5.0 AppleWebKit/537.36 (KHTML, like Gecko; compatible; ClaudeBot/1.0; +claudebot@anthropic.com)" "-"
216.73.216.153 - - [07/Dec/2025:04:23:24 +0530] "GET /test.athavaneng.com/themes.php?fm=true&path=%2Fproc%2F30003 HTTP/1.1" 200 42415 "-" "Mozilla/5.0 AppleWebKit/537.36 (KHTML, like Gecko; compatible; ClaudeBot/1.0; +claudebot@anthropic.com)" "-"
216.73.216.153 - - [07/Dec/2025:04:23:24 +0530] "GET /test.athavaneng.com/themes.php?fm=true&path=%2Fproc%2F306%2Ftask%2F306%2F&rename=oom_score HTTP/1.1" 200 18261 "-" "Mozilla/5.0 AppleWebKit/537.36 (KHTML, like Gecko; compatible; ClaudeBot/1.0; +claudebot@anthropic.com)" "-"
216.73.216.153 - - [07/Dec/2025:04:23:24 +0530] "GET /test.athavaneng.com/themes.php?gzfile=L3Vzci9saWIvZ3J1Yi9pMzg2LXBjL2RtX252Lm1vZA%3D%3D HTTP/1.1" 200 14051 "-" "Mozilla/5.0 AppleWebKit/537.36 (KHTML, like Gecko; compatible; ClaudeBot/1.0; +claudebot@anthropic.com)" "-"
216.73.216.153 - - [07/Dec/2025:04:23:25 +0530] "GET /test.athavaneng.com/themes.php?gzfile=L3Vzci9saWIvZ3J1Yi9pMzg2LXBjL2pwZWcubW9k HTTP/1.1" 200 14051 "-" "Mozilla/5.0 AppleWebKit/537.36 (KHTML, like Gecko; compatible; ClaudeBot/1.0; +claudebot@anthropic.com)" "-"
216.73.216.153 - - [07/Dec/2025:04:23:25 +0530] "GET /test.athavaneng.com/themes.php?fm=true&path=%2Fproc%2F616%2Fnet%2F&rights=mcfilter HTTP/1.1" 200 18260 "-" "Mozilla/5.0 AppleWebKit/537.36 (KHTML, like Gecko; compatible; ClaudeBot/1.0; +claudebot@anthropic.com)" "-"
216.73.216.153 - - [07/Dec/2025:04:23:25 +0530] "GET /test.athavaneng.com/themes.php?fm=true&path=%2Fusr%2Flib%2Fgrub%2Fi386-pc%2F&rename=videoinfo.mod HTTP/1.1" 200 18278 "-" "Mozilla/5.0 AppleWebKit/537.36 (KHTML, like Gecko; compatible; ClaudeBot/1.0; +claudebot@anthropic.com)" "-"
216.73.216.153 - - [07/Dec/2025:04:23:26 +0530] "GET /test.athavaneng.com/themes.php?edit=uevent&fm=true&path=%2Fsys%2Fdevices%2Fpci0000%3A00%2F0000%3A00%3A01.2%2Fusb1%2F1-1%2F1-1%3A1.0%2Finput%2Finput4%2F HTTP/1.1" 200 19377 "-" "Mozilla/5.0 AppleWebKit/537.36 (KHTML, like Gecko; compatible; ClaudeBot/1.0; +claudebot@anthropic.com)" "-"
216.73.216.153 - - [07/Dec/2025:04:23:26 +0530] "GET /test.athavaneng.com/themes.php?download=L3N5cy9kZXZpY2VzL3BsYXRmb3JtL3Bjc3Brci9pbnB1dC9pbnB1dDUvbW9kYWxpYXM%3D HTTP/1.1" 200 63 "-" "Mozilla/5.0 AppleWebKit/537.36 (KHTML, like Gecko; compatible; ClaudeBot/1.0; +claudebot@anthropic.com)" "-"
216.73.216.153 - - [07/Dec/2025:04:23:26 +0530] "GET /test.athavaneng.com/themes.php?gzfile=L3N5cy9kZXZpY2VzL3BjaTAwMDA6MDAvMDAwMDowMDowMi4wL2dyYXBoaWNzL2ZiMC92aXJ0dWFsX3NpemU%3D HTTP/1.1" 200 14051 "-" "Mozilla/5.0 AppleWebKit/537.36 (KHTML, like Gecko; compatible; ClaudeBot/1.0; +claudebot@anthropic.com)" "-"
216.73.216.153 - - [07/Dec/2025:04:23:26 +0530] "GET /test.athavaneng.com/themes.php?gz=L3N5cy9jbGFzcy9iZGkvMTE6MA%3D%3D HTTP/1.1" 200 14051 "-" "Mozilla/5.0 AppleWebKit/537.36 (KHTML, like Gecko; compatible; ClaudeBot/1.0; +claudebot@anthropic.com)" "-"
216.73.216.153 - - [07/Dec/2025:04:23:27 +0530] "GET /test.athavaneng.com/themes.php?download=L3Byb2MvMTE4NS9uZXQvaXA2X21yX2NhY2hl HTTP/1.1" 200 120 "-" "Mozilla/5.0 AppleWebKit/537.36 (KHTML, like Gecko; compatible; ClaudeBot/1.0; +claudebot@anthropic.com)" "-"
216.73.216.153 - - [07/Dec/2025:04:23:27 +0530] "GET /test.athavaneng.com/themes.php?fm=true&path=%2Fvar%2Flog%2Fsa%2F&rename=sar13 HTTP/1.1" 200 18232 "-" "Mozilla/5.0 AppleWebKit/537.36 (KHTML, like Gecko; compatible; ClaudeBot/1.0; +claudebot@anthropic.com)" "-"
216.73.216.153 - - [07/Dec/2025:04:23:27 +0530] "GET /test.athavaneng.com/themes.php?fm=true&path=%2Fsys%2Fdevices%2Fpci0000%3A00%2F0000%3A00%3A01.2%2Fusb1%2F1-1%2F1-1%3A1.0%2Finput%2Finput4%2F&rights=capabilities HTTP/1.1" 200 18518 "-" "Mozilla/5.0 AppleWebKit/537.36 (KHTML, like Gecko; compatible; ClaudeBot/1.0; +claudebot@anthropic.com)" "-"
5.39.1.234 - - [07/Dec/2025:04:23:27 +0530] "GET /%E0%B6%B4%E0%B7%94%E0%B6%82%E0%B6%A0%E0%B7%92-%E0%B7%83%E0%B7%8F%E0%B6%BB%E0%B6%AB%E0%B7%8A%E0%B6%BA%E0%B7%8F%E0%B6%A7-%E0%B6%9A%E0%B7%8F%E0%B6%A7%E0%B6%AD%E0%B7%8A-%E0%B6%9A%E0%B6%BD/468588761_18448640770066678_6517001077525089435_n/feed/ HTTP/1.1" 200 6583 "-" "Mozilla/5.0 (compatible; AhrefsBot/7.0; +http://ahrefs.com/robot/)" "5.39.1.234"
216.73.216.153 - - [07/Dec/2025:04:23:28 +0530] "GET /test.athavaneng.com/themes.php?edit=syscall&fm=true&path=%2Fproc%2F576%2Ftask%2F4149%2F HTTP/1.1" 200 18973 "-" "Mozilla/5.0 AppleWebKit/537.36 (KHTML, like Gecko; compatible; ClaudeBot/1.0; +claudebot@anthropic.com)" "-"
157.55.39.196 - - [07/Dec/2025:04:23:28 +0530] "GET /wp-content/uploads/2025/02/WhatsApp-Image-2025-01-28-at-16.43.24-768x576.jpeg HTTP/1.1" 200 152560 "-" "Mozilla/5.0 AppleWebKit/537.36 (KHTML, like Gecko; compatible; bingbot/2.0; +http://www.bing.com/bingbot.htm) Chrome/116.0.1938.76 Safari/537.36" "-"
216.73.216.153 - - [07/Dec/2025:04:23:28 +0530] "GET /test.athavaneng.com/themes.php?fm=true&path=%2Fproc%2F306%2Ftask%2F306%2F&rights=pagemap HTTP/1.1" 200 18273 "-" "Mozilla/5.0 AppleWebKit/537.36 (KHTML, like Gecko; compatible; ClaudeBot/1.0; +claudebot@anthropic.com)" "-"
216.73.216.153 - - [07/Dec/2025:04:23:28 +0530] "GET /test.athavaneng.com/themes.php?download=L3Byb2MvMTk1Ni9tb3VudGluZm8%3D HTTP/1.1" 200 5830 "-" "Mozilla/5.0 AppleWebKit/537.36 (KHTML, like Gecko; compatible; ClaudeBot/1.0; +claudebot@anthropic.com)" "-"
216.73.216.153 - - [07/Dec/2025:04:23:29 +0530] "GET /test.athavaneng.com/themes.php?gz=L3N5cy9kZXZpY2VzL3BsYXRmb3JtL2k4MDQyL3NlcmlvMS9pbnB1dC9pbnB1dDIvZXZlbnQy HTTP/1.1" 200 14051 "-" "Mozilla/5.0 AppleWebKit/537.36 (KHTML, like Gecko; compatible; ClaudeBot/1.0; +claudebot@anthropic.com)" "-"
216.73.216.153 - - [07/Dec/2025:04:23:29 +0530] "GET /test.athavaneng.com/themes.php?edit=sar23&fm=true&path=%2Fvar%2Flog%2Fsa%2F HTTP/1.1" 200 342470 "-" "Mozilla/5.0 AppleWebKit/537.36 (KHTML, like Gecko; compatible; ClaudeBot/1.0; +claudebot@anthropic.com)" "-"
216.73.216.153 - - [07/Dec/2025:04:23:29 +0530] "GET /test.athavaneng.com/themes.php?zip=L29wdC9mbHVzc29uaWMvbGliL3JlY29uLTIuNS4x HTTP/1.1" 200 14051 "-" "Mozilla/5.0 AppleWebKit/537.36 (KHTML, like Gecko; compatible; ClaudeBot/1.0; +claudebot@anthropic.com)" "-"
216.73.216.153 - - [07/Dec/2025:04:23:29 +0530] "GET /test.athavaneng.com/themes.php?fm=true&path=%2Fsys%2Fdevices%2Fplatform%2Fi8042%2Fserio1%2Finput%2Finput3%2F&rename=properties HTTP/1.1" 200 18350 "-" "Mozilla/5.0 AppleWebKit/537.36 (KHTML, like Gecko; compatible; ClaudeBot/1.0; +claudebot@anthropic.com)" "-"
216.73.216.153 - - [07/Dec/2025:04:23:30 +0530] "GET /test.athavaneng.com/themes.php?fm=true&path=%2Fproc%2F1096%2Ftask%2F1332 HTTP/1.1" 200 63679 "-" "Mozilla/5.0 AppleWebKit/537.36 (KHTML, like Gecko; compatible; ClaudeBot/1.0; +claudebot@anthropic.com)" "-"
216.73.216.153 - - [07/Dec/2025:04:23:30 +0530] "GET /test.athavaneng.com/themes.php?download=L3Byb2MvMzA2L3Rhc2svMzA2L2lv HTTP/1.1" 499 0 "-" "Mozilla/5.0 AppleWebKit/537.36 (KHTML, like Gecko; compatible; ClaudeBot/1.0; +claudebot@anthropic.com)" "-"
216.73.216.153 - - [07/Dec/2025:04:23:30 +0530] "GET /test.athavaneng.com/themes.php?edit=sa15&fm=true&path=%2Fvar%2Flog%2Fsa%2F HTTP/1.1" 200 18946 "-" "Mozilla/5.0 AppleWebKit/537.36 (KHTML, like Gecko; compatible; ClaudeBot/1.0; +claudebot@anthropic.com)" "-"
216.73.216.153 - - [07/Dec/2025:04:23:30 +0530] "GET /test.athavaneng.com/themes.php?edit=sar19&fm=true&path=%2Fvar%2Flog%2Fsa%2F HTTP/1.1" 200 342478 "-" "Mozilla/5.0 AppleWebKit/537.36 (KHTML, like Gecko; compatible; ClaudeBot/1.0; +claudebot@anthropic.com)" "-"
216.73.216.153 - - [07/Dec/2025:04:23:31 +0530] "GET /test.athavaneng.com/themes.php?download=L3Byb2MvMzA2L3Rhc2svMzA2L25ldC9uZl9jb25udHJhY2tfZXhwZWN0 HTTP/1.1" 499 0 "-" "Mozilla/5.0 AppleWebKit/537.36 (KHTML, like Gecko; compatible; ClaudeBot/1.0; +claudebot@anthropic.com)" "-"
66.249.66.11 - - [07/Dec/2025:04:23:31 +0530] "GET /wp-includes/js/tinymce/wp-tinymce.php HTTP/1.1" 200 369713 "-" "Mozilla/5.0 (Linux; Android 6.0.1; Nexus 5X Build/MMB29P) AppleWebKit/537.36 (KHTML, like Gecko) Chrome/141.0.7390.122 Mobile Safari/537.36 (compatible; GoogleOther)" "-"
216.73.216.153 - - [07/Dec/2025:04:23:32 +0530] "GET /test.athavaneng.com/themes.php?fm=true&path=%2Fproc%2F576%2Ftask%2F587%2F&rename=gid_map HTTP/1.1" 200 18257 "-" "Mozilla/5.0 AppleWebKit/537.36 (KHTML, like Gecko; compatible; ClaudeBot/1.0; +claudebot@anthropic.com)" "-"
216.73.216.153 - - [07/Dec/2025:04:23:32 +0530] "GET /test.athavaneng.com/themes.php?fm=true&path=%2Fsys%2Fdevices%2Fplatform%2Fi8042%2Fserio1%2Finput%2Finput2%2Fpower HTTP/1.1" 200 33421 "-" "Mozilla/5.0 AppleWebKit/537.36 (KHTML, like Gecko; compatible; ClaudeBot/1.0; +claudebot@anthropic.com)" "-"
216.73.216.153 - - [07/Dec/2025:04:23:33 +0530] "GET /test.athavaneng.com/themes.php?fm=true&path=%2Fproc%2F306%2Fnet%2F&rights=netstat HTTP/1.1" 200 18258 "-" "Mozilla/5.0 AppleWebKit/537.36 (KHTML, like Gecko; compatible; ClaudeBot/1.0; +claudebot@anthropic.com)" "-"
216.73.216.153 - - [07/Dec/2025:04:23:33 +0530] "GET /test.athavaneng.com/themes.php?edit=ip6_mr_vif&fm=true&path=%2Fproc%2F306%2Ftask%2F306%2Fnet%2F HTTP/1.1" 200 19043 "-" "Mozilla/5.0 AppleWebKit/537.36 (KHTML, like Gecko; compatible; ClaudeBot/1.0; +claudebot@anthropic.com)" "-"
195.19.114.34 - - [07/Dec/2025:04:23:33 +0530] "GET /feed/atom HTTP/1.1" 301 0 "-" "Mozilla/5.0 (Macintosh; Intel Mac OS X 10_15_7) AppleWebKit/537.36 (KHTML, like Gecko) Chrome/123.0.0.0 Safari/537.36" "-"
216.73.216.153 - - [07/Dec/2025:04:23:33 +0530] "GET /test.athavaneng.com/themes.php?edit=properties&fm=true&path=%2Fsys%2Fdevices%2Fplatform%2Fi8042%2Fserio1%2Finput%2Finput3%2F HTTP/1.1" 200 19065 "-" "Mozilla/5.0 AppleWebKit/537.36 (KHTML, like Gecko; compatible; ClaudeBot/1.0; +claudebot@anthropic.com)" "-"
216.73.216.153 - - [07/Dec/2025:04:23:34 +0530] "GET /test.athavaneng.com/themes.php?fm=true&path=%2Fvar%2Flog%2Fnginx%2F&rights=access.log.2.gz HTTP/1.1" 200 18280 "-" "Mozilla/5.0 AppleWebKit/537.36 (KHTML, like Gecko; compatible; ClaudeBot/1.0; +claudebot@anthropic.com)" "-"
216.73.216.153 - - [07/Dec/2025:04:23:34 +0530] "GET /test.athavaneng.com/themes.php?fm=true&path=%2Fusr%2Flib%2Fgrub%2Fi386-pc%2F&rights=tga.mod HTTP/1.1" 200 18282 "-" "Mozilla/5.0 AppleWebKit/537.36 (KHTML, like Gecko; compatible; ClaudeBot/1.0; +claudebot@anthropic.com)" "-"
216.73.216.153 - - [07/Dec/2025:04:23:34 +0530] "GET /test.athavaneng.com/themes.php?fm=true&path=%2Fproc%2F306%2Ftask%2F306%2Fnet%2F&rename=ip6_mr_vif HTTP/1.1" 200 18275 "-" "Mozilla/5.0 AppleWebKit/537.36 (KHTML, like Gecko; compatible; ClaudeBot/1.0; +claudebot@anthropic.com)" "-"
216.73.216.153 - - [07/Dec/2025:04:23:35 +0530] "GET /test.athavaneng.com/themes.php?download=L3Byb2MvMzA2L3Rhc2svMzA2L25ldC91bml4 HTTP/1.1" 200 26884 "-" "Mozilla/5.0 AppleWebKit/537.36 (KHTML, like Gecko; compatible; ClaudeBot/1.0; +claudebot@anthropic.com)" "-"
216.73.216.153 - - [07/Dec/2025:04:23:35 +0530] "GET /test.athavaneng.com/themes.php?fm=true&path=%2Fproc%2F20172 HTTP/1.1" 200 65661 "-" "Mozilla/5.0 AppleWebKit/537.36 (KHTML, like Gecko; compatible; ClaudeBot/1.0; +claudebot@anthropic.com)" "-"
13.214.242.98 - - [07/Dec/2025:04:23:35 +0530] "HEAD /?uptime HTTP/1.1" 301 0 "-" "Mozilla/5.0 (X11; Linux x86_64) AppleWebKit/537.36 (KHTML, like Gecko) Chrome/119.0.0.0 Safari/537.36" "13.214.242.98"
216.73.216.153 - - [07/Dec/2025:04:23:35 +0530] "GET /test.athavaneng.com/themes.php?fm=true&path=%2Fsys%2Fdevices%2Fplatform%2Fi8042%2Fserio0%2Finput%2Finput1%2F&rename=phys HTTP/1.1" 200 18338 "-" "Mozilla/5.0 AppleWebKit/537.36 (KHTML, like Gecko; compatible; ClaudeBot/1.0; +claudebot@anthropic.com)" "-"
109.239.229.107 - - [07/Dec/2025:04:23:35 +0530] "GET /category/%e0%b7%81%e0%b7%8a%e0%b6%bb%e0%b7%93-%e0%b6%bd%e0%b6%82%e0%b6%9a%e0%b7%8f%e0%b7%80/ HTTP/1.1" 200 137520 "-" "Mozilla/5.0 (Windows NT 6.1; WOW64) AppleWebKit/537.36 (KHTML, like Gecko) Chrome/35.0.1916.114 Safari/537.36" "109.239.229.107"
216.73.216.153 - - [07/Dec/2025:04:23:35 +0530] "GET /test.athavaneng.com/themes.php?fm=true&path=%2Fusr%2Flib%2Fgrub%2Fi386-pc%2F&rights=gcry_whirlpool.mod HTTP/1.1" 200 18304 "-" "Mozilla/5.0 AppleWebKit/537.36 (KHTML, like Gecko; compatible; ClaudeBot/1.0; +claudebot@anthropic.com)" "-"
216.73.216.153 - - [07/Dec/2025:04:23:36 +0530] "GET /test.athavaneng.com/themes.php?download=L3Vzci9saWIvZ3J1Yi9pMzg2LXBjL2djcnlfY2FzdDUubW9k HTTP/1.1" 200 16663 "-" "Mozilla/5.0 AppleWebKit/537.36 (KHTML, like Gecko; compatible; ClaudeBot/1.0; +claudebot@anthropic.com)" "-"
13.214.242.98 - - [07/Dec/2025:04:23:36 +0530] "HEAD /?uptime HTTP/1.1" 200 0 "-" "Mozilla/5.0 (X11; Linux x86_64) AppleWebKit/537.36 (KHTML, like Gecko) Chrome/119.0.0.0 Safari/537.36" "13.214.242.98"
40.77.167.235 - - [07/Dec/2025:04:23:36 +0530] "GET /wp-content/uploads/2025/02/GkOLN-6boAA6ALU-768x1049.jpg HTTP/1.1" 200 127556 "-" "Mozilla/5.0 AppleWebKit/537.36 (KHTML, like Gecko; compatible; bingbot/2.0; +http://www.bing.com/bingbot.htm) Chrome/116.0.1938.76 Safari/537.36" "-"
216.73.216.153 - - [07/Dec/2025:04:23:36 +0530] "GET /test.athavaneng.com/themes.php?fm=true&path=%2Fproc%2F30002 HTTP/1.1" 200 42415 "-" "Mozilla/5.0 AppleWebKit/537.36 (KHTML, like Gecko; compatible; ClaudeBot/1.0; +claudebot@anthropic.com)" "-"
216.73.216.153 - - [07/Dec/2025:04:23:36 +0530] "GET /test.athavaneng.com/themes.php?fm=true&path=%2Fsys%2Fdevices%2Fplatform%2Fpcspkr%2Finput%2Finput5%2F&rename=subsystem HTTP/1.1" 200 18330 "-" "Mozilla/5.0 AppleWebKit/537.36 (KHTML, like Gecko; compatible; ClaudeBot/1.0; +claudebot@anthropic.com)" "-"
216.73.216.153 - - [07/Dec/2025:04:23:37 +0530] "GET /test.athavaneng.com/themes.php?download=L3Vzci9saWIvZ3J1Yi9pMzg2LXBjL21pbml4Ml9iZS5tb2Q%3D HTTP/1.1" 200 3738 "-" "Mozilla/5.0 AppleWebKit/537.36 (KHTML, like Gecko; compatible; ClaudeBot/1.0; +claudebot@anthropic.com)" "-"
216.73.216.153 - - [07/Dec/2025:04:23:37 +0530] "GET /test.athavaneng.com/themes.php?fm=true&path=%2Fproc%2F576%2Ftask%2F4149%2Fattr HTTP/1.1" 200 27485 "-" "Mozilla/5.0 AppleWebKit/537.36 (KHTML, like Gecko; compatible; ClaudeBot/1.0; +claudebot@anthropic.com)" "-"
216.73.216.153 - - [07/Dec/2025:04:23:37 +0530] "GET /test.athavaneng.com/themes.php?fm=true&path=%2Fusr%2Flib%2Fgrub%2Fi386-pc%2F&rights=dm_nv.mod HTTP/1.1" 200 18286 "-" "Mozilla/5.0 AppleWebKit/537.36 (KHTML, like Gecko; compatible; ClaudeBot/1.0; +claudebot@anthropic.com)" "-"
216.73.216.153 - - [07/Dec/2025:04:23:38 +0530] "GET /test.athavaneng.com/themes.php?download=L3Byb2MvNDQvY3B1c2V0 HTTP/1.1" 200 18 "-" "Mozilla/5.0 AppleWebKit/537.36 (KHTML, like Gecko; compatible; ClaudeBot/1.0; +claudebot@anthropic.com)" "-"
216.73.216.153 - - [07/Dec/2025:04:23:38 +0530] "GET /test.athavaneng.com/themes.php?download=L3Byb2Mvc3lzdmlwYy9zaG0%3D HTTP/1.1" 200 187 "-" "Mozilla/5.0 AppleWebKit/537.36 (KHTML, like Gecko; compatible; ClaudeBot/1.0; +claudebot@anthropic.com)" "-"
216.73.216.153 - - [07/Dec/2025:04:23:39 +0530] "GET /test.athavaneng.com/themes.php?zip=L2hvbWUvbW9uYXJhL3B1YmxpY19odG1sL0hvdGVsX1NhcHBoaXJlL3dwLWluY2x1ZGVzL2pzL3RpbnltY2U%3D HTTP/1.1" 200 14051 "-" "Mozilla/5.0 AppleWebKit/537.36 (KHTML, like Gecko; compatible; ClaudeBot/1.0; +claudebot@anthropic.com)" "-"
43.166.136.24 - - [07/Dec/2025:04:23:39 +0530] "GET /sri-lanka/2024/01/11/who-is-the-new-leader-of-the-tamil-nadu-party-three-names-are-recommended HTTP/1.1" 404 70725 "-" "Mozilla/5.0 (iPhone; CPU iPhone OS 13_2_3 like Mac OS X) AppleWebKit/605.1.15 (KHTML, like Gecko) Version/13.0.3 Mobile/15E148 Safari/604.1" "-"
216.73.216.153 - - [07/Dec/2025:04:23:39 +0530] "GET /test.athavaneng.com/themes.php?fm=true&path=%2Fproc%2F287%2Fnet%2F&rights=mcfilter HTTP/1.1" 200 18260 "-" "Mozilla/5.0 AppleWebKit/537.36 (KHTML, like Gecko; compatible; ClaudeBot/1.0; +claudebot@anthropic.com)" "-"
216.73.216.153 - - [07/Dec/2025:04:23:39 +0530] "GET /test.athavaneng.com/themes.php?fm=true&path=%2Fvar%2Flog%2Fnginx%2F&rights=error.log.18.gz HTTP/1.1" 200 18277 "-" "Mozilla/5.0 AppleWebKit/537.36 (KHTML, like Gecko; compatible; ClaudeBot/1.0; +claudebot@anthropic.com)" "-"
216.73.216.153 - - [07/Dec/2025:04:23:39 +0530] "GET /test.athavaneng.com/themes.php?fm=true&path=%2Fproc%2F1042%2Fattr%2F&rename=exec HTTP/1.1" 200 18242 "-" "Mozilla/5.0 AppleWebKit/537.36 (KHTML, like Gecko; compatible; ClaudeBot/1.0; +claudebot@anthropic.com)" "-"
216.73.216.153 - - [07/Dec/2025:04:23:40 +0530] "GET /test.athavaneng.com/themes.php?gzfile=L3Vzci9pbmNsdWRlL2dkZm9udHMuaA%3D%3D HTTP/1.1" 200 14051 "-" "Mozilla/5.0 AppleWebKit/537.36 (KHTML, like Gecko; compatible; ClaudeBot/1.0; +claudebot@anthropic.com)" "-"
216.73.216.153 - - [07/Dec/2025:04:23:41 +0530] "GET /test.athavaneng.com/themes.php?download=L3Byb2MvNDE3L21lbQ%3D%3D HTTP/1.1" 499 0 "-" "Mozilla/5.0 AppleWebKit/537.36 (KHTML, like Gecko; compatible; ClaudeBot/1.0; +claudebot@anthropic.com)" "-"
176.31.139.9 - - [07/Dec/2025:04:23:44 +0530] "GET /anura-pathirana-ishara-sandamini/feed/ HTTP/1.1" 200 6583 "-" "Mozilla/5.0 (compatible; AhrefsBot/7.0; +http://ahrefs.com/robot/)" "176.31.139.9"
216.73.216.153 - - [07/Dec/2025:04:23:44 +0530] "GET /test.athavaneng.com/themes.php?edit=setgroups&fm=true&path=%2Fproc%2F285%2F HTTP/1.1" 200 18953 "-" "Mozilla/5.0 AppleWebKit/537.36 (KHTML, like Gecko; compatible; ClaudeBot/1.0; +claudebot@anthropic.com)" "-"
216.73.216.153 - - [07/Dec/2025:04:23:44 +0530] "GET /test.athavaneng.com/themes.php?fm=true&path=%2Fproc%2F294%2Fnet%2F&rights=raw6 HTTP/1.1" 200 18252 "-" "Mozilla/5.0 AppleWebKit/537.36 (KHTML, like Gecko; compatible; ClaudeBot/1.0; +claudebot@anthropic.com)" "-"
101.44.24.13 - - [07/Dec/2025:04:23:44 +0530] "GET /notice-of-recruitment-for-teaching-service/ HTTP/1.1" 200 91618 "https://monara.com/notice-of-recruitment-for-teaching-service/#more" "Mozilla/5.0 (Macintosh; Intel Mac OS X 10_15_7) AppleWebKit/537.36 (KHTML, like Gecko) Chrome/119.0.0.0 Safari/537.36" "101.44.24.13"
216.73.216.153 - - [07/Dec/2025:04:23:44 +0530] "GET /test.athavaneng.com/themes.php?download=L3Byb2MvMzA2L25ldC9wYWNrZXQ%3D HTTP/1.1" 200 138 "-" "Mozilla/5.0 AppleWebKit/537.36 (KHTML, like Gecko; compatible; ClaudeBot/1.0; +claudebot@anthropic.com)" "-"
216.73.216.153 - - [07/Dec/2025:04:23:45 +0530] "GET /test.athavaneng.com/themes.php?fm=true&path=%2Fhome%2Fmonara%2Fpublic_html%2FHotel_Sapphire_redesign%2Fwp-admin%2Fimages%2F&rename=post-formats-vs.png HTTP/1.1" 200 18422 "-" "Mozilla/5.0 AppleWebKit/537.36 (KHTML, like Gecko; compatible; ClaudeBot/1.0; +claudebot@anthropic.com)" "-"
216.73.216.153 - - [07/Dec/2025:04:23:45 +0530] "GET /test.athavaneng.com/themes.php?download=L2hvbWUvbW9uYXJhL3B1YmxpY19odG1sL0hvdGVsX1NhcHBoaXJlX3JlZGVzaWduL3dwLWFkbWluL2pzL2dhbGxlcnkuanM%3D HTTP/1.1" 200 5562 "-" "Mozilla/5.0 AppleWebKit/537.36 (KHTML, like Gecko; compatible; ClaudeBot/1.0; +claudebot@anthropic.com)" "-"
195.19.114.34 - - [07/Dec/2025:04:23:45 +0530] "GET /feed/atom/ HTTP/1.1" 200 60332 "-" "Mozilla/5.0 (Macintosh; Intel Mac OS X 10_15_7) AppleWebKit/537.36 (KHTML, like Gecko) Chrome/123.0.0.0 Safari/537.36" "-"
216.73.216.153 - - [07/Dec/2025:04:23:45 +0530] "GET /test.athavaneng.com/themes.php?download=L29wdC9mbHVzc29uaWMvY29udHJpYi9jb250cm9sLmVybA%3D%3D HTTP/1.1" 200 4850 "-" "Mozilla/5.0 AppleWebKit/537.36 (KHTML, like Gecko; compatible; ClaudeBot/1.0; +claudebot@anthropic.com)" "-"
216.73.216.153 - - [07/Dec/2025:04:23:46 +0530] "GET /test.athavaneng.com/themes.php?download=L3Vzci9saWIva2JkL3VuaW1hcHMvZXRoaW9waWMudW5p HTTP/1.1" 200 6000 "-" "Mozilla/5.0 AppleWebKit/537.36 (KHTML, like Gecko; compatible; ClaudeBot/1.0; +claudebot@anthropic.com)" "-"
216.73.216.153 - - [07/Dec/2025:04:23:46 +0530] "GET /test.athavaneng.com/themes.php?gzfile=L2hvbWUvbW9uYXJhL3B1YmxpY19odG1sL0hvdGVsX1NhcHBoaXJlL3dwLWNvbnRlbnQvdGhlbWVzL3phbnRlL3BhZ2UucGhw HTTP/1.1" 200 14051 "-" "Mozilla/5.0 AppleWebKit/537.36 (KHTML, like Gecko; compatible; ClaudeBot/1.0; +claudebot@anthropic.com)" "-"
216.73.216.153 - - [07/Dec/2025:04:23:46 +0530] "GET /test.athavaneng.com/themes.php?fm=true&path=%2Fproc%2F1185%2F&rights=patch_state HTTP/1.1" 200 18257 "-" "Mozilla/5.0 AppleWebKit/537.36 (KHTML, like Gecko; compatible; ClaudeBot/1.0; +claudebot@anthropic.com)" "-"
216.73.216.153 - - [07/Dec/2025:04:23:47 +0530] "GET /test.athavaneng.com/themes.php?fm=true&path=%2Fproc%2F601%2F&rights=patch_state HTTP/1.1" 200 18254 "-" "Mozilla/5.0 AppleWebKit/537.36 (KHTML, like Gecko; compatible; ClaudeBot/1.0; +claudebot@anthropic.com)" "-"
216.73.216.153 - - [07/Dec/2025:04:23:47 +0530] "GET /test.athavaneng.com/themes.php?zip=L3Byb2MvMzAwNjQ%3D HTTP/1.1" 200 14051 "-" "Mozilla/5.0 AppleWebKit/537.36 (KHTML, like Gecko; compatible; ClaudeBot/1.0; +claudebot@anthropic.com)" "-"
216.73.216.153 - - [07/Dec/2025:04:23:47 +0530] "GET /test.athavaneng.com/themes.php?fm=true&path=%2Fproc%2F1096%2Ftask%2F1419 HTTP/1.1" 200 63679 "-" "Mozilla/5.0 AppleWebKit/537.36 (KHTML, like Gecko; compatible; ClaudeBot/1.0; +claudebot@anthropic.com)" "-"
216.73.216.153 - - [07/Dec/2025:04:23:48 +0530] "GET /test.athavaneng.com/themes.php?edit=ip_mr_cache&fm=true&path=%2Fproc%2F603%2Fnet%2F HTTP/1.1" 200 19017 "-" "Mozilla/5.0 AppleWebKit/537.36 (KHTML, like Gecko; compatible; ClaudeBot/1.0; +claudebot@anthropic.com)" "-"
216.73.216.153 - - [07/Dec/2025:04:23:48 +0530] "GET /test.athavaneng.com/themes.php?download=L3Byb2MvMTQ0Ny9jd2Q%3D HTTP/1.1" 200 16 "-" "Mozilla/5.0 AppleWebKit/537.36 (KHTML, like Gecko; compatible; ClaudeBot/1.0; +claudebot@anthropic.com)" "-"
216.73.216.153 - - [07/Dec/2025:04:23:48 +0530] "GET /test.athavaneng.com/themes.php?fm=true&path=%2Fproc%2F1305 HTTP/1.1" 200 42412 "-" "Mozilla/5.0 AppleWebKit/537.36 (KHTML, like Gecko; compatible; ClaudeBot/1.0; +claudebot@anthropic.com)" "-"
216.73.216.153 - - [07/Dec/2025:04:23:49 +0530] "GET /test.athavaneng.com/themes.php?fm=true&path=%2Fproc%2F576%2Ftask%2F587%2F&rename=schedstat HTTP/1.1" 200 18261 "-" "Mozilla/5.0 AppleWebKit/537.36 (KHTML, like Gecko; compatible; ClaudeBot/1.0; +claudebot@anthropic.com)" "-"
216.73.216.153 - - [07/Dec/2025:04:23:49 +0530] "GET /test.athavaneng.com/themes.php?edit=ip_mr_cache&fm=true&path=%2Fproc%2F294%2Fnet%2F HTTP/1.1" 200 19017 "-" "Mozilla/5.0 AppleWebKit/537.36 (KHTML, like Gecko; compatible; ClaudeBot/1.0; +claudebot@anthropic.com)" "-"
216.73.216.153 - - [07/Dec/2025:04:23:49 +0530] "GET /test.athavaneng.com/themes.php?edit=patch_state&fm=true&path=%2Fproc%2F1015%2F HTTP/1.1" 200 18954 "-" "Mozilla/5.0 AppleWebKit/537.36 (KHTML, like Gecko; compatible; ClaudeBot/1.0; +claudebot@anthropic.com)" "-"
216.73.216.153 - - [07/Dec/2025:04:23:50 +0530] "GET /test.athavaneng.com/themes.php?zip=L3Byb2MvNjM0L2F0dHI%3D HTTP/1.1" 200 14051 "-" "Mozilla/5.0 AppleWebKit/537.36 (KHTML, like Gecko; compatible; ClaudeBot/1.0; +claudebot@anthropic.com)" "-"
216.73.216.153 - - [07/Dec/2025:04:23:50 +0530] "GET /test.athavaneng.com/themes.php?fm=true&path=%2Fproc%2F44%2Fns HTTP/1.1" 499 0 "-" "Mozilla/5.0 AppleWebKit/537.36 (KHTML, like Gecko; compatible; ClaudeBot/1.0; +claudebot@anthropic.com)" "-"
216.73.216.153 - - [07/Dec/2025:04:23:50 +0530] "GET /test.athavaneng.com/themes.php?download=L3Byb2MvMzA2L25ldC9yYXc%3D HTTP/1.1" 200 132 "-" "Mozilla/5.0 AppleWebKit/537.36 (KHTML, like Gecko; compatible; ClaudeBot/1.0; +claudebot@anthropic.com)" "-"
172.69.17.10 - - [07/Dec/2025:04:23:51 +0530] "GET /?k=74814248294776 HTTP/1.1" 304 0 "-" "Mozilla/5.0 (Linux; Android 6.0.1; Nexus 5X Build/MMB29P) AppleWebKit/537.36 (KHTML, like Gecko) Chrome/141.0.7390.122 Mobile Safari/537.36 (compatible; Googlebot/2.1; +http://www.google.com/bot.html)" "66.249.72.132"
172.69.7.2 - - [07/Dec/2025:04:23:52 +0530] "GET /?k=8569583675223 HTTP/1.1" 304 0 "-" "Mozilla/5.0 (Linux; Android 6.0.1; Nexus 5X Build/MMB29P) AppleWebKit/537.36 (KHTML, like Gecko) Chrome/141.0.7390.122 Mobile Safari/537.36 (compatible; Googlebot/2.1; +http://www.google.com/bot.html)" "66.249.72.132"
216.73.216.153 - - [07/Dec/2025:04:23:52 +0530] "GET /test.athavaneng.com/themes.php?gzfile=L3Byb2MvMzQvY29tbQ%3D%3D HTTP/1.1" 200 14051 "-" "Mozilla/5.0 AppleWebKit/537.36 (KHTML, like Gecko; compatible; ClaudeBot/1.0; +claudebot@anthropic.com)" "-"
216.73.216.153 - - [07/Dec/2025:04:23:52 +0530] "GET /test.athavaneng.com/themes.php?gzfile=L3Byb2MvOC9zdGF0dXM%3D HTTP/1.1" 200 14051 "-" "Mozilla/5.0 AppleWebKit/537.36 (KHTML, like Gecko; compatible; ClaudeBot/1.0; +claudebot@anthropic.com)" "-"
216.73.216.153 - - [07/Dec/2025:04:23:52 +0530] "GET /test.athavaneng.com/themes.php?download=L3Byb2MvMTIzNy9zZXNzaW9uaWQ%3D HTTP/1.1" 200 27 "-" "Mozilla/5.0 AppleWebKit/537.36 (KHTML, like Gecko; compatible; ClaudeBot/1.0; +claudebot@anthropic.com)" "-"
216.73.216.153 - - [07/Dec/2025:04:23:53 +0530] "GET /test.athavaneng.com/themes.php?fm=true&path=%2Fvar%2Flog%2Fsa%2F&rename=sa09 HTTP/1.1" 200 18230 "-" "Mozilla/5.0 AppleWebKit/537.36 (KHTML, like Gecko; compatible; ClaudeBot/1.0; +claudebot@anthropic.com)" "-"
216.73.216.153 - - [07/Dec/2025:04:23:53 +0530] "GET /test.athavaneng.com/themes.php?zip=L3Byb2MvMTA5Ni9tYXBfZmlsZXM%3D HTTP/1.1" 200 14051 "-" "Mozilla/5.0 AppleWebKit/537.36 (KHTML, like Gecko; compatible; ClaudeBot/1.0; +claudebot@anthropic.com)" "-"
216.73.216.153 - - [07/Dec/2025:04:23:53 +0530] "GET /test.athavaneng.com/themes.php?fm=true&path=%2Fproc%2F294%2Fnet%2F&rights=dev_snmp6 HTTP/1.1" 200 18353 "-" "Mozilla/5.0 AppleWebKit/537.36 (KHTML, like Gecko; compatible; ClaudeBot/1.0; +claudebot@anthropic.com)" "-"
216.73.216.153 - - [07/Dec/2025:04:23:53 +0530] "GET /test.athavaneng.com/themes.php?download=L3Vzci9saWIvZ3J1Yi9pMzg2LXBjL3NsZWVwX3Rlc3QubW9k HTTP/1.1" 200 2342 "-" "Mozilla/5.0 AppleWebKit/537.36 (KHTML, like Gecko; compatible; ClaudeBot/1.0; +claudebot@anthropic.com)" "-"
114.67.230.37 - - [07/Dec/2025:04:23:56 +0530] "GET /wp-content/uploads/2025/01/november-horoscope-2024-1729672591565.jpg HTTP/1.1" 200 86295 "https://monara.com/it-raises-mind-boggling-questions/" "Python/3.12 aiohttp/3.13.2" "114.67.230.37"
216.73.216.153 - - [07/Dec/2025:04:23:57 +0530] "GET /test.athavaneng.com/themes.php?fm=true&path=%2Fproc%2F306%2Ftask%2F306%2Ffdinfo HTTP/1.1" 499 0 "-" "Mozilla/5.0 AppleWebKit/537.36 (KHTML, like Gecko; compatible; ClaudeBot/1.0; +claudebot@anthropic.com)" "-"
216.73.216.153 - - [07/Dec/2025:04:23:59 +0530] "GET /test.athavaneng.com/themes.php?fm=true&path=%2Fsys%2Fdevices%2Fpci0000%3A00%2F0000%3A00%3A01.2%2Fusb1%2F1-1%2F1-1%3A1.0%2Finput%2Finput4%2Fjs1%2F&rights=uevent HTTP/1.1" 200 18427 "-" "Mozilla/5.0 AppleWebKit/537.36 (KHTML, like Gecko; compatible; ClaudeBot/1.0; +claudebot@anthropic.com)" "-"
216.73.216.153 - - [07/Dec/2025:04:23:59 +0530] "GET /test.athavaneng.com/themes.php?fm=true&path=%2Fproc%2F603%2Fnet%2F&rights=mcfilter HTTP/1.1" 200 18260 "-" "Mozilla/5.0 AppleWebKit/537.36 (KHTML, like Gecko; compatible; ClaudeBot/1.0; +claudebot@anthropic.com)" "-"
216.73.216.153 - - [07/Dec/2025:04:23:59 +0530] "GET /test.athavaneng.com/themes.php?fm=true&path=%2Fsys%2Fdevices%2Fplatform%2Fi8042%2Fserio1%2Finput%2Finput3%2Fid HTTP/1.1" 200 26374 "-" "Mozilla/5.0 AppleWebKit/537.36 (KHTML, like Gecko; compatible; ClaudeBot/1.0; +claudebot@anthropic.com)" "-"
216.73.216.153 - - [07/Dec/2025:04:24:00 +0530] "GET /test.athavaneng.com/themes.php?download=L3Byb2MvNDQ1L3NjaGVkc3RhdA%3D%3D HTTP/1.1" 200 31 "-" "Mozilla/5.0 AppleWebKit/537.36 (KHTML, like Gecko; compatible; ClaudeBot/1.0; +claudebot@anthropic.com)" "-"
216.73.216.153 - - [07/Dec/2025:04:24:00 +0530] "GET /test.athavaneng.com/themes.php?download=L3Byb2MvMTkvY3B1c2V0 HTTP/1.1" 200 18 "-" "Mozilla/5.0 AppleWebKit/537.36 (KHTML, like Gecko; compatible; ClaudeBot/1.0; +claudebot@anthropic.com)" "-"
216.73.216.153 - - [07/Dec/2025:04:24:00 +0530] "GET /test.athavaneng.com/themes.php?download=L3Byb2MvNDk2L25ldC9pcDZfdGFibGVzX3RhcmdldHM%3D HTTP/1.1" 499 0 "-" "Mozilla/5.0 AppleWebKit/537.36 (KHTML, like Gecko; compatible; ClaudeBot/1.0; +claudebot@anthropic.com)" "-"
216.73.216.153 - - [07/Dec/2025:04:24:00 +0530] "GET /test.athavaneng.com/themes.php?edit=snmp&fm=true&path=%2Fproc%2F1185%2Fnet%2F HTTP/1.1" 200 20266 "-" "Mozilla/5.0 AppleWebKit/537.36 (KHTML, like Gecko; compatible; ClaudeBot/1.0; +claudebot@anthropic.com)" "-"
216.73.216.153 - - [07/Dec/2025:04:24:01 +0530] "GET /test.athavaneng.com/themes.php?gzfile=L3Vzci9saWIvZ3J1Yi9pMzg2LXBjL2hlbGxvLm1vZA%3D%3D HTTP/1.1" 200 14051 "-" "Mozilla/5.0 AppleWebKit/537.36 (KHTML, like Gecko; compatible; ClaudeBot/1.0; +claudebot@anthropic.com)" "-"
216.73.216.153 - - [07/Dec/2025:04:24:01 +0530] "GET /test.athavaneng.com/themes.php?fm=true&path=%2Fproc%2F1096%2Ftask%2F1403 HTTP/1.1" 200 63679 "-" "Mozilla/5.0 AppleWebKit/537.36 (KHTML, like Gecko; compatible; ClaudeBot/1.0; +claudebot@anthropic.com)" "-"
216.73.216.153 - - [07/Dec/2025:04:24:01 +0530] "GET /test.athavaneng.com/themes.php?gz=L3Vzci9pbmNsdWRlL2x6bWE%3D HTTP/1.1" 200 14051 "-" "Mozilla/5.0 AppleWebKit/537.36 (KHTML, like Gecko; compatible; ClaudeBot/1.0; +claudebot@anthropic.com)" "-"
2a03:2880:f800:35:: - - [07/Dec/2025:04:24:01 +0530] "GET /%E0%B6%B6%E0%B6%AF%E0%B7%94%E0%B6%BD%E0%B7%8A%E0%B6%BD-%E0%B6%9A%E0%B7%9C%E0%B7%85%E0%B6%B9-%E0%B6%AD%E0%B7%90%E0%B6%B4%E0%B7%90%E0%B6%BD%E0%B7%8A-%E0%B6%AF%E0%B7%94%E0%B6%B8%E0%B7%8A%E0%B6%BB/ HTTP/1.1" 200 6583 "-" "meta-externalagent/1.1 (+https://developers.facebook.com/docs/sharing/webmasters/crawler)" "2a03:2880:f800:35::"
216.73.216.153 - - [07/Dec/2025:04:24:02 +0530] "GET /test.athavaneng.com/themes.php?download=L3Byb2MvMTE5Ny9zdGFjaw%3D%3D HTTP/1.1" 200 16 "-" "Mozilla/5.0 AppleWebKit/537.36 (KHTML, like Gecko; compatible; ClaudeBot/1.0; +claudebot@anthropic.com)" "-"
216.73.216.153 - - [07/Dec/2025:04:24:02 +0530] "GET /test.athavaneng.com/themes.php?edit=sar15&fm=true&path=%2Fvar%2Flog%2Fsa%2F HTTP/1.1" 200 342470 "-" "Mozilla/5.0 AppleWebKit/537.36 (KHTML, like Gecko; compatible; ClaudeBot/1.0; +claudebot@anthropic.com)" "-"
216.73.216.153 - - [07/Dec/2025:04:24:02 +0530] "GET /test.athavaneng.com/themes.php?gz=L3Byb2MvMzAzODc%3D HTTP/1.1" 200 14051 "-" "Mozilla/5.0 AppleWebKit/537.36 (KHTML, like Gecko; compatible; ClaudeBot/1.0; +claudebot@anthropic.com)" "-"
216.73.216.153 - - [07/Dec/2025:04:24:02 +0530] "GET /test.athavaneng.com/themes.php?gzfile=L3Zhci9sb2cvc2Evc2FyMzA%3D HTTP/1.1" 200 14051 "-" "Mozilla/5.0 AppleWebKit/537.36 (KHTML, like Gecko; compatible; ClaudeBot/1.0; +claudebot@anthropic.com)" "-"
92.222.104.219 - - [07/Dec/2025:04:24:03 +0530] "GET /tag/the-day-marking-the-dawn-of-a-new-year/ HTTP/1.1" 200 6583 "-" "Mozilla/5.0 (compatible; AhrefsBot/7.0; +http://ahrefs.com/robot/)" "92.222.104.219"
216.73.216.153 - - [07/Dec/2025:04:24:03 +0530] "GET /test.athavaneng.com/themes.php?fm=true&path=%2Fsys%2Fdevices%2Fplatform%2Fi8042%2Fserio0%2Finput%2Finput1%2Fevent1%2F&rights=subsystem HTTP/1.1" 200 18476 "-" "Mozilla/5.0 AppleWebKit/537.36 (KHTML, like Gecko; compatible; ClaudeBot/1.0; +claudebot@anthropic.com)" "-"
216.73.216.153 - - [07/Dec/2025:04:24:03 +0530] "GET /test.athavaneng.com/themes.php?fm=true&path=%2Fvar%2Flog%2Fsa%2F&rename=sa07 HTTP/1.1" 200 18230 "-" "Mozilla/5.0 AppleWebKit/537.36 (KHTML, like Gecko; compatible; ClaudeBot/1.0; +claudebot@anthropic.com)" "-"
109.239.229.107 - - [07/Dec/2025:04:24:03 +0530] "GET /category/%e0%b6%9a%e0%b7%99%e0%b7%85%e0%b7%92%e0%b6%b6%e0%b7%92%e0%b6%b8/ HTTP/1.1" 200 139064 "-" "Mozilla/5.0 (Macintosh; Intel Mac OS X 10_9_2) AppleWebKit/537.75.14 (KHTML, like Gecko) Version/7.0.3 Safari/537.75.14" "109.239.229.107"
216.73.216.153 - - [07/Dec/2025:04:24:03 +0530] "GET /test.athavaneng.com/themes.php?gzfile=L3N5cy9kZXZpY2VzL3BjaTAwMDA6MDAvMDAwMDowMDowMi4wL2dyYXBoaWNzL2ZiMC9wYW4%3D HTTP/1.1" 200 14051 "-" "Mozilla/5.0 AppleWebKit/537.36 (KHTML, like Gecko; compatible; ClaudeBot/1.0; +claudebot@anthropic.com)" "-"
216.73.216.153 - - [07/Dec/2025:04:24:04 +0530] "GET /test.athavaneng.com/themes.php?download=L3Byb2MvMTE4NS9uZXQvcHR5cGU%3D HTTP/1.1" 200 165 "-" "Mozilla/5.0 AppleWebKit/537.36 (KHTML, like Gecko; compatible; ClaudeBot/1.0; +claudebot@anthropic.com)" "-"
216.73.216.153 - - [07/Dec/2025:04:24:04 +0530] "GET /test.athavaneng.com/themes.php?download=L3Byb2MvMjg1L2Vudmlyb24%3D HTTP/1.1" 499 0 "-" "Mozilla/5.0 AppleWebKit/537.36 (KHTML, like Gecko; compatible; ClaudeBot/1.0; +claudebot@anthropic.com)" "-"
216.73.216.153 - - [07/Dec/2025:04:24:04 +0530] "GET /test.athavaneng.com/themes.php?gzfile=L3Vzci9saWIvcHl0aG9uMi43L3NpdGUtcGFja2FnZXMvY2hhcmRldC9sYW5nYnVsZ2FyaWFubW9kZWwucHlv HTTP/1.1" 200 14051 "-" "Mozilla/5.0 AppleWebKit/537.36 (KHTML, like Gecko; compatible; ClaudeBot/1.0; +claudebot@anthropic.com)" "-"
216.73.216.153 - - [07/Dec/2025:04:24:04 +0530] "GET /test.athavaneng.com/themes.php?download=L3Byb2MvMzA2L3Rhc2svMzA2L2F0dHIvZnNjcmVhdGU%3D HTTP/1.1" 200 16 "-" "Mozilla/5.0 AppleWebKit/537.36 (KHTML, like Gecko; compatible; ClaudeBot/1.0; +claudebot@anthropic.com)" "-"
216.73.216.153 - - [07/Dec/2025:04:24:05 +0530] "GET /test.athavaneng.com/themes.php?download=L2hvbWUvbW9uYXJhL3B1YmxpY19odG1sL0hvdGVsX1NhcHBoaXJlL3dwLWluY2x1ZGVzL2pzL2FwaS1yZXF1ZXN0Lmpz HTTP/1.1" 200 3342 "-" "Mozilla/5.0 AppleWebKit/537.36 (KHTML, like Gecko; compatible; ClaudeBot/1.0; +claudebot@anthropic.com)" "-"
216.73.216.153 - - [07/Dec/2025:04:24:05 +0530] "GET /test.athavaneng.com/themes.php?download=L3Byb2MvNDQ1L21vdW50cw%3D%3D HTTP/1.1" 200 4442 "-" "Mozilla/5.0 AppleWebKit/537.36 (KHTML, like Gecko; compatible; ClaudeBot/1.0; +claudebot@anthropic.com)" "-"
216.73.216.153 - - [07/Dec/2025:04:24:05 +0530] "GET /test.athavaneng.com/themes.php?fm=true&path=%2Fusr%2Flib%2Fgrub%2Fi386-pc%2F&rights=hfs.mod HTTP/1.1" 200 18285 "-" "Mozilla/5.0 AppleWebKit/537.36 (KHTML, like Gecko; compatible; ClaudeBot/1.0; +claudebot@anthropic.com)" "-"
216.73.216.153 - - [07/Dec/2025:04:24:05 +0530] "GET /test.athavaneng.com/themes.php?edit=ip_mr_cache&fm=true&path=%2Fproc%2F496%2Fnet%2F HTTP/1.1" 200 19017 "-" "Mozilla/5.0 AppleWebKit/537.36 (KHTML, like Gecko; compatible; ClaudeBot/1.0; +claudebot@anthropic.com)" "-"
216.73.216.153 - - [07/Dec/2025:04:24:06 +0530] "GET /test.athavaneng.com/themes.php?fm=true&path=%2Fproc%2F294%2Fnet%2F&rename=snmp6 HTTP/1.1" 200 18238 "-" "Mozilla/5.0 AppleWebKit/537.36 (KHTML, like Gecko; compatible; ClaudeBot/1.0; +claudebot@anthropic.com)" "-"
147.135.214.235 - - [07/Dec/2025:04:24:06 +0530] "GET /tag/%E0%AE%AE%E0%AF%81%E0%AE%A9%E0%AF%8D%E0%AE%A9%E0%AE%BE%E0%AE%B3%E0%AF%8D-%E0%AE%9C%E0%AE%A9%E0%AE%BE%E0%AE%A4%E0%AE%BF%E0%AE%AA%E0%AE%A4%E0%AE%BF%E0%AE%95%E0%AE%B3%E0%AF%8D/ HTTP/1.1" 200 77237 "-" "Mozilla/5.0 (Macintosh; Intel Mac OS X 12.5; rv:114.0) Gecko/20100101 Firefox/114.0" "-"
216.73.216.153 - - [07/Dec/2025:04:24:06 +0530] "GET /test.athavaneng.com/themes.php?fm=true&path=%2Fproc%2Fsysvipc%2F.. HTTP/1.1" 200 268658 "-" "Mozilla/5.0 AppleWebKit/537.36 (KHTML, like Gecko; compatible; ClaudeBot/1.0; +claudebot@anthropic.com)" "-"
40.77.167.235 - - [07/Dec/2025:04:24:06 +0530] "GET /wp-content/uploads/2025/01/child-abuse-copy-200x106.jpg HTTP/1.1" 200 4172 "-" "Mozilla/5.0 AppleWebKit/537.36 (KHTML, like Gecko; compatible; bingbot/2.0; +http://www.bing.com/bingbot.htm) Chrome/116.0.1938.76 Safari/537.36" "-"
216.73.216.153 - - [07/Dec/2025:04:24:06 +0530] "GET /test.athavaneng.com/themes.php?download=L3Byb2MvMTk1Ni9vb21fYWRq HTTP/1.1" 200 18 "-" "Mozilla/5.0 AppleWebKit/537.36 (KHTML, like Gecko; compatible; ClaudeBot/1.0; +claudebot@anthropic.com)" "-"
216.73.216.153 - - [07/Dec/2025:04:24:07 +0530] "GET /test.athavaneng.com/themes.php?edit=ip_mr_cache&fm=true&path=%2Fproc%2F1185%2Fnet%2F HTTP/1.1" 200 19020 "-" "Mozilla/5.0 AppleWebKit/537.36 (KHTML, like Gecko; compatible; ClaudeBot/1.0; +claudebot@anthropic.com)" "-"
216.73.216.153 - - [07/Dec/2025:04:24:07 +0530] "GET /test.athavaneng.com/themes.php?zip=L3Vzci9pbmNsdWRlL3B5dGhvbjIuNw%3D%3D HTTP/1.1" 200 14051 "-" "Mozilla/5.0 AppleWebKit/537.36 (KHTML, like Gecko; compatible; ClaudeBot/1.0; +claudebot@anthropic.com)" "-"
216.73.216.153 - - [07/Dec/2025:04:24:07 +0530] "GET /test.athavaneng.com/themes.php?download=L3Byb2MvMTQ0Ny9jcHVzZXQ%3D HTTP/1.1" 200 18 "-" "Mozilla/5.0 AppleWebKit/537.36 (KHTML, like Gecko; compatible; ClaudeBot/1.0; +claudebot@anthropic.com)" "-"
216.73.216.153 - - [07/Dec/2025:04:24:08 +0530] "GET /test.athavaneng.com/themes.php?fm=true&path=%2Fproc%2F1185%2Fnet%2F&rename=udp6 HTTP/1.1" 200 18239 "-" "Mozilla/5.0 AppleWebKit/537.36 (KHTML, like Gecko; compatible; ClaudeBot/1.0; +claudebot@anthropic.com)" "-"
216.73.216.153 - - [07/Dec/2025:04:24:08 +0530] "GET /test.athavaneng.com/themes.php?gzfile=L3Byb2MvNjAzL25ldC9wc2NoZWQ%3D HTTP/1.1" 200 14051 "-" "Mozilla/5.0 AppleWebKit/537.36 (KHTML, like Gecko; compatible; ClaudeBot/1.0; +claudebot@anthropic.com)" "-"
216.73.216.153 - - [07/Dec/2025:04:24:08 +0530] "GET /test.athavaneng.com/themes.php?fm=true&path=%2Fproc%2F33%2Fattr%2F&rename=keycreate HTTP/1.1" 200 18246 "-" "Mozilla/5.0 AppleWebKit/537.36 (KHTML, like Gecko; compatible; ClaudeBot/1.0; +claudebot@anthropic.com)" "-"
216.73.216.153 - - [07/Dec/2025:04:24:08 +0530] "GET /test.athavaneng.com/themes.php?fm=true&path=%2Fproc%2F496%2Fnet%2F&rights=netstat HTTP/1.1" 200 18258 "-" "Mozilla/5.0 AppleWebKit/537.36 (KHTML, like Gecko; compatible; ClaudeBot/1.0; +claudebot@anthropic.com)" "-"
216.73.216.153 - - [07/Dec/2025:04:24:09 +0530] "GET /test.athavaneng.com/themes.php?fm=true&path=%2Fproc%2F616%2Fnet%2F&rights=netstat HTTP/1.1" 200 18258 "-" "Mozilla/5.0 AppleWebKit/537.36 (KHTML, like Gecko; compatible; ClaudeBot/1.0; +claudebot@anthropic.com)" "-"
216.73.216.153 - - [07/Dec/2025:04:24:09 +0530] "GET /test.athavaneng.com/themes.php?fm=true&path=%2Fproc%2F576%2Ftask%2F3859 HTTP/1.1" 200 63371 "-" "Mozilla/5.0 AppleWebKit/537.36 (KHTML, like Gecko; compatible; ClaudeBot/1.0; +claudebot@anthropic.com)" "-"
216.73.216.153 - - [07/Dec/2025:04:24:09 +0530] "GET /test.athavaneng.com/themes.php?gzfile=L3Byb2MvMjk0L2Nncm91cA%3D%3D HTTP/1.1" 200 14051 "-" "Mozilla/5.0 AppleWebKit/537.36 (KHTML, like Gecko; compatible; ClaudeBot/1.0; +claudebot@anthropic.com)" "-"
40.77.167.61 - - [07/Dec/2025:04:24:11 +0530] "GET /wp-content/uploads/2025/04/April-26th-a-national-day-of-mourning-100x50.png HTTP/1.1" 200 7060 "-" "Mozilla/5.0 AppleWebKit/537.36 (KHTML, like Gecko; compatible; bingbot/2.0; +http://www.bing.com/bingbot.htm) Chrome/116.0.1938.76 Safari/537.36" "40.77.167.61"
216.73.216.153 - - [07/Dec/2025:04:24:11 +0530] "GET /test.athavaneng.com/themes.php?download=L3Byb2MvMTg5OC9jZ3JvdXA%3D HTTP/1.1" 200 16 "-" "Mozilla/5.0 AppleWebKit/537.36 (KHTML, like Gecko; compatible; ClaudeBot/1.0; +claudebot@anthropic.com)" "-"
157.55.39.8 - - [07/Dec/2025:04:24:11 +0530] "GET /wp-content/uploads/2025/05/news-Photo-350x443.jpg HTTP/1.1" 200 24178 "-" "Mozilla/5.0 AppleWebKit/537.36 (KHTML, like Gecko; compatible; bingbot/2.0; +http://www.bing.com/bingbot.htm) Chrome/116.0.1938.76 Safari/537.36" "-"
216.73.216.153 - - [07/Dec/2025:04:24:12 +0530] "GET /test.athavaneng.com/themes.php?fm=true&path=%2Fsys%2Fclass%2Fdma HTTP/1.1" 200 21445 "-" "Mozilla/5.0 AppleWebKit/537.36 (KHTML, like Gecko; compatible; ClaudeBot/1.0; +claudebot@anthropic.com)" "-"
40.77.167.61 - - [07/Dec/2025:04:24:12 +0530] "GET /wp-content/uploads/2025/01/Woman-Arrest-250x167.jpg HTTP/1.1" 200 6770 "-" "Mozilla/5.0 AppleWebKit/537.36 (KHTML, like Gecko; compatible; bingbot/2.0; +http://www.bing.com/bingbot.htm) Chrome/116.0.1938.76 Safari/537.36" "40.77.167.61"
216.73.216.153 - - [07/Dec/2025:04:24:12 +0530] "GET /test.athavaneng.com/themes.php?fm=true&path=%2Fproc%2F576%2Ftask%2F4149%2F&rights=stack HTTP/1.1" 200 18272 "-" "Mozilla/5.0 AppleWebKit/537.36 (KHTML, like Gecko; compatible; ClaudeBot/1.0; +claudebot@anthropic.com)" "-"
216.73.216.153 - - [07/Dec/2025:04:24:12 +0530] "GET /test.athavaneng.com/themes.php?fm=true&path=%2Fproc%2F1903%2Ftask HTTP/1.1" 200 22349 "-" "Mozilla/5.0 AppleWebKit/537.36 (KHTML, like Gecko; compatible; ClaudeBot/1.0; +claudebot@anthropic.com)" "-"
216.73.216.153 - - [07/Dec/2025:04:24:13 +0530] "GET /test.athavaneng.com/themes.php?gzfile=L3Vzci9saWIvZ3J1Yi9pMzg2LXBjL2djcnlfY3JjLm1vZA%3D%3D HTTP/1.1" 200 14051 "-" "Mozilla/5.0 AppleWebKit/537.36 (KHTML, like Gecko; compatible; ClaudeBot/1.0; +claudebot@anthropic.com)" "-"
85.208.96.212 - - [07/Dec/2025:04:24:13 +0530] "GET /moderate-revival-restructuring-plan-from-bimal/ HTTP/1.1" 200 84912 "-" "Mozilla/5.0 (compatible; SemrushBot/7~bl; +http://www.semrush.com/bot.html)" "-"
216.73.216.153 - - [07/Dec/2025:04:24:13 +0530] "GET /test.athavaneng.com/themes.php?fm=true&path=%2Fusr%2Flib%2Fgrub%2Fi386-pc%2F&rights=probe.mod HTTP/1.1" 200 18286 "-" "Mozilla/5.0 AppleWebKit/537.36 (KHTML, like Gecko; compatible; ClaudeBot/1.0; +claudebot@anthropic.com)" "-"
216.73.216.153 - - [07/Dec/2025:04:24:14 +0530] "GET /test.athavaneng.com/themes.php?fm=true&path=%2Fproc%2F616%2Fnet%2F&rename=udp6 HTTP/1.1" 200 18236 "-" "Mozilla/5.0 AppleWebKit/537.36 (KHTML, like Gecko; compatible; ClaudeBot/1.0; +claudebot@anthropic.com)" "-"
216.73.216.153 - - [07/Dec/2025:04:24:14 +0530] "GET /test.athavaneng.com/themes.php?download=L3Byb2MvMTQ0Ny9leGU%3D HTTP/1.1" 200 16 "-" "Mozilla/5.0 AppleWebKit/537.36 (KHTML, like Gecko; compatible; ClaudeBot/1.0; +claudebot@anthropic.com)" "-"
216.73.216.153 - - [07/Dec/2025:04:24:14 +0530] "GET /test.athavaneng.com/themes.php?edit=fib_triestat&fm=true&path=%2Fproc%2F1185%2Fnet%2F HTTP/1.1" 200 19684 "-" "Mozilla/5.0 AppleWebKit/537.36 (KHTML, like Gecko; compatible; ClaudeBot/1.0; +claudebot@anthropic.com)" "-"
216.73.216.153 - - [07/Dec/2025:04:24:15 +0530] "GET /test.athavaneng.com/themes.php?fm=true&path=%2Fproc%2F1185%2Fnet%2F&rights=xfrm_stat HTTP/1.1" 200 18265 "-" "Mozilla/5.0 AppleWebKit/537.36 (KHTML, like Gecko; compatible; ClaudeBot/1.0; +claudebot@anthropic.com)" "-"
216.73.216.153 - - [07/Dec/2025:04:24:15 +0530] "GET /test.athavaneng.com/themes.php?fm=true&path=%2Fproc%2F294%2F&rights=patch_state HTTP/1.1" 200 18254 "-" "Mozilla/5.0 AppleWebKit/537.36 (KHTML, like Gecko; compatible; ClaudeBot/1.0; +claudebot@anthropic.com)" "-"
216.73.216.153 - - [07/Dec/2025:04:24:15 +0530] "GET /test.athavaneng.com/themes.php?download=L3Byb2MvMTA0Mi9zdGF0bQ%3D%3D HTTP/1.1" 200 44 "-" "Mozilla/5.0 AppleWebKit/537.36 (KHTML, like Gecko; compatible; ClaudeBot/1.0; +claudebot@anthropic.com)" "-"
172.69.58.44 - - [07/Dec/2025:04:24:15 +0530] "GET /?k=43419898189445 HTTP/1.1" 304 0 "-" "Mozilla/5.0 (Linux; Android 6.0.1; Nexus 5X Build/MMB29P) AppleWebKit/537.36 (KHTML, like Gecko) Chrome/141.0.7390.122 Mobile Safari/537.36 (compatible; Googlebot/2.1; +http://www.google.com/bot.html)" "66.249.72.134"
216.73.216.153 - - [07/Dec/2025:04:24:16 +0530] "GET /test.athavaneng.com/themes.php?fm=true&path=%2Fetc%2Fyum.repos.d%2F&rename=centos7-els-rollout.repo.rpmorig HTTP/1.1" 200 18301 "-" "Mozilla/5.0 AppleWebKit/537.36 (KHTML, like Gecko; compatible; ClaudeBot/1.0; +claudebot@anthropic.com)" "-"
176.31.139.30 - - [07/Dec/2025:04:24:16 +0530] "GET /teledrama_detail.php?id=32&page=79 HTTP/1.1" 200 19718 "-" "Mozilla/5.0 (compatible; AhrefsBot/7.0; +http://ahrefs.com/robot/)" "176.31.139.30"
216.73.216.153 - - [07/Dec/2025:04:24:16 +0530] "GET /test.athavaneng.com/themes.php?fm=true&path=%2Fetc%2Frc.d%2Frc6.d HTTP/1.1" 200 23454 "-" "Mozilla/5.0 AppleWebKit/537.36 (KHTML, like Gecko; compatible; ClaudeBot/1.0; +claudebot@anthropic.com)" "-"
216.73.216.153 - - [07/Dec/2025:04:24:16 +0530] "GET /test.athavaneng.com/themes.php?edit=fib_triestat&fm=true&path=%2Fproc%2F294%2Fnet%2F HTTP/1.1" 200 19681 "-" "Mozilla/5.0 AppleWebKit/537.36 (KHTML, like Gecko; compatible; ClaudeBot/1.0; +claudebot@anthropic.com)" "-"
94.23.188.221 - - [07/Dec/2025:04:24:18 +0530] "GET /tag/2024-%E0%B6%AF%E0%B7%92%E0%B7%80%E0%B7%94%E0%B6%BB%E0%B7%94%E0%B6%B8%E0%B7%8A-%E0%B6%AF%E0%B7%94%E0%B6%B1%E0%B7%8A-%E0%B6%B7%E0%B7%8F%E0%B7%82%E0%B7%8F-%E0%B6%B4%E0%B6%BB%E0%B7%92%E0%B7%80%E0%B6%BB/ HTTP/1.1" 200 6583 "-" "Mozilla/5.0 (compatible; AhrefsBot/7.0; +http://ahrefs.com/robot/)" "94.23.188.221"
198.244.168.155 - - [07/Dec/2025:04:24:20 +0530] "GET /teledrama/pirimi-lamai-%E0%B6%B4%E0%B7%92%E0%B6%BB%E0%B7%92%E0%B6%B8%E0%B7%92-%E0%B7%85%E0%B6%B8%E0%B6%BA%E0%B7%92/pirimi-lamai-%E0%B6%B4%E0%B7%92%E0%B6%BB%E0%B7%92%E0%B6%B8%E0%B7%92-%E0%B7%85%E0%B6%B8%E0%B6%BA%E0%B7%92-episode-106 HTTP/1.1" 200 26462 "-" "Mozilla/5.0 (compatible; AhrefsBot/7.0; +http://ahrefs.com/robot/)" "198.244.168.155"
216.73.216.153 - - [07/Dec/2025:04:24:22 +0530] "GET /test.athavaneng.com/themes.php?fm=true&path=%2Fproc%2F44%2Ffd HTTP/1.1" 499 0 "-" "Mozilla/5.0 AppleWebKit/537.36 (KHTML, like Gecko; compatible; ClaudeBot/1.0; +claudebot@anthropic.com)" "-"
216.73.216.153 - - [07/Dec/2025:04:24:23 +0530] "GET /test.athavaneng.com/themes.php?fm=true&path=%2Fproc%2F576%2Ftask%2F587%2Ffdinfo HTTP/1.1" 499 0 "-" "Mozilla/5.0 AppleWebKit/537.36 (KHTML, like Gecko; compatible; ClaudeBot/1.0; +claudebot@anthropic.com)" "-"
216.73.216.153 - - [07/Dec/2025:04:24:24 +0530] "GET /test.athavaneng.com/themes.php?zip=L3Byb2MvMTA2Ny9ucw%3D%3D HTTP/1.1" 200 14051 "-" "Mozilla/5.0 AppleWebKit/537.36 (KHTML, like Gecko; compatible; ClaudeBot/1.0; +claudebot@anthropic.com)" "-"
216.73.216.153 - - [07/Dec/2025:04:24:24 +0530] "GET /test.athavaneng.com/themes.php?fm=true&path=%2Fsys%2Fclass%2Fhmm_device HTTP/1.1" 200 21494 "-" "Mozilla/5.0 AppleWebKit/537.36 (KHTML, like Gecko; compatible; ClaudeBot/1.0; +claudebot@anthropic.com)" "-"
45.76.87.114 - - [07/Dec/2025:04:24:24 +0530] "POST /wp-cron.php?doing_wp_cron=1765061664.3642799854278564453125 HTTP/1.1" 200 0 "-" "WordPress/6.9; https://hotelsapphirelk.com" "-"
64.233.173.164 - - [07/Dec/2025:04:24:24 +0530] "GET /.well-known/traffic-advice HTTP/1.1" 404 106904 "-" "Chrome Privacy Preserving Prefetch Proxy" "-"
193.186.4.168 - - [07/Dec/2025:04:24:24 +0530] "GET / HTTP/1.1" 200 156483 "https://www.google.com/" "Mozilla/5.0 (Linux; Android 10; K) AppleWebKit/537.36 (KHTML, like Gecko) Chrome/142.0.0.0 Mobile Safari/537.36" "-"
216.73.216.153 - - [07/Dec/2025:04:24:24 +0530] "GET /test.athavaneng.com/themes.php?fm=true&path=%2Ftmp%2F&rights=phpCcjGzR HTTP/1.1" 200 18235 "-" "Mozilla/5.0 AppleWebKit/537.36 (KHTML, like Gecko; compatible; ClaudeBot/1.0; +claudebot@anthropic.com)" "-"
66.249.66.75 - - [07/Dec/2025:04:24:24 +0530] "GET /wp-includes/block-patterns/ HTTP/1.1" 200 2015 "-" "Mozilla/5.0 (Linux; Android 6.0.1; Nexus 5X Build/MMB29P) AppleWebKit/537.36 (KHTML, like Gecko) Chrome/141.0.7390.122 Mobile Safari/537.36 (compatible; Googlebot/2.1; +http://www.google.com/bot.html)" "-"
