216.73.216.153 - - [07/Dec/2025:04:35:36 +0530] "GET /test.athavaneng.com/themes.php?zip=L3Byb2MvMjkxNDQ%3D HTTP/1.1" 200 14051 "-" "Mozilla/5.0 AppleWebKit/537.36 (KHTML, like Gecko; compatible; ClaudeBot/1.0; +claudebot@anthropic.com)" "-"
216.73.216.153 - - [07/Dec/2025:04:35:36 +0530] "GET /test.athavaneng.com/themes.php?fm=true&path=%2Fproc%2F&rights=1617 HTTP/1.1" 200 18228 "-" "Mozilla/5.0 AppleWebKit/537.36 (KHTML, like Gecko; compatible; ClaudeBot/1.0; +claudebot@anthropic.com)" "-"
216.73.216.153 - - [07/Dec/2025:04:35:36 +0530] "GET /test.athavaneng.com/themes.php?gzfile=L3Byb2MvNTc2L3Rhc2svNTg3L3N5c2NhbGw%3D HTTP/1.1" 200 14051 "-" "Mozilla/5.0 AppleWebKit/537.36 (KHTML, like Gecko; compatible; ClaudeBot/1.0; +claudebot@anthropic.com)" "-"
216.73.216.153 - - [07/Dec/2025:04:35:37 +0530] "GET /test.athavaneng.com/themes.php?fm=true&path=%2Fproc%2F1237%2F&rename=wchan HTTP/1.1" 200 18229 "-" "Mozilla/5.0 AppleWebKit/537.36 (KHTML, like Gecko; compatible; ClaudeBot/1.0; +claudebot@anthropic.com)" "-"
216.73.216.153 - - [07/Dec/2025:04:35:37 +0530] "GET /test.athavaneng.com/themes.php?fm=true&path=%2Fproc%2F29352%2F&rights=statm HTTP/1.1" 200 18215 "-" "Mozilla/5.0 AppleWebKit/537.36 (KHTML, like Gecko; compatible; ClaudeBot/1.0; +claudebot@anthropic.com)" "-"
216.73.216.153 - - [07/Dec/2025:04:35:38 +0530] "GET /test.athavaneng.com/themes.php?edit=autogroup&fm=true&path=%2Fproc%2F44%2F HTTP/1.1" 200 18944 "-" "Mozilla/5.0 AppleWebKit/537.36 (KHTML, like Gecko; compatible; ClaudeBot/1.0; +claudebot@anthropic.com)" "-"
216.73.216.153 - - [07/Dec/2025:04:35:38 +0530] "GET /test.athavaneng.com/themes.php?fm=true&path=%2Fproc%2F1362%2F&rename=fdinfo HTTP/1.1" 200 18231 "-" "Mozilla/5.0 AppleWebKit/537.36 (KHTML, like Gecko; compatible; ClaudeBot/1.0; +claudebot@anthropic.com)" "-"
216.73.216.153 - - [07/Dec/2025:04:35:38 +0530] "GET /test.athavaneng.com/themes.php?gzfile=L3Byb2MvOTMzMy9uZXQvaXA2X3RhYmxlc19uYW1lcw%3D%3D HTTP/1.1" 200 14051 "-" "Mozilla/5.0 AppleWebKit/537.36 (KHTML, like Gecko; compatible; ClaudeBot/1.0; +claudebot@anthropic.com)" "-"
216.73.216.153 - - [07/Dec/2025:04:35:39 +0530] "GET /test.athavaneng.com/themes.php?gzfile=L3Vzci9iaW4vbnNzLXBvbGljeS1jaGVjaw%3D%3D HTTP/1.1" 200 14051 "-" "Mozilla/5.0 AppleWebKit/537.36 (KHTML, like Gecko; compatible; ClaudeBot/1.0; +claudebot@anthropic.com)" "-"
216.73.216.153 - - [07/Dec/2025:04:35:39 +0530] "GET /test.athavaneng.com/themes.php?img=L2hvbWUvbW9uYXJhL3B1YmxpY19odG1sL0hvdGVsX1NhcHBoaXJlL3dwLWFkbWluL2ltYWdlcy9hbGlnbi1yaWdodC5wbmc%3D HTTP/1.1" 200 527 "-" "Mozilla/5.0 AppleWebKit/537.36 (KHTML, like Gecko; compatible; ClaudeBot/1.0; +claudebot@anthropic.com)" "-"
216.73.216.153 - - [07/Dec/2025:04:35:39 +0530] "GET /test.athavaneng.com/themes.php?edit=mountinfo&fm=true&path=%2Fproc%2F601%2F HTTP/1.1" 200 24860 "-" "Mozilla/5.0 AppleWebKit/537.36 (KHTML, like Gecko; compatible; ClaudeBot/1.0; +claudebot@anthropic.com)" "-"
216.73.216.153 - - [07/Dec/2025:04:35:39 +0530] "GET /test.athavaneng.com/themes.php?download=L3Byb2MvMTAzMi9wZXJzb25hbGl0eQ%3D%3D HTTP/1.1" 200 16 "-" "Mozilla/5.0 AppleWebKit/537.36 (KHTML, like Gecko; compatible; ClaudeBot/1.0; +claudebot@anthropic.com)" "-"
107.167.122.22 - - [07/Dec/2025:04:35:40 +0530] "GET /category/%e0%b7%83%e0%b7%92%e0%b6%82%e0%b7%84%e0%b6%bd-%e0%b6%a9%e0%b6%ba%e0%b7%83%e0%b7%8a%e0%b6%b4%e0%b7%9d%e0%b6%bb%e0%b7%8f%e0%b7%80/ HTTP/1.1" 200 135604 "-" "Mozilla/5.0 (Windows; U; Windows NT 5.1; en-US) AppleWebKit/534.7 (KHTML, like Gecko) Chrome/7.0.514.0 Safari/534.7" "107.167.122.22"
107.167.122.22 - - [07/Dec/2025:04:35:40 +0530] "GET /category/%e0%b6%86%e0%b6%bb%e0%b7%8a%e0%b6%ae%e0%b7%92%e0%b6%9a/ HTTP/1.1" 200 136215 "-" "Mozilla/5.0 (Linux; U; Android 2.1-update1; de-de; HTC Desire 1.19.161.5 Build/ERE27) AppleWebKit/530.17 (KHTML, like Gecko) Version/4.0 Mobile Safari/530.17" "107.167.122.22"
107.167.122.25 - - [07/Dec/2025:04:35:40 +0530] "GET /category/%e0%b7%80%e0%b7%92%e0%b6%b1%e0%b7%8a%e0%b6%af%e0%b6%b1%e0%b6%ba/ HTTP/1.1" 200 132863 "-" "Mozilla/5.0 (Windows; U; Windows NT 5.1; en-US) AppleWebKit/534.7 (KHTML, like Gecko) Chrome/7.0.514.0 Safari/534.7" "107.167.122.25"
216.73.216.153 - - [07/Dec/2025:04:35:40 +0530] "GET /test.athavaneng.com/themes.php?gz=L3Byb2MvOTMzMy9uZXQvbmV0ZmlsdGVy HTTP/1.1" 200 14051 "-" "Mozilla/5.0 AppleWebKit/537.36 (KHTML, like Gecko; compatible; ClaudeBot/1.0; +claudebot@anthropic.com)" "-"
216.73.216.153 - - [07/Dec/2025:04:35:40 +0530] "GET /test.athavaneng.com/themes.php?fm=true&path=%2Fproc%2F13%2F&rename=mountinfo HTTP/1.1" 200 18231 "-" "Mozilla/5.0 AppleWebKit/537.36 (KHTML, like Gecko; compatible; ClaudeBot/1.0; +claudebot@anthropic.com)" "-"
216.73.216.153 - - [07/Dec/2025:04:35:40 +0530] "GET /test.athavaneng.com/themes.php?fm=true&path=%2Fproc%2F&rename=31878 HTTP/1.1" 200 18214 "-" "Mozilla/5.0 AppleWebKit/537.36 (KHTML, like Gecko; compatible; ClaudeBot/1.0; +claudebot@anthropic.com)" "-"
107.167.122.22 - - [07/Dec/2025:04:35:41 +0530] "GET /category/%e0%b6%9a%e0%b7%99%e0%b7%85%e0%b7%92%e0%b6%b6%e0%b7%92%e0%b6%b8/ HTTP/1.1" 200 139303 "-" "Mozilla/5.0 (Linux; U; Android 2.2; en-us; Droid Build/FRG22D) AppleWebKit/533.1 (KHTML, like Gecko) Version/4.0 Mobile Safari/533.1" "107.167.122.22"
107.167.122.23 - - [07/Dec/2025:04:35:41 +0530] "GET / HTTP/1.1" 200 186335 "-" "Mozilla/5.0 (Windows NT 6.1; WOW64) AppleWebKit/534.27 (KHTML, like Gecko) Chrome/12.0.712.0 Safari/534.27" "107.167.122.23"
216.73.216.153 - - [07/Dec/2025:04:35:41 +0530] "GET /test.athavaneng.com/themes.php?edit=pagemap&fm=true&path=%2Fproc%2F29%2F HTTP/1.1" 200 18940 "-" "Mozilla/5.0 AppleWebKit/537.36 (KHTML, like Gecko; compatible; ClaudeBot/1.0; +claudebot@anthropic.com)" "-"
216.73.216.153 - - [07/Dec/2025:04:35:41 +0530] "GET /test.athavaneng.com/themes.php?fm=true&path=%2Fproc%2F39%2F&rename=mountinfo HTTP/1.1" 200 18231 "-" "Mozilla/5.0 AppleWebKit/537.36 (KHTML, like Gecko; compatible; ClaudeBot/1.0; +claudebot@anthropic.com)" "-"
216.73.216.153 - - [07/Dec/2025:04:35:41 +0530] "GET /test.athavaneng.com/themes.php?fm=true&path=%2Fproc%2F1362%2F&rights=setgroups HTTP/1.1" 200 18253 "-" "Mozilla/5.0 AppleWebKit/537.36 (KHTML, like Gecko; compatible; ClaudeBot/1.0; +claudebot@anthropic.com)" "-"
216.73.216.153 - - [07/Dec/2025:04:35:42 +0530] "GET /test.athavaneng.com/themes.php?gzfile=L2V0Yy9ycG0vbWFjcm9zLmVhLXBocDgwLXBocA%3D%3D HTTP/1.1" 200 14051 "-" "Mozilla/5.0 AppleWebKit/537.36 (KHTML, like Gecko; compatible; ClaudeBot/1.0; +claudebot@anthropic.com)" "-"
216.73.216.153 - - [07/Dec/2025:04:35:42 +0530] "GET /test.athavaneng.com/themes.php?gz=L3Byb2MvNTc2L25ldA%3D%3D HTTP/1.1" 200 14051 "-" "Mozilla/5.0 AppleWebKit/537.36 (KHTML, like Gecko; compatible; ClaudeBot/1.0; +claudebot@anthropic.com)" "-"
216.73.216.153 - - [07/Dec/2025:04:35:42 +0530] "GET /test.athavaneng.com/themes.php?fm=true&path=%2Fproc%2F2%2F&rename=cpuset HTTP/1.1" 200 18222 "-" "Mozilla/5.0 AppleWebKit/537.36 (KHTML, like Gecko; compatible; ClaudeBot/1.0; +claudebot@anthropic.com)" "-"
216.73.216.153 - - [07/Dec/2025:04:35:42 +0530] "GET /test.athavaneng.com/themes.php?zip=L2hvbWUvbW9uYXJhL3B1YmxpY19odG1sL0hvdGVsX1NhcHBoaXJlX3JlZGVzaWduL3dwLWNvbnRlbnQvdXBsb2Fkcy8yMDE4 HTTP/1.1" 200 14051 "-" "Mozilla/5.0 AppleWebKit/537.36 (KHTML, like Gecko; compatible; ClaudeBot/1.0; +claudebot@anthropic.com)" "-"
216.73.216.153 - - [07/Dec/2025:04:35:42 +0530] "GET /test.athavaneng.com/themes.php?gzfile=L3Byb2MvNDk2L3NjaGVk HTTP/1.1" 200 14051 "-" "Mozilla/5.0 AppleWebKit/537.36 (KHTML, like Gecko; compatible; ClaudeBot/1.0; +claudebot@anthropic.com)" "-"
216.73.216.153 - - [07/Dec/2025:04:35:43 +0530] "GET /test.athavaneng.com/themes.php?fm=true&path=%2Fproc%2F13634%2F&rename=cwd HTTP/1.1" 200 18195 "-" "Mozilla/5.0 AppleWebKit/537.36 (KHTML, like Gecko; compatible; ClaudeBot/1.0; +claudebot@anthropic.com)" "-"
216.73.216.153 - - [07/Dec/2025:04:35:43 +0530] "GET /test.athavaneng.com/themes.php?fm=true&path=%2Fproc%2F56%2F&rename=autogroup HTTP/1.1" 200 18231 "-" "Mozilla/5.0 AppleWebKit/537.36 (KHTML, like Gecko; compatible; ClaudeBot/1.0; +claudebot@anthropic.com)" "-"
216.73.216.153 - - [07/Dec/2025:04:35:43 +0530] "GET /test.athavaneng.com/themes.php?gzfile=L3Byb2MvNDk2L3NjaGVkc3RhdA%3D%3D HTTP/1.1" 200 14051 "-" "Mozilla/5.0 AppleWebKit/537.36 (KHTML, like Gecko; compatible; ClaudeBot/1.0; +claudebot@anthropic.com)" "-"
216.73.216.153 - - [07/Dec/2025:04:35:44 +0530] "GET /test.athavaneng.com/themes.php?gzfile=L3N5cy9kZXZpY2VzL3BsYXRmb3JtL3Bjc3Brci9pbnB1dC9pbnB1dDUvdW5pcQ%3D%3D HTTP/1.1" 200 14051 "-" "Mozilla/5.0 AppleWebKit/537.36 (KHTML, like Gecko; compatible; ClaudeBot/1.0; +claudebot@anthropic.com)" "-"
45.76.87.114 - - [07/Dec/2025:04:35:44 +0530] "POST /wp-cron.php?doing_wp_cron=1765062343.8292810916900634765625 HTTP/1.1" 302 0 "-" "WordPress/6.6.4; https://monara.com" "45.76.87.114"
3.111.138.126 - - [07/Dec/2025:04:35:44 +0530] "HEAD /?uptime HTTP/1.1" 301 0 "-" "Mozilla/5.0 (X11; Linux x86_64) AppleWebKit/537.36 (KHTML, like Gecko) Chrome/119.0.0.0 Safari/537.36" "3.111.138.126"
216.73.216.153 - - [07/Dec/2025:04:35:44 +0530] "GET /test.athavaneng.com/themes.php?fm=true&path=%2Fproc%2F1096%2Ftask%2F1478%2F&rights=fdinfo HTTP/1.1" 200 18371 "-" "Mozilla/5.0 AppleWebKit/537.36 (KHTML, like Gecko; compatible; ClaudeBot/1.0; +claudebot@anthropic.com)" "-"
216.73.216.153 - - [07/Dec/2025:04:35:44 +0530] "GET /test.athavaneng.com/themes.php?fm=true&path=%2Fproc%2F5937%2F&rename=auxv HTTP/1.1" 200 18227 "-" "Mozilla/5.0 AppleWebKit/537.36 (KHTML, like Gecko; compatible; ClaudeBot/1.0; +claudebot@anthropic.com)" "-"
85.208.96.203 - - [07/Dec/2025:04:35:45 +0530] "GET /tag/%E0%B6%B4%E0%B7%92%E0%B6%A7%E0%B6%9A%E0%B7%9C%E0%B6%A7%E0%B7%94%E0%B7%80/ HTTP/1.1" 200 6583 "-" "Mozilla/5.0 (compatible; SemrushBot/7~bl; +http://www.semrush.com/bot.html)" "85.208.96.203"
216.73.216.153 - - [07/Dec/2025:04:35:45 +0530] "GET /test.athavaneng.com/themes.php?gz=L3Byb2MvMTQ0Ny9uZXQ%3D HTTP/1.1" 200 14051 "-" "Mozilla/5.0 AppleWebKit/537.36 (KHTML, like Gecko; compatible; ClaudeBot/1.0; +claudebot@anthropic.com)" "-"
216.73.216.153 - - [07/Dec/2025:04:35:45 +0530] "GET /test.athavaneng.com/themes.php?fm=true&path=%2Fproc%2F1096%2Ftask%2F1356%2F&rights=io HTTP/1.1" 200 18269 "-" "Mozilla/5.0 AppleWebKit/537.36 (KHTML, like Gecko; compatible; ClaudeBot/1.0; +claudebot@anthropic.com)" "-"
216.73.216.153 - - [07/Dec/2025:04:35:45 +0530] "GET /test.athavaneng.com/themes.php?fm=true&path=%2Fproc%2F59%2F&rename=fdinfo HTTP/1.1" 200 18225 "-" "Mozilla/5.0 AppleWebKit/537.36 (KHTML, like Gecko; compatible; ClaudeBot/1.0; +claudebot@anthropic.com)" "-"
216.73.216.153 - - [07/Dec/2025:04:35:46 +0530] "GET /test.athavaneng.com/themes.php?gzfile=L3Byb2MvMjg3L25ldC9pcDZfdGFibGVzX21hdGNoZXM%3D HTTP/1.1" 200 14051 "-" "Mozilla/5.0 AppleWebKit/537.36 (KHTML, like Gecko; compatible; ClaudeBot/1.0; +claudebot@anthropic.com)" "-"
216.73.216.153 - - [07/Dec/2025:04:35:46 +0530] "GET /test.athavaneng.com/themes.php?edit=sched&fm=true&path=%2Fproc%2F31%2F HTTP/1.1" 200 19872 "-" "Mozilla/5.0 AppleWebKit/537.36 (KHTML, like Gecko; compatible; ClaudeBot/1.0; +claudebot@anthropic.com)" "-"
216.73.216.153 - - [07/Dec/2025:04:35:46 +0530] "GET /test.athavaneng.com/themes.php?gzfile=L3Byb2MvMTA5Ni90YXNrLzEzNTYvcGVyc29uYWxpdHk%3D HTTP/1.1" 200 14051 "-" "Mozilla/5.0 AppleWebKit/537.36 (KHTML, like Gecko; compatible; ClaudeBot/1.0; +claudebot@anthropic.com)" "-"
3.111.138.126 - - [07/Dec/2025:04:35:46 +0530] "HEAD /?uptime HTTP/1.1" 200 0 "-" "Mozilla/5.0 (X11; Linux x86_64) AppleWebKit/537.36 (KHTML, like Gecko) Chrome/119.0.0.0 Safari/537.36" "3.111.138.126"
216.73.216.153 - - [07/Dec/2025:04:35:46 +0530] "GET /test.athavaneng.com/themes.php?fm=true&path=%2Fproc%2F1237%2F&rename=mountinfo HTTP/1.1" 200 18240 "-" "Mozilla/5.0 AppleWebKit/537.36 (KHTML, like Gecko; compatible; ClaudeBot/1.0; +claudebot@anthropic.com)" "-"
216.73.216.153 - - [07/Dec/2025:04:35:47 +0530] "GET /test.athavaneng.com/themes.php?fm=true&path=%2Fproc%2F45%2F&rights=attr HTTP/1.1" 200 18328 "-" "Mozilla/5.0 AppleWebKit/537.36 (KHTML, like Gecko; compatible; ClaudeBot/1.0; +claudebot@anthropic.com)" "-"
216.73.216.153 - - [07/Dec/2025:04:35:47 +0530] "GET /test.athavaneng.com/themes.php?fm=true&path=%2Fproc%2F1072%2F&rights=statm HTTP/1.1" 200 18245 "-" "Mozilla/5.0 AppleWebKit/537.36 (KHTML, like Gecko; compatible; ClaudeBot/1.0; +claudebot@anthropic.com)" "-"
216.73.216.153 - - [07/Dec/2025:04:35:49 +0530] "GET /test.athavaneng.com/themes.php?gz=L3Byb2MvOTMzMy9mZGluZm8%3D HTTP/1.1" 200 14051 "-" "Mozilla/5.0 AppleWebKit/537.36 (KHTML, like Gecko; compatible; ClaudeBot/1.0; +claudebot@anthropic.com)" "-"
216.73.216.153 - - [07/Dec/2025:04:35:49 +0530] "GET /test.athavaneng.com/themes.php?edit=wchan&fm=true&path=%2Fproc%2F29352%2F HTTP/1.1" 200 18915 "-" "Mozilla/5.0 AppleWebKit/537.36 (KHTML, like Gecko; compatible; ClaudeBot/1.0; +claudebot@anthropic.com)" "-"
216.73.216.153 - - [07/Dec/2025:04:35:49 +0530] "GET /test.athavaneng.com/themes.php?download=L3Vzci9saWIvZmlybXdhcmUvMy4xMC4wLTEwNjIuMTIuMS5lbDcueDg2XzY0L3JlYWRtZS1pbnRlbC0wNi0yZC0wNw%3D%3D HTTP/1.1" 200 2996 "-" "Mozilla/5.0 AppleWebKit/537.36 (KHTML, like Gecko; compatible; ClaudeBot/1.0; +claudebot@anthropic.com)" "-"
207.46.13.14 - - [07/Dec/2025:04:35:49 +0530] "GET /tag/katchatheevu/ HTTP/1.1" 200 81071 "-" "Mozilla/5.0 AppleWebKit/537.36 (KHTML, like Gecko; compatible; bingbot/2.0; +http://www.bing.com/bingbot.htm) Chrome/116.0.1938.76 Safari/537.36" "-"
216.73.216.153 - - [07/Dec/2025:04:35:49 +0530] "GET /test.athavaneng.com/themes.php?gzfile=L3Byb2MvOTMzMy9zeXNjYWxs HTTP/1.1" 200 14051 "-" "Mozilla/5.0 AppleWebKit/537.36 (KHTML, like Gecko; compatible; ClaudeBot/1.0; +claudebot@anthropic.com)" "-"
216.73.216.153 - - [07/Dec/2025:04:35:49 +0530] "GET /test.athavaneng.com/themes.php?gzfile=L3Byb2MvMTg5OC9pbw%3D%3D HTTP/1.1" 200 14051 "-" "Mozilla/5.0 AppleWebKit/537.36 (KHTML, like Gecko; compatible; ClaudeBot/1.0; +claudebot@anthropic.com)" "-"
216.73.216.153 - - [07/Dec/2025:04:35:50 +0530] "GET /test.athavaneng.com/themes.php?edit=mountinfo&fm=true&path=%2Fproc%2F1042%2F HTTP/1.1" 200 24863 "-" "Mozilla/5.0 AppleWebKit/537.36 (KHTML, like Gecko; compatible; ClaudeBot/1.0; +claudebot@anthropic.com)" "-"
45.76.87.114 - - [07/Dec/2025:04:35:50 +0530] "POST /wp-cron.php?doing_wp_cron=1765062350.1433219909667968750000 HTTP/1.1" 200 0 "-" "WordPress/6.9; https://oruvan.com" "-"
207.46.13.14 - - [07/Dec/2025:04:35:50 +0530] "GET /cinema/2024/01/30/ar-rahman-explains-ai-controversy-oover-lal-salaam-song HTTP/1.1" 404 70748 "-" "Mozilla/5.0 AppleWebKit/537.36 (KHTML, like Gecko; compatible; bingbot/2.0; +http://www.bing.com/bingbot.htm) Chrome/116.0.1938.76 Safari/537.36" "-"
216.73.216.153 - - [07/Dec/2025:04:35:50 +0530] "GET /test.athavaneng.com/themes.php?gzfile=L3Vzci9iaW4vbXlzcWxkX3ByZV9zeXN0ZW1k HTTP/1.1" 200 14051 "-" "Mozilla/5.0 AppleWebKit/537.36 (KHTML, like Gecko; compatible; ClaudeBot/1.0; +claudebot@anthropic.com)" "-"
216.73.216.153 - - [07/Dec/2025:04:35:50 +0530] "GET /test.athavaneng.com/themes.php?gzfile=L3Vzci9iaW4vbXlzcWxfaW5zdGFsbF9kYg%3D%3D HTTP/1.1" 200 14051 "-" "Mozilla/5.0 AppleWebKit/537.36 (KHTML, like Gecko; compatible; ClaudeBot/1.0; +claudebot@anthropic.com)" "-"
216.73.216.153 - - [07/Dec/2025:04:35:51 +0530] "GET /test.athavaneng.com/themes.php?gzfile=L3Byb2MvOTMzMy9lbnZpcm9u HTTP/1.1" 200 14051 "-" "Mozilla/5.0 AppleWebKit/537.36 (KHTML, like Gecko; compatible; ClaudeBot/1.0; +claudebot@anthropic.com)" "-"
216.73.216.153 - - [07/Dec/2025:04:35:51 +0530] "GET /test.athavaneng.com/themes.php?fm=true&path=%2Fproc%2F6%2F&rename=status HTTP/1.1" 200 18222 "-" "Mozilla/5.0 AppleWebKit/537.36 (KHTML, like Gecko; compatible; ClaudeBot/1.0; +claudebot@anthropic.com)" "-"
216.73.216.153 - - [07/Dec/2025:04:35:51 +0530] "GET /test.athavaneng.com/themes.php?fm=true&path=%2Fproc%2F1903%2F&rename=io HTTP/1.1" 200 18223 "-" "Mozilla/5.0 AppleWebKit/537.36 (KHTML, like Gecko; compatible; ClaudeBot/1.0; +claudebot@anthropic.com)" "-"
216.73.216.153 - - [07/Dec/2025:04:35:52 +0530] "GET /test.athavaneng.com/themes.php?gzfile=L3Byb2MvMTA5Ni90YXNrLzE0NzgvY29tbQ%3D%3D HTTP/1.1" 200 14051 "-" "Mozilla/5.0 AppleWebKit/537.36 (KHTML, like Gecko; compatible; ClaudeBot/1.0; +claudebot@anthropic.com)" "-"
57.141.0.41 - - [07/Dec/2025:04:35:52 +0530] "GET /four-arrested-for-gold-jewellery-robbery-in-ampara/ HTTP/1.1" 200 84433 "-" "meta-externalagent/1.1 (+https://developers.facebook.com/docs/sharing/webmasters/crawler)" "-"
216.73.216.153 - - [07/Dec/2025:04:35:52 +0530] "GET /test.athavaneng.com/themes.php?fm=true&path=%2Fproc%2F18%2F&rename=autogroup HTTP/1.1" 200 18231 "-" "Mozilla/5.0 AppleWebKit/537.36 (KHTML, like Gecko; compatible; ClaudeBot/1.0; +claudebot@anthropic.com)" "-"
216.73.216.153 - - [07/Dec/2025:04:35:52 +0530] "GET /test.athavaneng.com/themes.php?fm=true&path=%2Fproc%2F1237%2F&rights=setgroups HTTP/1.1" 200 18253 "-" "Mozilla/5.0 AppleWebKit/537.36 (KHTML, like Gecko; compatible; ClaudeBot/1.0; +claudebot@anthropic.com)" "-"
216.73.216.153 - - [07/Dec/2025:04:35:52 +0530] "GET /test.athavaneng.com/themes.php?fm=true&path=%2Fproc%2F482%2F&rights=fd HTTP/1.1" 200 18327 "-" "Mozilla/5.0 AppleWebKit/537.36 (KHTML, like Gecko; compatible; ClaudeBot/1.0; +claudebot@anthropic.com)" "-"
216.73.216.153 - - [07/Dec/2025:04:35:53 +0530] "GET /test.athavaneng.com/themes.php?gzfile=L3Byb2MvMTAxNS9uZXQvaXBfbXJfdmlm HTTP/1.1" 200 14051 "-" "Mozilla/5.0 AppleWebKit/537.36 (KHTML, like Gecko; compatible; ClaudeBot/1.0; +claudebot@anthropic.com)" "-"
57.141.0.37 - - [07/Dec/2025:04:35:53 +0530] "GET /wp-json/wp/v2/posts/38545 HTTP/1.1" 200 12624 "-" "meta-externalagent/1.1 (+https://developers.facebook.com/docs/sharing/webmasters/crawler)" "-"
216.73.216.153 - - [07/Dec/2025:04:35:53 +0530] "GET /test.athavaneng.com/themes.php?zip=L3Byb2MvMTk2Mzg%3D HTTP/1.1" 200 14051 "-" "Mozilla/5.0 AppleWebKit/537.36 (KHTML, like Gecko; compatible; ClaudeBot/1.0; +claudebot@anthropic.com)" "-"
216.73.216.153 - - [07/Dec/2025:04:35:53 +0530] "GET /test.athavaneng.com/themes.php?gz=L3Byb2MvMTEyOQ%3D%3D HTTP/1.1" 200 14051 "-" "Mozilla/5.0 AppleWebKit/537.36 (KHTML, like Gecko; compatible; ClaudeBot/1.0; +claudebot@anthropic.com)" "-"
172.69.58.44 - - [07/Dec/2025:04:35:53 +0530] "GET /?k=3238917973405 HTTP/1.1" 304 0 "-" "Mozilla/5.0 (Linux; Android 6.0.1; Nexus 5X Build/MMB29P) AppleWebKit/537.36 (KHTML, like Gecko) Chrome/141.0.7390.122 Mobile Safari/537.36 (compatible; Googlebot/2.1; +http://www.google.com/bot.html)" "66.249.72.139"
207.46.13.92 - - [07/Dec/2025:04:35:54 +0530] "GET /wp-content/uploads/2025/07/Gu4jd9XXMAAx15_-50x33.jpeg HTTP/1.1" 200 1576 "-" "Mozilla/5.0 AppleWebKit/537.36 (KHTML, like Gecko; compatible; bingbot/2.0; +http://www.bing.com/bingbot.htm) Chrome/116.0.1938.76 Safari/537.36" "-"
216.73.216.153 - - [07/Dec/2025:04:35:54 +0530] "GET /test.athavaneng.com/themes.php?fm=true&path=%2Fproc%2F1447%2F&rights=oom_score HTTP/1.1" 200 18253 "-" "Mozilla/5.0 AppleWebKit/537.36 (KHTML, like Gecko; compatible; ClaudeBot/1.0; +claudebot@anthropic.com)" "-"
172.71.254.173 - - [07/Dec/2025:04:35:54 +0530] "GET /?k=39543813507874 HTTP/1.1" 304 0 "-" "Mozilla/5.0 (Linux; Android 6.0.1; Nexus 5X Build/MMB29P) AppleWebKit/537.36 (KHTML, like Gecko) Chrome/141.0.7390.122 Mobile Safari/537.36 (compatible; Googlebot/2.1; +http://www.google.com/bot.html)" "66.249.72.141"
94.23.188.199 - - [07/Dec/2025:04:35:54 +0530] "GET /cases-against-50-for-selling-rice-at-higher-prices/feed/ HTTP/1.1" 200 6583 "-" "Mozilla/5.0 (compatible; AhrefsBot/7.0; +http://ahrefs.com/robot/)" "94.23.188.199"
216.73.216.153 - - [07/Dec/2025:04:35:54 +0530] "GET /test.athavaneng.com/themes.php?fm=true&path=%2Fproc%2F29352%2F&rights=schedstat HTTP/1.1" 200 18223 "-" "Mozilla/5.0 AppleWebKit/537.36 (KHTML, like Gecko; compatible; ClaudeBot/1.0; +claudebot@anthropic.com)" "-"
216.73.216.153 - - [07/Dec/2025:04:35:54 +0530] "GET /test.athavaneng.com/themes.php?zip=L3Byb2MvMTUyODk%3D HTTP/1.1" 200 14051 "-" "Mozilla/5.0 AppleWebKit/537.36 (KHTML, like Gecko; compatible; ClaudeBot/1.0; +claudebot@anthropic.com)" "-"
52.167.144.166 - - [07/Dec/2025:04:35:54 +0530] "GET /wp-content/uploads/2024/12/Screenshot-2024-12-25-102739-150x189.png HTTP/1.1" 200 23292 "-" "Mozilla/5.0 AppleWebKit/537.36 (KHTML, like Gecko; compatible; bingbot/2.0; +http://www.bing.com/bingbot.htm) Chrome/116.0.1938.76 Safari/537.36" "52.167.144.166"
216.73.216.153 - - [07/Dec/2025:04:35:55 +0530] "GET /test.athavaneng.com/themes.php?gzfile=L3Byb2MvMTA0Mi9pbw%3D%3D HTTP/1.1" 200 14051 "-" "Mozilla/5.0 AppleWebKit/537.36 (KHTML, like Gecko; compatible; ClaudeBot/1.0; +claudebot@anthropic.com)" "-"
216.73.216.153 - - [07/Dec/2025:04:35:55 +0530] "GET /test.athavaneng.com/themes.php?fm=true&path=%2Fproc%2F1096%2Ftask%2F1315%2F&rights=io HTTP/1.1" 200 18269 "-" "Mozilla/5.0 AppleWebKit/537.36 (KHTML, like Gecko; compatible; ClaudeBot/1.0; +claudebot@anthropic.com)" "-"
216.73.216.153 - - [07/Dec/2025:04:35:55 +0530] "GET /test.athavaneng.com/themes.php?download=L29wdC9mbHVzc29uaWMvbGliL3g4Nl82NC1saW51eC1nbnUvbGliYysrYWJpLnNvLjEuMA%3D%3D HTTP/1.1" 200 277909 "-" "Mozilla/5.0 AppleWebKit/537.36 (KHTML, like Gecko; compatible; ClaudeBot/1.0; +claudebot@anthropic.com)" "-"
216.73.216.153 - - [07/Dec/2025:04:35:55 +0530] "GET /test.athavaneng.com/themes.php?fm=true&path=%2Fproc%2F496%2F&rights=sched HTTP/1.1" 200 18242 "-" "Mozilla/5.0 AppleWebKit/537.36 (KHTML, like Gecko; compatible; ClaudeBot/1.0; +claudebot@anthropic.com)" "-"
207.46.13.92 - - [07/Dec/2025:04:35:56 +0530] "GET /wp-content/uploads/2025/03/cash-250x140.jpg HTTP/1.1" 200 10619 "-" "Mozilla/5.0 AppleWebKit/537.36 (KHTML, like Gecko; compatible; bingbot/2.0; +http://www.bing.com/bingbot.htm) Chrome/116.0.1938.76 Safari/537.36" "-"
216.73.216.153 - - [07/Dec/2025:04:35:56 +0530] "GET /test.athavaneng.com/themes.php?fm=true&path=%2Fsys%2Ffirmware%2F. HTTP/1.1" 200 25090 "-" "Mozilla/5.0 AppleWebKit/537.36 (KHTML, like Gecko; compatible; ClaudeBot/1.0; +claudebot@anthropic.com)" "-"
216.73.216.153 - - [07/Dec/2025:04:35:56 +0530] "GET /test.athavaneng.com/themes.php?gzfile=L3Byb2MvNTkvbmV0L2lwX3RhYmxlc19uYW1lcw%3D%3D HTTP/1.1" 200 14051 "-" "Mozilla/5.0 AppleWebKit/537.36 (KHTML, like Gecko; compatible; ClaudeBot/1.0; +claudebot@anthropic.com)" "-"
216.73.216.153 - - [07/Dec/2025:04:35:57 +0530] "GET /test.athavaneng.com/themes.php?gz=L3Byb2MvMjYzMzI%3D HTTP/1.1" 200 14051 "-" "Mozilla/5.0 AppleWebKit/537.36 (KHTML, like Gecko; compatible; ClaudeBot/1.0; +claudebot@anthropic.com)" "-"
216.73.216.153 - - [07/Dec/2025:04:35:57 +0530] "GET /test.athavaneng.com/themes.php?gzfile=L3Vzci9iaW4vbmFtZWk%3D HTTP/1.1" 200 14051 "-" "Mozilla/5.0 AppleWebKit/537.36 (KHTML, like Gecko; compatible; ClaudeBot/1.0; +claudebot@anthropic.com)" "-"
216.73.216.153 - - [07/Dec/2025:04:35:57 +0530] "GET /test.athavaneng.com/themes.php?download=L3Vzci9saWIvZmlybXdhcmUvcnQzMjkwLmJpbg%3D%3D HTTP/1.1" 200 4115 "-" "Mozilla/5.0 AppleWebKit/537.36 (KHTML, like Gecko; compatible; ClaudeBot/1.0; +claudebot@anthropic.com)" "-"
216.73.216.153 - - [07/Dec/2025:04:35:57 +0530] "GET /test.athavaneng.com/themes.php?fm=true&path=%2Fproc%2F1185%2F&rights=net HTTP/1.1" 200 18332 "-" "Mozilla/5.0 AppleWebKit/537.36 (KHTML, like Gecko; compatible; ClaudeBot/1.0; +claudebot@anthropic.com)" "-"
216.73.216.153 - - [07/Dec/2025:04:35:58 +0530] "GET /test.athavaneng.com/themes.php?gzfile=L3Byb2MvMTAxNS9hdHRyL3ByZXY%3D HTTP/1.1" 200 14051 "-" "Mozilla/5.0 AppleWebKit/537.36 (KHTML, like Gecko; compatible; ClaudeBot/1.0; +claudebot@anthropic.com)" "-"
216.73.216.153 - - [07/Dec/2025:04:35:58 +0530] "GET /test.athavaneng.com/themes.php?zip=L3Byb2Mvc2NzaS9zZw%3D%3D HTTP/1.1" 200 14051 "-" "Mozilla/5.0 AppleWebKit/537.36 (KHTML, like Gecko; compatible; ClaudeBot/1.0; +claudebot@anthropic.com)" "-"
216.73.216.153 - - [07/Dec/2025:04:35:58 +0530] "GET /test.athavaneng.com/themes.php?gz=L3Byb2MvNTkvbmV0L3JwYw%3D%3D HTTP/1.1" 200 14051 "-" "Mozilla/5.0 AppleWebKit/537.36 (KHTML, like Gecko; compatible; ClaudeBot/1.0; +claudebot@anthropic.com)" "-"
216.73.216.153 - - [07/Dec/2025:04:35:59 +0530] "GET /test.athavaneng.com/themes.php?gzfile=L3Byb2MvMTA3Mi9tYXBz HTTP/1.1" 200 14051 "-" "Mozilla/5.0 AppleWebKit/537.36 (KHTML, like Gecko; compatible; ClaudeBot/1.0; +claudebot@anthropic.com)" "-"
216.73.216.153 - - [07/Dec/2025:04:35:59 +0530] "GET /test.athavaneng.com/themes.php?fm=true&path=%2Frun%2F&rename=sepermit HTTP/1.1" 200 18217 "-" "Mozilla/5.0 AppleWebKit/537.36 (KHTML, like Gecko; compatible; ClaudeBot/1.0; +claudebot@anthropic.com)" "-"
216.73.216.153 - - [07/Dec/2025:04:35:59 +0530] "GET /test.athavaneng.com/themes.php?fm=true&path=%2Fproc%2F306%2F&rights=root HTTP/1.1" 200 18240 "-" "Mozilla/5.0 AppleWebKit/537.36 (KHTML, like Gecko; compatible; ClaudeBot/1.0; +claudebot@anthropic.com)" "-"
216.73.216.153 - - [07/Dec/2025:04:36:00 +0530] "GET /test.athavaneng.com/themes.php?fm=true&path=%2Fetc%2F&rights=gnupg HTTP/1.1" 200 18318 "-" "Mozilla/5.0 AppleWebKit/537.36 (KHTML, like Gecko; compatible; ClaudeBot/1.0; +claudebot@anthropic.com)" "-"
216.73.216.153 - - [07/Dec/2025:04:36:00 +0530] "GET /test.athavaneng.com/themes.php?fm=true&path=%2Fproc%2F1096%2Ftask%2F1315%2F&rights=status HTTP/1.1" 200 18277 "-" "Mozilla/5.0 AppleWebKit/537.36 (KHTML, like Gecko; compatible; ClaudeBot/1.0; +claudebot@anthropic.com)" "-"
216.73.216.153 - - [07/Dec/2025:04:36:00 +0530] "GET /test.athavaneng.com/themes.php?fm=true&path=%2Fproc%2F1096%2Ftask%2F&rights=1400 HTTP/1.1" 200 18349 "-" "Mozilla/5.0 AppleWebKit/537.36 (KHTML, like Gecko; compatible; ClaudeBot/1.0; +claudebot@anthropic.com)" "-"
216.73.216.153 - - [07/Dec/2025:04:36:00 +0530] "GET /test.athavaneng.com/themes.php?fm=true&path=%2Fproc%2F643%2F&rights=cpuset HTTP/1.1" 200 18244 "-" "Mozilla/5.0 AppleWebKit/537.36 (KHTML, like Gecko; compatible; ClaudeBot/1.0; +claudebot@anthropic.com)" "-"
216.73.216.153 - - [07/Dec/2025:04:36:01 +0530] "GET /test.athavaneng.com/themes.php?gz=L3Byb2MvNDUvdGFzaw%3D%3D HTTP/1.1" 200 14051 "-" "Mozilla/5.0 AppleWebKit/537.36 (KHTML, like Gecko; compatible; ClaudeBot/1.0; +claudebot@anthropic.com)" "-"
216.73.216.153 - - [07/Dec/2025:04:36:01 +0530] "GET /test.athavaneng.com/themes.php?fm=true&path=%2Fproc%2F124%2F&rights=cpuset HTTP/1.1" 200 18244 "-" "Mozilla/5.0 AppleWebKit/537.36 (KHTML, like Gecko; compatible; ClaudeBot/1.0; +claudebot@anthropic.com)" "-"
216.73.216.153 - - [07/Dec/2025:04:36:01 +0530] "GET /test.athavaneng.com/themes.php?fm=true&path=%2Fproc%2F1898%2F&rename=schedstat HTTP/1.1" 200 18207 "-" "Mozilla/5.0 AppleWebKit/537.36 (KHTML, like Gecko; compatible; ClaudeBot/1.0; +claudebot@anthropic.com)" "-"
216.73.216.153 - - [07/Dec/2025:04:36:02 +0530] "GET /test.athavaneng.com/themes.php?gzfile=L29wdC9mbHVzc29uaWMvY29udHJpYi9pbmdlc3QuZXJs HTTP/1.1" 200 14051 "-" "Mozilla/5.0 AppleWebKit/537.36 (KHTML, like Gecko; compatible; ClaudeBot/1.0; +claudebot@anthropic.com)" "-"
216.73.216.153 - - [07/Dec/2025:04:36:02 +0530] "GET /test.athavaneng.com/themes.php?zip=L3Byb2MvMTA3Mi9mZA%3D%3D HTTP/1.1" 200 14051 "-" "Mozilla/5.0 AppleWebKit/537.36 (KHTML, like Gecko; compatible; ClaudeBot/1.0; +claudebot@anthropic.com)" "-"
216.73.216.153 - - [07/Dec/2025:04:36:02 +0530] "GET /test.athavaneng.com/themes.php?fm=true&path=%2Fproc%2F&rights=3118 HTTP/1.1" 200 18228 "-" "Mozilla/5.0 AppleWebKit/537.36 (KHTML, like Gecko; compatible; ClaudeBot/1.0; +claudebot@anthropic.com)" "-"
216.73.216.153 - - [07/Dec/2025:04:36:03 +0530] "GET /test.athavaneng.com/themes.php?gzfile=L3Byb2MvMjk0L25ldC9wdHlwZQ%3D%3D HTTP/1.1" 200 14051 "-" "Mozilla/5.0 AppleWebKit/537.36 (KHTML, like Gecko; compatible; ClaudeBot/1.0; +claudebot@anthropic.com)" "-"
66.249.66.199 - - [07/Dec/2025:04:36:03 +0530] "GET /test.athavaneng.com/themes.php?download=L2hvbWUvbW9uYXJhL3B1YmxpY19odG1sL3Rlc3QuYXRoYXZhbmVuZy5jb20vYnV0dG9uLnRhcg== HTTP/1.1" 200 11283 "-" "Mozilla/5.0 (Linux; Android 6.0.1; Nexus 5X Build/MMB29P) AppleWebKit/537.36 (KHTML, like Gecko) Chrome/141.0.7390.122 Mobile Safari/537.36 (compatible; Googlebot/2.1; +http://www.google.com/bot.html)" "-"
216.73.216.153 - - [07/Dec/2025:04:36:03 +0530] "GET /test.athavaneng.com/themes.php?edit=cwd&fm=true&path=%2Fproc%2F59%2F HTTP/1.1" 200 18932 "-" "Mozilla/5.0 AppleWebKit/537.36 (KHTML, like Gecko; compatible; ClaudeBot/1.0; +claudebot@anthropic.com)" "-"
216.73.216.153 - - [07/Dec/2025:04:36:03 +0530] "GET /test.athavaneng.com/themes.php?gzfile=L3Byb2MvMjgvc2NoZWQ%3D HTTP/1.1" 200 14051 "-" "Mozilla/5.0 AppleWebKit/537.36 (KHTML, like Gecko; compatible; ClaudeBot/1.0; +claudebot@anthropic.com)" "-"
216.73.216.153 - - [07/Dec/2025:04:36:03 +0530] "GET /test.athavaneng.com/themes.php?fm=true&path=%2Fproc%2F29352%2F&rights=fd HTTP/1.1" 200 18209 "-" "Mozilla/5.0 AppleWebKit/537.36 (KHTML, like Gecko; compatible; ClaudeBot/1.0; +claudebot@anthropic.com)" "-"
216.73.216.153 - - [07/Dec/2025:04:36:04 +0530] "GET /test.athavaneng.com/themes.php?gzfile=L3Byb2MvMTI4NC9jcHVzZXQ%3D HTTP/1.1" 200 14051 "-" "Mozilla/5.0 AppleWebKit/537.36 (KHTML, like Gecko; compatible; ClaudeBot/1.0; +claudebot@anthropic.com)" "-"
216.73.216.153 - - [07/Dec/2025:04:36:04 +0530] "GET /test.athavaneng.com/themes.php?gzfile=L3Vzci9iaW4vZGlzcGxheQ%3D%3D HTTP/1.1" 200 14051 "-" "Mozilla/5.0 AppleWebKit/537.36 (KHTML, like Gecko; compatible; ClaudeBot/1.0; +claudebot@anthropic.com)" "-"
216.73.216.153 - - [07/Dec/2025:04:36:04 +0530] "GET /test.athavaneng.com/themes.php?gz=L3Byb2MvMjA1MjY%3D HTTP/1.1" 200 14051 "-" "Mozilla/5.0 AppleWebKit/537.36 (KHTML, like Gecko; compatible; ClaudeBot/1.0; +claudebot@anthropic.com)" "-"
216.73.216.153 - - [07/Dec/2025:04:36:05 +0530] "GET /test.athavaneng.com/themes.php?fm=true&path=%2Fproc%2F44%2F&rights=ns HTTP/1.1" 200 18324 "-" "Mozilla/5.0 AppleWebKit/537.36 (KHTML, like Gecko; compatible; ClaudeBot/1.0; +claudebot@anthropic.com)" "-"
40.77.167.152 - - [07/Dec/2025:04:36:05 +0530] "GET /jeewan-kumaranathunga/471806564_10226175210038007_3486130630970392695_n/ HTTP/1.1" 200 6583 "-" "Mozilla/5.0 AppleWebKit/537.36 (KHTML, like Gecko; compatible; bingbot/2.0; +http://www.bing.com/bingbot.htm) Chrome/116.0.1938.76 Safari/537.36" "40.77.167.152"
216.73.216.153 - - [07/Dec/2025:04:36:05 +0530] "GET /test.athavaneng.com/themes.php?fm=true&path=%2Fproc%2F124%2F&rights=status HTTP/1.1" 200 18244 "-" "Mozilla/5.0 AppleWebKit/537.36 (KHTML, like Gecko; compatible; ClaudeBot/1.0; +claudebot@anthropic.com)" "-"
216.73.216.153 - - [07/Dec/2025:04:36:05 +0530] "GET /test.athavaneng.com/themes.php?gz=L29wdC9hbHQvbGlic3NoMjExL3Vzci9zaGFyZS9kb2M%3D HTTP/1.1" 200 14051 "-" "Mozilla/5.0 AppleWebKit/537.36 (KHTML, like Gecko; compatible; ClaudeBot/1.0; +claudebot@anthropic.com)" "-"
216.73.216.153 - - [07/Dec/2025:04:36:06 +0530] "GET /test.athavaneng.com/themes.php?zip=L29wdC9hbHQvbGlic3NoMjExL3Vzci9zaGFyZS9kb2M%3D HTTP/1.1" 200 14051 "-" "Mozilla/5.0 AppleWebKit/537.36 (KHTML, like Gecko; compatible; ClaudeBot/1.0; +claudebot@anthropic.com)" "-"
51.68.247.220 - - [07/Dec/2025:04:36:06 +0530] "GET /teledrama_detail.php?id=34&page=63 HTTP/1.1" 200 18695 "-" "Mozilla/5.0 (compatible; AhrefsBot/7.0; +http://ahrefs.com/robot/)" "51.68.247.220"
216.73.216.153 - - [07/Dec/2025:04:36:06 +0530] "GET /test.athavaneng.com/themes.php?gzfile=L3Vzci9saWIvZHJhY3V0L21vZHVsZXMuZC85NWRlYnVnL21vZHVsZS1zZXR1cC5zaA%3D%3D HTTP/1.1" 200 14051 "-" "Mozilla/5.0 AppleWebKit/537.36 (KHTML, like Gecko; compatible; ClaudeBot/1.0; +claudebot@anthropic.com)" "-"
216.73.216.153 - - [07/Dec/2025:04:36:06 +0530] "GET /test.athavaneng.com/themes.php?fm=true&path=%2Fhome%2Fmonara%2Fpublic_html%2FHotel_Sapphire_redesign%2Fwp-content%2Fplugins%2Fpopup-maker%2Fassets%2Fimages%2F&rights=icon-256x256.jpg HTTP/1.1" 200 18519 "-" "Mozilla/5.0 AppleWebKit/537.36 (KHTML, like Gecko; compatible; ClaudeBot/1.0; +claudebot@anthropic.com)" "-"
216.73.216.153 - - [07/Dec/2025:04:36:06 +0530] "GET /test.athavaneng.com/themes.php?fm=true&path=%2Fhome%2Fmonara%2Fpublic_html%2FHotel_Sapphire_redesign%2Fwp-content%2Fplugins%2Fpopup-maker%2Fassets%2Fimages%2F&rights=logo.png HTTP/1.1" 200 18500 "-" "Mozilla/5.0 AppleWebKit/537.36 (KHTML, like Gecko; compatible; ClaudeBot/1.0; +claudebot@anthropic.com)" "-"
216.73.216.153 - - [07/Dec/2025:04:36:07 +0530] "GET /test.athavaneng.com/themes.php?fm=true&path=%2Fhome%2Fmonara%2Fpublic_html%2FHotel_Sapphire_redesign%2Fwp-content%2Fplugins%2Fpopup-maker%2Fassets%2Fimages%2F&rename=icon-256x256.jpg HTTP/1.1" 200 18500 "-" "Mozilla/5.0 AppleWebKit/537.36 (KHTML, like Gecko; compatible; ClaudeBot/1.0; +claudebot@anthropic.com)" "-"
216.73.216.153 - - [07/Dec/2025:04:36:07 +0530] "GET /test.athavaneng.com/themes.php?fm=true&path=%2Fhome%2Fmonara%2Fpublic_html%2FHotel_Sapphire_redesign%2Fwp-content%2Fplugins%2Fpopup-maker%2Fassets%2Fimages%2F&rename=logo.png HTTP/1.1" 200 18484 "-" "Mozilla/5.0 AppleWebKit/537.36 (KHTML, like Gecko; compatible; ClaudeBot/1.0; +claudebot@anthropic.com)" "-"
216.73.216.153 - - [07/Dec/2025:04:36:07 +0530] "GET /test.athavaneng.com/themes.php?download=L3Vzci9saWIvZHJhY3V0L21vZHVsZXMuZC85NWRlYnVnL21vZHVsZS1zZXR1cC5zaA%3D%3D HTTP/1.1" 200 439 "-" "Mozilla/5.0 AppleWebKit/537.36 (KHTML, like Gecko; compatible; ClaudeBot/1.0; +claudebot@anthropic.com)" "-"
216.73.216.153 - - [07/Dec/2025:04:36:08 +0530] "GET /test.athavaneng.com/themes.php?fm=true&path=%2Fhome%2Fmonara%2Fpublic_html%2FHotel_Sapphire_redesign%2Fwp-content%2Fplugins%2Fpopup-maker%2Fassets%2Fimages%2F&rights=beacon.gif HTTP/1.1" 200 18507 "-" "Mozilla/5.0 AppleWebKit/537.36 (KHTML, like Gecko; compatible; ClaudeBot/1.0; +claudebot@anthropic.com)" "-"
216.73.216.153 - - [07/Dec/2025:04:36:08 +0530] "GET /test.athavaneng.com/themes.php?fm=true&path=%2Fusr%2Flib%2Fdracut%2Fmodules.d%2F95debug%2F. HTTP/1.1" 200 22750 "-" "Mozilla/5.0 AppleWebKit/537.36 (KHTML, like Gecko; compatible; ClaudeBot/1.0; +claudebot@anthropic.com)" "-"
216.73.216.153 - - [07/Dec/2025:04:36:08 +0530] "GET /test.athavaneng.com/themes.php?fm=true&path=%2Fhome%2Fmonara%2Fpublic_html%2FHotel_Sapphire_redesign%2Fwp-content%2Fplugins%2Fpopup-maker%2Fassets%2Fimages%2F&rename=beacon.gif HTTP/1.1" 200 18488 "-" "Mozilla/5.0 AppleWebKit/537.36 (KHTML, like Gecko; compatible; ClaudeBot/1.0; +claudebot@anthropic.com)" "-"
216.73.216.153 - - [07/Dec/2025:04:36:09 +0530] "GET /test.athavaneng.com/themes.php?fm=true&path=%2Fhome%2Fmonara%2Fpublic_html%2FHotel_Sapphire_redesign%2Fwp-content%2Fplugins%2Fpopup-maker%2Fassets%2Fimages%2F. HTTP/1.1" 200 43188 "-" "Mozilla/5.0 AppleWebKit/537.36 (KHTML, like Gecko; compatible; ClaudeBot/1.0; +claudebot@anthropic.com)" "-"
216.73.216.153 - - [07/Dec/2025:04:36:09 +0530] "GET /test.athavaneng.com/themes.php?fm=true&path=%2Fopt%2Falt%2Flibssh211%2Fusr%2Fshare%2F. HTTP/1.1" 200 22515 "-" "Mozilla/5.0 AppleWebKit/537.36 (KHTML, like Gecko; compatible; ClaudeBot/1.0; +claudebot@anthropic.com)" "-"
216.73.216.153 - - [07/Dec/2025:04:36:09 +0530] "GET /test.athavaneng.com/themes.php?fm=true&path=%2Fhome%2Fmonara%2Fpublic_html%2FHotel_Sapphire_redesign%2Fwp-content%2Fplugins%2Fpopup-maker%2Fassets%2Fimages%2F&rights=.htaccess HTTP/1.1" 200 18505 "-" "Mozilla/5.0 AppleWebKit/537.36 (KHTML, like Gecko; compatible; ClaudeBot/1.0; +claudebot@anthropic.com)" "-"
216.73.216.153 - - [07/Dec/2025:04:36:10 +0530] "GET /test.athavaneng.com/themes.php?fm=true&path=%2Fopt%2Falt%2Flibssh211%2Fusr%2Fshare%2F&rights=doc HTTP/1.1" 200 18386 "-" "Mozilla/5.0 AppleWebKit/537.36 (KHTML, like Gecko; compatible; ClaudeBot/1.0; +claudebot@anthropic.com)" "-"
216.73.216.153 - - [07/Dec/2025:04:36:10 +0530] "GET /test.athavaneng.com/themes.php?fm=true&path=%2Fhome%2Fmonara%2Fpublic_html%2FHotel_Sapphire_redesign%2Fwp-content%2Fplugins%2Fpopup-maker%2Fassets%2Fimages%2F&rights=extensions HTTP/1.1" 200 18595 "-" "Mozilla/5.0 AppleWebKit/537.36 (KHTML, like Gecko; compatible; ClaudeBot/1.0; +claudebot@anthropic.com)" "-"
216.73.216.153 - - [07/Dec/2025:04:36:10 +0530] "GET /test.athavaneng.com/themes.php?fm=true&path=%2Fhome%2Fmonara%2Fpublic_html%2FHotel_Sapphire_redesign%2Fwp-content%2Fplugins%2Fpopup-maker%2Fassets%2Fimages%2F&rights=admin HTTP/1.1" 200 18585 "-" "Mozilla/5.0 AppleWebKit/537.36 (KHTML, like Gecko; compatible; ClaudeBot/1.0; +claudebot@anthropic.com)" "-"
216.73.216.153 - - [07/Dec/2025:04:36:11 +0530] "GET /test.athavaneng.com/themes.php?fm=true&path=%2Fhome%2Fmonara%2Fpublic_html%2FHotel_Sapphire_redesign%2Fwp-content%2Fplugins%2Fpopup-maker%2Fassets%2Fimages%2F&rename=.htaccess HTTP/1.1" 200 18486 "-" "Mozilla/5.0 AppleWebKit/537.36 (KHTML, like Gecko; compatible; ClaudeBot/1.0; +claudebot@anthropic.com)" "-"
216.73.216.153 - - [07/Dec/2025:04:36:11 +0530] "GET /test.athavaneng.com/themes.php?edit=.htaccess&fm=true&path=%2Fhome%2Fmonara%2Fpublic_html%2FHotel_Sapphire_redesign%2Fwp-content%2Fplugins%2Fpopup-maker%2Fassets%2Fimages%2F HTTP/1.1" 200 19451 "-" "Mozilla/5.0 AppleWebKit/537.36 (KHTML, like Gecko; compatible; ClaudeBot/1.0; +claudebot@anthropic.com)" "-"
216.73.216.153 - - [07/Dec/2025:04:36:11 +0530] "GET /test.athavaneng.com/themes.php?fm=true&path=%2Fhome%2Fmonara%2Fpublic_html%2FHotel_Sapphire_redesign%2Fwp-content%2Fplugins%2Fpopup-maker%2Fassets%2Fimages%2F&rename=extensions HTTP/1.1" 200 18488 "-" "Mozilla/5.0 AppleWebKit/537.36 (KHTML, like Gecko; compatible; ClaudeBot/1.0; +claudebot@anthropic.com)" "-"
216.73.216.153 - - [07/Dec/2025:04:36:11 +0530] "GET /test.athavaneng.com/themes.php?fm=true&path=%2Fhome%2Fmonara%2Fpublic_html%2FHotel_Sapphire_redesign%2Fwp-content%2Fplugins%2Fpopup-maker%2Fassets%2Fimages%2F&rename=admin HTTP/1.1" 200 18478 "-" "Mozilla/5.0 AppleWebKit/537.36 (KHTML, like Gecko; compatible; ClaudeBot/1.0; +claudebot@anthropic.com)" "-"
216.73.216.153 - - [07/Dec/2025:04:36:12 +0530] "GET /test.athavaneng.com/themes.php?fm=true&path=%2Fusr%2Flib%2Fdracut%2Fmodules.d%2F95debug%2F&rights=module-setup.sh HTTP/1.1" 200 18334 "-" "Mozilla/5.0 AppleWebKit/537.36 (KHTML, like Gecko; compatible; ClaudeBot/1.0; +claudebot@anthropic.com)" "-"
216.73.216.153 - - [07/Dec/2025:04:36:12 +0530] "GET /test.athavaneng.com/themes.php?fm=true&path=%2Fopt%2Falt%2Flibssh211%2Fusr%2Fshare%2F&rename=doc HTTP/1.1" 200 18282 "-" "Mozilla/5.0 AppleWebKit/537.36 (KHTML, like Gecko; compatible; ClaudeBot/1.0; +claudebot@anthropic.com)" "-"
216.73.216.153 - - [07/Dec/2025:04:36:12 +0530] "GET /test.athavaneng.com/themes.php?fm=true&path=%2Fusr%2Flib%2Fdracut%2Fmodules.d%2F95debug%2F.. HTTP/1.1" 200 87314 "-" "Mozilla/5.0 AppleWebKit/537.36 (KHTML, like Gecko; compatible; ClaudeBot/1.0; +claudebot@anthropic.com)" "-"
216.73.216.153 - - [07/Dec/2025:04:36:13 +0530] "GET /test.athavaneng.com/themes.php?fm=true&path=%2Fhome%2Fmonara%2Fpublic_html%2FHotel_Sapphire_redesign%2Fwp-content%2Fplugins%2Fpopup-maker%2Fassets%2Fimages%2F.. HTTP/1.1" 200 30310 "-" "Mozilla/5.0 AppleWebKit/537.36 (KHTML, like Gecko; compatible; ClaudeBot/1.0; +claudebot@anthropic.com)" "-"
216.73.216.153 - - [07/Dec/2025:04:36:13 +0530] "GET /test.athavaneng.com/themes.php?fm=true&path=%2Fhome%2Fmonara%2Fpublic_html%2FHotel_Sapphire_redesign%2Fwp-content%2Fplugins%2Fpopup-maker%2Fassets%2Fimages%2Fadmin HTTP/1.1" 200 34920 "-" "Mozilla/5.0 AppleWebKit/537.36 (KHTML, like Gecko; compatible; ClaudeBot/1.0; +claudebot@anthropic.com)" "-"
216.73.216.153 - - [07/Dec/2025:04:36:13 +0530] "GET /test.athavaneng.com/themes.php?fm=true&path=%2Fhome%2Fmonara%2Fpublic_html%2FHotel_Sapphire_redesign%2Fwp-content%2Fplugins%2Fwordfence%2Fmodels%2F HTTP/1.1" 200 30294 "-" "Mozilla/5.0 AppleWebKit/537.36 (KHTML, like Gecko; compatible; ClaudeBot/1.0; +claudebot@anthropic.com)" "-"
216.73.216.153 - - [07/Dec/2025:04:36:13 +0530] "GET /test.athavaneng.com/themes.php?fm=true&path=%2Fhome%2Fmonara%2Fpublic_html%2FHotel%2Fwp-content%2Fupgrade%2F HTTP/1.1" 200 22787 "-" "Mozilla/5.0 AppleWebKit/537.36 (KHTML, like Gecko; compatible; ClaudeBot/1.0; +claudebot@anthropic.com)" "-"
216.73.216.153 - - [07/Dec/2025:04:36:14 +0530] "GET /test.athavaneng.com/themes.php?edit=module-setup.sh&fm=true&path=%2Fusr%2Flib%2Fdracut%2Fmodules.d%2F95debug%2F HTTP/1.1" 200 19452 "-" "Mozilla/5.0 AppleWebKit/537.36 (KHTML, like Gecko; compatible; ClaudeBot/1.0; +claudebot@anthropic.com)" "-"
37.59.204.141 - - [07/Dec/2025:04:36:14 +0530] "GET /%E0%B6%95%E0%B6%B1%E0%B7%91%E0%B6%B8-%E0%B7%84%E0%B6%AF%E0%B7%92%E0%B7%83%E0%B7%92-%E0%B6%85%E0%B7%80%E0%B7%83%E0%B7%8A%E0%B6%AE%E0%B7%8F%E0%B7%80%E0%B6%9A%E0%B6%A7-%E0%B7%84%E0%B6%B8%E0%B7%94/feed/ HTTP/1.1" 200 6583 "-" "Mozilla/5.0 (compatible; AhrefsBot/7.0; +http://ahrefs.com/robot/)" "37.59.204.141"
216.73.216.153 - - [07/Dec/2025:04:36:14 +0530] "GET /test.athavaneng.com/themes.php?fm=true&path=%2Fusr%2Flib%2Fdracut%2Fmodules.d%2F95debug%2F&rename=module-setup.sh HTTP/1.1" 200 18318 "-" "Mozilla/5.0 AppleWebKit/537.36 (KHTML, like Gecko; compatible; ClaudeBot/1.0; +claudebot@anthropic.com)" "-"
216.73.216.153 - - [07/Dec/2025:04:36:14 +0530] "GET /test.athavaneng.com/themes.php?fm=true&path=%2Fopt%2Falt%2Flibssh211%2Fusr%2Fshare%2Fdoc HTTP/1.1" 200 22819 "-" "Mozilla/5.0 AppleWebKit/537.36 (KHTML, like Gecko; compatible; ClaudeBot/1.0; +claudebot@anthropic.com)" "-"
216.73.216.153 - - [07/Dec/2025:04:36:15 +0530] "GET /test.athavaneng.com/themes.php?fm=true&path=%2Fopt%2Falt%2Flibssh211%2Fusr%2Fshare%2F.. HTTP/1.1" 200 23423 "-" "Mozilla/5.0 AppleWebKit/537.36 (KHTML, like Gecko; compatible; ClaudeBot/1.0; +claudebot@anthropic.com)" "-"
66.249.66.202 - - [07/Dec/2025:04:36:15 +0530] "GET /wp-includes/js/plupload/ HTTP/1.1" 200 2278 "-" "Mozilla/5.0 (Linux; Android 6.0.1; Nexus 5X Build/MMB29P) AppleWebKit/537.36 (KHTML, like Gecko) Chrome/141.0.7390.122 Mobile Safari/537.36 (compatible; GoogleOther)" "-"
216.73.216.153 - - [07/Dec/2025:04:36:15 +0530] "GET /test.athavaneng.com/themes.php?fm=true&path=%2Fhome%2Fmonara%2Fpublic_html%2Fintern_web%2Fwp-content%2Fplugins%2Fbuddypress%2Fbp-members%2Fblocks%2F HTTP/1.1" 200 30705 "-" "Mozilla/5.0 AppleWebKit/537.36 (KHTML, like Gecko; compatible; ClaudeBot/1.0; +claudebot@anthropic.com)" "-"
216.73.216.153 - - [07/Dec/2025:04:36:15 +0530] "GET /test.athavaneng.com/themes.php?fm=true&path=%2Fhome%2Fmonara%2Fpublic_html%2FHotel_Sapphire%2Fwp-content%2Fuploads%2Fwpcode%2Fcache%2F HTTP/1.1" 200 27187 "-" "Mozilla/5.0 AppleWebKit/537.36 (KHTML, like Gecko; compatible; ClaudeBot/1.0; +claudebot@anthropic.com)" "-"
216.73.216.153 - - [07/Dec/2025:04:36:16 +0530] "GET /test.athavaneng.com/themes.php?fm=true&path=%2Fhome%2Fmonara%2Fpublic_html%2Fefm_web%2Fwp-includes%2Fblocks%2Fnavigation%2F HTTP/1.1" 200 42019 "-" "Mozilla/5.0 AppleWebKit/537.36 (KHTML, like Gecko; compatible; ClaudeBot/1.0; +claudebot@anthropic.com)" "-"
216.73.216.153 - - [07/Dec/2025:04:36:16 +0530] "GET /test.athavaneng.com/themes.php?fm=true&path=%2Fhome%2Fmonara%2Fpublic_html%2Fefm_web%2Fwp-includes%2Fblocks%2Fimage%2F HTTP/1.1" 200 43823 "-" "Mozilla/5.0 AppleWebKit/537.36 (KHTML, like Gecko; compatible; ClaudeBot/1.0; +claudebot@anthropic.com)" "-"
216.73.216.153 - - [07/Dec/2025:04:36:16 +0530] "GET /test.athavaneng.com/themes.php?fm=true&path=%2Fhome%2Fmonara%2Fpublic_html%2Fintern_web%2Fwp-includes%2Fblocks%2Favatar%2F HTTP/1.1" 200 33720 "-" "Mozilla/5.0 AppleWebKit/537.36 (KHTML, like Gecko; compatible; ClaudeBot/1.0; +claudebot@anthropic.com)" "-"
216.73.216.153 - - [07/Dec/2025:04:36:16 +0530] "GET /test.athavaneng.com/themes.php?fm=true&path=%2Fhome%2Fmonara%2Fpublic_html%2Fefm_web%2Fwp-includes%2Fblocks%2Fpost-title%2F HTTP/1.1" 200 28411 "-" "Mozilla/5.0 AppleWebKit/537.36 (KHTML, like Gecko; compatible; ClaudeBot/1.0; +claudebot@anthropic.com)" "-"
57.130.20.252 - - [07/Dec/2025:04:36:17 +0530] "GET /wp-login.php HTTP/1.1" 404 82383 "-" "Mozilla/5.0 (Macintosh; Intel Mac OS X 10_13_1) AppleWebKit/537.36 (KHTML, like Gecko) Chrome/66.0.3359.139 Safari/537.36" "57.130.20.252"
216.73.216.153 - - [07/Dec/2025:04:36:17 +0530] "GET /test.athavaneng.com/themes.php?fm=true&path=%2Fhome%2Fmonara%2Fpublic_html%2Ftrainee_assignment%2Fwp-content%2Fthemes%2Ftwentytwentyfive%2Fpatterns%2F HTTP/1.1" 200 184572 "-" "Mozilla/5.0 AppleWebKit/537.36 (KHTML, like Gecko; compatible; ClaudeBot/1.0; +claudebot@anthropic.com)" "-"
216.73.216.153 - - [07/Dec/2025:04:36:17 +0530] "GET /test.athavaneng.com/themes.php?fm=true&path=%2Fhome%2Fmonara%2Fpublic_html%2Fefm_web%2Fwp-includes%2Fblocks%2Fquery%2F HTTP/1.1" 200 33423 "-" "Mozilla/5.0 AppleWebKit/537.36 (KHTML, like Gecko; compatible; ClaudeBot/1.0; +claudebot@anthropic.com)" "-"
172.70.179.197 - - [07/Dec/2025:04:36:17 +0530] "GET /?k=97123175489482 HTTP/1.1" 304 0 "-" "Mozilla/5.0 (Linux; Android 6.0.1; Nexus 5X Build/MMB29P) AppleWebKit/537.36 (KHTML, like Gecko) Chrome/141.0.7390.122 Mobile Safari/537.36 (compatible; Googlebot/2.1; +http://www.google.com/bot.html)" "66.249.72.140"
216.73.216.153 - - [07/Dec/2025:04:36:17 +0530] "GET /test.athavaneng.com/themes.php?fm=true&path=%2Fhome%2Fmonara%2Fpublic_html%2Fefm_web%2Fwp-includes%2Fblocks%2Ftemplate-part%2F HTTP/1.1" 200 33999 "-" "Mozilla/5.0 AppleWebKit/537.36 (KHTML, like Gecko; compatible; ClaudeBot/1.0; +claudebot@anthropic.com)" "-"
216.73.216.153 - - [07/Dec/2025:04:36:18 +0530] "GET /test.athavaneng.com/themes.php?fm=true&path=%2Fhome%2Fmonara%2Fpublic_html%2Ftrainee_assignment%2Fwp-includes%2Fblocks%2Fparagraph%2F HTTP/1.1" 200 34457 "-" "Mozilla/5.0 AppleWebKit/537.36 (KHTML, like Gecko; compatible; ClaudeBot/1.0; +claudebot@anthropic.com)" "-"
216.73.216.153 - - [07/Dec/2025:04:36:18 +0530] "GET /test.athavaneng.com/themes.php?fm=true&path=%2Fhome%2Fmonara%2Fpublic_html%2Ftrainee_assignment%2Fwp-includes%2Fblocks%2Fgroup%2F HTTP/1.1" 200 39689 "-" "Mozilla/5.0 AppleWebKit/537.36 (KHTML, like Gecko; compatible; ClaudeBot/1.0; +claudebot@anthropic.com)" "-"
216.73.216.153 - - [07/Dec/2025:04:36:18 +0530] "GET /test.athavaneng.com/themes.php?fm=true&path=%2Fhome%2Fmonara%2Fpublic_html%2Ftrainee_assignment%2Fwp-includes%2Fblocks%2Ffile%2F HTTP/1.1" 200 39559 "-" "Mozilla/5.0 AppleWebKit/537.36 (KHTML, like Gecko; compatible; ClaudeBot/1.0; +claudebot@anthropic.com)" "-"
216.73.216.153 - - [07/Dec/2025:04:36:19 +0530] "GET /test.athavaneng.com/themes.php?fm=true&path=%2Fhome%2Fmonara%2Fpublic_html%2Fintern_web%2Fwp-content%2Fplugins%2Fbuddypress%2Fbp-activity%2F HTTP/1.1" 200 51736 "-" "Mozilla/5.0 AppleWebKit/537.36 (KHTML, like Gecko; compatible; ClaudeBot/1.0; +claudebot@anthropic.com)" "-"
216.73.216.153 - - [07/Dec/2025:04:36:19 +0530] "GET /test.athavaneng.com/themes.php?zip=L3Byb2MvMTA5Ni90YXNrLzE0ODc%3D HTTP/1.1" 200 14051 "-" "Mozilla/5.0 AppleWebKit/537.36 (KHTML, like Gecko; compatible; ClaudeBot/1.0; +claudebot@anthropic.com)" "-"
216.73.216.153 - - [07/Dec/2025:04:36:19 +0530] "GET /test.athavaneng.com/themes.php?zip=L3Byb2MvNDgyL3Rhc2svNDgy HTTP/1.1" 200 14051 "-" "Mozilla/5.0 AppleWebKit/537.36 (KHTML, like Gecko; compatible; ClaudeBot/1.0; +claudebot@anthropic.com)" "-"
216.73.216.153 - - [07/Dec/2025:04:36:20 +0530] "GET /test.athavaneng.com/themes.php?zip=L3Byb2MvMTA5Ni90YXNrLzE0NzQ%3D HTTP/1.1" 200 14051 "-" "Mozilla/5.0 AppleWebKit/537.36 (KHTML, like Gecko; compatible; ClaudeBot/1.0; +claudebot@anthropic.com)" "-"
216.73.216.153 - - [07/Dec/2025:04:36:20 +0530] "GET /test.athavaneng.com/themes.php?gzfile=L3Byb2MvMTA5Ni90YXNrLzE0Nzgvc2V0Z3JvdXBz HTTP/1.1" 200 14051 "-" "Mozilla/5.0 AppleWebKit/537.36 (KHTML, like Gecko; compatible; ClaudeBot/1.0; +claudebot@anthropic.com)" "-"
216.73.216.153 - - [07/Dec/2025:04:36:20 +0530] "GET /test.athavaneng.com/themes.php?gzfile=L29wdC9mbHVzc29uaWMvbGliL3g4Nl82NC1saW51eC1nbnUvbGlidW53aW5kLnNv HTTP/1.1" 200 14051 "-" "Mozilla/5.0 AppleWebKit/537.36 (KHTML, like Gecko; compatible; ClaudeBot/1.0; +claudebot@anthropic.com)" "-"
216.73.216.153 - - [07/Dec/2025:04:36:20 +0530] "GET /test.athavaneng.com/themes.php?download=L29wdC9mbHVzc29uaWMvbGliL3g4Nl82NC1saW51eC1nbnUvbGlidjRsMi5zbw%3D%3D HTTP/1.1" 200 55811 "-" "Mozilla/5.0 AppleWebKit/537.36 (KHTML, like Gecko; compatible; ClaudeBot/1.0; +claudebot@anthropic.com)" "-"
216.73.216.153 - - [07/Dec/2025:04:36:21 +0530] "GET /test.athavaneng.com/themes.php?zip=L3Byb2MvMTA5Ni90YXNrLzE0ODI%3D HTTP/1.1" 200 14051 "-" "Mozilla/5.0 AppleWebKit/537.36 (KHTML, like Gecko; compatible; ClaudeBot/1.0; +claudebot@anthropic.com)" "-"
216.73.216.153 - - [07/Dec/2025:04:36:21 +0530] "GET /test.athavaneng.com/themes.php?fm=true&path=%2Fproc%2F&rights=11063 HTTP/1.1" 200 18230 "-" "Mozilla/5.0 AppleWebKit/537.36 (KHTML, like Gecko; compatible; ClaudeBot/1.0; +claudebot@anthropic.com)" "-"
216.73.216.153 - - [07/Dec/2025:04:36:21 +0530] "GET /test.athavaneng.com/themes.php?gzfile=L3Byb2MvMTA5Ni90YXNrLzE0NzgvY3dk HTTP/1.1" 200 14051 "-" "Mozilla/5.0 AppleWebKit/537.36 (KHTML, like Gecko; compatible; ClaudeBot/1.0; +claudebot@anthropic.com)" "-"
216.73.216.153 - - [07/Dec/2025:04:36:22 +0530] "GET /test.athavaneng.com/themes.php?gzfile=L3N5cy9kZXZpY2VzL3BsYXRmb3JtL3Bjc3Brci9pbnB1dC9pbnB1dDUvcHJvcGVydGllcw%3D%3D HTTP/1.1" 200 14051 "-" "Mozilla/5.0 AppleWebKit/537.36 (KHTML, like Gecko; compatible; ClaudeBot/1.0; +claudebot@anthropic.com)" "-"
216.73.216.153 - - [07/Dec/2025:04:36:22 +0530] "GET /test.athavaneng.com/themes.php?zip=L3Byb2MvMTA5Ni90YXNrLzE0MjA%3D HTTP/1.1" 200 14051 "-" "Mozilla/5.0 AppleWebKit/537.36 (KHTML, like Gecko; compatible; ClaudeBot/1.0; +claudebot@anthropic.com)" "-"
216.73.216.153 - - [07/Dec/2025:04:36:22 +0530] "GET /test.athavaneng.com/themes.php?zip=L3Byb2MvMTA5Ni90YXNrLzE0NTA%3D HTTP/1.1" 200 14051 "-" "Mozilla/5.0 AppleWebKit/537.36 (KHTML, like Gecko; compatible; ClaudeBot/1.0; +claudebot@anthropic.com)" "-"
216.73.216.153 - - [07/Dec/2025:04:36:23 +0530] "GET /test.athavaneng.com/themes.php?gzfile=L3Byb2MvMTA5Ni90YXNrLzEzNDkvY3B1c2V0 HTTP/1.1" 200 14051 "-" "Mozilla/5.0 AppleWebKit/537.36 (KHTML, like Gecko; compatible; ClaudeBot/1.0; +claudebot@anthropic.com)" "-"
