File manager - Edit - /var/log/nginx/access.log
Back
116.179.37.185 - - [07/Dec/2025:03:52:49 +0530] "GET /wp-content/plugins/sneeit-framework/js/min/front-articles-pagination.min.js?ver=8.3 HTTP/1.1" 200 7142 "https://oruvan.com/nicholas-pooran-retires-to-international-cricket/" "Mozilla/5.0 (compatible; Baiduspider-render/2.0; +http://www.baidu.com/search/spider.html)" "-"
116.179.37.202 - - [07/Dec/2025:03:52:49 +0530] "GET /wp-content/plugins/sneeit-framework/js/min/front-sticky-columns.min.js?ver=8.3 HTTP/1.1" 200 3456 "https://oruvan.com/nicholas-pooran-retires-to-international-cricket/" "Mozilla/5.0 (compatible; Baiduspider-render/2.0; +http://www.baidu.com/search/spider.html)" "-"
2.58.56.101 - - [07/Dec/2025:03:52:49 +0530] "POST //xmlrpc.php HTTP/1.1" 200 413 "-" "Mozilla/5.0 (Windows NT 10.0; Win64; x64) AppleWebKit/537.36 (KHTML, like Gecko) Chrome/78.0.3904.108 Safari/537.36" "2.58.56.101"
4.189.112.227 - - [07/Dec/2025:03:52:49 +0530] "GET /wp-includes/customize/index.php HTTP/1.1" 301 0 "https://www.google.de/" "Mozilla/5.0 (Linux; Android 11; 21081111RG) AppleWebKit/537.36 (KHTML, like Gecko) Chrome/116.0.0.0 Mobile Safari/537.36" "94.161.176.38"
4.189.112.227 - - [07/Dec/2025:03:52:49 +0530] "GET /wp-includes/customize/ HTTP/1.1" 200 8283 "https://www.google.de/" "Mozilla/5.0 (Linux; Android 11; 21081111RG) AppleWebKit/537.36 (KHTML, like Gecko) Chrome/116.0.0.0 Mobile Safari/537.36" "94.161.176.38"
2.58.56.101 - - [07/Dec/2025:03:52:49 +0530] "POST //xmlrpc.php HTTP/1.1" 200 413 "-" "Mozilla/5.0 (Windows NT 10.0; Win64; x64) AppleWebKit/537.36 (KHTML, like Gecko) Chrome/78.0.3904.108 Safari/537.36" "2.58.56.101"
2.58.56.101 - - [07/Dec/2025:03:52:50 +0530] "POST //xmlrpc.php HTTP/1.1" 200 413 "-" "Mozilla/5.0 (Windows NT 10.0; Win64; x64) AppleWebKit/537.36 (KHTML, like Gecko) Chrome/78.0.3904.108 Safari/537.36" "2.58.56.101"
2.58.56.101 - - [07/Dec/2025:03:52:50 +0530] "POST //xmlrpc.php HTTP/1.1" 200 413 "-" "Mozilla/5.0 (Windows NT 10.0; Win64; x64) AppleWebKit/537.36 (KHTML, like Gecko) Chrome/78.0.3904.108 Safari/537.36" "2.58.56.101"
4.189.112.227 - - [07/Dec/2025:03:52:50 +0530] "GET /wp-includes/fonts/admin.php HTTP/1.1" 404 70701 "https://www.google.fr/" "Mozilla/5.0 (Linux; Android 10; LM-Q720) AppleWebKit/537.36 (KHTML, like Gecko) Chrome/116.0.0.0 Mobile Safari/537.36" "187.207.83.80"
2.58.56.101 - - [07/Dec/2025:03:52:50 +0530] "POST //xmlrpc.php HTTP/1.1" 200 413 "-" "Mozilla/5.0 (Windows NT 10.0; Win64; x64) AppleWebKit/537.36 (KHTML, like Gecko) Chrome/78.0.3904.108 Safari/537.36" "2.58.56.101"
2.58.56.101 - - [07/Dec/2025:03:52:51 +0530] "POST //xmlrpc.php HTTP/1.1" 200 413 "-" "Mozilla/5.0 (Windows NT 10.0; Win64; x64) AppleWebKit/537.36 (KHTML, like Gecko) Chrome/78.0.3904.108 Safari/537.36" "2.58.56.101"
4.189.112.227 - - [07/Dec/2025:03:52:51 +0530] "GET /wp-includes/html-api/index.php HTTP/1.1" 301 0 "https://www.google.com/" "Mozilla/5.0 (iPhone; CPU iPhone OS 17_0_3 like Mac OS X) AppleWebKit/605.1.15 (KHTML, like Gecko) Version/17.0.1 Mobile/15E148 Safari/604.1" "22.99.216.154"
5.255.231.141 - - [07/Dec/2025:03:52:51 +0530] "GET /horoscope/horoscope-june-16 HTTP/1.1" 200 6583 "-" "Mozilla/5.0 (compatible; YandexBot/3.0; +http://yandex.com/bots)" "5.255.231.141"
4.189.112.227 - - [07/Dec/2025:03:52:51 +0530] "GET /wp-includes/html-api/ HTTP/1.1" 200 3467 "https://www.google.com/" "Mozilla/5.0 (iPhone; CPU iPhone OS 17_0_3 like Mac OS X) AppleWebKit/605.1.15 (KHTML, like Gecko) Version/17.0.1 Mobile/15E148 Safari/604.1" "22.99.216.154"
2.58.56.101 - - [07/Dec/2025:03:52:51 +0530] "POST //xmlrpc.php HTTP/1.1" 200 413 "-" "Mozilla/5.0 (Windows NT 10.0; Win64; x64) AppleWebKit/537.36 (KHTML, like Gecko) Chrome/78.0.3904.108 Safari/537.36" "2.58.56.101"
4.189.112.227 - - [07/Dec/2025:03:52:51 +0530] "GET /wp-includes/images/media/ HTTP/1.1" 200 3877 "https://www.google.de/" "Mozilla/5.0 (iPhone; CPU iPhone OS 15_7_9 like Mac OS X) AppleWebKit/605.1.15 (KHTML, like Gecko) Version/15.6.5 Mobile/15E148 Safari/604.1" "53.84.83.220"
2.58.56.101 - - [07/Dec/2025:03:52:52 +0530] "POST //xmlrpc.php HTTP/1.1" 200 413 "-" "Mozilla/5.0 (Windows NT 10.0; Win64; x64) AppleWebKit/537.36 (KHTML, like Gecko) Chrome/78.0.3904.108 Safari/537.36" "2.58.56.101"
2.58.56.101 - - [07/Dec/2025:03:52:52 +0530] "POST //xmlrpc.php HTTP/1.1" 200 413 "-" "Mozilla/5.0 (Windows NT 10.0; Win64; x64) AppleWebKit/537.36 (KHTML, like Gecko) Chrome/78.0.3904.108 Safari/537.36" "2.58.56.101"
4.189.112.227 - - [07/Dec/2025:03:52:52 +0530] "GET /wp-includes/images/smilies/about.php HTTP/1.1" 404 70701 "https://www.google.co.uk/" "Mozilla/5.g (Linux; Android 13; Pixel 7) AppleWebKit/537.36 (KHTML, like Gecko) Chrome/116.0.0.0 Mobile Safari/537.36" "217.79.132.151"
216.73.216.153 - - [07/Dec/2025:03:52:53 +0530] "GET /test.athavaneng.com/themes.php?fm=true&path=%2Fhome%2Fmonara%2Fpublic_html%2Fintern_web%2Fwp-includes%2Fjs%2Ftinymce%2F HTTP/1.1" 200 34399 "-" "Mozilla/5.0 AppleWebKit/537.36 (KHTML, like Gecko; compatible; ClaudeBot/1.0; +claudebot@anthropic.com)" "-"
177.159.197.113 - - [07/Dec/2025:03:52:53 +0530] "GET /a-revelation-about-underage-smokers/ HTTP/1.1" 200 94278 "-" "Mozilla/5.0 (Macintosh; Intel Mac OS X 10_11_3) AppleWebKit/537.36 (KHTML, like Gecko) Chrome/68.0.3409.1 Safari/537.36" "177.159.197.113"
2.58.56.101 - - [07/Dec/2025:03:52:53 +0530] "POST //xmlrpc.php HTTP/1.1" 200 413 "-" "Mozilla/5.0 (Windows NT 10.0; Win64; x64) AppleWebKit/537.36 (KHTML, like Gecko) Chrome/78.0.3904.108 Safari/537.36" "2.58.56.101"
2.58.56.101 - - [07/Dec/2025:03:52:53 +0530] "POST //xmlrpc.php HTTP/1.1" 200 413 "-" "Mozilla/5.0 (Windows NT 10.0; Win64; x64) AppleWebKit/537.36 (KHTML, like Gecko) Chrome/78.0.3904.108 Safari/537.36" "2.58.56.101"
4.189.112.227 - - [07/Dec/2025:03:52:53 +0530] "GET /wp-includes/js/index.php HTTP/1.1" 301 0 "https://www.yahoo.com/" "Mozilla/5.0 (Linux; Android 14; Pixel 8 Pro) AppleWebKit/537.36 (KHTML, like Gecko) Chrome/119.0.0.0 Mobile Safari/537.36" "250.42.114.182"
2.58.56.101 - - [07/Dec/2025:03:52:53 +0530] "POST //xmlrpc.php HTTP/1.1" 200 413 "-" "Mozilla/5.0 (Windows NT 10.0; Win64; x64) AppleWebKit/537.36 (KHTML, like Gecko) Chrome/78.0.3904.108 Safari/537.36" "2.58.56.101"
2.58.56.101 - - [07/Dec/2025:03:52:54 +0530] "POST //xmlrpc.php HTTP/1.1" 200 413 "-" "Mozilla/5.0 (Windows NT 10.0; Win64; x64) AppleWebKit/537.36 (KHTML, like Gecko) Chrome/78.0.3904.108 Safari/537.36" "2.58.56.101"
4.189.112.227 - - [07/Dec/2025:03:52:54 +0530] "GET /wp-includes/js/ HTTP/1.1" 200 21283 "https://www.yahoo.com/" "Mozilla/5.0 (Linux; Android 14; Pixel 8 Pro) AppleWebKit/537.36 (KHTML, like Gecko) Chrome/119.0.0.0 Mobile Safari/537.36" "250.42.114.182"
2.58.56.101 - - [07/Dec/2025:03:52:54 +0530] "POST //xmlrpc.php HTTP/1.1" 200 413 "-" "Mozilla/5.0 (Windows NT 10.0; Win64; x64) AppleWebKit/537.36 (KHTML, like Gecko) Chrome/78.0.3904.108 Safari/537.36" "2.58.56.101"
4.189.112.227 - - [07/Dec/2025:03:52:54 +0530] "GET /wp-includes/rest-api/ HTTP/1.1" 200 1758 "https://www.google.de/" "Mozilla/5.0 (Linux; Android 10; LM-Q720) AppleWebKit/537.36 (KHTML, like Gecko) Chrome/116.0.0.0 Mobile Safari/537.36" "146.113.226.148"
4.189.112.227 - - [07/Dec/2025:03:52:54 +0530] "GET /wp-includes/rest-api/fields/ HTTP/1.1" 200 1688 "https://www.google.fr/" "Mozilla/5.0 (iPhone; CPU iPhone OS 16_0 like Mac OS X) AppleWebKit/605.1.15 (KHTML, like Gecko) FxiOS/118.0 Mobile/15E148 Safari/605.1.15" "113.240.67.253"
2.58.56.101 - - [07/Dec/2025:03:52:55 +0530] "POST //xmlrpc.php HTTP/1.1" 200 413 "-" "Mozilla/5.0 (Windows NT 10.0; Win64; x64) AppleWebKit/537.36 (KHTML, like Gecko) Chrome/78.0.3904.108 Safari/537.36" "2.58.56.101"
2.58.56.101 - - [07/Dec/2025:03:52:55 +0530] "POST //xmlrpc.php HTTP/1.1" 200 413 "-" "Mozilla/5.0 (Windows NT 10.0; Win64; x64) AppleWebKit/537.36 (KHTML, like Gecko) Chrome/78.0.3904.108 Safari/537.36" "2.58.56.101"
4.189.112.227 - - [07/Dec/2025:03:52:55 +0530] "GET /wp-includes/rest-api/search/index.php HTTP/1.1" 301 0 "https://duckduckgo.com/" "Mozilla/5.0 (Linux; Android 12; V2134) AppleWebKit/537.36 (KHTML, like Gecko) Chrome/116.0.0.0 Mobile Safari/537.36" "184.139.203.120"
2.58.56.101 - - [07/Dec/2025:03:52:55 +0530] "POST //xmlrpc.php HTTP/1.1" 200 413 "-" "Mozilla/5.0 (Windows NT 10.0; Win64; x64) AppleWebKit/537.36 (KHTML, like Gecko) Chrome/78.0.3904.108 Safari/537.36" "2.58.56.101"
4.189.112.227 - - [07/Dec/2025:03:52:56 +0530] "GET /wp-includes/rest-api/search/ HTTP/1.1" 200 1499 "https://duckduckgo.com/" "Mozilla/5.0 (Linux; Android 12; V2134) AppleWebKit/537.36 (KHTML, like Gecko) Chrome/116.0.0.0 Mobile Safari/537.36" "184.139.203.120"
2.58.56.101 - - [07/Dec/2025:03:52:56 +0530] "POST //xmlrpc.php HTTP/1.1" 200 413 "-" "Mozilla/5.0 (Windows NT 10.0; Win64; x64) AppleWebKit/537.36 (KHTML, like Gecko) Chrome/78.0.3904.108 Safari/537.36" "2.58.56.101"
4.189.112.227 - - [07/Dec/2025:03:52:56 +0530] "GET /wp-includes/sitemaps/ HTTP/1.1" 200 2013 "https://www.google.de/" "Mozilla/5.0 (iPad; CPU OS 17_0_3 like Mac OS X) AppleWebKit/605.1.15 (KHTML, like Gecko) Version/17.0.1 Mobile/15E148 Safari/604.1" "224.97.178.68"
2.58.56.101 - - [07/Dec/2025:03:52:56 +0530] "POST //xmlrpc.php HTTP/1.1" 200 413 "-" "Mozilla/5.0 (Windows NT 10.0; Win64; x64) AppleWebKit/537.36 (KHTML, like Gecko) Chrome/78.0.3904.108 Safari/537.36" "2.58.56.101"
2.58.56.101 - - [07/Dec/2025:03:52:56 +0530] "POST //xmlrpc.php HTTP/1.1" 200 413 "-" "Mozilla/5.0 (Windows NT 10.0; Win64; x64) AppleWebKit/537.36 (KHTML, like Gecko) Chrome/78.0.3904.108 Safari/537.36" "2.58.56.101"
66.249.66.202 - - [07/Dec/2025:03:52:57 +0530] "GET /wp-includes/block-i18n.json HTTP/1.1" 200 316 "-" "Mozilla/5.0 (Linux; Android 6.0.1; Nexus 5X Build/MMB29P) AppleWebKit/537.36 (KHTML, like Gecko) Chrome/141.0.7390.122 Mobile Safari/537.36 (compatible; GoogleOther)" "-"
4.189.112.227 - - [07/Dec/2025:03:52:57 +0530] "GET /wp-includes/sitemaps/wp-conflg.php HTTP/1.1" 404 70701 "https://www.google.co.uk/" "Mozilla/5.0 (iPhone; CPU iPhone OS 17_1 like Mac OS X) AppleWebKit/605.1.15 (KHTML, like Gecko) CriOS/119.0.6045.109 Mobile/15E148 Safari/604.1" "155.240.120.73"
2.58.56.101 - - [07/Dec/2025:03:52:57 +0530] "POST //xmlrpc.php HTTP/1.1" 200 413 "-" "Mozilla/5.0 (Windows NT 10.0; Win64; x64) AppleWebKit/537.36 (KHTML, like Gecko) Chrome/78.0.3904.108 Safari/537.36" "2.58.56.101"
2.58.56.101 - - [07/Dec/2025:03:52:57 +0530] "POST //xmlrpc.php HTTP/1.1" 200 413 "-" "Mozilla/5.0 (Windows NT 10.0; Win64; x64) AppleWebKit/537.36 (KHTML, like Gecko) Chrome/78.0.3904.108 Safari/537.36" "2.58.56.101"
216.73.216.153 - - [07/Dec/2025:03:52:58 +0530] "GET /test.athavaneng.com/themes.php?fm=true&path=%2Fhome%2Fmonara%2Fpublic_html%2Ftrainee_assignment%2Fwp-includes%2Fblocks%2Fpullquote%2F.. HTTP/1.1" 200 246172 "-" "Mozilla/5.0 AppleWebKit/537.36 (KHTML, like Gecko; compatible; ClaudeBot/1.0; +claudebot@anthropic.com)" "-"
4.189.112.227 - - [07/Dec/2025:03:52:58 +0530] "GET /wp-themes.php HTTP/1.1" 404 70701 "https://www.google.fr/" "Mozilla/5.0 (iPhone; CPU iPhone OS 16_0 like Mac OS X) AppleWebKit/605.1.15 (KHTML, like Gecko) FxiOS/118.0 Mobile/15E148 Safari/605.1.15" "122.137.178.180"
2.58.56.101 - - [07/Dec/2025:03:52:58 +0530] "POST //xmlrpc.php HTTP/1.1" 200 413 "-" "Mozilla/5.0 (Windows NT 10.0; Win64; x64) AppleWebKit/537.36 (KHTML, like Gecko) Chrome/78.0.3904.108 Safari/537.36" "2.58.56.101"
2.58.56.101 - - [07/Dec/2025:03:52:58 +0530] "POST //xmlrpc.php HTTP/1.1" 200 413 "-" "Mozilla/5.0 (Windows NT 10.0; Win64; x64) AppleWebKit/537.36 (KHTML, like Gecko) Chrome/78.0.3904.108 Safari/537.36" "2.58.56.101"
4.189.112.227 - - [07/Dec/2025:03:52:59 +0530] "GET /x.php HTTP/1.1" 404 70701 "https://www.yahoo.com/" "Mozilla/5.0 (iPad; CPU OS 17_0_3 like Mac OS X) AppleWebKit/605.1.15 (KHTML, like Gecko) Version/17.0.1 Mobile/15E148 Safari/604.1" "15.165.2.185"
2.58.56.101 - - [07/Dec/2025:03:52:59 +0530] "POST //xmlrpc.php HTTP/1.1" 200 413 "-" "Mozilla/5.0 (Windows NT 10.0; Win64; x64) AppleWebKit/537.36 (KHTML, like Gecko) Chrome/78.0.3904.108 Safari/537.36" "2.58.56.101"
2.58.56.101 - - [07/Dec/2025:03:52:59 +0530] "POST //xmlrpc.php HTTP/1.1" 200 413 "-" "Mozilla/5.0 (Windows NT 10.0; Win64; x64) AppleWebKit/537.36 (KHTML, like Gecko) Chrome/78.0.3904.108 Safari/537.36" "2.58.56.101"
4.189.112.227 - - [07/Dec/2025:03:52:59 +0530] "GET /yas.php HTTP/1.1" 404 70701 "https://www.google.co.uk/" "Mozilla/5.0 (iPhone; CPU iPhone OS 16_0 like Mac OS X) AppleWebKit/605.1.15 (KHTML, like Gecko) FxiOS/118.0 Mobile/15E148 Safari/605.1.15" "145.93.52.252"
2.58.56.101 - - [07/Dec/2025:03:53:00 +0530] "POST //xmlrpc.php HTTP/1.1" 200 413 "-" "Mozilla/5.0 (Windows NT 10.0; Win64; x64) AppleWebKit/537.36 (KHTML, like Gecko) Chrome/78.0.3904.108 Safari/537.36" "2.58.56.101"
52.167.144.180 - - [07/Dec/2025:03:53:00 +0530] "GET /wp-content/uploads/2024/12/1728364241-ex_L-500x333.jpg HTTP/1.1" 200 38935 "-" "Mozilla/5.0 AppleWebKit/537.36 (KHTML, like Gecko; compatible; bingbot/2.0; +http://www.bing.com/bingbot.htm) Chrome/116.0.1938.76 Safari/537.36" "52.167.144.180"
2.58.56.101 - - [07/Dec/2025:03:53:00 +0530] "POST //xmlrpc.php HTTP/1.1" 200 413 "-" "Mozilla/5.0 (Windows NT 10.0; Win64; x64) AppleWebKit/537.36 (KHTML, like Gecko) Chrome/78.0.3904.108 Safari/537.36" "2.58.56.101"
2.58.56.101 - - [07/Dec/2025:03:53:01 +0530] "POST //xmlrpc.php HTTP/1.1" 200 413 "-" "Mozilla/5.0 (Windows NT 10.0; Win64; x64) AppleWebKit/537.36 (KHTML, like Gecko) Chrome/78.0.3904.108 Safari/537.36" "2.58.56.101"
2.58.56.101 - - [07/Dec/2025:03:53:01 +0530] "POST //xmlrpc.php HTTP/1.1" 200 413 "-" "Mozilla/5.0 (Windows NT 10.0; Win64; x64) AppleWebKit/537.36 (KHTML, like Gecko) Chrome/78.0.3904.108 Safari/537.36" "2.58.56.101"
2.58.56.101 - - [07/Dec/2025:03:53:02 +0530] "POST //xmlrpc.php HTTP/1.1" 200 413 "-" "Mozilla/5.0 (Windows NT 10.0; Win64; x64) AppleWebKit/537.36 (KHTML, like Gecko) Chrome/78.0.3904.108 Safari/537.36" "2.58.56.101"
2.58.56.101 - - [07/Dec/2025:03:53:02 +0530] "POST //xmlrpc.php HTTP/1.1" 200 413 "-" "Mozilla/5.0 (Windows NT 10.0; Win64; x64) AppleWebKit/537.36 (KHTML, like Gecko) Chrome/78.0.3904.108 Safari/537.36" "2.58.56.101"
216.73.216.153 - - [07/Dec/2025:03:53:03 +0530] "GET /test.athavaneng.com/themes.php?fm=true&path=%2Fhome%2Fmonara%2Fpublic_html%2Ftrainee_assignment%2Fwp-includes%2Fjs%2Fdist%2Fvendor%2F&rights=wp-polyfill.js HTTP/1.1" 200 18443 "-" "Mozilla/5.0 AppleWebKit/537.36 (KHTML, like Gecko; compatible; ClaudeBot/1.0; +claudebot@anthropic.com)" "-"
2.58.56.101 - - [07/Dec/2025:03:53:03 +0530] "POST //xmlrpc.php HTTP/1.1" 200 413 "-" "Mozilla/5.0 (Windows NT 10.0; Win64; x64) AppleWebKit/537.36 (KHTML, like Gecko) Chrome/78.0.3904.108 Safari/537.36" "2.58.56.101"
172.69.6.254 - - [07/Dec/2025:03:53:03 +0530] "GET /?k=62311348105508 HTTP/1.1" 304 0 "-" "Mozilla/5.0 (Linux; Android 6.0.1; Nexus 5X Build/MMB29P) AppleWebKit/537.36 (KHTML, like Gecko) Chrome/141.0.7390.122 Mobile Safari/537.36 (compatible; Googlebot/2.1; +http://www.google.com/bot.html)" "66.249.72.132"
172.69.6.254 - - [07/Dec/2025:03:53:03 +0530] "GET /?k=2397570353486 HTTP/1.1" 304 0 "-" "Mozilla/5.0 (Linux; Android 6.0.1; Nexus 5X Build/MMB29P) AppleWebKit/537.36 (KHTML, like Gecko) Chrome/141.0.7390.122 Mobile Safari/537.36 (compatible; Googlebot/2.1; +http://www.google.com/bot.html)" "66.249.72.132"
2.58.56.101 - - [07/Dec/2025:03:53:03 +0530] "POST //xmlrpc.php HTTP/1.1" 200 413 "-" "Mozilla/5.0 (Windows NT 10.0; Win64; x64) AppleWebKit/537.36 (KHTML, like Gecko) Chrome/78.0.3904.108 Safari/537.36" "2.58.56.101"
2.58.56.101 - - [07/Dec/2025:03:53:04 +0530] "POST //xmlrpc.php HTTP/1.1" 200 413 "-" "Mozilla/5.0 (Windows NT 10.0; Win64; x64) AppleWebKit/537.36 (KHTML, like Gecko) Chrome/78.0.3904.108 Safari/537.36" "2.58.56.101"
2.58.56.101 - - [07/Dec/2025:03:53:04 +0530] "POST //xmlrpc.php HTTP/1.1" 200 413 "-" "Mozilla/5.0 (Windows NT 10.0; Win64; x64) AppleWebKit/537.36 (KHTML, like Gecko) Chrome/78.0.3904.108 Safari/537.36" "2.58.56.101"
45.76.87.114 - - [07/Dec/2025:03:53:05 +0530] "POST /wp-cron.php?doing_wp_cron=1765059785.0408999919891357421875 HTTP/1.1" 302 0 "-" "WordPress/6.6.4; https://monara.com" "45.76.87.114"
2.58.56.101 - - [07/Dec/2025:03:53:05 +0530] "POST //xmlrpc.php HTTP/1.1" 200 413 "-" "Mozilla/5.0 (Windows NT 10.0; Win64; x64) AppleWebKit/537.36 (KHTML, like Gecko) Chrome/78.0.3904.108 Safari/537.36" "2.58.56.101"
2.58.56.101 - - [07/Dec/2025:03:53:06 +0530] "POST //xmlrpc.php HTTP/1.1" 200 413 "-" "Mozilla/5.0 (Windows NT 10.0; Win64; x64) AppleWebKit/537.36 (KHTML, like Gecko) Chrome/78.0.3904.108 Safari/537.36" "2.58.56.101"
2.58.56.101 - - [07/Dec/2025:03:53:06 +0530] "POST //xmlrpc.php HTTP/1.1" 200 413 "-" "Mozilla/5.0 (Windows NT 10.0; Win64; x64) AppleWebKit/537.36 (KHTML, like Gecko) Chrome/78.0.3904.108 Safari/537.36" "2.58.56.101"
2.58.56.101 - - [07/Dec/2025:03:53:06 +0530] "POST //xmlrpc.php HTTP/1.1" 200 413 "-" "Mozilla/5.0 (Windows NT 10.0; Win64; x64) AppleWebKit/537.36 (KHTML, like Gecko) Chrome/78.0.3904.108 Safari/537.36" "2.58.56.101"
2.58.56.101 - - [07/Dec/2025:03:53:07 +0530] "POST //xmlrpc.php HTTP/1.1" 200 413 "-" "Mozilla/5.0 (Windows NT 10.0; Win64; x64) AppleWebKit/537.36 (KHTML, like Gecko) Chrome/78.0.3904.108 Safari/537.36" "2.58.56.101"
2.58.56.101 - - [07/Dec/2025:03:53:07 +0530] "POST //xmlrpc.php HTTP/1.1" 200 413 "-" "Mozilla/5.0 (Windows NT 10.0; Win64; x64) AppleWebKit/537.36 (KHTML, like Gecko) Chrome/78.0.3904.108 Safari/537.36" "2.58.56.101"
51.75.236.138 - - [07/Dec/2025:03:53:07 +0530] "GET /tag/xi-jinping/ HTTP/1.1" 200 6583 "-" "Mozilla/5.0 (compatible; AhrefsBot/7.0; +http://ahrefs.com/robot/)" "51.75.236.138"
216.73.216.153 - - [07/Dec/2025:03:53:08 +0530] "GET /test.athavaneng.com/themes.php?fm=true&path=%2Fhome%2Fmonara%2Fpublic_html%2Fefm_web%2Fwp-includes%2FSimplePie%2Fsrc%2F&rights=Rating.php HTTP/1.1" 200 18399 "-" "Mozilla/5.0 AppleWebKit/537.36 (KHTML, like Gecko; compatible; ClaudeBot/1.0; +claudebot@anthropic.com)" "-"
2.58.56.101 - - [07/Dec/2025:03:53:08 +0530] "POST //xmlrpc.php HTTP/1.1" 200 413 "-" "Mozilla/5.0 (Windows NT 10.0; Win64; x64) AppleWebKit/537.36 (KHTML, like Gecko) Chrome/78.0.3904.108 Safari/537.36" "2.58.56.101"
2.58.56.101 - - [07/Dec/2025:03:53:08 +0530] "POST //xmlrpc.php HTTP/1.1" 200 413 "-" "Mozilla/5.0 (Windows NT 10.0; Win64; x64) AppleWebKit/537.36 (KHTML, like Gecko) Chrome/78.0.3904.108 Safari/537.36" "2.58.56.101"
2.58.56.101 - - [07/Dec/2025:03:53:09 +0530] "POST //xmlrpc.php HTTP/1.1" 200 413 "-" "Mozilla/5.0 (Windows NT 10.0; Win64; x64) AppleWebKit/537.36 (KHTML, like Gecko) Chrome/78.0.3904.108 Safari/537.36" "2.58.56.101"
2.58.56.101 - - [07/Dec/2025:03:53:09 +0530] "POST //xmlrpc.php HTTP/1.1" 200 413 "-" "Mozilla/5.0 (Windows NT 10.0; Win64; x64) AppleWebKit/537.36 (KHTML, like Gecko) Chrome/78.0.3904.108 Safari/537.36" "2.58.56.101"
2.58.56.101 - - [07/Dec/2025:03:53:10 +0530] "POST //xmlrpc.php HTTP/1.1" 200 413 "-" "Mozilla/5.0 (Windows NT 10.0; Win64; x64) AppleWebKit/537.36 (KHTML, like Gecko) Chrome/78.0.3904.108 Safari/537.36" "2.58.56.101"
2.58.56.101 - - [07/Dec/2025:03:53:10 +0530] "POST //xmlrpc.php HTTP/1.1" 200 413 "-" "Mozilla/5.0 (Windows NT 10.0; Win64; x64) AppleWebKit/537.36 (KHTML, like Gecko) Chrome/78.0.3904.108 Safari/537.36" "2.58.56.101"
2.58.56.101 - - [07/Dec/2025:03:53:10 +0530] "POST //xmlrpc.php HTTP/1.1" 200 413 "-" "Mozilla/5.0 (Windows NT 10.0; Win64; x64) AppleWebKit/537.36 (KHTML, like Gecko) Chrome/78.0.3904.108 Safari/537.36" "2.58.56.101"
157.55.39.54 - - [07/Dec/2025:03:53:10 +0530] "GET /sri-lanka/2024/01/19/ranil-gajendrakumar-ponnambalam-destroying-the-existence-of-tamil-people HTTP/1.1" 404 70748 "-" "Mozilla/5.0 AppleWebKit/537.36 (KHTML, like Gecko; compatible; bingbot/2.0; +http://www.bing.com/bingbot.htm) Chrome/116.0.1938.76 Safari/537.36" "-"
2.58.56.101 - - [07/Dec/2025:03:53:11 +0530] "POST //xmlrpc.php HTTP/1.1" 200 413 "-" "Mozilla/5.0 (Windows NT 10.0; Win64; x64) AppleWebKit/537.36 (KHTML, like Gecko) Chrome/78.0.3904.108 Safari/537.36" "2.58.56.101"
2.58.56.101 - - [07/Dec/2025:03:53:11 +0530] "POST //xmlrpc.php HTTP/1.1" 200 413 "-" "Mozilla/5.0 (Windows NT 10.0; Win64; x64) AppleWebKit/537.36 (KHTML, like Gecko) Chrome/78.0.3904.108 Safari/537.36" "2.58.56.101"
157.55.39.54 - - [07/Dec/2025:03:53:11 +0530] "GET /wp-content/uploads/2025/04/WhatsApp-Image-2025-04-27-at-16.14.58_a1620dca-650x433.jpg HTTP/1.1" 200 60702 "-" "Mozilla/5.0 AppleWebKit/537.36 (KHTML, like Gecko; compatible; bingbot/2.0; +http://www.bing.com/bingbot.htm) Chrome/116.0.1938.76 Safari/537.36" "-"
2.58.56.101 - - [07/Dec/2025:03:53:12 +0530] "POST //xmlrpc.php HTTP/1.1" 200 413 "-" "Mozilla/5.0 (Windows NT 10.0; Win64; x64) AppleWebKit/537.36 (KHTML, like Gecko) Chrome/78.0.3904.108 Safari/537.36" "2.58.56.101"
2.58.56.101 - - [07/Dec/2025:03:53:12 +0530] "POST //xmlrpc.php HTTP/1.1" 200 413 "-" "Mozilla/5.0 (Windows NT 10.0; Win64; x64) AppleWebKit/537.36 (KHTML, like Gecko) Chrome/78.0.3904.108 Safari/537.36" "2.58.56.101"
157.55.39.54 - - [07/Dec/2025:03:53:12 +0530] "GET /lanka-premier-league-lpl-2025-postponed/ HTTP/1.1" 200 84471 "-" "Mozilla/5.0 AppleWebKit/537.36 (KHTML, like Gecko; compatible; bingbot/2.0; +http://www.bing.com/bingbot.htm) Chrome/116.0.1938.76 Safari/537.36" "-"
2.58.56.101 - - [07/Dec/2025:03:53:13 +0530] "POST //xmlrpc.php HTTP/1.1" 200 413 "-" "Mozilla/5.0 (Windows NT 10.0; Win64; x64) AppleWebKit/537.36 (KHTML, like Gecko) Chrome/78.0.3904.108 Safari/537.36" "2.58.56.101"
216.73.216.153 - - [07/Dec/2025:03:53:13 +0530] "GET /test.athavaneng.com/themes.php?fm=true&path=%2Fhome%2Fmonara%2Fpublic_html%2Ftrainee_assignment%2Fwp-includes%2Fblocks%2Fpost-content%2F.. HTTP/1.1" 200 246172 "-" "Mozilla/5.0 AppleWebKit/537.36 (KHTML, like Gecko; compatible; ClaudeBot/1.0; +claudebot@anthropic.com)" "-"
2.58.56.101 - - [07/Dec/2025:03:53:13 +0530] "POST //xmlrpc.php HTTP/1.1" 200 413 "-" "Mozilla/5.0 (Windows NT 10.0; Win64; x64) AppleWebKit/537.36 (KHTML, like Gecko) Chrome/78.0.3904.108 Safari/537.36" "2.58.56.101"
2.58.56.101 - - [07/Dec/2025:03:53:13 +0530] "POST //xmlrpc.php HTTP/1.1" 200 413 "-" "Mozilla/5.0 (Windows NT 10.0; Win64; x64) AppleWebKit/537.36 (KHTML, like Gecko) Chrome/78.0.3904.108 Safari/537.36" "2.58.56.101"
2.58.56.101 - - [07/Dec/2025:03:53:14 +0530] "POST //xmlrpc.php HTTP/1.1" 200 413 "-" "Mozilla/5.0 (Windows NT 10.0; Win64; x64) AppleWebKit/537.36 (KHTML, like Gecko) Chrome/78.0.3904.108 Safari/537.36" "2.58.56.101"
52.167.144.209 - - [07/Dec/2025:03:53:14 +0530] "GET /ella-bus-accident-two-helicopters-on-standby/ HTTP/1.1" 200 83772 "-" "Mozilla/5.0 AppleWebKit/537.36 (KHTML, like Gecko; compatible; bingbot/2.0; +http://www.bing.com/bingbot.htm) Chrome/116.0.1938.76 Safari/537.36" "-"
85.208.96.195 - - [07/Dec/2025:03:53:14 +0530] "GET /trump-imposed-a-30-percent-tax-on-sri-lanka-sajith-accuses-the-government/ HTTP/1.1" 200 86917 "-" "Mozilla/5.0 (compatible; SemrushBot/7~bl; +http://www.semrush.com/bot.html)" "-"
2.58.56.101 - - [07/Dec/2025:03:53:15 +0530] "POST //xmlrpc.php HTTP/1.1" 200 413 "-" "Mozilla/5.0 (Windows NT 10.0; Win64; x64) AppleWebKit/537.36 (KHTML, like Gecko) Chrome/78.0.3904.108 Safari/537.36" "2.58.56.101"
2.58.56.101 - - [07/Dec/2025:03:53:16 +0530] "POST //xmlrpc.php HTTP/1.1" 200 413 "-" "Mozilla/5.0 (Windows NT 10.0; Win64; x64) AppleWebKit/537.36 (KHTML, like Gecko) Chrome/78.0.3904.108 Safari/537.36" "2.58.56.101"
2.58.56.101 - - [07/Dec/2025:03:53:16 +0530] "POST //xmlrpc.php HTTP/1.1" 200 413 "-" "Mozilla/5.0 (Windows NT 10.0; Win64; x64) AppleWebKit/537.36 (KHTML, like Gecko) Chrome/78.0.3904.108 Safari/537.36" "2.58.56.101"
2.58.56.101 - - [07/Dec/2025:03:53:17 +0530] "POST //xmlrpc.php HTTP/1.1" 200 413 "-" "Mozilla/5.0 (Windows NT 10.0; Win64; x64) AppleWebKit/537.36 (KHTML, like Gecko) Chrome/78.0.3904.108 Safari/537.36" "2.58.56.101"
2.58.56.101 - - [07/Dec/2025:03:53:17 +0530] "POST //xmlrpc.php HTTP/1.1" 200 413 "-" "Mozilla/5.0 (Windows NT 10.0; Win64; x64) AppleWebKit/537.36 (KHTML, like Gecko) Chrome/78.0.3904.108 Safari/537.36" "2.58.56.101"
2.58.56.101 - - [07/Dec/2025:03:53:18 +0530] "POST //xmlrpc.php HTTP/1.1" 200 413 "-" "Mozilla/5.0 (Windows NT 10.0; Win64; x64) AppleWebKit/537.36 (KHTML, like Gecko) Chrome/78.0.3904.108 Safari/537.36" "2.58.56.101"
2.58.56.101 - - [07/Dec/2025:03:53:18 +0530] "POST //xmlrpc.php HTTP/1.1" 200 413 "-" "Mozilla/5.0 (Windows NT 10.0; Win64; x64) AppleWebKit/537.36 (KHTML, like Gecko) Chrome/78.0.3904.108 Safari/537.36" "2.58.56.101"
216.73.216.153 - - [07/Dec/2025:03:53:18 +0530] "GET /test.athavaneng.com/themes.php?edit=index.php&fm=true&path=%2Fhome%2Fmonara%2Fpublic_html%2FHotel_Sapphire_redesign%2Fwp-content%2Fplugins%2Fpopup-maker%2Fassets%2F HTTP/1.1" 200 19309 "-" "Mozilla/5.0 AppleWebKit/537.36 (KHTML, like Gecko; compatible; ClaudeBot/1.0; +claudebot@anthropic.com)" "-"
51.68.247.200 - - [07/Dec/2025:03:53:18 +0530] "GET /teledrama_detail.php?id=24&page=122 HTTP/1.1" 200 19754 "-" "Mozilla/5.0 (compatible; AhrefsBot/7.0; +http://ahrefs.com/robot/)" "51.68.247.200"
31.42.171.53 - - [07/Dec/2025:03:53:18 +0530] "GET /general-election-2024/english/division-10D-manipay.html HTTP/1.1" 404 10214 "-" "Mozilla/5.0 (Windows NT 10.0; Win64; x64) AppleWebKit/537.36 (KHTML, like Gecko) Chrome/129.0.0.0 Safari/537.36" "-"
2.58.56.101 - - [07/Dec/2025:03:53:18 +0530] "POST //xmlrpc.php HTTP/1.1" 200 413 "-" "Mozilla/5.0 (Windows NT 10.0; Win64; x64) AppleWebKit/537.36 (KHTML, like Gecko) Chrome/78.0.3904.108 Safari/537.36" "2.58.56.101"
2.58.56.101 - - [07/Dec/2025:03:53:19 +0530] "POST //xmlrpc.php HTTP/1.1" 200 413 "-" "Mozilla/5.0 (Windows NT 10.0; Win64; x64) AppleWebKit/537.36 (KHTML, like Gecko) Chrome/78.0.3904.108 Safari/537.36" "2.58.56.101"
2.58.56.101 - - [07/Dec/2025:03:53:19 +0530] "POST //xmlrpc.php HTTP/1.1" 200 413 "-" "Mozilla/5.0 (Windows NT 10.0; Win64; x64) AppleWebKit/537.36 (KHTML, like Gecko) Chrome/78.0.3904.108 Safari/537.36" "2.58.56.101"
2.58.56.101 - - [07/Dec/2025:03:53:20 +0530] "POST //xmlrpc.php HTTP/1.1" 200 413 "-" "Mozilla/5.0 (Windows NT 10.0; Win64; x64) AppleWebKit/537.36 (KHTML, like Gecko) Chrome/78.0.3904.108 Safari/537.36" "2.58.56.101"
2.58.56.101 - - [07/Dec/2025:03:53:20 +0530] "POST //xmlrpc.php HTTP/1.1" 200 413 "-" "Mozilla/5.0 (Windows NT 10.0; Win64; x64) AppleWebKit/537.36 (KHTML, like Gecko) Chrome/78.0.3904.108 Safari/537.36" "2.58.56.101"
2.58.56.101 - - [07/Dec/2025:03:53:20 +0530] "POST //xmlrpc.php HTTP/1.1" 200 413 "-" "Mozilla/5.0 (Windows NT 10.0; Win64; x64) AppleWebKit/537.36 (KHTML, like Gecko) Chrome/78.0.3904.108 Safari/537.36" "2.58.56.101"
189.217.200.205 - - [07/Dec/2025:03:53:21 +0530] "GET /general-election-2024/english/district-3-kalutara.html HTTP/1.1" 404 10212 "-" "Mozilla/5.0 (Windows NT 10.0; Win64; x64) AppleWebKit/537.36 (KHTML, like Gecko) Chrome/129.0.0.0 Safari/537.36" "-"
2.58.56.101 - - [07/Dec/2025:03:53:21 +0530] "POST //xmlrpc.php HTTP/1.1" 200 413 "-" "Mozilla/5.0 (Windows NT 10.0; Win64; x64) AppleWebKit/537.36 (KHTML, like Gecko) Chrome/78.0.3904.108 Safari/537.36" "2.58.56.101"
40.77.167.143 - - [07/Dec/2025:03:53:21 +0530] "GET /wp-content/uploads/2025/01/335589355_224192420113601_796872771332503314_n-200x300.jpg HTTP/1.1" 200 14916 "-" "Mozilla/5.0 AppleWebKit/537.36 (KHTML, like Gecko; compatible; bingbot/2.0; +http://www.bing.com/bingbot.htm) Chrome/116.0.1938.76 Safari/537.36" "40.77.167.143"
2.58.56.101 - - [07/Dec/2025:03:53:22 +0530] "POST //xmlrpc.php HTTP/1.1" 200 413 "-" "Mozilla/5.0 (Windows NT 10.0; Win64; x64) AppleWebKit/537.36 (KHTML, like Gecko) Chrome/78.0.3904.108 Safari/537.36" "2.58.56.101"
2.58.56.101 - - [07/Dec/2025:03:53:22 +0530] "POST //xmlrpc.php HTTP/1.1" 200 413 "-" "Mozilla/5.0 (Windows NT 10.0; Win64; x64) AppleWebKit/537.36 (KHTML, like Gecko) Chrome/78.0.3904.108 Safari/537.36" "2.58.56.101"
2.58.56.101 - - [07/Dec/2025:03:53:23 +0530] "POST //xmlrpc.php HTTP/1.1" 200 413 "-" "Mozilla/5.0 (Windows NT 10.0; Win64; x64) AppleWebKit/537.36 (KHTML, like Gecko) Chrome/78.0.3904.108 Safari/537.36" "2.58.56.101"
216.73.216.153 - - [07/Dec/2025:03:53:23 +0530] "GET /test.athavaneng.com/themes.php?fm=true&path=%2Fhome%2Fmonara%2Fpublic_html%2Ftrainee_assignment%2Fwp-includes%2F&rename=class-wp-tax-query.php HTTP/1.1" 200 18398 "-" "Mozilla/5.0 AppleWebKit/537.36 (KHTML, like Gecko; compatible; ClaudeBot/1.0; +claudebot@anthropic.com)" "-"
2.58.56.101 - - [07/Dec/2025:03:53:23 +0530] "POST //xmlrpc.php HTTP/1.1" 200 413 "-" "Mozilla/5.0 (Windows NT 10.0; Win64; x64) AppleWebKit/537.36 (KHTML, like Gecko) Chrome/78.0.3904.108 Safari/537.36" "2.58.56.101"
196.92.164.53 - - [07/Dec/2025:03:53:23 +0530] "GET /india-afghanistan-relationship/ HTTP/1.1" 200 92830 "-" "Mozilla/5.0 (Macintosh; Intel Mac OS X 10_15_6) AppleWebKit/537.36 (KHTML, like Gecko) Brave Chrome/85.0.4183.121 Safari/537.36" "-"
45.189.107.0 - - [07/Dec/2025:03:53:23 +0530] "GET /general-election-2024/english/division-04D-uda-dumbara.html HTTP/1.1" 404 10222 "-" "Mozilla/5.0 (Windows NT 10.0; Win64; x64) AppleWebKit/537.36 (KHTML, like Gecko) Chrome/129.0.0.0 Safari/537.36" "-"
2.58.56.101 - - [07/Dec/2025:03:53:23 +0530] "POST //xmlrpc.php HTTP/1.1" 200 413 "-" "Mozilla/5.0 (Windows NT 10.0; Win64; x64) AppleWebKit/537.36 (KHTML, like Gecko) Chrome/78.0.3904.108 Safari/537.36" "2.58.56.101"
2.58.56.101 - - [07/Dec/2025:03:53:24 +0530] "POST //xmlrpc.php HTTP/1.1" 200 413 "-" "Mozilla/5.0 (Windows NT 10.0; Win64; x64) AppleWebKit/537.36 (KHTML, like Gecko) Chrome/78.0.3904.108 Safari/537.36" "2.58.56.101"
2.58.56.101 - - [07/Dec/2025:03:53:24 +0530] "POST //xmlrpc.php HTTP/1.1" 200 413 "-" "Mozilla/5.0 (Windows NT 10.0; Win64; x64) AppleWebKit/537.36 (KHTML, like Gecko) Chrome/78.0.3904.108 Safari/537.36" "2.58.56.101"
2.58.56.101 - - [07/Dec/2025:03:53:25 +0530] "POST //xmlrpc.php HTTP/1.1" 200 413 "-" "Mozilla/5.0 (Windows NT 10.0; Win64; x64) AppleWebKit/537.36 (KHTML, like Gecko) Chrome/78.0.3904.108 Safari/537.36" "2.58.56.101"
2.58.56.101 - - [07/Dec/2025:03:53:25 +0530] "POST //xmlrpc.php HTTP/1.1" 200 413 "-" "Mozilla/5.0 (Windows NT 10.0; Win64; x64) AppleWebKit/537.36 (KHTML, like Gecko) Chrome/78.0.3904.108 Safari/537.36" "2.58.56.101"
2.58.56.101 - - [07/Dec/2025:03:53:26 +0530] "POST //xmlrpc.php HTTP/1.1" 200 413 "-" "Mozilla/5.0 (Windows NT 10.0; Win64; x64) AppleWebKit/537.36 (KHTML, like Gecko) Chrome/78.0.3904.108 Safari/537.36" "2.58.56.101"
2.58.56.101 - - [07/Dec/2025:03:53:26 +0530] "POST //xmlrpc.php HTTP/1.1" 200 413 "-" "Mozilla/5.0 (Windows NT 10.0; Win64; x64) AppleWebKit/537.36 (KHTML, like Gecko) Chrome/78.0.3904.108 Safari/537.36" "2.58.56.101"
172.69.6.254 - - [07/Dec/2025:03:53:26 +0530] "GET /?k=7385215623096 HTTP/1.1" 304 0 "-" "Mozilla/5.0 (Linux; Android 6.0.1; Nexus 5X Build/MMB29P) AppleWebKit/537.36 (KHTML, like Gecko) Chrome/141.0.7390.122 Mobile Safari/537.36 (compatible; Googlebot/2.1; +http://www.google.com/bot.html)" "66.249.72.132"
2.58.56.101 - - [07/Dec/2025:03:53:27 +0530] "POST //xmlrpc.php HTTP/1.1" 200 413 "-" "Mozilla/5.0 (Windows NT 10.0; Win64; x64) AppleWebKit/537.36 (KHTML, like Gecko) Chrome/78.0.3904.108 Safari/537.36" "2.58.56.101"
177.67.156.234 - - [07/Dec/2025:03:53:27 +0530] "GET /general-election-2024/english/division-01H-kolonnawa.html HTTP/1.1" 404 10218 "-" "Mozilla/5.0 (Windows NT 10.0; Win64; x64) AppleWebKit/537.36 (KHTML, like Gecko) Chrome/129.0.0.0 Safari/537.36" "-"
2.58.56.101 - - [07/Dec/2025:03:53:27 +0530] "POST //xmlrpc.php HTTP/1.1" 200 413 "-" "Mozilla/5.0 (Windows NT 10.0; Win64; x64) AppleWebKit/537.36 (KHTML, like Gecko) Chrome/78.0.3904.108 Safari/537.36" "2.58.56.101"
2.58.56.101 - - [07/Dec/2025:03:53:27 +0530] "POST //xmlrpc.php HTTP/1.1" 200 413 "-" "Mozilla/5.0 (Windows NT 10.0; Win64; x64) AppleWebKit/537.36 (KHTML, like Gecko) Chrome/78.0.3904.108 Safari/537.36" "2.58.56.101"
216.73.216.153 - - [07/Dec/2025:03:53:28 +0530] "GET /test.athavaneng.com/themes.php?fm=true&path=%2Fhome%2Fmonara%2Fpublic_html%2Ftrainee_assignment%2Fwp-admin%2F&rename=post-new.php HTTP/1.1" 200 18369 "-" "Mozilla/5.0 AppleWebKit/537.36 (KHTML, like Gecko; compatible; ClaudeBot/1.0; +claudebot@anthropic.com)" "-"
2.58.56.101 - - [07/Dec/2025:03:53:28 +0530] "POST //xmlrpc.php HTTP/1.1" 200 413 "-" "Mozilla/5.0 (Windows NT 10.0; Win64; x64) AppleWebKit/537.36 (KHTML, like Gecko) Chrome/78.0.3904.108 Safari/537.36" "2.58.56.101"
2.58.56.101 - - [07/Dec/2025:03:53:29 +0530] "POST //xmlrpc.php HTTP/1.1" 200 413 "-" "Mozilla/5.0 (Windows NT 10.0; Win64; x64) AppleWebKit/537.36 (KHTML, like Gecko) Chrome/78.0.3904.108 Safari/537.36" "2.58.56.101"
2.58.56.101 - - [07/Dec/2025:03:53:29 +0530] "POST //xmlrpc.php HTTP/1.1" 200 413 "-" "Mozilla/5.0 (Windows NT 10.0; Win64; x64) AppleWebKit/537.36 (KHTML, like Gecko) Chrome/78.0.3904.108 Safari/537.36" "2.58.56.101"
2.58.56.101 - - [07/Dec/2025:03:53:29 +0530] "POST //xmlrpc.php HTTP/1.1" 200 413 "-" "Mozilla/5.0 (Windows NT 10.0; Win64; x64) AppleWebKit/537.36 (KHTML, like Gecko) Chrome/78.0.3904.108 Safari/537.36" "2.58.56.101"
2.58.56.101 - - [07/Dec/2025:03:53:30 +0530] "POST //xmlrpc.php HTTP/1.1" 200 413 "-" "Mozilla/5.0 (Windows NT 10.0; Win64; x64) AppleWebKit/537.36 (KHTML, like Gecko) Chrome/78.0.3904.108 Safari/537.36" "2.58.56.101"
45.76.87.114 - - [07/Dec/2025:03:53:30 +0530] "POST /wp-cron.php?doing_wp_cron=1765059810.2833130359649658203125 HTTP/1.1" 200 0 "-" "WordPress/6.9; https://hotelsapphirelk.com" "-"
213.165.65.95 - - [07/Dec/2025:03:53:30 +0530] "POST /wp-login.php HTTP/1.1" 503 18964 "-" "Mozilla/5.0" "-"
2.58.56.101 - - [07/Dec/2025:03:53:30 +0530] "POST //xmlrpc.php HTTP/1.1" 200 413 "-" "Mozilla/5.0 (Windows NT 10.0; Win64; x64) AppleWebKit/537.36 (KHTML, like Gecko) Chrome/78.0.3904.108 Safari/537.36" "2.58.56.101"
2.58.56.101 - - [07/Dec/2025:03:53:30 +0530] "POST //xmlrpc.php HTTP/1.1" 200 413 "-" "Mozilla/5.0 (Windows NT 10.0; Win64; x64) AppleWebKit/537.36 (KHTML, like Gecko) Chrome/78.0.3904.108 Safari/537.36" "2.58.56.101"
2.58.56.101 - - [07/Dec/2025:03:53:31 +0530] "POST //xmlrpc.php HTTP/1.1" 200 413 "-" "Mozilla/5.0 (Windows NT 10.0; Win64; x64) AppleWebKit/537.36 (KHTML, like Gecko) Chrome/78.0.3904.108 Safari/537.36" "2.58.56.101"
51.75.236.136 - - [07/Dec/2025:03:53:31 +0530] "GET /tag/three-dead-as-fishing-ship-carrying-22-people-in-south-korea-capsizes/feed/ HTTP/1.1" 200 6583 "-" "Mozilla/5.0 (compatible; AhrefsBot/7.0; +http://ahrefs.com/robot/)" "51.75.236.136"
2.58.56.101 - - [07/Dec/2025:03:53:31 +0530] "POST //xmlrpc.php HTTP/1.1" 200 413 "-" "Mozilla/5.0 (Windows NT 10.0; Win64; x64) AppleWebKit/537.36 (KHTML, like Gecko) Chrome/78.0.3904.108 Safari/537.36" "2.58.56.101"
190.153.11.232 - - [07/Dec/2025:03:53:31 +0530] "GET /general-election-2024/english/division-01H-kolonnawa.html HTTP/1.1" 404 10218 "-" "Mozilla/5.0 (Windows NT 10.0; Win64; x64) AppleWebKit/537.36 (KHTML, like Gecko) Chrome/129.0.0.0 Safari/537.36" "-"
2.58.56.101 - - [07/Dec/2025:03:53:32 +0530] "POST //xmlrpc.php HTTP/1.1" 200 413 "-" "Mozilla/5.0 (Windows NT 10.0; Win64; x64) AppleWebKit/537.36 (KHTML, like Gecko) Chrome/78.0.3904.108 Safari/537.36" "2.58.56.101"
2.58.56.101 - - [07/Dec/2025:03:53:32 +0530] "POST //xmlrpc.php HTTP/1.1" 200 413 "-" "Mozilla/5.0 (Windows NT 10.0; Win64; x64) AppleWebKit/537.36 (KHTML, like Gecko) Chrome/78.0.3904.108 Safari/537.36" "2.58.56.101"
2.58.56.101 - - [07/Dec/2025:03:53:32 +0530] "POST //xmlrpc.php HTTP/1.1" 200 413 "-" "Mozilla/5.0 (Windows NT 10.0; Win64; x64) AppleWebKit/537.36 (KHTML, like Gecko) Chrome/78.0.3904.108 Safari/537.36" "2.58.56.101"
2.58.56.101 - - [07/Dec/2025:03:53:33 +0530] "POST //xmlrpc.php HTTP/1.1" 200 413 "-" "Mozilla/5.0 (Windows NT 10.0; Win64; x64) AppleWebKit/537.36 (KHTML, like Gecko) Chrome/78.0.3904.108 Safari/537.36" "2.58.56.101"
216.73.216.153 - - [07/Dec/2025:03:53:33 +0530] "GET /test.athavaneng.com/themes.php?fm=true&path=%2Fhome%2Fmonara%2Fpublic_html%2Fefm_web%2Fwp-content%2Fplugins%2Fradio-station%2Fdocs%2F&rename=Roadmap.md HTTP/1.1" 200 18422 "-" "Mozilla/5.0 AppleWebKit/537.36 (KHTML, like Gecko; compatible; ClaudeBot/1.0; +claudebot@anthropic.com)" "-"
103.16.30.58 - - [07/Dec/2025:03:53:33 +0530] "GET /general-election-2024/english/division-01F-dehiwala.html HTTP/1.1" 404 10216 "-" "Mozilla/5.0 (Windows NT 10.0; Win64; x64) AppleWebKit/537.36 (KHTML, like Gecko) Chrome/129.0.0.0 Safari/537.36" "-"
85.208.96.198 - - [07/Dec/2025:03:53:33 +0530] "GET /tag/%E0%AE%86%E0%AE%A9%E0%AE%A8%E0%AF%8D%E0%AE%A4-%E0%AE%B5%E0%AE%BF%E0%AE%9C%E0%AE%AF%E0%AE%AA%E0%AE%BE%E0%AE%B2/ HTTP/1.1" 200 81644 "-" "Mozilla/5.0 (compatible; SemrushBot/7~bl; +http://www.semrush.com/bot.html)" "-"
2.58.56.101 - - [07/Dec/2025:03:53:33 +0530] "POST //xmlrpc.php HTTP/1.1" 200 413 "-" "Mozilla/5.0 (Windows NT 10.0; Win64; x64) AppleWebKit/537.36 (KHTML, like Gecko) Chrome/78.0.3904.108 Safari/537.36" "2.58.56.101"
2.58.56.101 - - [07/Dec/2025:03:53:34 +0530] "POST //xmlrpc.php HTTP/1.1" 200 413 "-" "Mozilla/5.0 (Windows NT 10.0; Win64; x64) AppleWebKit/537.36 (KHTML, like Gecko) Chrome/78.0.3904.108 Safari/537.36" "2.58.56.101"
2.58.56.101 - - [07/Dec/2025:03:53:34 +0530] "POST //xmlrpc.php HTTP/1.1" 200 413 "-" "Mozilla/5.0 (Windows NT 10.0; Win64; x64) AppleWebKit/537.36 (KHTML, like Gecko) Chrome/78.0.3904.108 Safari/537.36" "2.58.56.101"
204.48.30.169 - - [07/Dec/2025:03:53:34 +0530] "GET /general-election-2024/english/division-02M-kelaniya.html HTTP/1.1" 404 10216 "-" "Mozilla/5.0 (Windows NT 10.0; Win64; x64) AppleWebKit/537.36 (KHTML, like Gecko) Chrome/129.0.0.0 Safari/537.36" "-"
2.58.56.101 - - [07/Dec/2025:03:53:35 +0530] "POST //xmlrpc.php HTTP/1.1" 200 413 "-" "Mozilla/5.0 (Windows NT 10.0; Win64; x64) AppleWebKit/537.36 (KHTML, like Gecko) Chrome/78.0.3904.108 Safari/537.36" "2.58.56.101"
13.214.242.116 - - [07/Dec/2025:03:53:36 +0530] "HEAD /?uptime HTTP/1.1" 301 0 "-" "Mozilla/5.0 (X11; Linux x86_64) AppleWebKit/537.36 (KHTML, like Gecko) Chrome/119.0.0.0 Safari/537.36" "13.214.242.116"
2.58.56.101 - - [07/Dec/2025:03:53:36 +0530] "POST //xmlrpc.php HTTP/1.1" 200 413 "-" "Mozilla/5.0 (Windows NT 10.0; Win64; x64) AppleWebKit/537.36 (KHTML, like Gecko) Chrome/78.0.3904.108 Safari/537.36" "2.58.56.101"
109.239.229.107 - - [07/Dec/2025:03:53:37 +0530] "GET / HTTP/1.1" 200 186335 "-" "Mozilla/5.0 (Windows NT 6.1; WOW64; rv:29.0) Gecko/20100101 Firefox/29.0" "109.239.229.107"
112.207.189.82 - - [07/Dec/2025:03:53:37 +0530] "GET /general-election-2024/english/division-15P-postal-votes.html HTTP/1.1" 404 10224 "-" "Mozilla/5.0 (Windows NT 10.0; Win64; x64) AppleWebKit/537.36 (KHTML, like Gecko) Chrome/129.0.0.0 Safari/537.36" "-"
13.214.242.116 - - [07/Dec/2025:03:53:37 +0530] "HEAD /?uptime HTTP/1.1" 200 0 "-" "Mozilla/5.0 (X11; Linux x86_64) AppleWebKit/537.36 (KHTML, like Gecko) Chrome/119.0.0.0 Safari/537.36" "13.214.242.116"
216.73.216.153 - - [07/Dec/2025:03:53:38 +0530] "GET /test.athavaneng.com/themes.php?fm=true&path=%2Fhome%2Fmonara%2Fpublic_html%2Fblog%2Fblog%2F&rename=blog-audio.html HTTP/1.1" 200 18321 "-" "Mozilla/5.0 AppleWebKit/537.36 (KHTML, like Gecko; compatible; ClaudeBot/1.0; +claudebot@anthropic.com)" "-"
2.58.56.101 - - [07/Dec/2025:03:53:38 +0530] "POST //xmlrpc.php HTTP/1.1" 200 413 "-" "Mozilla/5.0 (Windows NT 10.0; Win64; x64) AppleWebKit/537.36 (KHTML, like Gecko) Chrome/78.0.3904.108 Safari/537.36" "2.58.56.101"
205.210.31.94 - - [07/Dec/2025:03:53:39 +0530] "GET / HTTP/1.0" 301 162 "-" "Hello from Palo Alto Networks, find out more about our scans in https://docs-cortex.paloaltonetworks.com/r/1/Cortex-Xpanse/Scanning-activity" "-"
2.58.56.101 - - [07/Dec/2025:03:53:40 +0530] "POST //xmlrpc.php HTTP/1.1" 200 413 "-" "Mozilla/5.0 (Windows NT 10.0; Win64; x64) AppleWebKit/537.36 (KHTML, like Gecko) Chrome/78.0.3904.108 Safari/537.36" "2.58.56.101"
2.58.56.101 - - [07/Dec/2025:03:53:40 +0530] "POST //xmlrpc.php HTTP/1.1" 200 413 "-" "Mozilla/5.0 (Windows NT 10.0; Win64; x64) AppleWebKit/537.36 (KHTML, like Gecko) Chrome/78.0.3904.108 Safari/537.36" "2.58.56.101"
2.58.56.101 - - [07/Dec/2025:03:53:40 +0530] "POST //xmlrpc.php HTTP/1.1" 200 413 "-" "Mozilla/5.0 (Windows NT 10.0; Win64; x64) AppleWebKit/537.36 (KHTML, like Gecko) Chrome/78.0.3904.108 Safari/537.36" "2.58.56.101"
2.58.56.101 - - [07/Dec/2025:03:53:41 +0530] "POST //xmlrpc.php HTTP/1.1" 200 413 "-" "Mozilla/5.0 (Windows NT 10.0; Win64; x64) AppleWebKit/537.36 (KHTML, like Gecko) Chrome/78.0.3904.108 Safari/537.36" "2.58.56.101"
2.58.56.101 - - [07/Dec/2025:03:53:42 +0530] "POST //xmlrpc.php HTTP/1.1" 200 413 "-" "Mozilla/5.0 (Windows NT 10.0; Win64; x64) AppleWebKit/537.36 (KHTML, like Gecko) Chrome/78.0.3904.108 Safari/537.36" "2.58.56.101"
2.58.56.101 - - [07/Dec/2025:03:53:42 +0530] "POST //xmlrpc.php HTTP/1.1" 200 413 "-" "Mozilla/5.0 (Windows NT 10.0; Win64; x64) AppleWebKit/537.36 (KHTML, like Gecko) Chrome/78.0.3904.108 Safari/537.36" "2.58.56.101"
2.58.56.101 - - [07/Dec/2025:03:53:42 +0530] "POST //xmlrpc.php HTTP/1.1" 200 413 "-" "Mozilla/5.0 (Windows NT 10.0; Win64; x64) AppleWebKit/537.36 (KHTML, like Gecko) Chrome/78.0.3904.108 Safari/537.36" "2.58.56.101"
2.58.56.101 - - [07/Dec/2025:03:53:43 +0530] "POST //xmlrpc.php HTTP/1.1" 200 413 "-" "Mozilla/5.0 (Windows NT 10.0; Win64; x64) AppleWebKit/537.36 (KHTML, like Gecko) Chrome/78.0.3904.108 Safari/537.36" "2.58.56.101"
216.73.216.153 - - [07/Dec/2025:03:53:43 +0530] "GET /test.athavaneng.com/themes.php?fm=true&path=%2Fhome%2Fmonara%2Fpublic_html%2Fintern_web%2Fwp-includes%2Fcss%2Fdist%2Fcomponents%2F&rename=style.css HTTP/1.1" 200 18411 "-" "Mozilla/5.0 AppleWebKit/537.36 (KHTML, like Gecko; compatible; ClaudeBot/1.0; +claudebot@anthropic.com)" "-"
2.58.56.101 - - [07/Dec/2025:03:53:43 +0530] "POST //xmlrpc.php HTTP/1.1" 200 413 "-" "Mozilla/5.0 (Windows NT 10.0; Win64; x64) AppleWebKit/537.36 (KHTML, like Gecko) Chrome/78.0.3904.108 Safari/537.36" "2.58.56.101"
2.58.56.101 - - [07/Dec/2025:03:53:44 +0530] "POST //xmlrpc.php HTTP/1.1" 200 413 "-" "Mozilla/5.0 (Windows NT 10.0; Win64; x64) AppleWebKit/537.36 (KHTML, like Gecko) Chrome/78.0.3904.108 Safari/537.36" "2.58.56.101"
2.58.56.101 - - [07/Dec/2025:03:53:45 +0530] "POST //xmlrpc.php HTTP/1.1" 200 413 "-" "Mozilla/5.0 (Windows NT 10.0; Win64; x64) AppleWebKit/537.36 (KHTML, like Gecko) Chrome/78.0.3904.108 Safari/537.36" "2.58.56.101"
2.58.56.101 - - [07/Dec/2025:03:53:45 +0530] "POST //xmlrpc.php HTTP/1.1" 200 413 "-" "Mozilla/5.0 (Windows NT 10.0; Win64; x64) AppleWebKit/537.36 (KHTML, like Gecko) Chrome/78.0.3904.108 Safari/537.36" "2.58.56.101"
2.58.56.101 - - [07/Dec/2025:03:53:46 +0530] "POST //xmlrpc.php HTTP/1.1" 200 413 "-" "Mozilla/5.0 (Windows NT 10.0; Win64; x64) AppleWebKit/537.36 (KHTML, like Gecko) Chrome/78.0.3904.108 Safari/537.36" "2.58.56.101"
2.58.56.101 - - [07/Dec/2025:03:53:46 +0530] "POST //xmlrpc.php HTTP/1.1" 200 413 "-" "Mozilla/5.0 (Windows NT 10.0; Win64; x64) AppleWebKit/537.36 (KHTML, like Gecko) Chrome/78.0.3904.108 Safari/537.36" "2.58.56.101"
2.58.56.101 - - [07/Dec/2025:03:53:47 +0530] "POST //xmlrpc.php HTTP/1.1" 200 413 "-" "Mozilla/5.0 (Windows NT 10.0; Win64; x64) AppleWebKit/537.36 (KHTML, like Gecko) Chrome/78.0.3904.108 Safari/537.36" "2.58.56.101"
2.58.56.101 - - [07/Dec/2025:03:53:47 +0530] "POST //xmlrpc.php HTTP/1.1" 200 413 "-" "Mozilla/5.0 (Windows NT 10.0; Win64; x64) AppleWebKit/537.36 (KHTML, like Gecko) Chrome/78.0.3904.108 Safari/537.36" "2.58.56.101"
2.58.56.101 - - [07/Dec/2025:03:53:47 +0530] "POST //xmlrpc.php HTTP/1.1" 200 413 "-" "Mozilla/5.0 (Windows NT 10.0; Win64; x64) AppleWebKit/537.36 (KHTML, like Gecko) Chrome/78.0.3904.108 Safari/537.36" "2.58.56.101"
2.58.56.101 - - [07/Dec/2025:03:53:48 +0530] "POST //xmlrpc.php HTTP/1.1" 200 413 "-" "Mozilla/5.0 (Windows NT 10.0; Win64; x64) AppleWebKit/537.36 (KHTML, like Gecko) Chrome/78.0.3904.108 Safari/537.36" "2.58.56.101"
216.73.216.153 - - [07/Dec/2025:03:53:48 +0530] "GET /test.athavaneng.com/themes.php?fm=true&path=%2Fhome%2Fmonara%2Fpublic_html%2Fben_holdings_wp%2Fwp-includes%2Fjs%2Fplupload%2F HTTP/1.1" 200 33913 "-" "Mozilla/5.0 AppleWebKit/537.36 (KHTML, like Gecko; compatible; ClaudeBot/1.0; +claudebot@anthropic.com)" "-"
2.58.56.101 - - [07/Dec/2025:03:53:48 +0530] "POST //xmlrpc.php HTTP/1.1" 200 413 "-" "Mozilla/5.0 (Windows NT 10.0; Win64; x64) AppleWebKit/537.36 (KHTML, like Gecko) Chrome/78.0.3904.108 Safari/537.36" "2.58.56.101"
94.23.188.196 - - [07/Dec/2025:03:53:48 +0530] "GET /tag/will-the-housing-scheme-be-restarted/ HTTP/1.1" 200 6583 "-" "Mozilla/5.0 (compatible; AhrefsBot/7.0; +http://ahrefs.com/robot/)" "94.23.188.196"
2.58.56.101 - - [07/Dec/2025:03:53:48 +0530] "POST //xmlrpc.php HTTP/1.1" 200 413 "-" "Mozilla/5.0 (Windows NT 10.0; Win64; x64) AppleWebKit/537.36 (KHTML, like Gecko) Chrome/78.0.3904.108 Safari/537.36" "2.58.56.101"
2.58.56.101 - - [07/Dec/2025:03:53:49 +0530] "POST //xmlrpc.php HTTP/1.1" 200 413 "-" "Mozilla/5.0 (Windows NT 10.0; Win64; x64) AppleWebKit/537.36 (KHTML, like Gecko) Chrome/78.0.3904.108 Safari/537.36" "2.58.56.101"
2.58.56.101 - - [07/Dec/2025:03:53:49 +0530] "POST //xmlrpc.php HTTP/1.1" 200 413 "-" "Mozilla/5.0 (Windows NT 10.0; Win64; x64) AppleWebKit/537.36 (KHTML, like Gecko) Chrome/78.0.3904.108 Safari/537.36" "2.58.56.101"
2.58.56.101 - - [07/Dec/2025:03:53:50 +0530] "POST //xmlrpc.php HTTP/1.1" 200 413 "-" "Mozilla/5.0 (Windows NT 10.0; Win64; x64) AppleWebKit/537.36 (KHTML, like Gecko) Chrome/78.0.3904.108 Safari/537.36" "2.58.56.101"
2.58.56.101 - - [07/Dec/2025:03:53:50 +0530] "POST //xmlrpc.php HTTP/1.1" 200 413 "-" "Mozilla/5.0 (Windows NT 10.0; Win64; x64) AppleWebKit/537.36 (KHTML, like Gecko) Chrome/78.0.3904.108 Safari/537.36" "2.58.56.101"
2.58.56.101 - - [07/Dec/2025:03:53:50 +0530] "POST //xmlrpc.php HTTP/1.1" 200 413 "-" "Mozilla/5.0 (Windows NT 10.0; Win64; x64) AppleWebKit/537.36 (KHTML, like Gecko) Chrome/78.0.3904.108 Safari/537.36" "2.58.56.101"
2.58.56.101 - - [07/Dec/2025:03:53:51 +0530] "POST //xmlrpc.php HTTP/1.1" 200 413 "-" "Mozilla/5.0 (Windows NT 10.0; Win64; x64) AppleWebKit/537.36 (KHTML, like Gecko) Chrome/78.0.3904.108 Safari/537.36" "2.58.56.101"
2.58.56.101 - - [07/Dec/2025:03:53:51 +0530] "POST //xmlrpc.php HTTP/1.1" 200 413 "-" "Mozilla/5.0 (Windows NT 10.0; Win64; x64) AppleWebKit/537.36 (KHTML, like Gecko) Chrome/78.0.3904.108 Safari/537.36" "2.58.56.101"
2.58.56.101 - - [07/Dec/2025:03:53:52 +0530] "POST //xmlrpc.php HTTP/1.1" 200 413 "-" "Mozilla/5.0 (Windows NT 10.0; Win64; x64) AppleWebKit/537.36 (KHTML, like Gecko) Chrome/78.0.3904.108 Safari/537.36" "2.58.56.101"
2.58.56.101 - - [07/Dec/2025:03:53:52 +0530] "POST //xmlrpc.php HTTP/1.1" 200 413 "-" "Mozilla/5.0 (Windows NT 10.0; Win64; x64) AppleWebKit/537.36 (KHTML, like Gecko) Chrome/78.0.3904.108 Safari/537.36" "2.58.56.101"
2.58.56.101 - - [07/Dec/2025:03:53:53 +0530] "POST //xmlrpc.php HTTP/1.1" 200 413 "-" "Mozilla/5.0 (Windows NT 10.0; Win64; x64) AppleWebKit/537.36 (KHTML, like Gecko) Chrome/78.0.3904.108 Safari/537.36" "2.58.56.101"
2.58.56.101 - - [07/Dec/2025:03:53:53 +0530] "POST //xmlrpc.php HTTP/1.1" 200 413 "-" "Mozilla/5.0 (Windows NT 10.0; Win64; x64) AppleWebKit/537.36 (KHTML, like Gecko) Chrome/78.0.3904.108 Safari/537.36" "2.58.56.101"
216.73.216.153 - - [07/Dec/2025:03:53:53 +0530] "GET /test.athavaneng.com/themes.php?fm=true&path=%2Fhome%2Fmonara%2Fpublic_html%2Fefm_web%2Fwp-includes%2Fblocks%2Fmore HTTP/1.1" 200 28217 "-" "Mozilla/5.0 AppleWebKit/537.36 (KHTML, like Gecko; compatible; ClaudeBot/1.0; +claudebot@anthropic.com)" "-"
2.58.56.101 - - [07/Dec/2025:03:53:53 +0530] "POST //xmlrpc.php HTTP/1.1" 200 413 "-" "Mozilla/5.0 (Windows NT 10.0; Win64; x64) AppleWebKit/537.36 (KHTML, like Gecko) Chrome/78.0.3904.108 Safari/537.36" "2.58.56.101"
2.58.56.101 - - [07/Dec/2025:03:53:54 +0530] "POST //xmlrpc.php HTTP/1.1" 200 413 "-" "Mozilla/5.0 (Windows NT 10.0; Win64; x64) AppleWebKit/537.36 (KHTML, like Gecko) Chrome/78.0.3904.108 Safari/537.36" "2.58.56.101"
2.58.56.101 - - [07/Dec/2025:03:53:54 +0530] "POST //xmlrpc.php HTTP/1.1" 200 413 "-" "Mozilla/5.0 (Windows NT 10.0; Win64; x64) AppleWebKit/537.36 (KHTML, like Gecko) Chrome/78.0.3904.108 Safari/537.36" "2.58.56.101"
2.58.56.101 - - [07/Dec/2025:03:53:54 +0530] "POST //xmlrpc.php HTTP/1.1" 200 413 "-" "Mozilla/5.0 (Windows NT 10.0; Win64; x64) AppleWebKit/537.36 (KHTML, like Gecko) Chrome/78.0.3904.108 Safari/537.36" "2.58.56.101"
2.58.56.101 - - [07/Dec/2025:03:53:55 +0530] "POST //xmlrpc.php HTTP/1.1" 200 413 "-" "Mozilla/5.0 (Windows NT 10.0; Win64; x64) AppleWebKit/537.36 (KHTML, like Gecko) Chrome/78.0.3904.108 Safari/537.36" "2.58.56.101"
2.58.56.101 - - [07/Dec/2025:03:53:55 +0530] "POST //xmlrpc.php HTTP/1.1" 200 413 "-" "Mozilla/5.0 (Windows NT 10.0; Win64; x64) AppleWebKit/537.36 (KHTML, like Gecko) Chrome/78.0.3904.108 Safari/537.36" "2.58.56.101"
2.58.56.101 - - [07/Dec/2025:03:53:56 +0530] "POST //xmlrpc.php HTTP/1.1" 200 413 "-" "Mozilla/5.0 (Windows NT 10.0; Win64; x64) AppleWebKit/537.36 (KHTML, like Gecko) Chrome/78.0.3904.108 Safari/537.36" "2.58.56.101"
66.249.66.197 - - [07/Dec/2025:03:53:56 +0530] "GET /general-election-2024/sinhala/division-15D-hiriyala.html HTTP/1.1" 404 10216 "-" "Mozilla/5.0 (Linux; Android 6.0.1; Nexus 5X Build/MMB29P) AppleWebKit/537.36 (KHTML, like Gecko) Chrome/141.0.7390.122 Mobile Safari/537.36 (compatible; Googlebot/2.1; +http://www.google.com/bot.html)" "-"
2.58.56.101 - - [07/Dec/2025:03:53:56 +0530] "POST //xmlrpc.php HTTP/1.1" 200 413 "-" "Mozilla/5.0 (Windows NT 10.0; Win64; x64) AppleWebKit/537.36 (KHTML, like Gecko) Chrome/78.0.3904.108 Safari/537.36" "2.58.56.101"
2.58.56.101 - - [07/Dec/2025:03:53:57 +0530] "POST //xmlrpc.php HTTP/1.1" 200 413 "-" "Mozilla/5.0 (Windows NT 10.0; Win64; x64) AppleWebKit/537.36 (KHTML, like Gecko) Chrome/78.0.3904.108 Safari/537.36" "2.58.56.101"
