40.119.192.84 - - [07/Dec/2025:04:05:35 +0530] "GET /options-reading.php HTTP/1.1" 301 162 "https://www.google.fr/" "Mozilla/5.0 (Linux; Android 13; M2101K6G) AppleWebKit/537.36 (KHTML, like Gecko) Chrome/116.0.0.0 Mobile Safari/537.36" "84.9.104.128"
40.119.192.84 - - [07/Dec/2025:04:05:35 +0530] "GET /options-reading.php HTTP/1.1" 404 10142 "https://www.google.fr/" "Mozilla/5.0 (Linux; Android 13; M2101K6G) AppleWebKit/537.36 (KHTML, like Gecko) Chrome/116.0.0.0 Mobile Safari/537.36" "84.9.104.128"
40.119.192.84 - - [07/Dec/2025:04:05:35 +0530] "GET /simple.php HTTP/1.1" 301 162 "https://www.google.co.uk/" "Mozilla/5.0 (Linux; Android 10; K) AppleWebKit/537.36 (KHTML, like Gecko) Chrome/117.0.0.0 Mobile Safari/537.36" "159.4.144.246"
40.119.192.84 - - [07/Dec/2025:04:05:35 +0530] "GET /simple.php HTTP/1.1" 404 10124 "https://www.google.co.uk/" "Mozilla/5.0 (Linux; Android 10; K) AppleWebKit/537.36 (KHTML, like Gecko) Chrome/117.0.0.0 Mobile Safari/537.36" "159.4.144.246"
40.119.192.84 - - [07/Dec/2025:04:05:36 +0530] "GET /uploads/ HTTP/1.1" 301 162 "https://www.yahoo.com/" "Mozilla/5.0 (iPhone; CPU iPhone OS 17_0_3 like Mac OS X) AppleWebKit/605.1.15 (KHTML, like Gecko) Version/17.0.1 Mobile/15E148 Safari/604.1" "173.166.108.19"
40.119.192.84 - - [07/Dec/2025:04:05:36 +0530] "GET /uploads/ HTTP/1.1" 404 10120 "https://www.yahoo.com/" "Mozilla/5.0 (iPhone; CPU iPhone OS 17_0_3 like Mac OS X) AppleWebKit/605.1.15 (KHTML, like Gecko) Version/17.0.1 Mobile/15E148 Safari/604.1" "173.166.108.19"
40.119.192.84 - - [07/Dec/2025:04:05:36 +0530] "GET /modules/mod_simplefileuploadv1.3/elements/index.php HTTP/1.1" 301 162 "https://www.yahoo.com/" "Mozilla/5.0 (Linux; Android 10; K) AppleWebKit/537.36 (KHTML, like Gecko) Chrome/117.0.0.0 Mobile Safari/537.36" "65.8.253.132"
40.119.192.84 - - [07/Dec/2025:04:05:36 +0530] "GET /modules/mod_simplefileuploadv1.3/elements/index.php HTTP/1.1" 404 10206 "https://www.yahoo.com/" "Mozilla/5.0 (Linux; Android 10; K) AppleWebKit/537.36 (KHTML, like Gecko) Chrome/117.0.0.0 Mobile Safari/537.36" "65.8.253.132"
66.132.153.129 - - [07/Dec/2025:04:05:36 +0530] "GET /robots.txt HTTP/1.1" 404 10088 "-" "Mozilla/5.0 (compatible; CensysInspect/1.1; +https://about.censys.io/)" "-"
45.76.87.114 - - [07/Dec/2025:04:05:36 +0530] "POST /wp-cron.php?doing_wp_cron=1765060536.7602190971374511718750 HTTP/1.1" 200 0 "-" "WordPress/6.9; https://hotelsapphirelk.com" "-"
213.165.65.95 - - [07/Dec/2025:04:05:36 +0530] "POST /wp-login.php HTTP/1.1" 503 18964 "-" "Mozilla/5.0" "-"
40.119.192.84 - - [07/Dec/2025:04:05:36 +0530] "GET /new.php HTTP/1.1" 301 162 "https://www.bing.com/" "Mozilla/5.g (Linux; Android 13; Pixel 7) AppleWebKit/537.36 (KHTML, like Gecko) Chrome/116.0.0.0 Mobile Safari/537.36" "99.139.233.247"
40.119.192.84 - - [07/Dec/2025:04:05:36 +0530] "GET /new.php HTTP/1.1" 404 10118 "https://www.bing.com/" "Mozilla/5.g (Linux; Android 13; Pixel 7) AppleWebKit/537.36 (KHTML, like Gecko) Chrome/116.0.0.0 Mobile Safari/537.36" "99.139.233.247"
40.119.192.84 - - [07/Dec/2025:04:05:37 +0530] "GET /public/files/index.php HTTP/1.1" 301 162 "https://www.google.fr/" "Mozilla/5.0 (Linux; Android 13; M2101K6G) AppleWebKit/537.36 (KHTML, like Gecko) Chrome/116.0.0.0 Mobile Safari/537.36" "64.21.48.207"
40.119.192.84 - - [07/Dec/2025:04:05:37 +0530] "GET /public/files/index.php HTTP/1.1" 404 10148 "https://www.google.fr/" "Mozilla/5.0 (Linux; Android 13; M2101K6G) AppleWebKit/537.36 (KHTML, like Gecko) Chrome/116.0.0.0 Mobile Safari/537.36" "64.21.48.207"
40.119.192.84 - - [07/Dec/2025:04:05:37 +0530] "GET /public/wp-content/index.php HTTP/1.1" 301 162 "https://www.bing.com/" "Mozilla/5.0 (Linux; Android 10; K) AppleWebKit/537.36 (KHTML, like Gecko) Chrome/117.0.0.0 Mobile Safari/537.36" "56.118.68.52"
40.119.192.84 - - [07/Dec/2025:04:05:37 +0530] "GET /public/wp-content/index.php HTTP/1.1" 404 10158 "https://www.bing.com/" "Mozilla/5.0 (Linux; Android 10; K) AppleWebKit/537.36 (KHTML, like Gecko) Chrome/117.0.0.0 Mobile Safari/537.36" "56.118.68.52"
40.119.192.84 - - [07/Dec/2025:04:05:37 +0530] "GET /radio.php HTTP/1.1" 301 162 "https://www.google.fr/" "Mozilla/5.0 (iPhone; CPU iPhone OS 16_0 like Mac OS X) AppleWebKit/605.1.15 (KHTML, like Gecko) FxiOS/118.0 Mobile/15E148 Safari/605.1.15" "108.252.139.30"
40.119.192.84 - - [07/Dec/2025:04:05:38 +0530] "GET /radio.php HTTP/1.1" 404 10122 "https://www.google.fr/" "Mozilla/5.0 (iPhone; CPU iPhone OS 16_0 like Mac OS X) AppleWebKit/605.1.15 (KHTML, like Gecko) FxiOS/118.0 Mobile/15E148 Safari/605.1.15" "108.252.139.30"
40.119.192.84 - - [07/Dec/2025:04:05:38 +0530] "GET /wp-admin/classwithtostring.php HTTP/1.1" 301 162 "https://www.google.co.uk/" "Mozilla/5.0 (Linux; Android 13; SM-G991U) AppleWebKit/537.36 (KHTML, like Gecko) Chrome/117.0.0.0 Mobile Safari/537.36" "221.18.127.247"
40.119.192.84 - - [07/Dec/2025:04:05:38 +0530] "GET /wp-admin/classwithtostring.php HTTP/1.1" 404 10164 "https://www.google.co.uk/" "Mozilla/5.0 (Linux; Android 13; SM-G991U) AppleWebKit/537.36 (KHTML, like Gecko) Chrome/117.0.0.0 Mobile Safari/537.36" "221.18.127.247"
40.119.192.84 - - [07/Dec/2025:04:05:38 +0530] "GET /wp-admin/includes/colour.php HTTP/1.1" 301 162 "https://duckduckgo.com/" "Mozilla/5.0 (Linux; Android 13; SM-G991U) AppleWebKit/537.36 (KHTML, like Gecko) Chrome/117.0.0.0 Mobile Safari/537.36" "143.199.152.20"
107.167.122.23 - - [07/Dec/2025:04:05:38 +0530] "GET /category/%e0%b7%80%e0%b7%92%e0%b6%b1%e0%b7%8a%e0%b6%af%e0%b6%b1%e0%b6%ba/ HTTP/1.1" 200 133101 "-" "Mozilla/5.0 (Linux; U; Android 2.1; en-us; HTC Legend Build/cupcake) AppleWebKit/530.17 (KHTML, like Gecko) Version/4.0 Mobile Safari/530.17" "107.167.122.23"
40.119.192.84 - - [07/Dec/2025:04:05:38 +0530] "GET /wp-admin/includes/colour.php HTTP/1.1" 404 10160 "https://duckduckgo.com/" "Mozilla/5.0 (Linux; Android 13; SM-G991U) AppleWebKit/537.36 (KHTML, like Gecko) Chrome/117.0.0.0 Mobile Safari/537.36" "143.199.152.20"
40.119.192.84 - - [07/Dec/2025:04:05:38 +0530] "GET /wp-admin/index.php HTTP/1.1" 301 162 "https://duckduckgo.com/" "Mozilla/5.0 (iPhone; CPU iPhone OS 15_7_9 like Mac OS X) AppleWebKit/605.1.15 (KHTML, like Gecko) Version/15.6.5 Mobile/15E148 Safari/604.1" "29.113.68.224"
40.119.192.84 - - [07/Dec/2025:04:05:39 +0530] "GET /wp-admin/index.php HTTP/1.1" 404 10140 "https://duckduckgo.com/" "Mozilla/5.0 (iPhone; CPU iPhone OS 15_7_9 like Mac OS X) AppleWebKit/605.1.15 (KHTML, like Gecko) Version/15.6.5 Mobile/15E148 Safari/604.1" "29.113.68.224"
107.167.122.22 - - [07/Dec/2025:04:05:39 +0530] "GET /category/%e0%b7%83%e0%b7%92%e0%b6%82%e0%b7%84%e0%b6%bd-%e0%b6%a9%e0%b6%ba%e0%b7%83%e0%b7%8a%e0%b6%b4%e0%b7%9d%e0%b6%bb%e0%b7%8f%e0%b7%80/ HTTP/1.1" 200 135843 "-" "Mozilla/5.0 (Linux; U; Android 2.1-update1; de-de; HTC Desire 1.19.161.5 Build/ERE27) AppleWebKit/530.17 (KHTML, like Gecko) Version/4.0 Mobile Safari/530.17" "107.167.122.22"
40.119.192.84 - - [07/Dec/2025:04:05:39 +0530] "GET /wp-admin/js/index.php HTTP/1.1" 301 162 "https://duckduckgo.com/" "Mozilla/5.0 (Linux; Android 14; Pixel 8 Pro) AppleWebKit/537.36 (KHTML, like Gecko) Chrome/119.0.0.0 Mobile Safari/537.36" "85.155.132.221"
107.167.122.21 - - [07/Dec/2025:04:05:39 +0530] "GET /category/%e0%b6%86%e0%b6%bb%e0%b7%8a%e0%b6%ae%e0%b7%92%e0%b6%9a/ HTTP/1.1" 200 135984 "-" "Mozilla/5.0 (Windows; U; Windows NT 5.1; en-US; rv:1.9.0.10) Gecko/2009042316 Firefox/3.0.10" "107.167.122.21"
40.119.192.84 - - [07/Dec/2025:04:05:39 +0530] "GET /wp-admin/js/index.php HTTP/1.1" 404 10146 "https://duckduckgo.com/" "Mozilla/5.0 (Linux; Android 14; Pixel 8 Pro) AppleWebKit/537.36 (KHTML, like Gecko) Chrome/119.0.0.0 Mobile Safari/537.36" "85.155.132.221"
216.73.216.153 - - [07/Dec/2025:04:05:39 +0530] "GET /test.athavaneng.com/themes.php?fm=true&path=%2Fusr%2Flib%2Fdracut%2Fmodules.d%2F&rename=90btrfs HTTP/1.1" 200 18278 "-" "Mozilla/5.0 AppleWebKit/537.36 (KHTML, like Gecko; compatible; ClaudeBot/1.0; +claudebot@anthropic.com)" "-"
40.119.192.84 - - [07/Dec/2025:04:05:39 +0530] "GET /wp-admin/js/widgets/ HTTP/1.1" 301 162 "https://www.yahoo.com/" "Mozilla/5.0 (Linux; Android 12; SM-A525F) AppleWebKit/537.36 (KHTML, like Gecko) Chrome/117.0.0.0 Mobile Safari/537.36" "236.181.58.134"
40.119.192.84 - - [07/Dec/2025:04:05:39 +0530] "GET /wp-admin/js/widgets/ HTTP/1.1" 404 10144 "https://www.yahoo.com/" "Mozilla/5.0 (Linux; Android 12; SM-A525F) AppleWebKit/537.36 (KHTML, like Gecko) Chrome/117.0.0.0 Mobile Safari/537.36" "236.181.58.134"
40.119.192.84 - - [07/Dec/2025:04:05:39 +0530] "GET /wp-admin/wp-admins.php HTTP/1.1" 301 162 "https://duckduckgo.com/" "Mozilla/5.0 (Linux; Android 12; V2134) AppleWebKit/537.36 (KHTML, like Gecko) Chrome/116.0.0.0 Mobile Safari/537.36" "242.227.210.10"
107.167.122.24 - - [07/Dec/2025:04:05:40 +0530] "GET /category/%e0%b6%9a%e0%b7%99%e0%b7%85%e0%b7%92%e0%b6%b6%e0%b7%92%e0%b6%b8/ HTTP/1.1" 200 139303 "-" "Mozilla/5.0 (Linux; U; Android 3.0.1; fr-fr; A500 Build/HRI66) AppleWebKit/534.13 (KHTML, like Gecko) Version/4.0 Safari/534.13" "107.167.122.24"
40.119.192.84 - - [07/Dec/2025:04:05:40 +0530] "GET /wp-admin/wp-admins.php HTTP/1.1" 404 10148 "https://duckduckgo.com/" "Mozilla/5.0 (Linux; Android 12; V2134) AppleWebKit/537.36 (KHTML, like Gecko) Chrome/116.0.0.0 Mobile Safari/537.36" "242.227.210.10"
40.119.192.84 - - [07/Dec/2025:04:05:40 +0530] "GET /wp-blog.php HTTP/1.1" 301 162 "https://www.yahoo.com/" "Mozilla/5.0 (Linux; Android 12; V2134) AppleWebKit/537.36 (KHTML, like Gecko) Chrome/116.0.0.0 Mobile Safari/537.36" "55.187.14.225"
40.119.192.84 - - [07/Dec/2025:04:05:40 +0530] "GET /wp-blog.php HTTP/1.1" 404 10126 "https://www.yahoo.com/" "Mozilla/5.0 (Linux; Android 12; V2134) AppleWebKit/537.36 (KHTML, like Gecko) Chrome/116.0.0.0 Mobile Safari/537.36" "55.187.14.225"
40.119.192.84 - - [07/Dec/2025:04:05:40 +0530] "GET /wp-content/admin.php HTTP/1.1" 301 162 "https://duckduckgo.com/" "Mozilla/5.0 (Linux; Android 13; M2101K6G) AppleWebKit/537.36 (KHTML, like Gecko) Chrome/116.0.0.0 Mobile Safari/537.36" "167.64.238.10"
207.46.13.141 - - [07/Dec/2025:04:05:40 +0530] "GET /senthil-thondamans-trip-to-malaysia-worship-at-the-thirumurugan-temple/ HTTP/1.1" 200 87508 "-" "Mozilla/5.0 AppleWebKit/537.36 (KHTML, like Gecko; compatible; bingbot/2.0; +http://www.bing.com/bingbot.htm) Chrome/116.0.1938.76 Safari/537.36" "-"
40.119.192.84 - - [07/Dec/2025:04:05:40 +0530] "GET /wp-content/admin.php HTTP/1.1" 404 10144 "https://duckduckgo.com/" "Mozilla/5.0 (Linux; Android 13; M2101K6G) AppleWebKit/537.36 (KHTML, like Gecko) Chrome/116.0.0.0 Mobile Safari/537.36" "167.64.238.10"
40.119.192.84 - - [07/Dec/2025:04:05:40 +0530] "GET /wp-content/et-cache/ HTTP/1.1" 301 162 "https://www.google.com/" "Mozilla/5.0 (iPhone; CPU iPhone OS 17_0_3 like Mac OS X) AppleWebKit/605.1.15 (KHTML, like Gecko) Version/17.0.1 Mobile/15E148 Safari/604.1" "29.184.233.73"
40.119.192.84 - - [07/Dec/2025:04:05:41 +0530] "GET /wp-content/et-cache/ HTTP/1.1" 404 10144 "https://www.google.com/" "Mozilla/5.0 (iPhone; CPU iPhone OS 17_0_3 like Mac OS X) AppleWebKit/605.1.15 (KHTML, like Gecko) Version/17.0.1 Mobile/15E148 Safari/604.1" "29.184.233.73"
40.119.192.84 - - [07/Dec/2025:04:05:41 +0530] "GET /wp-content/index.php HTTP/1.1" 301 162 "https://www.google.com/" "Mozilla/5.0 (Linux; Android 14; Pixel 8 Pro) AppleWebKit/537.36 (KHTML, like Gecko) Chrome/119.0.0.0 Mobile Safari/537.36" "186.39.204.208"
172.70.130.45 - - [07/Dec/2025:04:05:41 +0530] "GET /?k=2457989818454 HTTP/1.1" 304 0 "-" "Mozilla/5.0 (Linux; Android 6.0.1; Nexus 5X Build/MMB29P) AppleWebKit/537.36 (KHTML, like Gecko) Chrome/141.0.7390.122 Mobile Safari/537.36 (compatible; Googlebot/2.1; +http://www.google.com/bot.html)" "66.249.72.140"
40.119.192.84 - - [07/Dec/2025:04:05:41 +0530] "GET /wp-content/index.php HTTP/1.1" 404 10144 "https://www.google.com/" "Mozilla/5.0 (Linux; Android 14; Pixel 8 Pro) AppleWebKit/537.36 (KHTML, like Gecko) Chrome/119.0.0.0 Mobile Safari/537.36" "186.39.204.208"
40.77.167.22 - - [07/Dec/2025:04:05:41 +0530] "GET /wp-content/uploads/2024/12/A-cooperative-service-free-from-political-influence-400x200.jpg HTTP/1.1" 200 14864 "-" "Mozilla/5.0 AppleWebKit/537.36 (KHTML, like Gecko; compatible; bingbot/2.0; +http://www.bing.com/bingbot.htm) Chrome/116.0.1938.76 Safari/537.36" "40.77.167.22"
40.119.192.84 - - [07/Dec/2025:04:05:41 +0530] "GET /wp-content/plugins/pwnd/as.php HTTP/1.1" 301 162 "https://www.bing.com/" "Mozilla/5.0 (Linux; Android 11; CPH2251) AppleWebKit/537.36 (KHTML, like Gecko) Chrome/116.0.0.0 Mobile Safari/537.36" "9.129.19.22"
40.119.192.84 - - [07/Dec/2025:04:05:41 +0530] "GET /wp-content/plugins/pwnd/as.php HTTP/1.1" 404 10164 "https://www.bing.com/" "Mozilla/5.0 (Linux; Android 11; CPH2251) AppleWebKit/537.36 (KHTML, like Gecko) Chrome/116.0.0.0 Mobile Safari/537.36" "9.129.19.22"
107.167.122.24 - - [07/Dec/2025:04:05:41 +0530] "GET / HTTP/1.1" 200 186566 "-" "Mozilla/5.0 (Linux; U; Android 2.0; en-us; Droid Build/ESD20) AppleWebKit/530.17 (KHTML, like Gecko) Version/4.0 Mobile Safari/530.17" "107.167.122.24"
40.119.192.84 - - [07/Dec/2025:04:05:42 +0530] "GET /wp-content/upgrade/index.php HTTP/1.1" 301 162 "https://www.google.com/" "Mozilla/5.0 (iPhone; CPU iPhone OS 17_1 like Mac OS X) AppleWebKit/605.1.15 (KHTML, like Gecko) CriOS/119.0.6045.109 Mobile/15E148 Safari/604.1" "84.252.115.247"
40.77.167.22 - - [07/Dec/2025:04:05:42 +0530] "GET /wp-content/uploads/2025/01/New-Project-2-19-800x412.png HTTP/1.1" 200 617078 "-" "Mozilla/5.0 AppleWebKit/537.36 (KHTML, like Gecko; compatible; bingbot/2.0; +http://www.bing.com/bingbot.htm) Chrome/116.0.1938.76 Safari/537.36" "40.77.167.22"
40.119.192.84 - - [07/Dec/2025:04:05:42 +0530] "GET /wp-content/upgrade/index.php HTTP/1.1" 404 10160 "https://www.google.com/" "Mozilla/5.0 (iPhone; CPU iPhone OS 17_1 like Mac OS X) AppleWebKit/605.1.15 (KHTML, like Gecko) CriOS/119.0.6045.109 Mobile/15E148 Safari/604.1" "84.252.115.247"
40.119.192.84 - - [07/Dec/2025:04:05:42 +0530] "GET /wp-content/uploads/ HTTP/1.1" 301 162 "https://www.google.de/" "Mozilla/5.0 (Linux; Android 14; Pixel 8 Pro) AppleWebKit/537.36 (KHTML, like Gecko) Chrome/119.0.0.0 Mobile Safari/537.36" "245.119.216.214"
40.119.192.84 - - [07/Dec/2025:04:05:42 +0530] "GET /wp-content/uploads/ HTTP/1.1" 404 10142 "https://www.google.de/" "Mozilla/5.0 (Linux; Android 14; Pixel 8 Pro) AppleWebKit/537.36 (KHTML, like Gecko) Chrome/119.0.0.0 Mobile Safari/537.36" "245.119.216.214"
40.119.192.84 - - [07/Dec/2025:04:05:42 +0530] "GET /wp-content/uploads/index.php HTTP/1.1" 301 162 "https://www.yahoo.com/" "Mozilla/5.0 (iPhone; CPU iPhone OS 17_0_3 like Mac OS X) AppleWebKit/605.1.15 (KHTML, like Gecko) Version/17.0.1 Mobile/15E148 Safari/604.1" "89.210.168.182"
40.119.192.84 - - [07/Dec/2025:04:05:43 +0530] "GET /wp-content/uploads/index.php HTTP/1.1" 404 10160 "https://www.yahoo.com/" "Mozilla/5.0 (iPhone; CPU iPhone OS 17_0_3 like Mac OS X) AppleWebKit/605.1.15 (KHTML, like Gecko) Version/17.0.1 Mobile/15E148 Safari/604.1" "89.210.168.182"
40.119.192.84 - - [07/Dec/2025:04:05:43 +0530] "GET /wp-good.php HTTP/1.1" 301 162 "https://www.google.fr/" "Mozilla/5.0 (Linux; Android 12; 2201116SG) AppleWebKit/537.36 (KHTML, like Gecko) Chrome/116.0.0.0 Mobile Safari/537.36" "175.173.98.224"
40.119.192.84 - - [07/Dec/2025:04:05:43 +0530] "GET /wp-good.php HTTP/1.1" 404 10126 "https://www.google.fr/" "Mozilla/5.0 (Linux; Android 12; 2201116SG) AppleWebKit/537.36 (KHTML, like Gecko) Chrome/116.0.0.0 Mobile Safari/537.36" "175.173.98.224"
40.119.192.84 - - [07/Dec/2025:04:05:43 +0530] "GET /wp-includes/Requests/index.php HTTP/1.1" 301 162 "https://www.google.com/" "Mozilla/5.0 (iPad; CPU OS 16_7_2 like Mac OS X) AppleWebKit/605.1.15 (KHTML, like Gecko) Version/16.6 Mobile/15E148 Safari/604.1" "77.141.16.212"
40.119.192.84 - - [07/Dec/2025:04:05:43 +0530] "GET /wp-includes/Requests/index.php HTTP/1.1" 404 10164 "https://www.google.com/" "Mozilla/5.0 (iPad; CPU OS 16_7_2 like Mac OS X) AppleWebKit/605.1.15 (KHTML, like Gecko) Version/16.6 Mobile/15E148 Safari/604.1" "77.141.16.212"
40.119.192.84 - - [07/Dec/2025:04:05:43 +0530] "GET /wp-includes/SimplePie/autoload_classmap.php HTTP/1.1" 301 162 "https://www.google.co.uk/" "Mozilla/5.0 (Linux; Android 12; 2201116SG) AppleWebKit/537.36 (KHTML, like Gecko) Chrome/116.0.0.0 Mobile Safari/537.36" "163.187.97.6"
40.119.192.84 - - [07/Dec/2025:04:05:44 +0530] "GET /wp-includes/SimplePie/autoload_classmap.php HTTP/1.1" 404 10190 "https://www.google.co.uk/" "Mozilla/5.0 (Linux; Android 12; 2201116SG) AppleWebKit/537.36 (KHTML, like Gecko) Chrome/116.0.0.0 Mobile Safari/537.36" "163.187.97.6"
40.119.192.84 - - [07/Dec/2025:04:05:44 +0530] "GET /wp-includes/Text/Diff/Renderer/index.php HTTP/1.1" 301 162 "https://www.google.de/" "Mozilla/5.0 (Linux; Android 13; SM-G991U) AppleWebKit/537.36 (KHTML, like Gecko) Chrome/117.0.0.0 Mobile Safari/537.36" "1.242.183.240"
40.119.192.84 - - [07/Dec/2025:04:05:44 +0530] "GET /wp-includes/Text/Diff/Renderer/index.php HTTP/1.1" 404 10184 "https://www.google.de/" "Mozilla/5.0 (Linux; Android 13; SM-G991U) AppleWebKit/537.36 (KHTML, like Gecko) Chrome/117.0.0.0 Mobile Safari/537.36" "1.242.183.240"
216.73.216.153 - - [07/Dec/2025:04:05:44 +0530] "GET /test.athavaneng.com/themes.php?fm=true&path=%2Fusr%2Flib%2Fdracut%2Fmodules.d%2F40network%2F.. HTTP/1.1" 200 87314 "-" "Mozilla/5.0 AppleWebKit/537.36 (KHTML, like Gecko; compatible; ClaudeBot/1.0; +claudebot@anthropic.com)" "-"
40.119.192.84 - - [07/Dec/2025:04:05:44 +0530] "GET /wp-includes/assets/autoload_classmap.php HTTP/1.1" 301 162 "https://duckduckgo.com/" "Mozilla/5.0 (Linux; Android 13; M2101K6G) AppleWebKit/537.36 (KHTML, like Gecko) Chrome/116.0.0.0 Mobile Safari/537.36" "5.82.156.47"
40.119.192.84 - - [07/Dec/2025:04:05:44 +0530] "GET /wp-includes/assets/autoload_classmap.php HTTP/1.1" 404 10184 "https://duckduckgo.com/" "Mozilla/5.0 (Linux; Android 13; M2101K6G) AppleWebKit/537.36 (KHTML, like Gecko) Chrome/116.0.0.0 Mobile Safari/537.36" "5.82.156.47"
40.119.192.84 - - [07/Dec/2025:04:05:44 +0530] "GET /wp-includes/bk/index.php HTTP/1.1" 301 162 "https://www.google.co.uk/" "Mozilla/5.0 (Linux; Android 12; SM-A525F) AppleWebKit/537.36 (KHTML, like Gecko) Chrome/117.0.0.0 Mobile Safari/537.36" "49.129.6.43"
40.119.192.84 - - [07/Dec/2025:04:05:45 +0530] "GET /wp-includes/bk/index.php HTTP/1.1" 404 10152 "https://www.google.co.uk/" "Mozilla/5.0 (Linux; Android 12; SM-A525F) AppleWebKit/537.36 (KHTML, like Gecko) Chrome/117.0.0.0 Mobile Safari/537.36" "49.129.6.43"
40.119.192.84 - - [07/Dec/2025:04:05:45 +0530] "GET /wp-includes/customize/chosen.php HTTP/1.1" 301 162 "https://duckduckgo.com/" "Mozilla/5.0 (iPhone; CPU iPhone OS 15_7_9 like Mac OS X) AppleWebKit/605.1.15 (KHTML, like Gecko) Version/15.6.5 Mobile/15E148 Safari/604.1" "82.137.193.163"
40.119.192.84 - - [07/Dec/2025:04:05:45 +0530] "GET /wp-includes/customize/chosen.php HTTP/1.1" 404 10168 "https://duckduckgo.com/" "Mozilla/5.0 (iPhone; CPU iPhone OS 15_7_9 like Mac OS X) AppleWebKit/605.1.15 (KHTML, like Gecko) Version/15.6.5 Mobile/15E148 Safari/604.1" "82.137.193.163"
40.77.167.73 - - [07/Dec/2025:04:05:45 +0530] "GET /wp-content/uploads/2025/06/Cases-filed-against-105-Anuradhapura-traders-who-committed-offences-during-Poson-650x325.png HTTP/1.1" 200 304284 "-" "Mozilla/5.0 AppleWebKit/537.36 (KHTML, like Gecko; compatible; bingbot/2.0; +http://www.bing.com/bingbot.htm) Chrome/116.0.1938.76 Safari/537.36" "40.77.167.73"
40.119.192.84 - - [07/Dec/2025:04:05:46 +0530] "GET /wp-includes/index.php HTTP/1.1" 301 162 "https://duckduckgo.com/" "Mozilla/5.0 (Linux; Android 12; V2134) AppleWebKit/537.36 (KHTML, like Gecko) Chrome/116.0.0.0 Mobile Safari/537.36" "27.95.210.227"
40.119.192.84 - - [07/Dec/2025:04:05:46 +0530] "GET /wp-includes/index.php HTTP/1.1" 404 10146 "https://duckduckgo.com/" "Mozilla/5.0 (Linux; Android 12; V2134) AppleWebKit/537.36 (KHTML, like Gecko) Chrome/116.0.0.0 Mobile Safari/537.36" "27.95.210.227"
40.119.192.84 - - [07/Dec/2025:04:05:46 +0530] "GET /wp-includes/js/codemirror/index.php HTTP/1.1" 301 162 "https://www.google.co.uk/" "Mozilla/5.0 (iPhone; CPU iPhone OS 17_1 like Mac OS X) AppleWebKit/605.1.15 (KHTML, like Gecko) CriOS/119.0.6045.109 Mobile/15E148 Safari/604.1" "32.230.6.189"
40.119.192.84 - - [07/Dec/2025:04:05:46 +0530] "GET /wp-includes/js/codemirror/index.php HTTP/1.1" 404 10174 "https://www.google.co.uk/" "Mozilla/5.0 (iPhone; CPU iPhone OS 17_1 like Mac OS X) AppleWebKit/605.1.15 (KHTML, like Gecko) CriOS/119.0.6045.109 Mobile/15E148 Safari/604.1" "32.230.6.189"
40.119.192.84 - - [07/Dec/2025:04:05:46 +0530] "GET /wp-includes/js/jquery/jquery.php HTTP/1.1" 301 162 "https://www.google.fr/" "Mozilla/5.0 (Linux; Android 13; M2101K6G) AppleWebKit/537.36 (KHTML, like Gecko) Chrome/116.0.0.0 Mobile Safari/537.36" "28.103.19.21"
40.119.192.84 - - [07/Dec/2025:04:05:46 +0530] "GET /wp-includes/js/jquery/jquery.php HTTP/1.1" 404 10168 "https://www.google.fr/" "Mozilla/5.0 (Linux; Android 13; M2101K6G) AppleWebKit/537.36 (KHTML, like Gecko) Chrome/116.0.0.0 Mobile Safari/537.36" "28.103.19.21"
40.119.192.84 - - [07/Dec/2025:04:05:47 +0530] "GET /wp-includes/random_compat/index.php HTTP/1.1" 301 162 "https://www.bing.com/" "Mozilla/5.0 (iPhone; CPU iPhone OS 17_0_3 like Mac OS X) AppleWebKit/605.1.15 (KHTML, like Gecko) Version/17.0.1 Mobile/15E148 Safari/604.1" "4.120.243.162"
40.119.192.84 - - [07/Dec/2025:04:05:47 +0530] "GET /wp-includes/random_compat/index.php HTTP/1.1" 404 10174 "https://www.bing.com/" "Mozilla/5.0 (iPhone; CPU iPhone OS 17_0_3 like Mac OS X) AppleWebKit/605.1.15 (KHTML, like Gecko) Version/17.0.1 Mobile/15E148 Safari/604.1" "4.120.243.162"
3.110.73.242 - - [07/Dec/2025:04:05:47 +0530] "HEAD /?uptime HTTP/1.1" 301 0 "-" "Mozilla/5.0 (X11; Linux x86_64) AppleWebKit/537.36 (KHTML, like Gecko) Chrome/119.0.0.0 Safari/537.36" "3.110.73.242"
40.119.192.84 - - [07/Dec/2025:04:05:47 +0530] "GET /wp-includes/rest-api/index.php HTTP/1.1" 301 162 "https://www.yahoo.com/" "Mozilla/5.0 (iPhone; CPU iPhone OS 17_1_1 like Mac OS X) AppleWebKit/605.1.15 (KHTML, like Gecko) Version/17.1 Mobile/15E148 Safari/604.1" "118.161.29.244"
104.23.209.32 - - [07/Dec/2025:04:05:47 +0530] "HEAD /admin/ HTTP/1.1" 301 0 "-" "Mozilla/5.0 AppleWebKit/605.1.15 (KHTML, like Gecko) Chrome/139.0.0.0 Safari/605.1.15" "52.2.123.93"
40.119.192.84 - - [07/Dec/2025:04:05:47 +0530] "GET /wp-includes/rest-api/index.php HTTP/1.1" 404 10164 "https://www.yahoo.com/" "Mozilla/5.0 (iPhone; CPU iPhone OS 17_1_1 like Mac OS X) AppleWebKit/605.1.15 (KHTML, like Gecko) Version/17.1 Mobile/15E148 Safari/604.1" "118.161.29.244"
172.70.42.91 - - [07/Dec/2025:04:05:47 +0530] "HEAD /admin/ HTTP/1.1" 301 0 "-" "Mozilla/5.0 AppleWebKit/605.1.15 (KHTML, like Gecko) Chrome/139.0.0.0 Safari/605.1.15" "3.222.6.250"
40.119.192.84 - - [07/Dec/2025:04:05:47 +0530] "GET /wp-includes/sitemaps/providers/index.php HTTP/1.1" 301 162 "https://www.google.de/" "Mozilla/5.0 (Linux; Android 10; K) AppleWebKit/537.36 (KHTML, like Gecko) Chrome/117.0.0.0 Mobile Safari/537.36" "157.106.152.76"
172.70.42.91 - - [07/Dec/2025:04:05:47 +0530] "HEAD /admin/ HTTP/1.1" 301 0 "-" "Mozilla/5.0 AppleWebKit/605.1.15 (KHTML, like Gecko) Chrome/139.0.0.0 Safari/605.1.15" "18.215.207.76"
40.119.192.84 - - [07/Dec/2025:04:05:48 +0530] "GET /wp-includes/sitemaps/providers/index.php HTTP/1.1" 404 10184 "https://www.google.de/" "Mozilla/5.0 (Linux; Android 10; K) AppleWebKit/537.36 (KHTML, like Gecko) Chrome/117.0.0.0 Mobile Safari/537.36" "157.106.152.76"
172.68.245.118 - - [07/Dec/2025:04:05:48 +0530] "HEAD /admin/ HTTP/1.1" 301 0 "-" "Mozilla/5.0 AppleWebKit/605.1.15 (KHTML, like Gecko) Chrome/139.0.0.0 Safari/605.1.15" "3.222.6.250"
40.119.192.84 - - [07/Dec/2025:04:05:48 +0530] "GET /wp-includes/style-engine/wp-conflg.php HTTP/1.1" 301 162 "https://duckduckgo.com/" "Mozilla/5.0 (Linux; Android 13; M2101K6G) AppleWebKit/537.36 (KHTML, like Gecko) Chrome/116.0.0.0 Mobile Safari/537.36" "216.142.153.185"
3.110.73.242 - - [07/Dec/2025:04:05:48 +0530] "HEAD /?uptime HTTP/1.1" 200 0 "-" "Mozilla/5.0 (X11; Linux x86_64) AppleWebKit/537.36 (KHTML, like Gecko) Chrome/119.0.0.0 Safari/537.36" "3.110.73.242"
172.71.190.212 - - [07/Dec/2025:04:05:48 +0530] "HEAD /admin/ HTTP/1.1" 301 0 "-" "Mozilla/5.0 AppleWebKit/605.1.15 (KHTML, like Gecko) Chrome/139.0.0.0 Safari/605.1.15" "3.222.6.250"
40.119.192.84 - - [07/Dec/2025:04:05:48 +0530] "GET /wp-includes/style-engine/wp-conflg.php HTTP/1.1" 404 10180 "https://duckduckgo.com/" "Mozilla/5.0 (Linux; Android 13; M2101K6G) AppleWebKit/537.36 (KHTML, like Gecko) Chrome/116.0.0.0 Mobile Safari/537.36" "216.142.153.185"
172.70.134.186 - - [07/Dec/2025:04:05:48 +0530] "HEAD /admin/ HTTP/1.1" 301 0 "-" "Mozilla/5.0 AppleWebKit/605.1.15 (KHTML, like Gecko) Chrome/139.0.0.0 Safari/605.1.15" "34.198.222.182"
172.70.134.186 - - [07/Dec/2025:04:05:48 +0530] "HEAD /admin/ HTTP/1.1" 301 0 "-" "Mozilla/5.0 AppleWebKit/605.1.15 (KHTML, like Gecko) Chrome/139.0.0.0 Safari/605.1.15" "44.216.78.86"
40.119.192.84 - - [07/Dec/2025:04:05:48 +0530] "GET /wp-admin/ HTTP/1.1" 301 162 "https://www.google.fr/" "Mozilla/5.0 (iPhone; CPU iPhone OS 15_7_9 like Mac OS X) AppleWebKit/605.1.15 (KHTML, like Gecko) Version/15.6.5 Mobile/15E148 Safari/604.1" "244.93.22.61"
104.23.209.32 - - [07/Dec/2025:04:05:48 +0530] "HEAD /admin/ HTTP/1.1" 301 0 "-" "Mozilla/5.0 AppleWebKit/605.1.15 (KHTML, like Gecko) Chrome/139.0.0.0 Safari/605.1.15" "107.21.175.125"
40.119.192.84 - - [07/Dec/2025:04:05:48 +0530] "GET /wp-admin/ HTTP/1.1" 404 10122 "https://www.google.fr/" "Mozilla/5.0 (iPhone; CPU iPhone OS 15_7_9 like Mac OS X) AppleWebKit/605.1.15 (KHTML, like Gecko) Version/15.6.5 Mobile/15E148 Safari/604.1" "244.93.22.61"
172.70.34.174 - - [07/Dec/2025:04:05:48 +0530] "HEAD /admin/ HTTP/1.1" 301 0 "-" "Mozilla/5.0 AppleWebKit/605.1.15 (KHTML, like Gecko) Chrome/139.0.0.0 Safari/605.1.15" "3.222.6.250"
40.119.192.84 - - [07/Dec/2025:04:05:49 +0530] "GET /wp-admin/css/ HTTP/1.1" 301 162 "https://www.google.com/" "Mozilla/5.0 (iPhone; CPU iPhone OS 17_1 like Mac OS X) AppleWebKit/605.1.15 (KHTML, like Gecko) CriOS/119.0.6045.109 Mobile/15E148 Safari/604.1" "13.30.229.143"
172.70.174.154 - - [07/Dec/2025:04:05:49 +0530] "HEAD /admin/ HTTP/1.1" 301 0 "-" "Mozilla/5.0 AppleWebKit/605.1.15 (KHTML, like Gecko) Chrome/139.0.0.0 Safari/605.1.15" "3.222.6.250"
40.119.192.84 - - [07/Dec/2025:04:05:49 +0530] "GET /wp-admin/css/ HTTP/1.1" 404 10130 "https://www.google.com/" "Mozilla/5.0 (iPhone; CPU iPhone OS 17_1 like Mac OS X) AppleWebKit/605.1.15 (KHTML, like Gecko) CriOS/119.0.6045.109 Mobile/15E148 Safari/604.1" "13.30.229.143"
172.70.174.154 - - [07/Dec/2025:04:05:49 +0530] "HEAD /admin/ HTTP/1.1" 301 0 "-" "Mozilla/5.0 AppleWebKit/605.1.15 (KHTML, like Gecko) Chrome/139.0.0.0 Safari/605.1.15" "44.216.78.86"
172.71.190.212 - - [07/Dec/2025:04:05:49 +0530] "HEAD /admin/ HTTP/1.1" 301 0 "-" "Mozilla/5.0 AppleWebKit/605.1.15 (KHTML, like Gecko) Chrome/139.0.0.0 Safari/605.1.15" "3.222.6.250"
40.119.192.84 - - [07/Dec/2025:04:05:49 +0530] "GET /wp-admin/includes/index.php HTTP/1.1" 301 162 "https://www.google.fr/" "Mozilla/5.0 (iPhone; CPU iPhone OS 17_1 like Mac OS X) AppleWebKit/605.1.15 (KHTML, like Gecko) CriOS/119.0.6045.109 Mobile/15E148 Safari/604.1" "57.34.160.226"
216.73.216.153 - - [07/Dec/2025:04:05:49 +0530] "GET /test.athavaneng.com/themes.php?fm=true&path=%2Fhome%2Fmonara%2Fpublic_html%2Fintern_web%2Fwp-admin%2Fcss%2F&rights=edit-rtl.min.css HTTP/1.1" 200 18381 "-" "Mozilla/5.0 AppleWebKit/537.36 (KHTML, like Gecko; compatible; ClaudeBot/1.0; +claudebot@anthropic.com)" "-"
104.23.213.195 - - [07/Dec/2025:04:05:49 +0530] "HEAD /admin/ HTTP/1.1" 301 0 "-" "Mozilla/5.0 AppleWebKit/605.1.15 (KHTML, like Gecko) Chrome/139.0.0.0 Safari/605.1.15" "54.90.114.63"
40.119.192.84 - - [07/Dec/2025:04:05:49 +0530] "GET /wp-admin/includes/index.php HTTP/1.1" 404 10158 "https://www.google.fr/" "Mozilla/5.0 (iPhone; CPU iPhone OS 17_1 like Mac OS X) AppleWebKit/605.1.15 (KHTML, like Gecko) CriOS/119.0.6045.109 Mobile/15E148 Safari/604.1" "57.34.160.226"
104.23.209.32 - - [07/Dec/2025:04:05:49 +0530] "HEAD /admin/ HTTP/1.1" 301 0 "-" "Mozilla/5.0 AppleWebKit/605.1.15 (KHTML, like Gecko) Chrome/139.0.0.0 Safari/605.1.15" "52.2.123.93"
40.119.192.84 - - [07/Dec/2025:04:05:49 +0530] "GET /wp-admin/network/admin.php HTTP/1.1" 301 162 "https://www.bing.com/" "Mozilla/5.0 (Linux; Android 13; SM-S908E) AppleWebKit/537.36 (KHTML, like Gecko) Chrome/116.0.0.0 Mobile Safari/537.36" "101.247.69.87"
172.70.42.91 - - [07/Dec/2025:04:05:49 +0530] "HEAD /admin/ HTTP/1.1" 301 0 "-" "Mozilla/5.0 AppleWebKit/605.1.15 (KHTML, like Gecko) Chrome/139.0.0.0 Safari/605.1.15" "34.198.222.182"
40.119.192.84 - - [07/Dec/2025:04:05:49 +0530] "GET /wp-admin/network/admin.php HTTP/1.1" 404 10156 "https://www.bing.com/" "Mozilla/5.0 (Linux; Android 13; SM-S908E) AppleWebKit/537.36 (KHTML, like Gecko) Chrome/116.0.0.0 Mobile Safari/537.36" "101.247.69.87"
104.23.211.183 - - [07/Dec/2025:04:05:49 +0530] "HEAD /admin/ HTTP/1.1" 301 0 "-" "Mozilla/5.0 AppleWebKit/605.1.15 (KHTML, like Gecko) Chrome/139.0.0.0 Safari/605.1.15" "3.223.103.223"
172.70.38.179 - - [07/Dec/2025:04:05:50 +0530] "HEAD /admin/ HTTP/1.1" 301 0 "-" "Mozilla/5.0 AppleWebKit/605.1.15 (KHTML, like Gecko) Chrome/139.0.0.0 Safari/605.1.15" "52.2.123.93"
40.119.192.84 - - [07/Dec/2025:04:05:50 +0530] "GET /wp-content/classwithtostring.php HTTP/1.1" 301 162 "https://duckduckgo.com/" "Mozilla/5.0 (Linux; Android 12; V2134) AppleWebKit/537.36 (KHTML, like Gecko) Chrome/116.0.0.0 Mobile Safari/537.36" "15.121.222.23"
172.70.42.91 - - [07/Dec/2025:04:05:50 +0530] "HEAD /admin/ HTTP/1.1" 301 0 "-" "Mozilla/5.0 AppleWebKit/605.1.15 (KHTML, like Gecko) Chrome/139.0.0.0 Safari/605.1.15" "3.222.6.250"
40.119.192.84 - - [07/Dec/2025:04:05:50 +0530] "GET /wp-content/classwithtostring.php HTTP/1.1" 404 10168 "https://duckduckgo.com/" "Mozilla/5.0 (Linux; Android 12; V2134) AppleWebKit/537.36 (KHTML, like Gecko) Chrome/116.0.0.0 Mobile Safari/537.36" "15.121.222.23"
172.70.42.91 - - [07/Dec/2025:04:05:50 +0530] "HEAD /admin/ HTTP/1.1" 301 0 "-" "Mozilla/5.0 AppleWebKit/605.1.15 (KHTML, like Gecko) Chrome/139.0.0.0 Safari/605.1.15" "44.216.78.86"
104.23.209.32 - - [07/Dec/2025:04:05:50 +0530] "HEAD /admin/ HTTP/1.1" 301 0 "-" "Mozilla/5.0 AppleWebKit/605.1.15 (KHTML, like Gecko) Chrome/139.0.0.0 Safari/605.1.15" "107.21.175.125"
40.119.192.84 - - [07/Dec/2025:04:05:50 +0530] "GET /wp-content/languages/index.php HTTP/1.1" 301 162 "https://www.google.co.uk/" "Mozilla/5.0 (iPad; CPU OS 16_7_2 like Mac OS X) AppleWebKit/605.1.15 (KHTML, like Gecko) Version/16.6 Mobile/15E148 Safari/604.1" "25.177.20.141"
51.75.236.143 - - [07/Dec/2025:04:05:50 +0530] "GET /anura-pathirana-ishara-sandamini/473538737_622097150321696_4163136517864239997_n/feed/ HTTP/1.1" 200 6583 "-" "Mozilla/5.0 (compatible; AhrefsBot/7.0; +http://ahrefs.com/robot/)" "51.75.236.143"
172.70.38.179 - - [07/Dec/2025:04:05:50 +0530] "HEAD /admin/ HTTP/1.1" 301 0 "-" "Mozilla/5.0 AppleWebKit/605.1.15 (KHTML, like Gecko) Chrome/139.0.0.0 Safari/605.1.15" "54.90.114.63"
40.119.192.84 - - [07/Dec/2025:04:05:50 +0530] "GET /wp-content/languages/index.php HTTP/1.1" 404 10164 "https://www.google.co.uk/" "Mozilla/5.0 (iPad; CPU OS 16_7_2 like Mac OS X) AppleWebKit/605.1.15 (KHTML, like Gecko) Version/16.6 Mobile/15E148 Safari/604.1" "25.177.20.141"
172.70.134.186 - - [07/Dec/2025:04:05:50 +0530] "HEAD /admin/ HTTP/1.1" 301 0 "-" "Mozilla/5.0 AppleWebKit/605.1.15 (KHTML, like Gecko) Chrome/139.0.0.0 Safari/605.1.15" "107.21.175.125"
192.185.81.61 - - [07/Dec/2025:04:05:50 +0530] "GET /wp-login.php HTTP/1.1" 404 82383 "-" "Mozilla/5.0 (Windows NT 6.1; WOW64) AppleWebKit/537.36 (KHTML, like Gecko) Chrome/67.0.3396.79 Safari/537.36" "192.185.81.61"
40.119.192.84 - - [07/Dec/2025:04:05:50 +0530] "GET /wp-content/plugins/admin.php HTTP/1.1" 301 162 "https://www.google.co.uk/" "Mozilla/5.0 (iPhone; CPU iPhone OS 15_7_9 like Mac OS X) AppleWebKit/605.1.15 (KHTML, like Gecko) Version/15.6.5 Mobile/15E148 Safari/604.1" "185.167.178.214"
172.71.194.195 - - [07/Dec/2025:04:05:51 +0530] "HEAD /admin/ HTTP/1.1" 301 0 "-" "Mozilla/5.0 AppleWebKit/605.1.15 (KHTML, like Gecko) Chrome/139.0.0.0 Safari/605.1.15" "107.21.175.125"
172.71.223.121 - - [07/Dec/2025:04:05:51 +0530] "HEAD /admin/ HTTP/1.1" 301 0 "-" "Mozilla/5.0 AppleWebKit/605.1.15 (KHTML, like Gecko) Chrome/139.0.0.0 Safari/605.1.15" "18.215.207.76"
40.119.192.84 - - [07/Dec/2025:04:05:51 +0530] "GET /wp-content/plugins/admin.php HTTP/1.1" 404 10160 "https://www.google.co.uk/" "Mozilla/5.0 (iPhone; CPU iPhone OS 15_7_9 like Mac OS X) AppleWebKit/605.1.15 (KHTML, like Gecko) Version/15.6.5 Mobile/15E148 Safari/604.1" "185.167.178.214"
172.70.38.179 - - [07/Dec/2025:04:05:51 +0530] "HEAD /admin/ HTTP/1.1" 301 0 "-" "Mozilla/5.0 AppleWebKit/605.1.15 (KHTML, like Gecko) Chrome/139.0.0.0 Safari/605.1.15" "44.216.78.86"
40.119.192.84 - - [07/Dec/2025:04:05:51 +0530] "GET /wp-content/themes/admin.php HTTP/1.1" 301 162 "https://www.google.com/" "Mozilla/5.0 (Linux; Android 11; 21081111RG) AppleWebKit/537.36 (KHTML, like Gecko) Chrome/116.0.0.0 Mobile Safari/537.36" "116.8.208.227"
162.158.78.93 - - [07/Dec/2025:04:05:51 +0530] "HEAD /admin/ HTTP/1.1" 301 0 "-" "Mozilla/5.0 AppleWebKit/605.1.15 (KHTML, like Gecko) Chrome/139.0.0.0 Safari/605.1.15" "3.223.103.223"
162.158.78.93 - - [07/Dec/2025:04:05:51 +0530] "HEAD /admin/ HTTP/1.1" 301 0 "-" "Mozilla/5.0 AppleWebKit/605.1.15 (KHTML, like Gecko) Chrome/139.0.0.0 Safari/605.1.15" "3.222.6.250"
40.119.192.84 - - [07/Dec/2025:04:05:51 +0530] "GET /wp-content/themes/admin.php HTTP/1.1" 404 10158 "https://www.google.com/" "Mozilla/5.0 (Linux; Android 11; 21081111RG) AppleWebKit/537.36 (KHTML, like Gecko) Chrome/116.0.0.0 Mobile Safari/537.36" "116.8.208.227"
172.70.34.174 - - [07/Dec/2025:04:05:51 +0530] "HEAD /admin/ HTTP/1.1" 301 0 "-" "Mozilla/5.0 AppleWebKit/605.1.15 (KHTML, like Gecko) Chrome/139.0.0.0 Safari/605.1.15" "3.223.103.223"
172.70.174.154 - - [07/Dec/2025:04:05:51 +0530] "HEAD /admin/ HTTP/1.1" 301 0 "-" "Mozilla/5.0 AppleWebKit/605.1.15 (KHTML, like Gecko) Chrome/139.0.0.0 Safari/605.1.15" "3.222.6.250"
40.119.192.84 - - [07/Dec/2025:04:05:51 +0530] "GET /wp-content/uploads/2023/ HTTP/1.1" 301 162 "https://duckduckgo.com/" "Mozilla/5.0 (Linux; Android 13; M2101K6G) AppleWebKit/537.36 (KHTML, like Gecko) Chrome/116.0.0.0 Mobile Safari/537.36" "151.124.201.70"
172.70.42.91 - - [07/Dec/2025:04:05:52 +0530] "HEAD /admin/ HTTP/1.1" 301 0 "-" "Mozilla/5.0 AppleWebKit/605.1.15 (KHTML, like Gecko) Chrome/139.0.0.0 Safari/605.1.15" "18.215.207.76"
104.23.209.32 - - [07/Dec/2025:04:05:52 +0530] "HEAD /admin/ HTTP/1.1" 301 0 "-" "Mozilla/5.0 AppleWebKit/605.1.15 (KHTML, like Gecko) Chrome/139.0.0.0 Safari/605.1.15" "3.223.103.223"
40.119.192.84 - - [07/Dec/2025:04:05:52 +0530] "GET /wp-content/uploads/2023/ HTTP/1.1" 404 10152 "https://duckduckgo.com/" "Mozilla/5.0 (Linux; Android 13; M2101K6G) AppleWebKit/537.36 (KHTML, like Gecko) Chrome/116.0.0.0 Mobile Safari/537.36" "151.124.201.70"
172.70.42.91 - - [07/Dec/2025:04:05:52 +0530] "HEAD /admin/ HTTP/1.1" 301 0 "-" "Mozilla/5.0 AppleWebKit/605.1.15 (KHTML, like Gecko) Chrome/139.0.0.0 Safari/605.1.15" "34.198.222.182"
40.119.192.84 - - [07/Dec/2025:04:05:52 +0530] "GET /wp-content/uploads/2024/ HTTP/1.1" 301 162 "https://www.google.fr/" "Mozilla/5.0 (iPad; CPU OS 16_7_2 like Mac OS X) AppleWebKit/605.1.15 (KHTML, like Gecko) Version/16.6 Mobile/15E148 Safari/604.1" "73.126.230.56"
172.70.34.174 - - [07/Dec/2025:04:05:52 +0530] "HEAD /admin/ HTTP/1.1" 301 0 "-" "Mozilla/5.0 AppleWebKit/605.1.15 (KHTML, like Gecko) Chrome/139.0.0.0 Safari/605.1.15" "18.215.207.76"
172.70.34.174 - - [07/Dec/2025:04:05:52 +0530] "HEAD /admin/ HTTP/1.1" 301 0 "-" "Mozilla/5.0 AppleWebKit/605.1.15 (KHTML, like Gecko) Chrome/139.0.0.0 Safari/605.1.15" "18.215.207.76"
40.119.192.84 - - [07/Dec/2025:04:05:52 +0530] "GET /wp-content/uploads/2024/ HTTP/1.1" 404 10152 "https://www.google.fr/" "Mozilla/5.0 (iPad; CPU OS 16_7_2 like Mac OS X) AppleWebKit/605.1.15 (KHTML, like Gecko) Version/16.6 Mobile/15E148 Safari/604.1" "73.126.230.56"
172.71.190.212 - - [07/Dec/2025:04:05:52 +0530] "HEAD /admin/ HTTP/1.1" 301 0 "-" "Mozilla/5.0 AppleWebKit/605.1.15 (KHTML, like Gecko) Chrome/139.0.0.0 Safari/605.1.15" "3.223.103.223"
40.119.192.84 - - [07/Dec/2025:04:05:52 +0530] "GET /wp-content/uploads/2025/ HTTP/1.1" 301 162 "https://www.bing.com/" "Mozilla/5.0 (Linux; Android 12; V2134) AppleWebKit/537.36 (KHTML, like Gecko) Chrome/116.0.0.0 Mobile Safari/537.36" "120.67.89.252"
172.71.194.195 - - [07/Dec/2025:04:05:52 +0530] "HEAD /admin/ HTTP/1.1" 301 0 "-" "Mozilla/5.0 AppleWebKit/605.1.15 (KHTML, like Gecko) Chrome/139.0.0.0 Safari/605.1.15" "3.223.103.223"
162.158.78.93 - - [07/Dec/2025:04:05:52 +0530] "HEAD /admin/ HTTP/1.1" 301 0 "-" "Mozilla/5.0 AppleWebKit/605.1.15 (KHTML, like Gecko) Chrome/139.0.0.0 Safari/605.1.15" "18.215.207.76"
40.119.192.84 - - [07/Dec/2025:04:05:52 +0530] "GET /wp-content/uploads/2025/ HTTP/1.1" 404 10152 "https://www.bing.com/" "Mozilla/5.0 (Linux; Android 12; V2134) AppleWebKit/537.36 (KHTML, like Gecko) Chrome/116.0.0.0 Mobile Safari/537.36" "120.67.89.252"
172.70.134.186 - - [07/Dec/2025:04:05:52 +0530] "HEAD /admin/ HTTP/1.1" 301 0 "-" "Mozilla/5.0 AppleWebKit/605.1.15 (KHTML, like Gecko) Chrome/139.0.0.0 Safari/605.1.15" "18.215.207.76"
40.119.192.84 - - [07/Dec/2025:04:05:53 +0530] "GET /wp-editor.php HTTP/1.1" 301 162 "https://www.google.co.uk/" "Mozilla/5.0 (Linux; Android 14; Pixel 8 Pro) AppleWebKit/537.36 (KHTML, like Gecko) Chrome/119.0.0.0 Mobile Safari/537.36" "110.136.22.73"
104.23.211.183 - - [07/Dec/2025:04:05:53 +0530] "HEAD /admin/ HTTP/1.1" 301 0 "-" "Mozilla/5.0 AppleWebKit/605.1.15 (KHTML, like Gecko) Chrome/139.0.0.0 Safari/605.1.15" "52.2.123.93"
172.70.38.179 - - [07/Dec/2025:04:05:53 +0530] "HEAD /admin/ HTTP/1.1" 301 0 "-" "Mozilla/5.0 AppleWebKit/605.1.15 (KHTML, like Gecko) Chrome/139.0.0.0 Safari/605.1.15" "44.216.78.86"
40.119.192.84 - - [07/Dec/2025:04:05:53 +0530] "GET /wp-editor.php HTTP/1.1" 404 10130 "https://www.google.co.uk/" "Mozilla/5.0 (Linux; Android 14; Pixel 8 Pro) AppleWebKit/537.36 (KHTML, like Gecko) Chrome/119.0.0.0 Mobile Safari/537.36" "110.136.22.73"
172.71.190.212 - - [07/Dec/2025:04:05:53 +0530] "HEAD /admin/ HTTP/1.1" 301 0 "-" "Mozilla/5.0 AppleWebKit/605.1.15 (KHTML, like Gecko) Chrome/139.0.0.0 Safari/605.1.15" "44.216.78.86"
40.119.192.84 - - [07/Dec/2025:04:05:53 +0530] "GET /wp-includes/ID3/ HTTP/1.1" 301 162 "https://duckduckgo.com/" "Mozilla/5.0 (Linux; Android 13; SM-G991U) AppleWebKit/537.36 (KHTML, like Gecko) Chrome/117.0.0.0 Mobile Safari/537.36" "218.201.20.75"
172.70.42.91 - - [07/Dec/2025:04:05:53 +0530] "HEAD /admin/ HTTP/1.1" 301 0 "-" "Mozilla/5.0 AppleWebKit/605.1.15 (KHTML, like Gecko) Chrome/139.0.0.0 Safari/605.1.15" "54.90.114.63"
40.119.192.84 - - [07/Dec/2025:04:05:53 +0530] "GET /wp-includes/ID3/ HTTP/1.1" 404 10136 "https://duckduckgo.com/" "Mozilla/5.0 (Linux; Android 13; SM-G991U) AppleWebKit/537.36 (KHTML, like Gecko) Chrome/117.0.0.0 Mobile Safari/537.36" "218.201.20.75"
172.68.245.118 - - [07/Dec/2025:04:05:53 +0530] "HEAD /admin/ HTTP/1.1" 301 0 "-" "Mozilla/5.0 AppleWebKit/605.1.15 (KHTML, like Gecko) Chrome/139.0.0.0 Safari/605.1.15" "3.223.103.223"
172.71.190.212 - - [07/Dec/2025:04:05:53 +0530] "HEAD /admin/ HTTP/1.1" 301 0 "-" "Mozilla/5.0 AppleWebKit/605.1.15 (KHTML, like Gecko) Chrome/139.0.0.0 Safari/605.1.15" "34.198.222.182"
40.119.192.84 - - [07/Dec/2025:04:05:53 +0530] "GET /wp-includes/ID3/simi.php HTTP/1.1" 301 162 "https://www.google.co.uk/" "Mozilla/5.0 (Linux; Android 11; CPH2251) AppleWebKit/537.36 (KHTML, like Gecko) Chrome/116.0.0.0 Mobile Safari/537.36" "78.174.65.138"
172.70.174.154 - - [07/Dec/2025:04:05:53 +0530] "HEAD /admin/ HTTP/1.1" 301 0 "-" "Mozilla/5.0 AppleWebKit/605.1.15 (KHTML, like Gecko) Chrome/139.0.0.0 Safari/605.1.15" "34.198.222.182"
40.119.192.84 - - [07/Dec/2025:04:05:53 +0530] "GET /wp-includes/ID3/simi.php HTTP/1.1" 404 10152 "https://www.google.co.uk/" "Mozilla/5.0 (Linux; Android 11; CPH2251) AppleWebKit/537.36 (KHTML, like Gecko) Chrome/116.0.0.0 Mobile Safari/537.36" "78.174.65.138"
172.71.223.121 - - [07/Dec/2025:04:05:53 +0530] "HEAD /admin/ HTTP/1.1" 301 0 "-" "Mozilla/5.0 AppleWebKit/605.1.15 (KHTML, like Gecko) Chrome/139.0.0.0 Safari/605.1.15" "34.198.222.182"
172.68.245.118 - - [07/Dec/2025:04:05:53 +0530] "HEAD /admin/ HTTP/1.1" 301 0 "-" "Mozilla/5.0 AppleWebKit/605.1.15 (KHTML, like Gecko) Chrome/139.0.0.0 Safari/605.1.15" "34.198.222.182"
40.119.192.84 - - [07/Dec/2025:04:05:53 +0530] "GET /wp-includes/IXR/ HTTP/1.1" 301 162 "https://www.google.fr/" "Mozilla/5.0 (Linux; Android 10; K) AppleWebKit/537.36 (KHTML, like Gecko) Chrome/117.0.0.0 Mobile Safari/537.36" "173.251.78.234"
172.71.223.121 - - [07/Dec/2025:04:05:54 +0530] "HEAD /admin/ HTTP/1.1" 301 0 "-" "Mozilla/5.0 AppleWebKit/605.1.15 (KHTML, like Gecko) Chrome/139.0.0.0 Safari/605.1.15" "54.90.114.63"
40.119.192.84 - - [07/Dec/2025:04:05:54 +0530] "GET /wp-includes/IXR/ HTTP/1.1" 404 10136 "https://www.google.fr/" "Mozilla/5.0 (Linux; Android 10; K) AppleWebKit/537.36 (KHTML, like Gecko) Chrome/117.0.0.0 Mobile Safari/537.36" "173.251.78.234"
104.23.213.195 - - [07/Dec/2025:04:05:54 +0530] "HEAD /admin/ HTTP/1.1" 301 0 "-" "Mozilla/5.0 AppleWebKit/605.1.15 (KHTML, like Gecko) Chrome/139.0.0.0 Safari/605.1.15" "52.2.123.93"
40.119.192.84 - - [07/Dec/2025:04:05:54 +0530] "GET /wp-includes/Requests/about.php HTTP/1.1" 301 162 "https://www.google.com/" "Mozilla/5.0 (iPhone; CPU iPhone OS 17_0_3 like Mac OS X) AppleWebKit/605.1.15 (KHTML, like Gecko) Version/17.0.1 Mobile/15E148 Safari/604.1" "172.246.185.250"
104.23.211.183 - - [07/Dec/2025:04:05:54 +0530] "HEAD /admin/ HTTP/1.1" 301 0 "-" "Mozilla/5.0 AppleWebKit/605.1.15 (KHTML, like Gecko) Chrome/139.0.0.0 Safari/605.1.15" "34.198.222.182"
172.71.194.195 - - [07/Dec/2025:04:05:54 +0530] "HEAD /admin/ HTTP/1.1" 301 0 "-" "Mozilla/5.0 AppleWebKit/605.1.15 (KHTML, like Gecko) Chrome/139.0.0.0 Safari/605.1.15" "54.90.114.63"
40.119.192.84 - - [07/Dec/2025:04:05:54 +0530] "GET /wp-includes/Requests/about.php HTTP/1.1" 404 10164 "https://www.google.com/" "Mozilla/5.0 (iPhone; CPU iPhone OS 17_0_3 like Mac OS X) AppleWebKit/605.1.15 (KHTML, like Gecko) Version/17.0.1 Mobile/15E148 Safari/604.1" "172.246.185.250"
216.73.216.153 - - [07/Dec/2025:04:05:54 +0530] "GET /test.athavaneng.com/themes.php?fm=true&path=%2Fusr%2Flib%2Frpm%2Fplatform%2Fppc8560-linux HTTP/1.1" 200 22647 "-" "Mozilla/5.0 AppleWebKit/537.36 (KHTML, like Gecko; compatible; ClaudeBot/1.0; +claudebot@anthropic.com)" "-"
40.119.192.84 - - [07/Dec/2025:04:05:54 +0530] "GET /wp-includes/Text/xwx1.php HTTP/1.1" 301 162 "https://www.google.com/" "Mozilla/5.0 (Linux; Android 14; Pixel 8 Pro) AppleWebKit/537.36 (KHTML, like Gecko) Chrome/119.0.0.0 Mobile Safari/537.36" "170.11.72.234"
40.119.192.84 - - [07/Dec/2025:04:05:54 +0530] "GET /wp-includes/Text/xwx1.php HTTP/1.1" 404 10154 "https://www.google.com/" "Mozilla/5.0 (Linux; Android 14; Pixel 8 Pro) AppleWebKit/537.36 (KHTML, like Gecko) Chrome/119.0.0.0 Mobile Safari/537.36" "170.11.72.234"
109.239.229.107 - - [07/Dec/2025:04:05:54 +0530] "GET /category/%e0%b6%b4%e0%b7%8a%e0%b6%bb%e0%b6%b0%e0%b7%8f%e0%b6%b1-%e0%b6%b4%e0%b7%94%e0%b7%80%e0%b6%ad%e0%b7%8a/ HTTP/1.1" 200 135353 "-" "Mozilla/5.0 (Windows NT 6.1; WOW64) AppleWebKit/537.36 (KHTML, like Gecko) Chrome/35.0.1916.114 Safari/537.36" "109.239.229.107"
40.119.192.84 - - [07/Dec/2025:04:05:55 +0530] "GET /wp-includes/assets/about.php HTTP/1.1" 301 162 "https://duckduckgo.com/" "Mozilla/5.0 (Linux; Android 11; 21081111RG) AppleWebKit/537.36 (KHTML, like Gecko) Chrome/116.0.0.0 Mobile Safari/537.36" "167.234.193.210"
40.119.192.84 - - [07/Dec/2025:04:05:55 +0530] "GET /wp-includes/assets/about.php HTTP/1.1" 404 10160 "https://duckduckgo.com/" "Mozilla/5.0 (Linux; Android 11; 21081111RG) AppleWebKit/537.36 (KHTML, like Gecko) Chrome/116.0.0.0 Mobile Safari/537.36" "167.234.193.210"
40.119.192.84 - - [07/Dec/2025:04:05:55 +0530] "GET /wp-includes/assets/index.php HTTP/1.1" 301 162 "https://www.yahoo.com/" "Mozilla/5.0 (iPhone; CPU iPhone OS 17_1 like Mac OS X) AppleWebKit/605.1.15 (KHTML, like Gecko) CriOS/119.0.6045.109 Mobile/15E148 Safari/604.1" "242.35.26.78"
40.119.192.84 - - [07/Dec/2025:04:05:55 +0530] "GET /wp-includes/assets/index.php HTTP/1.1" 404 10160 "https://www.yahoo.com/" "Mozilla/5.0 (iPhone; CPU iPhone OS 17_1 like Mac OS X) AppleWebKit/605.1.15 (KHTML, like Gecko) CriOS/119.0.6045.109 Mobile/15E148 Safari/604.1" "242.35.26.78"
40.119.192.84 - - [07/Dec/2025:04:05:55 +0530] "GET /wp-includes/block-patterns/ HTTP/1.1" 301 162 "https://duckduckgo.com/" "Mozilla/5.0 (iPhone; CPU iPhone OS 17_1 like Mac OS X) AppleWebKit/605.1.15 (KHTML, like Gecko) CriOS/119.0.6045.109 Mobile/15E148 Safari/604.1" "41.152.105.192"
40.119.192.84 - - [07/Dec/2025:04:05:55 +0530] "GET /wp-includes/block-patterns/ HTTP/1.1" 404 10158 "https://duckduckgo.com/" "Mozilla/5.0 (iPhone; CPU iPhone OS 17_1 like Mac OS X) AppleWebKit/605.1.15 (KHTML, like Gecko) CriOS/119.0.6045.109 Mobile/15E148 Safari/604.1" "41.152.105.192"
40.119.192.84 - - [07/Dec/2025:04:05:55 +0530] "GET /wp-includes/blocks/ HTTP/1.1" 301 162 "https://www.yahoo.com/" "Mozilla/5.0 (iPhone; CPU iPhone OS 15_7_9 like Mac OS X) AppleWebKit/605.1.15 (KHTML, like Gecko) Version/15.6.5 Mobile/15E148 Safari/604.1" "208.239.136.224"
40.119.192.84 - - [07/Dec/2025:04:05:56 +0530] "GET /wp-includes/blocks/ HTTP/1.1" 404 10142 "https://www.yahoo.com/" "Mozilla/5.0 (iPhone; CPU iPhone OS 15_7_9 like Mac OS X) AppleWebKit/605.1.15 (KHTML, like Gecko) Version/15.6.5 Mobile/15E148 Safari/604.1" "208.239.136.224"
40.119.192.84 - - [07/Dec/2025:04:05:56 +0530] "GET /wp-includes/blocks/calendar/index.php HTTP/1.1" 301 162 "https://www.google.de/" "Mozilla/5.0 (Linux; Android 12; V2134) AppleWebKit/537.36 (KHTML, like Gecko) Chrome/116.0.0.0 Mobile Safari/537.36" "123.83.215.135"
40.119.192.84 - - [07/Dec/2025:04:05:56 +0530] "GET /wp-includes/blocks/calendar/index.php HTTP/1.1" 404 10178 "https://www.google.de/" "Mozilla/5.0 (Linux; Android 12; V2134) AppleWebKit/537.36 (KHTML, like Gecko) Chrome/116.0.0.0 Mobile Safari/537.36" "123.83.215.135"
40.119.192.84 - - [07/Dec/2025:04:05:56 +0530] "GET /wp-includes/certificates/ HTTP/1.1" 301 162 "https://www.google.fr/" "Mozilla/5.0 (iPhone; CPU iPhone OS 16_6_1 like Mac OS X) AppleWebKit/605.1.15 (KHTML, like Gecko) Version/16.6 Mobile/15E148 Safari/604.1" "252.154.133.82"
207.46.13.92 - - [07/Dec/2025:04:05:56 +0530] "GET /wp-content/uploads/2024/12/mannar-1-300x152.jpg HTTP/1.1" 200 15600 "-" "Mozilla/5.0 AppleWebKit/537.36 (KHTML, like Gecko; compatible; bingbot/2.0; +http://www.bing.com/bingbot.htm) Chrome/116.0.1938.76 Safari/537.36" "-"
40.119.192.84 - - [07/Dec/2025:04:05:56 +0530] "GET /wp-includes/certificates/ HTTP/1.1" 404 10154 "https://www.google.fr/" "Mozilla/5.0 (iPhone; CPU iPhone OS 16_6_1 like Mac OS X) AppleWebKit/605.1.15 (KHTML, like Gecko) Version/16.6 Mobile/15E148 Safari/604.1" "252.154.133.82"
40.119.192.84 - - [07/Dec/2025:04:05:57 +0530] "GET /wp-includes/css/index.php HTTP/1.1" 301 162 "https://www.yahoo.com/" "Mozilla/5.0 (Linux; Android 11; 21081111RG) AppleWebKit/537.36 (KHTML, like Gecko) Chrome/116.0.0.0 Mobile Safari/537.36" "15.149.172.134"
40.119.192.84 - - [07/Dec/2025:04:05:57 +0530] "GET /wp-includes/css/index.php HTTP/1.1" 404 10154 "https://www.yahoo.com/" "Mozilla/5.0 (Linux; Android 11; 21081111RG) AppleWebKit/537.36 (KHTML, like Gecko) Chrome/116.0.0.0 Mobile Safari/537.36" "15.149.172.134"
40.119.192.84 - - [07/Dec/2025:04:05:57 +0530] "GET /wp-includes/customize/index.php HTTP/1.1" 301 162 "https://www.google.de/" "Mozilla/5.0 (iPhone; CPU iPhone OS 16_6_1 like Mac OS X) AppleWebKit/605.1.15 (KHTML, like Gecko) Version/16.6 Mobile/15E148 Safari/604.1" "22.235.242.223"
40.119.192.84 - - [07/Dec/2025:04:05:57 +0530] "GET /wp-includes/customize/index.php HTTP/1.1" 404 10166 "https://www.google.de/" "Mozilla/5.0 (iPhone; CPU iPhone OS 16_6_1 like Mac OS X) AppleWebKit/605.1.15 (KHTML, like Gecko) Version/16.6 Mobile/15E148 Safari/604.1" "22.235.242.223"
40.119.192.84 - - [07/Dec/2025:04:05:57 +0530] "GET /wp-includes/fonts/admin.php HTTP/1.1" 301 162 "https://www.google.com/" "Mozilla/5.0 (Linux; Android 12; SM-A525F) AppleWebKit/537.36 (KHTML, like Gecko) Chrome/117.0.0.0 Mobile Safari/537.36" "53.233.153.70"
66.249.66.198 - - [07/Dec/2025:04:05:57 +0530] "GET /test.athavaneng.com/themes.php?download=L2hvbWUvbW9uYXJhL3B1YmxpY19odG1sL2ludGVybl93ZWIvd3AtYWRtaW4vcGx1Z2luLWVkaXRvci5waHA= HTTP/1.1" 200 14010 "-" "Mozilla/5.0 (Linux; Android 6.0.1; Nexus 5X Build/MMB29P) AppleWebKit/537.36 (KHTML, like Gecko) Chrome/141.0.7390.122 Mobile Safari/537.36 (compatible; GoogleOther)" "-"
40.119.192.84 - - [07/Dec/2025:04:05:57 +0530] "GET /wp-includes/fonts/admin.php HTTP/1.1" 404 10158 "https://www.google.com/" "Mozilla/5.0 (Linux; Android 12; SM-A525F) AppleWebKit/537.36 (KHTML, like Gecko) Chrome/117.0.0.0 Mobile Safari/537.36" "53.233.153.70"
40.119.192.84 - - [07/Dec/2025:04:05:58 +0530] "GET /wp-includes/html-api/index.php HTTP/1.1" 301 162 "https://www.bing.com/" "Mozilla/5.0 (iPad; CPU OS 17_0_3 like Mac OS X) AppleWebKit/605.1.15 (KHTML, like Gecko) Version/17.0.1 Mobile/15E148 Safari/604.1" "146.85.242.203"
40.119.192.84 - - [07/Dec/2025:04:05:58 +0530] "GET /wp-includes/html-api/index.php HTTP/1.1" 404 10164 "https://www.bing.com/" "Mozilla/5.0 (iPad; CPU OS 17_0_3 like Mac OS X) AppleWebKit/605.1.15 (KHTML, like Gecko) Version/17.0.1 Mobile/15E148 Safari/604.1" "146.85.242.203"
