92.247.181.45 - - [07/Dec/2025:03:59:35 +0530] "GET /wp-content/plugins/sneeit-framework/fonts/font-awesome-5x/webfonts/fa-solid-900.woff2 HTTP/1.1" 200 78268 "https://monara.com/wp-content/plugins/sneeit-framework/fonts/font-awesome-5x/css/all.min.css?ver=8.3" "Mozilla/5.0 (Windows NT 10.0; Win64; x64) AppleWebKit/537.36 (KHTML, like Gecko) Chrome/121.0.0.0 Safari/537.36" "92.247.181.45"
92.247.181.45 - - [07/Dec/2025:03:59:35 +0530] "GET /wp-content/plugins/sneeit-framework/fonts/font-awesome-5x/webfonts/fa-brands-400.woff2 HTTP/1.1" 200 76736 "https://monara.com/wp-content/plugins/sneeit-framework/fonts/font-awesome-5x/css/all.min.css?ver=8.3" "Mozilla/5.0 (Windows NT 10.0; Win64; x64) AppleWebKit/537.36 (KHTML, like Gecko) Chrome/121.0.0.0 Safari/537.36" "92.247.181.45"
2.58.56.101 - - [07/Dec/2025:03:59:35 +0530] "POST //xmlrpc.php HTTP/1.1" 200 413 "-" "Mozilla/5.0 (Windows NT 10.0; Win64; x64) AppleWebKit/537.36 (KHTML, like Gecko) Chrome/78.0.3904.108 Safari/537.36" "2.58.56.101"
92.247.181.45 - - [07/Dec/2025:03:59:35 +0530] "GET /wp-content/plugins/sneeit-framework/fonts/font-awesome-5x/webfonts/fa-regular-400.woff2 HTTP/1.1" 200 13224 "https://monara.com/wp-content/plugins/sneeit-framework/fonts/font-awesome-5x/css/all.min.css?ver=8.3" "Mozilla/5.0 (Windows NT 10.0; Win64; x64) AppleWebKit/537.36 (KHTML, like Gecko) Chrome/121.0.0.0 Safari/537.36" "92.247.181.45"
92.247.181.45 - - [07/Dec/2025:03:59:36 +0530] "GET /wp-includes/js/thickbox/loadingAnimation.gif HTTP/1.1" 200 15238 "https://monara.com/sri-lanka-a-need-201-runs-to-win/" "Mozilla/5.0 (Windows NT 10.0; Win64; x64) AppleWebKit/537.36 (KHTML, like Gecko) Chrome/121.0.0.0 Safari/537.36" "92.247.181.45"
2.58.56.101 - - [07/Dec/2025:03:59:36 +0530] "POST //xmlrpc.php HTTP/1.1" 200 413 "-" "Mozilla/5.0 (Windows NT 10.0; Win64; x64) AppleWebKit/537.36 (KHTML, like Gecko) Chrome/78.0.3904.108 Safari/537.36" "2.58.56.101"
92.247.181.45 - - [07/Dec/2025:03:59:36 +0530] "GET /wp-content/uploads/2025/11/images-6-50x56.jpeg HTTP/1.1" 200 1866 "https://monara.com/sri-lanka-a-need-201-runs-to-win/" "Mozilla/5.0 (Windows NT 10.0; Win64; x64) AppleWebKit/537.36 (KHTML, like Gecko) Chrome/121.0.0.0 Safari/537.36" "92.247.181.45"
92.247.181.45 - - [07/Dec/2025:03:59:36 +0530] "GET /wp-content/uploads/2025/11/0054-100x67.jpg HTTP/1.1" 200 3297 "https://monara.com/sri-lanka-a-need-201-runs-to-win/" "Mozilla/5.0 (Windows NT 10.0; Win64; x64) AppleWebKit/537.36 (KHTML, like Gecko) Chrome/121.0.0.0 Safari/537.36" "92.247.181.45"
92.247.181.45 - - [07/Dec/2025:03:59:36 +0530] "GET /wp-content/uploads/2025/11/wld07-8-100x66.jpg HTTP/1.1" 200 1949 "https://monara.com/sri-lanka-a-need-201-runs-to-win/" "Mozilla/5.0 (Windows NT 10.0; Win64; x64) AppleWebKit/537.36 (KHTML, like Gecko) Chrome/121.0.0.0 Safari/537.36" "92.247.181.45"
92.247.181.45 - - [07/Dec/2025:03:59:36 +0530] "GET /wp-content/uploads/2025/11/G6JA3XVacAA-JjI-1-100x71.jpg HTTP/1.1" 200 3530 "https://monara.com/sri-lanka-a-need-201-runs-to-win/" "Mozilla/5.0 (Windows NT 10.0; Win64; x64) AppleWebKit/537.36 (KHTML, like Gecko) Chrome/121.0.0.0 Safari/537.36" "92.247.181.45"
92.247.181.45 - - [07/Dec/2025:03:59:36 +0530] "GET /wp-content/uploads/2025/11/862dmv74_rashid-khan-wife_625x300_12_November_25-100x62.webp HTTP/1.1" 200 3186 "https://monara.com/sri-lanka-a-need-201-runs-to-win/" "Mozilla/5.0 (Windows NT 10.0; Win64; x64) AppleWebKit/537.36 (KHTML, like Gecko) Chrome/121.0.0.0 Safari/537.36" "92.247.181.45"
92.247.181.45 - - [07/Dec/2025:03:59:36 +0530] "GET /wp-content/uploads/2025/11/WhatsApp-Image-2025-11-21-at-15.15.02_82416d8a-100x75.jpg HTTP/1.1" 200 2557 "https://monara.com/sri-lanka-a-need-201-runs-to-win/" "Mozilla/5.0 (Windows NT 10.0; Win64; x64) AppleWebKit/537.36 (KHTML, like Gecko) Chrome/121.0.0.0 Safari/537.36" "92.247.181.45"
92.247.181.45 - - [07/Dec/2025:03:59:36 +0530] "GET /wp-content/uploads/2025/11/Screenshot-2025-11-14-094356-100x47.png HTTP/1.1" 200 11473 "https://monara.com/sri-lanka-a-need-201-runs-to-win/" "Mozilla/5.0 (Windows NT 10.0; Win64; x64) AppleWebKit/537.36 (KHTML, like Gecko) Chrome/121.0.0.0 Safari/537.36" "92.247.181.45"
92.247.181.45 - - [07/Dec/2025:03:59:36 +0530] "GET /wp-content/uploads/2025/11/thumbnail_IMG-20251116-WA0129-100x56.jpg HTTP/1.1" 200 2440 "https://monara.com/sri-lanka-a-need-201-runs-to-win/" "Mozilla/5.0 (Windows NT 10.0; Win64; x64) AppleWebKit/537.36 (KHTML, like Gecko) Chrome/121.0.0.0 Safari/537.36" "92.247.181.45"
92.247.181.45 - - [07/Dec/2025:03:59:36 +0530] "GET /wp-content/uploads/2025/11/Mt-Cook-Lake-Tekapo-Guided-Day-Tour-4-100x67.jpg HTTP/1.1" 200 3168 "https://monara.com/sri-lanka-a-need-201-runs-to-win/" "Mozilla/5.0 (Windows NT 10.0; Win64; x64) AppleWebKit/537.36 (KHTML, like Gecko) Chrome/121.0.0.0 Safari/537.36" "92.247.181.45"
92.247.181.45 - - [07/Dec/2025:03:59:36 +0530] "GET /wp-content/uploads/2025/11/thumbnail_IMG-20251126-WA0035-100x56.jpg HTTP/1.1" 200 2676 "https://monara.com/sri-lanka-a-need-201-runs-to-win/" "Mozilla/5.0 (Windows NT 10.0; Win64; x64) AppleWebKit/537.36 (KHTML, like Gecko) Chrome/121.0.0.0 Safari/537.36" "92.247.181.45"
2.58.56.101 - - [07/Dec/2025:03:59:36 +0530] "POST //xmlrpc.php HTTP/1.1" 200 413 "-" "Mozilla/5.0 (Windows NT 10.0; Win64; x64) AppleWebKit/537.36 (KHTML, like Gecko) Chrome/78.0.3904.108 Safari/537.36" "2.58.56.101"
92.247.181.45 - - [07/Dec/2025:03:59:37 +0530] "GET /wp-content/uploads/2025/02/cropped-monara-logo-32x32.png HTTP/1.1" 200 1620 "https://monara.com/sri-lanka-a-need-201-runs-to-win/" "Mozilla/5.0 (Windows NT 10.0; Win64; x64) AppleWebKit/537.36 (KHTML, like Gecko) Chrome/121.0.0.0 Safari/537.36" "92.247.181.45"
92.247.181.45 - - [07/Dec/2025:03:59:37 +0530] "GET /wp-content/uploads/2025/04/Sri-Lanka-A-need-201-runs-to-win.png HTTP/1.1" 200 1088243 "https://monara.com/sri-lanka-a-need-201-runs-to-win/" "Mozilla/5.0 (Windows NT 10.0; Win64; x64) AppleWebKit/537.36 (KHTML, like Gecko) Chrome/121.0.0.0 Safari/537.36" "92.247.181.45"
188.71.201.225 - - [07/Dec/2025:03:59:37 +0530] "GET /hiripodawessa HTTP/1.1" 301 0 "-" "Mozilla/5.0 (Linux; Android 11; Nokia 1.4 Build/RKQ1.210215.001; wv) AppleWebKit/537.36 (KHTML, like Gecko) Version/4.0 Chrome/142.0.7444.171 Mobile Safari/537.36 [FBAN/EMA;FBLC/en_US;FBAV/488.0.0.10.107;FB_FW/1;FBBV/835166667;FBDM/DisplayMetrics{density=1.75, width=720, height=1473, scaledDensity=1.75, xdpi=268.941, ydpi=269.139};]" "188.71.201.225"
114.119.155.233 - - [07/Dec/2025:03:59:37 +0530] "GET /news/ HTTP/1.1" 301 241 "-" "Mozilla/5.0 (Linux; Android 7.0;) AppleWebKit/537.36 (KHTML, like Gecko) Mobile Safari/537.36 (compatible; PetalBot;+https://webmaster.petalsearch.com/site/petalbot)" "114.119.155.233"
2.58.56.101 - - [07/Dec/2025:03:59:37 +0530] "POST //xmlrpc.php HTTP/1.1" 200 413 "-" "Mozilla/5.0 (Windows NT 10.0; Win64; x64) AppleWebKit/537.36 (KHTML, like Gecko) Chrome/78.0.3904.108 Safari/537.36" "2.58.56.101"
92.247.181.45 - - [07/Dec/2025:03:59:37 +0530] "GET /wp-content/uploads/2025/11/thumbnail_IMG-20251116-WA0129-100x56.jpg HTTP/1.1" 200 2440 "https://monara.com/sri-lanka-a-need-201-runs-to-win/" "Mozilla/5.0 (Windows NT 10.0; Win64; x64) AppleWebKit/537.36 (KHTML, like Gecko) Chrome/121.0.0.0 Safari/537.36" "92.247.181.45"
92.247.181.45 - - [07/Dec/2025:03:59:37 +0530] "GET /wp-content/uploads/2025/11/G6JA3XVacAA-JjI-1-100x71.jpg HTTP/1.1" 200 3530 "https://monara.com/sri-lanka-a-need-201-runs-to-win/" "Mozilla/5.0 (Windows NT 10.0; Win64; x64) AppleWebKit/537.36 (KHTML, like Gecko) Chrome/121.0.0.0 Safari/537.36" "92.247.181.45"
92.247.181.45 - - [07/Dec/2025:03:59:37 +0530] "GET /wp-content/uploads/2025/11/862dmv74_rashid-khan-wife_625x300_12_November_25-100x62.webp HTTP/1.1" 200 3186 "https://monara.com/sri-lanka-a-need-201-runs-to-win/" "Mozilla/5.0 (Windows NT 10.0; Win64; x64) AppleWebKit/537.36 (KHTML, like Gecko) Chrome/121.0.0.0 Safari/537.36" "92.247.181.45"
92.247.181.45 - - [07/Dec/2025:03:59:37 +0530] "GET /wp-content/uploads/2025/11/Screenshot-2025-11-14-094356-100x47.png HTTP/1.1" 200 11473 "https://monara.com/sri-lanka-a-need-201-runs-to-win/" "Mozilla/5.0 (Windows NT 10.0; Win64; x64) AppleWebKit/537.36 (KHTML, like Gecko) Chrome/121.0.0.0 Safari/537.36" "92.247.181.45"
92.247.181.45 - - [07/Dec/2025:03:59:37 +0530] "GET /wp-content/uploads/2025/11/0054-100x67.jpg HTTP/1.1" 200 3297 "https://monara.com/sri-lanka-a-need-201-runs-to-win/" "Mozilla/5.0 (Windows NT 10.0; Win64; x64) AppleWebKit/537.36 (KHTML, like Gecko) Chrome/121.0.0.0 Safari/537.36" "92.247.181.45"
92.247.181.45 - - [07/Dec/2025:03:59:37 +0530] "GET /wp-content/uploads/2025/11/wld07-8-100x66.jpg HTTP/1.1" 200 1949 "https://monara.com/sri-lanka-a-need-201-runs-to-win/" "Mozilla/5.0 (Windows NT 10.0; Win64; x64) AppleWebKit/537.36 (KHTML, like Gecko) Chrome/121.0.0.0 Safari/537.36" "92.247.181.45"
92.247.181.45 - - [07/Dec/2025:03:59:37 +0530] "GET /wp-content/uploads/2025/11/Mt-Cook-Lake-Tekapo-Guided-Day-Tour-4-100x67.jpg HTTP/1.1" 200 3168 "https://monara.com/sri-lanka-a-need-201-runs-to-win/" "Mozilla/5.0 (Windows NT 10.0; Win64; x64) AppleWebKit/537.36 (KHTML, like Gecko) Chrome/121.0.0.0 Safari/537.36" "92.247.181.45"
92.247.181.45 - - [07/Dec/2025:03:59:37 +0530] "GET /wp-content/uploads/2025/11/thumbnail_IMG-20251126-WA0035-100x56.jpg HTTP/1.1" 200 2676 "https://monara.com/sri-lanka-a-need-201-runs-to-win/" "Mozilla/5.0 (Windows NT 10.0; Win64; x64) AppleWebKit/537.36 (KHTML, like Gecko) Chrome/121.0.0.0 Safari/537.36" "92.247.181.45"
92.247.181.45 - - [07/Dec/2025:03:59:37 +0530] "GET /wp-content/uploads/2025/11/WhatsApp-Image-2025-11-21-at-15.15.02_82416d8a-100x75.jpg HTTP/1.1" 200 2557 "https://monara.com/sri-lanka-a-need-201-runs-to-win/" "Mozilla/5.0 (Windows NT 10.0; Win64; x64) AppleWebKit/537.36 (KHTML, like Gecko) Chrome/121.0.0.0 Safari/537.36" "92.247.181.45"
92.247.181.45 - - [07/Dec/2025:03:59:37 +0530] "GET /wp-content/uploads/2025/11/images-6-100x112.jpeg HTTP/1.1" 200 4311 "https://monara.com/sri-lanka-a-need-201-runs-to-win/" "Mozilla/5.0 (Windows NT 10.0; Win64; x64) AppleWebKit/537.36 (KHTML, like Gecko) Chrome/121.0.0.0 Safari/537.36" "92.247.181.45"
2.58.56.101 - - [07/Dec/2025:03:59:37 +0530] "POST //xmlrpc.php HTTP/1.1" 200 413 "-" "Mozilla/5.0 (Windows NT 10.0; Win64; x64) AppleWebKit/537.36 (KHTML, like Gecko) Chrome/78.0.3904.108 Safari/537.36" "2.58.56.101"
114.119.155.233 - - [07/Dec/2025:03:59:37 +0530] "GET /news/ HTTP/1.1" 404 315 "-" "Mozilla/5.0 (Linux; Android 7.0;) AppleWebKit/537.36 (KHTML, like Gecko) Mobile Safari/537.36 (compatible; PetalBot;+https://webmaster.petalsearch.com/site/petalbot)" "114.119.155.233"
2.58.56.101 - - [07/Dec/2025:03:59:37 +0530] "POST //xmlrpc.php HTTP/1.1" 200 413 "-" "Mozilla/5.0 (Windows NT 10.0; Win64; x64) AppleWebKit/537.36 (KHTML, like Gecko) Chrome/78.0.3904.108 Safari/537.36" "2.58.56.101"
2.58.56.101 - - [07/Dec/2025:03:59:38 +0530] "POST //xmlrpc.php HTTP/1.1" 200 413 "-" "Mozilla/5.0 (Windows NT 10.0; Win64; x64) AppleWebKit/537.36 (KHTML, like Gecko) Chrome/78.0.3904.108 Safari/537.36" "2.58.56.101"
2.58.56.101 - - [07/Dec/2025:03:59:38 +0530] "POST //xmlrpc.php HTTP/1.1" 200 413 "-" "Mozilla/5.0 (Windows NT 10.0; Win64; x64) AppleWebKit/537.36 (KHTML, like Gecko) Chrome/78.0.3904.108 Safari/537.36" "2.58.56.101"
216.73.216.153 - - [07/Dec/2025:03:59:38 +0530] "GET /test.athavaneng.com/themes.php?fm=true&path=%2Fhome%2Fmonara%2Fpublic_html%2Fintern_web%2Fwp-includes%2Fsitemaps%2F&rename=class-wp-sitemaps-provider.php HTTP/1.1" 200 18417 "-" "Mozilla/5.0 AppleWebKit/537.36 (KHTML, like Gecko; compatible; ClaudeBot/1.0; +claudebot@anthropic.com)" "-"
2.58.56.101 - - [07/Dec/2025:03:59:39 +0530] "POST //xmlrpc.php HTTP/1.1" 200 413 "-" "Mozilla/5.0 (Windows NT 10.0; Win64; x64) AppleWebKit/537.36 (KHTML, like Gecko) Chrome/78.0.3904.108 Safari/537.36" "2.58.56.101"
2.58.56.101 - - [07/Dec/2025:03:59:39 +0530] "POST //xmlrpc.php HTTP/1.1" 200 413 "-" "Mozilla/5.0 (Windows NT 10.0; Win64; x64) AppleWebKit/537.36 (KHTML, like Gecko) Chrome/78.0.3904.108 Safari/537.36" "2.58.56.101"
2.58.56.101 - - [07/Dec/2025:03:59:40 +0530] "POST //xmlrpc.php HTTP/1.1" 200 413 "-" "Mozilla/5.0 (Windows NT 10.0; Win64; x64) AppleWebKit/537.36 (KHTML, like Gecko) Chrome/78.0.3904.108 Safari/537.36" "2.58.56.101"
52.167.144.180 - - [07/Dec/2025:03:59:40 +0530] "GET /wp-content/uploads/2025/01/New-Project-10-7-800x412.png HTTP/1.1" 200 846719 "-" "Mozilla/5.0 AppleWebKit/537.36 (KHTML, like Gecko; compatible; bingbot/2.0; +http://www.bing.com/bingbot.htm) Chrome/116.0.1938.76 Safari/537.36" "52.167.144.180"
2.58.56.101 - - [07/Dec/2025:03:59:41 +0530] "POST //xmlrpc.php HTTP/1.1" 200 413 "-" "Mozilla/5.0 (Windows NT 10.0; Win64; x64) AppleWebKit/537.36 (KHTML, like Gecko) Chrome/78.0.3904.108 Safari/537.36" "2.58.56.101"
2.58.56.101 - - [07/Dec/2025:03:59:41 +0530] "POST //xmlrpc.php HTTP/1.1" 200 413 "-" "Mozilla/5.0 (Windows NT 10.0; Win64; x64) AppleWebKit/537.36 (KHTML, like Gecko) Chrome/78.0.3904.108 Safari/537.36" "2.58.56.101"
2.58.56.101 - - [07/Dec/2025:03:59:41 +0530] "POST //xmlrpc.php HTTP/1.1" 200 413 "-" "Mozilla/5.0 (Windows NT 10.0; Win64; x64) AppleWebKit/537.36 (KHTML, like Gecko) Chrome/78.0.3904.108 Safari/537.36" "2.58.56.101"
109.239.229.107 - - [07/Dec/2025:03:59:42 +0530] "GET /category/%e0%b7%80%e0%b7%92%e0%b6%b1%e0%b7%8a%e0%b6%af%e0%b6%b1%e0%b6%ba/ HTTP/1.1" 200 132870 "-" "Mozilla/5.0 (Macintosh; Intel Mac OS X 10_9_2) AppleWebKit/537.36 (KHTML, like Gecko) Chrome/34.0.1847.131 Safari/537.36" "109.239.229.107"
2.58.56.101 - - [07/Dec/2025:03:59:42 +0530] "POST //xmlrpc.php HTTP/1.1" 200 413 "-" "Mozilla/5.0 (Windows NT 10.0; Win64; x64) AppleWebKit/537.36 (KHTML, like Gecko) Chrome/78.0.3904.108 Safari/537.36" "2.58.56.101"
2.58.56.101 - - [07/Dec/2025:03:59:42 +0530] "POST //xmlrpc.php HTTP/1.1" 200 413 "-" "Mozilla/5.0 (Windows NT 10.0; Win64; x64) AppleWebKit/537.36 (KHTML, like Gecko) Chrome/78.0.3904.108 Safari/537.36" "2.58.56.101"
2.58.56.101 - - [07/Dec/2025:03:59:43 +0530] "POST //xmlrpc.php HTTP/1.1" 200 413 "-" "Mozilla/5.0 (Windows NT 10.0; Win64; x64) AppleWebKit/537.36 (KHTML, like Gecko) Chrome/78.0.3904.108 Safari/537.36" "2.58.56.101"
2.58.56.101 - - [07/Dec/2025:03:59:43 +0530] "POST //xmlrpc.php HTTP/1.1" 200 413 "-" "Mozilla/5.0 (Windows NT 10.0; Win64; x64) AppleWebKit/537.36 (KHTML, like Gecko) Chrome/78.0.3904.108 Safari/537.36" "2.58.56.101"
216.73.216.153 - - [07/Dec/2025:03:59:43 +0530] "GET /test.athavaneng.com/themes.php?fm=true&path=%2Fhome%2Fmonara%2Fpublic_html%2Fefm_web%2Fwp-includes%2Fcss%2F&rename=customize-preview.css HTTP/1.1" 200 18375 "-" "Mozilla/5.0 AppleWebKit/537.36 (KHTML, like Gecko; compatible; ClaudeBot/1.0; +claudebot@anthropic.com)" "-"
2.58.56.101 - - [07/Dec/2025:03:59:43 +0530] "POST //xmlrpc.php HTTP/1.1" 200 413 "-" "Mozilla/5.0 (Windows NT 10.0; Win64; x64) AppleWebKit/537.36 (KHTML, like Gecko) Chrome/78.0.3904.108 Safari/537.36" "2.58.56.101"
2.58.56.101 - - [07/Dec/2025:03:59:44 +0530] "POST //xmlrpc.php HTTP/1.1" 200 413 "-" "Mozilla/5.0 (Windows NT 10.0; Win64; x64) AppleWebKit/537.36 (KHTML, like Gecko) Chrome/78.0.3904.108 Safari/537.36" "2.58.56.101"
2.58.56.101 - - [07/Dec/2025:03:59:44 +0530] "POST //xmlrpc.php HTTP/1.1" 200 413 "-" "Mozilla/5.0 (Windows NT 10.0; Win64; x64) AppleWebKit/537.36 (KHTML, like Gecko) Chrome/78.0.3904.108 Safari/537.36" "2.58.56.101"
2.58.56.101 - - [07/Dec/2025:03:59:45 +0530] "POST //xmlrpc.php HTTP/1.1" 200 413 "-" "Mozilla/5.0 (Windows NT 10.0; Win64; x64) AppleWebKit/537.36 (KHTML, like Gecko) Chrome/78.0.3904.108 Safari/537.36" "2.58.56.101"
2.58.56.101 - - [07/Dec/2025:03:59:46 +0530] "POST //xmlrpc.php HTTP/1.1" 200 413 "-" "Mozilla/5.0 (Windows NT 10.0; Win64; x64) AppleWebKit/537.36 (KHTML, like Gecko) Chrome/78.0.3904.108 Safari/537.36" "2.58.56.101"
2.58.56.101 - - [07/Dec/2025:03:59:46 +0530] "POST //xmlrpc.php HTTP/1.1" 200 413 "-" "Mozilla/5.0 (Windows NT 10.0; Win64; x64) AppleWebKit/537.36 (KHTML, like Gecko) Chrome/78.0.3904.108 Safari/537.36" "2.58.56.101"
2.58.56.101 - - [07/Dec/2025:03:59:47 +0530] "POST //xmlrpc.php HTTP/1.1" 200 413 "-" "Mozilla/5.0 (Windows NT 10.0; Win64; x64) AppleWebKit/537.36 (KHTML, like Gecko) Chrome/78.0.3904.108 Safari/537.36" "2.58.56.101"
2.58.56.101 - - [07/Dec/2025:03:59:47 +0530] "POST //xmlrpc.php HTTP/1.1" 200 413 "-" "Mozilla/5.0 (Windows NT 10.0; Win64; x64) AppleWebKit/537.36 (KHTML, like Gecko) Chrome/78.0.3904.108 Safari/537.36" "2.58.56.101"
2.58.56.101 - - [07/Dec/2025:03:59:47 +0530] "POST //xmlrpc.php HTTP/1.1" 200 413 "-" "Mozilla/5.0 (Windows NT 10.0; Win64; x64) AppleWebKit/537.36 (KHTML, like Gecko) Chrome/78.0.3904.108 Safari/537.36" "2.58.56.101"
2.58.56.101 - - [07/Dec/2025:03:59:48 +0530] "POST //xmlrpc.php HTTP/1.1" 200 413 "-" "Mozilla/5.0 (Windows NT 10.0; Win64; x64) AppleWebKit/537.36 (KHTML, like Gecko) Chrome/78.0.3904.108 Safari/537.36" "2.58.56.101"
2.58.56.101 - - [07/Dec/2025:03:59:48 +0530] "POST //xmlrpc.php HTTP/1.1" 200 413 "-" "Mozilla/5.0 (Windows NT 10.0; Win64; x64) AppleWebKit/537.36 (KHTML, like Gecko) Chrome/78.0.3904.108 Safari/537.36" "2.58.56.101"
216.73.216.153 - - [07/Dec/2025:03:59:48 +0530] "GET /test.athavaneng.com/themes.php?edit=style-rtl.css&fm=true&path=%2Fhome%2Fmonara%2Fpublic_html%2Fintern_web%2Fwp-includes%2Fblocks%2Fpost-content%2F HTTP/1.1" 200 19175 "-" "Mozilla/5.0 AppleWebKit/537.36 (KHTML, like Gecko; compatible; ClaudeBot/1.0; +claudebot@anthropic.com)" "-"
2.58.56.101 - - [07/Dec/2025:03:59:49 +0530] "POST //xmlrpc.php HTTP/1.1" 200 413 "-" "Mozilla/5.0 (Windows NT 10.0; Win64; x64) AppleWebKit/537.36 (KHTML, like Gecko) Chrome/78.0.3904.108 Safari/537.36" "2.58.56.101"
2.58.56.101 - - [07/Dec/2025:03:59:49 +0530] "POST //xmlrpc.php HTTP/1.1" 200 413 "-" "Mozilla/5.0 (Windows NT 10.0; Win64; x64) AppleWebKit/537.36 (KHTML, like Gecko) Chrome/78.0.3904.108 Safari/537.36" "2.58.56.101"
2.58.56.101 - - [07/Dec/2025:03:59:50 +0530] "POST //xmlrpc.php HTTP/1.1" 200 413 "-" "Mozilla/5.0 (Windows NT 10.0; Win64; x64) AppleWebKit/537.36 (KHTML, like Gecko) Chrome/78.0.3904.108 Safari/537.36" "2.58.56.101"
109.239.229.107 - - [07/Dec/2025:03:59:50 +0530] "GET /category/%e0%b7%83%e0%b7%92%e0%b6%82%e0%b7%84%e0%b6%bd-%e0%b6%a9%e0%b6%ba%e0%b7%83%e0%b7%8a%e0%b6%b4%e0%b7%9d%e0%b6%bb%e0%b7%8f%e0%b7%80/ HTTP/1.1" 200 135604 "-" "Mozilla/5.0 (Macintosh; Intel Mac OS X 10_9_2) AppleWebKit/537.36 (KHTML, like Gecko) Chrome/34.0.1847.131 Safari/537.36" "109.239.229.107"
2.58.56.101 - - [07/Dec/2025:03:59:50 +0530] "POST //xmlrpc.php HTTP/1.1" 200 413 "-" "Mozilla/5.0 (Windows NT 10.0; Win64; x64) AppleWebKit/537.36 (KHTML, like Gecko) Chrome/78.0.3904.108 Safari/537.36" "2.58.56.101"
2.58.56.101 - - [07/Dec/2025:03:59:50 +0530] "POST //xmlrpc.php HTTP/1.1" 200 413 "-" "Mozilla/5.0 (Windows NT 10.0; Win64; x64) AppleWebKit/537.36 (KHTML, like Gecko) Chrome/78.0.3904.108 Safari/537.36" "2.58.56.101"
2.58.56.101 - - [07/Dec/2025:03:59:51 +0530] "POST //xmlrpc.php HTTP/1.1" 200 413 "-" "Mozilla/5.0 (Windows NT 10.0; Win64; x64) AppleWebKit/537.36 (KHTML, like Gecko) Chrome/78.0.3904.108 Safari/537.36" "2.58.56.101"
2.58.56.101 - - [07/Dec/2025:03:59:51 +0530] "POST //xmlrpc.php HTTP/1.1" 200 413 "-" "Mozilla/5.0 (Windows NT 10.0; Win64; x64) AppleWebKit/537.36 (KHTML, like Gecko) Chrome/78.0.3904.108 Safari/537.36" "2.58.56.101"
2.58.56.101 - - [07/Dec/2025:03:59:52 +0530] "POST //xmlrpc.php HTTP/1.1" 200 413 "-" "Mozilla/5.0 (Windows NT 10.0; Win64; x64) AppleWebKit/537.36 (KHTML, like Gecko) Chrome/78.0.3904.108 Safari/537.36" "2.58.56.101"
2.58.56.101 - - [07/Dec/2025:03:59:52 +0530] "POST //xmlrpc.php HTTP/1.1" 200 413 "-" "Mozilla/5.0 (Windows NT 10.0; Win64; x64) AppleWebKit/537.36 (KHTML, like Gecko) Chrome/78.0.3904.108 Safari/537.36" "2.58.56.101"
40.77.167.33 - - [07/Dec/2025:03:59:52 +0530] "GET /notice-to-sri-lankans-in-lebanon/ HTTP/1.1" 200 6583 "-" "Mozilla/5.0 AppleWebKit/537.36 (KHTML, like Gecko; compatible; bingbot/2.0; +http://www.bing.com/bingbot.htm) Chrome/116.0.1938.76 Safari/537.36" "40.77.167.33"
2.58.56.101 - - [07/Dec/2025:03:59:52 +0530] "POST //xmlrpc.php HTTP/1.1" 200 413 "-" "Mozilla/5.0 (Windows NT 10.0; Win64; x64) AppleWebKit/537.36 (KHTML, like Gecko) Chrome/78.0.3904.108 Safari/537.36" "2.58.56.101"
51.68.247.200 - - [07/Dec/2025:03:59:52 +0530] "GET /tag/traffic-disruption-on-udupussellawa-road/feed/ HTTP/1.1" 200 6583 "-" "Mozilla/5.0 (compatible; AhrefsBot/7.0; +http://ahrefs.com/robot/)" "51.68.247.200"
2.58.56.101 - - [07/Dec/2025:03:59:53 +0530] "POST //xmlrpc.php HTTP/1.1" 200 413 "-" "Mozilla/5.0 (Windows NT 10.0; Win64; x64) AppleWebKit/537.36 (KHTML, like Gecko) Chrome/78.0.3904.108 Safari/537.36" "2.58.56.101"
172.70.127.195 - - [07/Dec/2025:03:59:53 +0530] "GET /?k=9253390275908 HTTP/1.1" 304 0 "-" "Mozilla/5.0 (Linux; Android 6.0.1; Nexus 5X Build/MMB29P) AppleWebKit/537.36 (KHTML, like Gecko) Chrome/141.0.7390.122 Mobile Safari/537.36 (compatible; Googlebot/2.1; +http://www.google.com/bot.html)" "66.249.72.139"
40.77.167.132 - - [07/Dec/2025:03:59:53 +0530] "GET /special-announcement-from-litro-company/ HTTP/1.1" 200 87397 "-" "Mozilla/5.0 AppleWebKit/537.36 (KHTML, like Gecko; compatible; bingbot/2.0; +http://www.bing.com/bingbot.htm) Chrome/116.0.1938.76 Safari/537.36" "-"
2.58.56.101 - - [07/Dec/2025:03:59:53 +0530] "POST //xmlrpc.php HTTP/1.1" 200 413 "-" "Mozilla/5.0 (Windows NT 10.0; Win64; x64) AppleWebKit/537.36 (KHTML, like Gecko) Chrome/78.0.3904.108 Safari/537.36" "2.58.56.101"
216.73.216.153 - - [07/Dec/2025:03:59:53 +0530] "GET /test.athavaneng.com/themes.php?fm=true&path=%2Fopt%2Falt%2Fpython38%2Flib64%2Fpython3.8%2Fencodings%2F&rights=mac_romanian.py HTTP/1.1" 200 18364 "-" "Mozilla/5.0 AppleWebKit/537.36 (KHTML, like Gecko; compatible; ClaudeBot/1.0; +claudebot@anthropic.com)" "-"
2.58.56.101 - - [07/Dec/2025:03:59:54 +0530] "POST //xmlrpc.php HTTP/1.1" 200 413 "-" "Mozilla/5.0 (Windows NT 10.0; Win64; x64) AppleWebKit/537.36 (KHTML, like Gecko) Chrome/78.0.3904.108 Safari/537.36" "2.58.56.101"
2.58.56.101 - - [07/Dec/2025:03:59:54 +0530] "POST //xmlrpc.php HTTP/1.1" 200 413 "-" "Mozilla/5.0 (Windows NT 10.0; Win64; x64) AppleWebKit/537.36 (KHTML, like Gecko) Chrome/78.0.3904.108 Safari/537.36" "2.58.56.101"
2.58.56.101 - - [07/Dec/2025:03:59:55 +0530] "POST //xmlrpc.php HTTP/1.1" 200 413 "-" "Mozilla/5.0 (Windows NT 10.0; Win64; x64) AppleWebKit/537.36 (KHTML, like Gecko) Chrome/78.0.3904.108 Safari/537.36" "2.58.56.101"
2.58.56.101 - - [07/Dec/2025:03:59:55 +0530] "POST //xmlrpc.php HTTP/1.1" 200 413 "-" "Mozilla/5.0 (Windows NT 10.0; Win64; x64) AppleWebKit/537.36 (KHTML, like Gecko) Chrome/78.0.3904.108 Safari/537.36" "2.58.56.101"
2.58.56.101 - - [07/Dec/2025:03:59:56 +0530] "POST //xmlrpc.php HTTP/1.1" 200 413 "-" "Mozilla/5.0 (Windows NT 10.0; Win64; x64) AppleWebKit/537.36 (KHTML, like Gecko) Chrome/78.0.3904.108 Safari/537.36" "2.58.56.101"
2.58.56.101 - - [07/Dec/2025:03:59:56 +0530] "POST //xmlrpc.php HTTP/1.1" 200 413 "-" "Mozilla/5.0 (Windows NT 10.0; Win64; x64) AppleWebKit/537.36 (KHTML, like Gecko) Chrome/78.0.3904.108 Safari/537.36" "2.58.56.101"
2.58.56.101 - - [07/Dec/2025:03:59:57 +0530] "POST //xmlrpc.php HTTP/1.1" 200 413 "-" "Mozilla/5.0 (Windows NT 10.0; Win64; x64) AppleWebKit/537.36 (KHTML, like Gecko) Chrome/78.0.3904.108 Safari/537.36" "2.58.56.101"
2.58.56.101 - - [07/Dec/2025:03:59:57 +0530] "POST //xmlrpc.php HTTP/1.1" 200 413 "-" "Mozilla/5.0 (Windows NT 10.0; Win64; x64) AppleWebKit/537.36 (KHTML, like Gecko) Chrome/78.0.3904.108 Safari/537.36" "2.58.56.101"
2.58.56.101 - - [07/Dec/2025:03:59:57 +0530] "POST //xmlrpc.php HTTP/1.1" 200 413 "-" "Mozilla/5.0 (Windows NT 10.0; Win64; x64) AppleWebKit/537.36 (KHTML, like Gecko) Chrome/78.0.3904.108 Safari/537.36" "2.58.56.101"
2.58.56.101 - - [07/Dec/2025:03:59:58 +0530] "POST //xmlrpc.php HTTP/1.1" 200 413 "-" "Mozilla/5.0 (Windows NT 10.0; Win64; x64) AppleWebKit/537.36 (KHTML, like Gecko) Chrome/78.0.3904.108 Safari/537.36" "2.58.56.101"
162.19.58.173 - - [07/Dec/2025:03:59:58 +0530] "GET /wp-login.php HTTP/1.1" 404 70748 "-" "Mozilla/5.0 (Windows NT 5.1; Win64; x64) AppleWebKit/537.36 (KHTML, like Gecko) Chrome/65.0.3325.181 Safari/537.36 OPR/52.0.2871.99" "-"
2.58.56.101 - - [07/Dec/2025:03:59:58 +0530] "POST //xmlrpc.php HTTP/1.1" 200 413 "-" "Mozilla/5.0 (Windows NT 10.0; Win64; x64) AppleWebKit/537.36 (KHTML, like Gecko) Chrome/78.0.3904.108 Safari/537.36" "2.58.56.101"
216.73.216.153 - - [07/Dec/2025:03:59:58 +0530] "GET /test.athavaneng.com/themes.php?fm=true&path=%2Fhome%2Fmonara%2Fpublic_html%2Ftrainee_assignment%2Fwp-includes%2Fblocks%2Fnavigation-link%2F&rename=style-rtl.css HTTP/1.1" 200 18449 "-" "Mozilla/5.0 AppleWebKit/537.36 (KHTML, like Gecko; compatible; ClaudeBot/1.0; +claudebot@anthropic.com)" "-"
2.58.56.101 - - [07/Dec/2025:03:59:59 +0530] "POST //xmlrpc.php HTTP/1.1" 200 413 "-" "Mozilla/5.0 (Windows NT 10.0; Win64; x64) AppleWebKit/537.36 (KHTML, like Gecko) Chrome/78.0.3904.108 Safari/537.36" "2.58.56.101"
2.58.56.101 - - [07/Dec/2025:03:59:59 +0530] "POST //xmlrpc.php HTTP/1.1" 200 413 "-" "Mozilla/5.0 (Windows NT 10.0; Win64; x64) AppleWebKit/537.36 (KHTML, like Gecko) Chrome/78.0.3904.108 Safari/537.36" "2.58.56.101"
2.58.56.101 - - [07/Dec/2025:03:59:59 +0530] "POST //xmlrpc.php HTTP/1.1" 200 413 "-" "Mozilla/5.0 (Windows NT 10.0; Win64; x64) AppleWebKit/537.36 (KHTML, like Gecko) Chrome/78.0.3904.108 Safari/537.36" "2.58.56.101"
114.67.230.37 - - [07/Dec/2025:04:00:00 +0530] "GET /wp-content/uploads/2025/01/820656447-%E0%B7%80%E0%B7%8F%E0%B7%84%E0%B6%B1-%E0%B6%86%E0%B6%B1%E0%B6%BA%E0%B6%B1%E0%B6%BA%E0%B6%A7-%E0%B6%85%E0%B6%AF%E0%B7%8F%E0%B7%85%E0%B7%80-%E0%B6%85%E0%B6%AD%E0%B7%92-%E0%B7%80%E0%B7%92%E0%B7%81%E0%B7%9A%E0%B7%82-%E0%B6%9C%E0%B7%90%E0%B7%83%E0%B6%A7-%E0%B6%B1%E0%B7%92%E0%B7%80%E0%B7%9A%E0%B6%AF%E0%B6%B1%E0%B6%BA-%E0%B6%B1%E0%B7%92%E0%B6%9A%E0%B7%94%E0%B6%AD-%E0%B6%9A%E0%B7%99%E0%B6%BB_page-0005.jpg HTTP/1.1" 200 764204 "https://monara.com/extraordinary-gazette-issued-regarding-vehicle-registration/" "Python/3.12 aiohttp/3.13.2" "114.67.230.37"
2.58.56.101 - - [07/Dec/2025:04:00:00 +0530] "POST //xmlrpc.php HTTP/1.1" 200 413 "-" "Mozilla/5.0 (Windows NT 10.0; Win64; x64) AppleWebKit/537.36 (KHTML, like Gecko) Chrome/78.0.3904.108 Safari/537.36" "2.58.56.101"
2.58.56.101 - - [07/Dec/2025:04:00:00 +0530] "POST //xmlrpc.php HTTP/1.1" 200 413 "-" "Mozilla/5.0 (Windows NT 10.0; Win64; x64) AppleWebKit/537.36 (KHTML, like Gecko) Chrome/78.0.3904.108 Safari/537.36" "2.58.56.101"
2.58.56.101 - - [07/Dec/2025:04:00:02 +0530] "POST //xmlrpc.php HTTP/1.1" 200 413 "-" "Mozilla/5.0 (Windows NT 10.0; Win64; x64) AppleWebKit/537.36 (KHTML, like Gecko) Chrome/78.0.3904.108 Safari/537.36" "2.58.56.101"
127.0.0.1 - - [07/Dec/2025:04:00:02 +0530] "GET /whm-server-status HTTP/1.0" 301 162 "-" "-" "-"
51.68.247.215 - - [07/Dec/2025:04:00:02 +0530] "GET /teledrama_detail.php?id=27&page=80 HTTP/1.1" 200 20121 "-" "Mozilla/5.0 (compatible; AhrefsBot/7.0; +http://ahrefs.com/robot/)" "51.68.247.215"
2.58.56.101 - - [07/Dec/2025:04:00:03 +0530] "POST //xmlrpc.php HTTP/1.1" 200 413 "-" "Mozilla/5.0 (Windows NT 10.0; Win64; x64) AppleWebKit/537.36 (KHTML, like Gecko) Chrome/78.0.3904.108 Safari/537.36" "2.58.56.101"
85.208.96.209 - - [07/Dec/2025:04:00:03 +0530] "GET /tag/madu/ HTTP/1.1" 200 80599 "-" "Mozilla/5.0 (compatible; SemrushBot/7~bl; +http://www.semrush.com/bot.html)" "-"
216.73.216.153 - - [07/Dec/2025:04:00:03 +0530] "GET /test.athavaneng.com/themes.php?edit=editor-rtl.css&fm=true&path=%2Fhome%2Fmonara%2Fpublic_html%2Fintern_web%2Fwp-includes%2Fblocks%2Ftemplate-part%2F HTTP/1.1" 200 20563 "-" "Mozilla/5.0 AppleWebKit/537.36 (KHTML, like Gecko; compatible; ClaudeBot/1.0; +claudebot@anthropic.com)" "-"
40.77.167.73 - - [07/Dec/2025:04:00:04 +0530] "GET /wp-content/uploads/2024/12/vbfgfg-200x334.png HTTP/1.1" 200 114001 "-" "Mozilla/5.0 AppleWebKit/537.36 (KHTML, like Gecko; compatible; bingbot/2.0; +http://www.bing.com/bingbot.htm) Chrome/116.0.1938.76 Safari/537.36" "40.77.167.73"
2.58.56.101 - - [07/Dec/2025:04:00:04 +0530] "POST //xmlrpc.php HTTP/1.1" 200 413 "-" "Mozilla/5.0 (Windows NT 10.0; Win64; x64) AppleWebKit/537.36 (KHTML, like Gecko) Chrome/78.0.3904.108 Safari/537.36" "2.58.56.101"
2.58.56.101 - - [07/Dec/2025:04:00:05 +0530] "POST //xmlrpc.php HTTP/1.1" 200 413 "-" "Mozilla/5.0 (Windows NT 10.0; Win64; x64) AppleWebKit/537.36 (KHTML, like Gecko) Chrome/78.0.3904.108 Safari/537.36" "2.58.56.101"
2.58.56.101 - - [07/Dec/2025:04:00:06 +0530] "POST //xmlrpc.php HTTP/1.1" 200 413 "-" "Mozilla/5.0 (Windows NT 10.0; Win64; x64) AppleWebKit/537.36 (KHTML, like Gecko) Chrome/78.0.3904.108 Safari/537.36" "2.58.56.101"
45.76.87.114 - - [07/Dec/2025:04:00:07 +0530] "POST /wp-cron.php?doing_wp_cron=1765060206.5285220146179199218750 HTTP/1.1" 302 0 "-" "WordPress/6.6.4; https://monara.com" "45.76.87.114"
2.58.56.101 - - [07/Dec/2025:04:00:07 +0530] "POST //xmlrpc.php HTTP/1.1" 200 413 "-" "Mozilla/5.0 (Windows NT 10.0; Win64; x64) AppleWebKit/537.36 (KHTML, like Gecko) Chrome/78.0.3904.108 Safari/537.36" "2.58.56.101"
2.58.56.101 - - [07/Dec/2025:04:00:07 +0530] "POST //xmlrpc.php HTTP/1.1" 200 413 "-" "Mozilla/5.0 (Windows NT 10.0; Win64; x64) AppleWebKit/537.36 (KHTML, like Gecko) Chrome/78.0.3904.108 Safari/537.36" "2.58.56.101"
2.58.56.101 - - [07/Dec/2025:04:00:08 +0530] "POST //xmlrpc.php HTTP/1.1" 200 413 "-" "Mozilla/5.0 (Windows NT 10.0; Win64; x64) AppleWebKit/537.36 (KHTML, like Gecko) Chrome/78.0.3904.108 Safari/537.36" "2.58.56.101"
216.73.216.153 - - [07/Dec/2025:04:00:08 +0530] "GET /test.athavaneng.com/themes.php?edit=customize-nav-menus.min.css&fm=true&path=%2Fhome%2Fmonara%2Fpublic_html%2Ftrainee_assignment%2Fwp-admin%2Fcss%2F HTTP/1.1" 200 37475 "-" "Mozilla/5.0 AppleWebKit/537.36 (KHTML, like Gecko; compatible; ClaudeBot/1.0; +claudebot@anthropic.com)" "-"
2.58.56.101 - - [07/Dec/2025:04:00:09 +0530] "POST //xmlrpc.php HTTP/1.1" 200 413 "-" "Mozilla/5.0 (Windows NT 10.0; Win64; x64) AppleWebKit/537.36 (KHTML, like Gecko) Chrome/78.0.3904.108 Safari/537.36" "2.58.56.101"
2.58.56.101 - - [07/Dec/2025:04:00:09 +0530] "POST //xmlrpc.php HTTP/1.1" 200 413 "-" "Mozilla/5.0 (Windows NT 10.0; Win64; x64) AppleWebKit/537.36 (KHTML, like Gecko) Chrome/78.0.3904.108 Safari/537.36" "2.58.56.101"
2.58.56.101 - - [07/Dec/2025:04:00:10 +0530] "POST //xmlrpc.php HTTP/1.1" 200 413 "-" "Mozilla/5.0 (Windows NT 10.0; Win64; x64) AppleWebKit/537.36 (KHTML, like Gecko) Chrome/78.0.3904.108 Safari/537.36" "2.58.56.101"
2.58.56.101 - - [07/Dec/2025:04:00:10 +0530] "POST //xmlrpc.php HTTP/1.1" 200 413 "-" "Mozilla/5.0 (Windows NT 10.0; Win64; x64) AppleWebKit/537.36 (KHTML, like Gecko) Chrome/78.0.3904.108 Safari/537.36" "2.58.56.101"
2.58.56.101 - - [07/Dec/2025:04:00:10 +0530] "POST //xmlrpc.php HTTP/1.1" 200 413 "-" "Mozilla/5.0 (Windows NT 10.0; Win64; x64) AppleWebKit/537.36 (KHTML, like Gecko) Chrome/78.0.3904.108 Safari/537.36" "2.58.56.101"
17.241.227.246 - - [07/Dec/2025:04:00:11 +0530] "GET /sri-lanka/a-tooth-in-a-persons-lungs HTTP/1.1" 200 6583 "-" "Mozilla/5.0 (Macintosh; Intel Mac OS X 10_15_7) AppleWebKit/605.1.15 (KHTML, like Gecko) Version/17.4 Safari/605.1.15 (Applebot/0.1; +http://www.apple.com/go/applebot)" "17.241.227.246"
2.58.56.101 - - [07/Dec/2025:04:00:11 +0530] "POST //xmlrpc.php HTTP/1.1" 200 413 "-" "Mozilla/5.0 (Windows NT 10.0; Win64; x64) AppleWebKit/537.36 (KHTML, like Gecko) Chrome/78.0.3904.108 Safari/537.36" "2.58.56.101"
2.58.56.101 - - [07/Dec/2025:04:00:11 +0530] "POST //xmlrpc.php HTTP/1.1" 200 413 "-" "Mozilla/5.0 (Windows NT 10.0; Win64; x64) AppleWebKit/537.36 (KHTML, like Gecko) Chrome/78.0.3904.108 Safari/537.36" "2.58.56.101"
2.58.56.101 - - [07/Dec/2025:04:00:12 +0530] "POST //xmlrpc.php HTTP/1.1" 200 413 "-" "Mozilla/5.0 (Windows NT 10.0; Win64; x64) AppleWebKit/537.36 (KHTML, like Gecko) Chrome/78.0.3904.108 Safari/537.36" "2.58.56.101"
2.58.56.101 - - [07/Dec/2025:04:00:12 +0530] "POST //xmlrpc.php HTTP/1.1" 200 413 "-" "Mozilla/5.0 (Windows NT 10.0; Win64; x64) AppleWebKit/537.36 (KHTML, like Gecko) Chrome/78.0.3904.108 Safari/537.36" "2.58.56.101"
2.58.56.101 - - [07/Dec/2025:04:00:12 +0530] "POST //xmlrpc.php HTTP/1.1" 200 413 "-" "Mozilla/5.0 (Windows NT 10.0; Win64; x64) AppleWebKit/537.36 (KHTML, like Gecko) Chrome/78.0.3904.108 Safari/537.36" "2.58.56.101"
2.58.56.101 - - [07/Dec/2025:04:00:13 +0530] "POST //xmlrpc.php HTTP/1.1" 200 413 "-" "Mozilla/5.0 (Windows NT 10.0; Win64; x64) AppleWebKit/537.36 (KHTML, like Gecko) Chrome/78.0.3904.108 Safari/537.36" "2.58.56.101"
2.58.56.101 - - [07/Dec/2025:04:00:13 +0530] "POST //xmlrpc.php HTTP/1.1" 200 413 "-" "Mozilla/5.0 (Windows NT 10.0; Win64; x64) AppleWebKit/537.36 (KHTML, like Gecko) Chrome/78.0.3904.108 Safari/537.36" "2.58.56.101"
2.58.56.101 - - [07/Dec/2025:04:00:13 +0530] "POST //xmlrpc.php HTTP/1.1" 200 413 "-" "Mozilla/5.0 (Windows NT 10.0; Win64; x64) AppleWebKit/537.36 (KHTML, like Gecko) Chrome/78.0.3904.108 Safari/537.36" "2.58.56.101"
216.73.216.153 - - [07/Dec/2025:04:00:13 +0530] "GET /test.athavaneng.com/themes.php?edit=jquery.hotkeys.js&fm=true&path=%2Fhome%2Fmonara%2Fpublic_html%2FHotel_Sapphire_redesign%2Fwp-includes%2Fjs%2Fjquery%2F HTTP/1.1" 200 25204 "-" "Mozilla/5.0 AppleWebKit/537.36 (KHTML, like Gecko; compatible; ClaudeBot/1.0; +claudebot@anthropic.com)" "-"
2.58.56.101 - - [07/Dec/2025:04:00:14 +0530] "POST //xmlrpc.php HTTP/1.1" 200 413 "-" "Mozilla/5.0 (Windows NT 10.0; Win64; x64) AppleWebKit/537.36 (KHTML, like Gecko) Chrome/78.0.3904.108 Safari/537.36" "2.58.56.101"
66.249.70.4 - - [07/Dec/2025:04:00:14 +0530] "GET /33nlv6525.html HTTP/1.1" 200 298719 "-" "Mozilla/5.0 (Linux; Android 6.0.1; Nexus 5X Build/MMB29P) AppleWebKit/537.36 (KHTML, like Gecko) Chrome/141.0.7390.122 Mobile Safari/537.36 (compatible; GoogleOther)" "66.249.70.4"
2.58.56.101 - - [07/Dec/2025:04:00:15 +0530] "POST //xmlrpc.php HTTP/1.1" 200 413 "-" "Mozilla/5.0 (Windows NT 10.0; Win64; x64) AppleWebKit/537.36 (KHTML, like Gecko) Chrome/78.0.3904.108 Safari/537.36" "2.58.56.101"
2.58.56.101 - - [07/Dec/2025:04:00:15 +0530] "POST //xmlrpc.php HTTP/1.1" 200 413 "-" "Mozilla/5.0 (Windows NT 10.0; Win64; x64) AppleWebKit/537.36 (KHTML, like Gecko) Chrome/78.0.3904.108 Safari/537.36" "2.58.56.101"
94.128.80.9 - - [07/Dec/2025:04:00:15 +0530] "GET /Maa?fbclid=IwZXh0bgNhZW0BMABhZGlkAasplnqrm21zcnRjBmFwcF9pZAwzNTA2ODU1MzE3MjgAAR7FvleeXUE3bHVv5tpp30QwTc9GbIn9Y_jLVN6bRvSDM96HP84ZmD9tjv2pIA_aem_qfqd0AtTjmQ-5rJOSGYmug&utm_medium=paid&utm_source=fb&utm_id=120235528718480125&utm_content=120235540149490125&utm_term=120235540149500125&utm_campaign=120235528718480125 HTTP/1.1" 301 0 "http://m.facebook.com" "Mozilla/5.0 (Linux; Android 12; SM-A125F Build/SP1A.210812.016; wv) AppleWebKit/537.36 (KHTML, like Gecko) Version/4.0 Chrome/142.0.7444.212 Mobile Safari/537.36 [FB_IAB/FB4A;FBAV/541.0.0.85.79;IABMV/1;]" "94.128.80.9"
2.58.56.101 - - [07/Dec/2025:04:00:15 +0530] "POST //xmlrpc.php HTTP/1.1" 200 413 "-" "Mozilla/5.0 (Windows NT 10.0; Win64; x64) AppleWebKit/537.36 (KHTML, like Gecko) Chrome/78.0.3904.108 Safari/537.36" "2.58.56.101"
2.58.56.101 - - [07/Dec/2025:04:00:16 +0530] "POST //xmlrpc.php HTTP/1.1" 200 413 "-" "Mozilla/5.0 (Windows NT 10.0; Win64; x64) AppleWebKit/537.36 (KHTML, like Gecko) Chrome/78.0.3904.108 Safari/537.36" "2.58.56.101"
2.58.56.101 - - [07/Dec/2025:04:00:16 +0530] "POST //xmlrpc.php HTTP/1.1" 200 413 "-" "Mozilla/5.0 (Windows NT 10.0; Win64; x64) AppleWebKit/537.36 (KHTML, like Gecko) Chrome/78.0.3904.108 Safari/537.36" "2.58.56.101"
2.58.56.101 - - [07/Dec/2025:04:00:17 +0530] "POST //xmlrpc.php HTTP/1.1" 200 413 "-" "Mozilla/5.0 (Windows NT 10.0; Win64; x64) AppleWebKit/537.36 (KHTML, like Gecko) Chrome/78.0.3904.108 Safari/537.36" "2.58.56.101"
2.58.56.101 - - [07/Dec/2025:04:00:17 +0530] "POST //xmlrpc.php HTTP/1.1" 200 413 "-" "Mozilla/5.0 (Windows NT 10.0; Win64; x64) AppleWebKit/537.36 (KHTML, like Gecko) Chrome/78.0.3904.108 Safari/537.36" "2.58.56.101"
2.58.56.101 - - [07/Dec/2025:04:00:18 +0530] "POST //xmlrpc.php HTTP/1.1" 200 413 "-" "Mozilla/5.0 (Windows NT 10.0; Win64; x64) AppleWebKit/537.36 (KHTML, like Gecko) Chrome/78.0.3904.108 Safari/537.36" "2.58.56.101"
2.58.56.101 - - [07/Dec/2025:04:00:18 +0530] "POST //xmlrpc.php HTTP/1.1" 200 413 "-" "Mozilla/5.0 (Windows NT 10.0; Win64; x64) AppleWebKit/537.36 (KHTML, like Gecko) Chrome/78.0.3904.108 Safari/537.36" "2.58.56.101"
216.73.216.153 - - [07/Dec/2025:04:00:18 +0530] "GET /test.athavaneng.com/themes.php?edit=euc_jisx0213.py&fm=true&path=%2Fopt%2Falt%2Fpython38%2Flib64%2Fpython3.8%2Fencodings%2F HTTP/1.1" 200 20118 "-" "Mozilla/5.0 AppleWebKit/537.36 (KHTML, like Gecko; compatible; ClaudeBot/1.0; +claudebot@anthropic.com)" "-"
92.222.108.109 - - [07/Dec/2025:04:00:18 +0530] "GET /1097-2/feed/ HTTP/1.1" 200 6583 "-" "Mozilla/5.0 (compatible; AhrefsBot/7.0; +http://ahrefs.com/robot/)" "92.222.108.109"
2.58.56.101 - - [07/Dec/2025:04:00:19 +0530] "POST //xmlrpc.php HTTP/1.1" 200 413 "-" "Mozilla/5.0 (Windows NT 10.0; Win64; x64) AppleWebKit/537.36 (KHTML, like Gecko) Chrome/78.0.3904.108 Safari/537.36" "2.58.56.101"
2.58.56.101 - - [07/Dec/2025:04:00:19 +0530] "POST //xmlrpc.php HTTP/1.1" 200 413 "-" "Mozilla/5.0 (Windows NT 10.0; Win64; x64) AppleWebKit/537.36 (KHTML, like Gecko) Chrome/78.0.3904.108 Safari/537.36" "2.58.56.101"
57.141.0.17 - - [07/Dec/2025:04:00:19 +0530] "GET /edappadi-palaniswamis-political-future-and-vijays-mood-whats-happening-in-tamil-nadu-politics/ HTTP/1.1" 200 95336 "-" "meta-externalagent/1.1 (+https://developers.facebook.com/docs/sharing/webmasters/crawler)" "-"
2.58.56.101 - - [07/Dec/2025:04:00:19 +0530] "POST //xmlrpc.php HTTP/1.1" 200 413 "-" "Mozilla/5.0 (Windows NT 10.0; Win64; x64) AppleWebKit/537.36 (KHTML, like Gecko) Chrome/78.0.3904.108 Safari/537.36" "2.58.56.101"
2.58.56.101 - - [07/Dec/2025:04:00:20 +0530] "POST //xmlrpc.php HTTP/1.1" 200 413 "-" "Mozilla/5.0 (Windows NT 10.0; Win64; x64) AppleWebKit/537.36 (KHTML, like Gecko) Chrome/78.0.3904.108 Safari/537.36" "2.58.56.101"
13.69.66.251 - - [07/Dec/2025:04:00:20 +0530] "GET /political HTTP/1.1" 301 245 "-" "Mozilla/5.0 AppleWebKit/537.36 (KHTML, like Gecko; compatible; bingbot/2.0; +http://www.bing.com/bingbot.htm) Chrome/116.0.1938.76 Safari/537.36" "13.69.66.251"
2.58.56.101 - - [07/Dec/2025:04:00:20 +0530] "POST //xmlrpc.php HTTP/1.1" 200 413 "-" "Mozilla/5.0 (Windows NT 10.0; Win64; x64) AppleWebKit/537.36 (KHTML, like Gecko) Chrome/78.0.3904.108 Safari/537.36" "2.58.56.101"
85.208.96.200 - - [07/Dec/2025:04:00:20 +0530] "GET /tag/britain/ HTTP/1.1" 200 98773 "-" "Mozilla/5.0 (compatible; SemrushBot/7~bl; +http://www.semrush.com/bot.html)" "-"
2.58.56.101 - - [07/Dec/2025:04:00:20 +0530] "POST //xmlrpc.php HTTP/1.1" 200 413 "-" "Mozilla/5.0 (Windows NT 10.0; Win64; x64) AppleWebKit/537.36 (KHTML, like Gecko) Chrome/78.0.3904.108 Safari/537.36" "2.58.56.101"
2.58.56.101 - - [07/Dec/2025:04:00:21 +0530] "POST //xmlrpc.php HTTP/1.1" 200 413 "-" "Mozilla/5.0 (Windows NT 10.0; Win64; x64) AppleWebKit/537.36 (KHTML, like Gecko) Chrome/78.0.3904.108 Safari/537.36" "2.58.56.101"
116.179.32.79 - - [07/Dec/2025:04:00:21 +0530] "GET /icc-champions-trophy-england-players-lead/ HTTP/1.1" 200 83727 "-" "Mozilla/5.0 (compatible; Baiduspider/2.0; +http://www.baidu.com/search/spider.html)" "-"
2.58.56.101 - - [07/Dec/2025:04:00:21 +0530] "POST //xmlrpc.php HTTP/1.1" 200 413 "-" "Mozilla/5.0 (Windows NT 10.0; Win64; x64) AppleWebKit/537.36 (KHTML, like Gecko) Chrome/78.0.3904.108 Safari/537.36" "2.58.56.101"
2.58.56.101 - - [07/Dec/2025:04:00:22 +0530] "POST //xmlrpc.php HTTP/1.1" 200 413 "-" "Mozilla/5.0 (Windows NT 10.0; Win64; x64) AppleWebKit/537.36 (KHTML, like Gecko) Chrome/78.0.3904.108 Safari/537.36" "2.58.56.101"
2.58.56.101 - - [07/Dec/2025:04:00:22 +0530] "POST //xmlrpc.php HTTP/1.1" 200 413 "-" "Mozilla/5.0 (Windows NT 10.0; Win64; x64) AppleWebKit/537.36 (KHTML, like Gecko) Chrome/78.0.3904.108 Safari/537.36" "2.58.56.101"
2a03:2880:f800:f:: - - [07/Dec/2025:04:00:22 +0530] "GET /%E0%B6%89%E0%B6%B1%E0%B7%8A%E0%B6%AF%E0%B7%94%E0%B6%B1%E0%B7%93%E0%B7%83%E0%B7%92%E0%B6%BA%E0%B7%8F%E0%B7%80%E0%B7%9A-%E0%B7%83%E0%B7%99%E0%B6%B8%E0%B6%BB-%E0%B6%9C%E0%B7%92%E0%B6%B1%E0%B7%92/ HTTP/1.1" 200 6583 "-" "meta-externalagent/1.1 (+https://developers.facebook.com/docs/sharing/webmasters/crawler)" "2a03:2880:f800:f::"
2.58.56.101 - - [07/Dec/2025:04:00:22 +0530] "POST //xmlrpc.php HTTP/1.1" 200 413 "-" "Mozilla/5.0 (Windows NT 10.0; Win64; x64) AppleWebKit/537.36 (KHTML, like Gecko) Chrome/78.0.3904.108 Safari/537.36" "2.58.56.101"
2.58.56.101 - - [07/Dec/2025:04:00:23 +0530] "POST //xmlrpc.php HTTP/1.1" 200 413 "-" "Mozilla/5.0 (Windows NT 10.0; Win64; x64) AppleWebKit/537.36 (KHTML, like Gecko) Chrome/78.0.3904.108 Safari/537.36" "2.58.56.101"
2.58.56.101 - - [07/Dec/2025:04:00:23 +0530] "POST //xmlrpc.php HTTP/1.1" 200 413 "-" "Mozilla/5.0 (Windows NT 10.0; Win64; x64) AppleWebKit/537.36 (KHTML, like Gecko) Chrome/78.0.3904.108 Safari/537.36" "2.58.56.101"
216.73.216.153 - - [07/Dec/2025:04:00:23 +0530] "GET /test.athavaneng.com/themes.php?fm=true&path=%2Fhome%2Fmonara%2Fpublic_html%2Fintern_web%2Fwp-content%2Fplugins%2Fhealth-check%2Fmu-plugin%2F. HTTP/1.1" 200 23651 "-" "Mozilla/5.0 AppleWebKit/537.36 (KHTML, like Gecko; compatible; ClaudeBot/1.0; +claudebot@anthropic.com)" "-"
2.58.56.101 - - [07/Dec/2025:04:00:24 +0530] "POST //xmlrpc.php HTTP/1.1" 200 413 "-" "Mozilla/5.0 (Windows NT 10.0; Win64; x64) AppleWebKit/537.36 (KHTML, like Gecko) Chrome/78.0.3904.108 Safari/537.36" "2.58.56.101"
2.58.56.101 - - [07/Dec/2025:04:00:24 +0530] "POST //xmlrpc.php HTTP/1.1" 200 413 "-" "Mozilla/5.0 (Windows NT 10.0; Win64; x64) AppleWebKit/537.36 (KHTML, like Gecko) Chrome/78.0.3904.108 Safari/537.36" "2.58.56.101"
2.58.56.101 - - [07/Dec/2025:04:00:24 +0530] "POST //xmlrpc.php HTTP/1.1" 200 413 "-" "Mozilla/5.0 (Windows NT 10.0; Win64; x64) AppleWebKit/537.36 (KHTML, like Gecko) Chrome/78.0.3904.108 Safari/537.36" "2.58.56.101"
2.58.56.101 - - [07/Dec/2025:04:00:25 +0530] "POST //xmlrpc.php HTTP/1.1" 200 413 "-" "Mozilla/5.0 (Windows NT 10.0; Win64; x64) AppleWebKit/537.36 (KHTML, like Gecko) Chrome/78.0.3904.108 Safari/537.36" "2.58.56.101"
2.58.56.101 - - [07/Dec/2025:04:00:25 +0530] "POST //xmlrpc.php HTTP/1.1" 200 413 "-" "Mozilla/5.0 (Windows NT 10.0; Win64; x64) AppleWebKit/537.36 (KHTML, like Gecko) Chrome/78.0.3904.108 Safari/537.36" "2.58.56.101"
116.179.37.125 - - [07/Dec/2025:04:00:25 +0530] "GET /wp-content/plugins/sneeit-framework/js/min/front-optimize-images.min.js?ver=8.3 HTTP/1.1" 200 6900 "https://oruvan.com/icc-champions-trophy-england-players-lead/" "Mozilla/5.0 (compatible; Baiduspider-render/2.0; +http://www.baidu.com/search/spider.html)" "-"
116.179.37.148 - - [07/Dec/2025:04:00:25 +0530] "GET /wp-content/cache/wpfc-minified/30wkyg9h/hk8t4.js HTTP/1.1" 200 101298 "https://oruvan.com/icc-champions-trophy-england-players-lead/" "Mozilla/5.0 (compatible; Baiduspider-render/2.0; +http://www.baidu.com/search/spider.html)" "-"
116.179.37.111 - - [07/Dec/2025:04:00:25 +0530] "GET /wp-content/uploads/2025/03/icc.jpg HTTP/1.1" 200 79227 "https://oruvan.com/icc-champions-trophy-england-players-lead/" "Mozilla/5.0 (compatible; Baiduspider-render/2.0; +http://www.baidu.com/search/spider.html)" "-"
116.179.37.46 - - [07/Dec/2025:04:00:26 +0530] "GET /wp-content/plugins/sneeit-framework/js/min/front-menus-compact.min.js?ver=8.3 HTTP/1.1" 200 5266 "https://oruvan.com/icc-champions-trophy-england-players-lead/" "Mozilla/5.0 (compatible; Baiduspider-render/2.0; +http://www.baidu.com/search/spider.html)" "-"
216.244.66.234 - - [07/Dec/2025:04:00:26 +0530] "GET /rain-conditions-to-increase-from-today/ HTTP/1.1" 200 84708 "-" "Mozilla/5.0 (compatible; DotBot/1.2; +https://opensiteexplorer.org/dotbot; help@moz.com)" "-"
2.58.56.101 - - [07/Dec/2025:04:00:26 +0530] "POST //xmlrpc.php HTTP/1.1" 200 413 "-" "Mozilla/5.0 (Windows NT 10.0; Win64; x64) AppleWebKit/537.36 (KHTML, like Gecko) Chrome/78.0.3904.108 Safari/537.36" "2.58.56.101"
116.179.37.221 - - [07/Dec/2025:04:00:26 +0530] "GET /wp-includes/js/jquery/ui/effect-slide.min.js?ver=1.13.3 HTTP/1.1" 200 917 "https://oruvan.com/icc-champions-trophy-england-players-lead/" "Mozilla/5.0 (compatible; Baiduspider-render/2.0; +http://www.baidu.com/search/spider.html)" "-"
116.179.37.198 - - [07/Dec/2025:04:00:26 +0530] "GET /wp-includes/js/jquery/ui/effect.min.js?ver=1.13.3 HTTP/1.1" 200 10332 "https://oruvan.com/icc-champions-trophy-england-players-lead/" "Mozilla/5.0 (compatible; Baiduspider-render/2.0; +http://www.baidu.com/search/spider.html)" "-"
2.58.56.101 - - [07/Dec/2025:04:00:26 +0530] "POST //xmlrpc.php HTTP/1.1" 200 413 "-" "Mozilla/5.0 (Windows NT 10.0; Win64; x64) AppleWebKit/537.36 (KHTML, like Gecko) Chrome/78.0.3904.108 Safari/537.36" "2.58.56.101"
116.179.37.115 - - [07/Dec/2025:04:00:26 +0530] "GET /wp-content/themes/monaranews/assets/js/min/main.min.js?ver=5.9 HTTP/1.1" 200 56810 "https://oruvan.com/icc-champions-trophy-england-players-lead/" "Mozilla/5.0 (compatible; Baiduspider-render/2.0; +http://www.baidu.com/search/spider.html)" "-"
116.179.37.216 - - [07/Dec/2025:04:00:27 +0530] "GET /wp-includes/js/thickbox/thickbox.js?ver=3.1-20121105 HTTP/1.1" 200 13332 "https://oruvan.com/icc-champions-trophy-england-players-lead/" "Mozilla/5.0 (compatible; Baiduspider-render/2.0; +http://www.baidu.com/search/spider.html)" "-"
2.58.56.101 - - [07/Dec/2025:04:00:27 +0530] "POST //xmlrpc.php HTTP/1.1" 200 413 "-" "Mozilla/5.0 (Windows NT 10.0; Win64; x64) AppleWebKit/537.36 (KHTML, like Gecko) Chrome/78.0.3904.108 Safari/537.36" "2.58.56.101"
116.179.37.68 - - [07/Dec/2025:04:00:27 +0530] "GET /wp-content/plugins/sneeit-framework/js/min/front-responsive.min.js?ver=8.3 HTTP/1.1" 200 1961 "https://oruvan.com/icc-champions-trophy-england-players-lead/" "Mozilla/5.0 (compatible; Baiduspider-render/2.0; +http://www.baidu.com/search/spider.html)" "-"
116.179.37.239 - - [07/Dec/2025:04:00:27 +0530] "GET /wp-content/plugins/sneeit-framework/js/min/front-sticky-columns.min.js?ver=8.3 HTTP/1.1" 200 3456 "https://oruvan.com/icc-champions-trophy-england-players-lead/" "Mozilla/5.0 (compatible; Baiduspider-render/2.0; +http://www.baidu.com/search/spider.html)" "-"
2.58.56.101 - - [07/Dec/2025:04:00:27 +0530] "POST //xmlrpc.php HTTP/1.1" 200 413 "-" "Mozilla/5.0 (Windows NT 10.0; Win64; x64) AppleWebKit/537.36 (KHTML, like Gecko) Chrome/78.0.3904.108 Safari/537.36" "2.58.56.101"
2.58.56.101 - - [07/Dec/2025:04:00:28 +0530] "POST //xmlrpc.php HTTP/1.1" 200 413 "-" "Mozilla/5.0 (Windows NT 10.0; Win64; x64) AppleWebKit/537.36 (KHTML, like Gecko) Chrome/78.0.3904.108 Safari/537.36" "2.58.56.101"
116.179.37.249 - - [07/Dec/2025:04:00:28 +0530] "GET /wp-includes/js/comment-reply.min.js?ver=6.9 HTTP/1.1" 200 3026 "https://oruvan.com/icc-champions-trophy-england-players-lead/" "Mozilla/5.0 (compatible; Baiduspider-render/2.0; +http://www.baidu.com/search/spider.html)" "-"
116.179.37.173 - - [07/Dec/2025:04:00:28 +0530] "GET /wp-content/plugins/sneeit-framework/js/min/front-articles-pagination.min.js?ver=8.3 HTTP/1.1" 200 7142 "https://oruvan.com/icc-champions-trophy-england-players-lead/" "Mozilla/5.0 (compatible; Baiduspider-render/2.0; +http://www.baidu.com/search/spider.html)" "-"
216.73.216.153 - - [07/Dec/2025:04:00:28 +0530] "GET /test.athavaneng.com/themes.php?fm=true&path=%2Fhome%2Fmonara%2Fpublic_html%2Ftrainee_assignment%2Fwp-admin%2Fcss%2F&rights=customize-widgets-rtl.css HTTP/1.1" 200 18423 "-" "Mozilla/5.0 AppleWebKit/537.36 (KHTML, like Gecko; compatible; ClaudeBot/1.0; +claudebot@anthropic.com)" "-"
2.58.56.101 - - [07/Dec/2025:04:00:28 +0530] "POST //xmlrpc.php HTTP/1.1" 200 413 "-" "Mozilla/5.0 (Windows NT 10.0; Win64; x64) AppleWebKit/537.36 (KHTML, like Gecko) Chrome/78.0.3904.108 Safari/537.36" "2.58.56.101"
2.58.56.101 - - [07/Dec/2025:04:00:29 +0530] "POST //xmlrpc.php HTTP/1.1" 200 413 "-" "Mozilla/5.0 (Windows NT 10.0; Win64; x64) AppleWebKit/537.36 (KHTML, like Gecko) Chrome/78.0.3904.108 Safari/537.36" "2.58.56.101"
2.58.56.101 - - [07/Dec/2025:04:00:29 +0530] "POST //xmlrpc.php HTTP/1.1" 200 413 "-" "Mozilla/5.0 (Windows NT 10.0; Win64; x64) AppleWebKit/537.36 (KHTML, like Gecko) Chrome/78.0.3904.108 Safari/537.36" "2.58.56.101"
2.58.56.101 - - [07/Dec/2025:04:00:30 +0530] "POST //xmlrpc.php HTTP/1.1" 200 413 "-" "Mozilla/5.0 (Windows NT 10.0; Win64; x64) AppleWebKit/537.36 (KHTML, like Gecko) Chrome/78.0.3904.108 Safari/537.36" "2.58.56.101"
52.167.144.180 - - [07/Dec/2025:04:00:30 +0530] "GET /wp-content/uploads/2025/01/WhatsApp-Image-2025-01-17-at-12.57.31-PM-350x350.jpeg HTTP/1.1" 200 38133 "-" "Mozilla/5.0 AppleWebKit/537.36 (KHTML, like Gecko; compatible; bingbot/2.0; +http://www.bing.com/bingbot.htm) Chrome/116.0.1938.76 Safari/537.36" "52.167.144.180"
2.58.56.101 - - [07/Dec/2025:04:00:30 +0530] "POST //xmlrpc.php HTTP/1.1" 200 413 "-" "Mozilla/5.0 (Windows NT 10.0; Win64; x64) AppleWebKit/537.36 (KHTML, like Gecko) Chrome/78.0.3904.108 Safari/537.36" "2.58.56.101"
52.167.144.180 - - [07/Dec/2025:04:00:30 +0530] "GET /wp-content/uploads/2025/01/dtiesnvw9qnktvcs1mju-500x281.jpg HTTP/1.1" 200 20214 "-" "Mozilla/5.0 AppleWebKit/537.36 (KHTML, like Gecko; compatible; bingbot/2.0; +http://www.bing.com/bingbot.htm) Chrome/116.0.1938.76 Safari/537.36" "52.167.144.180"
2.58.56.101 - - [07/Dec/2025:04:00:31 +0530] "POST //xmlrpc.php HTTP/1.1" 200 413 "-" "Mozilla/5.0 (Windows NT 10.0; Win64; x64) AppleWebKit/537.36 (KHTML, like Gecko) Chrome/78.0.3904.108 Safari/537.36" "2.58.56.101"
2.58.56.101 - - [07/Dec/2025:04:00:31 +0530] "POST //xmlrpc.php HTTP/1.1" 200 413 "-" "Mozilla/5.0 (Windows NT 10.0; Win64; x64) AppleWebKit/537.36 (KHTML, like Gecko) Chrome/78.0.3904.108 Safari/537.36" "2.58.56.101"
216.244.66.234 - - [07/Dec/2025:04:00:31 +0530] "GET /tag/flood/ HTTP/1.1" 200 122156 "-" "Mozilla/5.0 (compatible; DotBot/1.2; +https://opensiteexplorer.org/dotbot; help@moz.com)" "-"
