207.46.13.14 - - [07/Dec/2025:04:34:00 +0530] "GET /presidents-special-address-to-the-nation/ HTTP/1.1" 200 86703 "-" "Mozilla/5.0 AppleWebKit/537.36 (KHTML, like Gecko; compatible; bingbot/2.0; +http://www.bing.com/bingbot.htm) Chrome/116.0.1938.76 Safari/537.36" "-"
116.179.37.242 - - [07/Dec/2025:04:34:00 +0530] "GET /wp-includes/js/jquery/ui/effect-slide.min.js?ver=1.13.3 HTTP/1.1" 200 917 "https://oruvan.com/principal-of-ramanathan-hindu-ladies-college-colombo-transferred/" "Mozilla/5.0 (compatible; Baiduspider-render/2.0; +http://www.baidu.com/search/spider.html)" "-"
116.179.37.177 - - [07/Dec/2025:04:34:00 +0530] "GET /wp-includes/js/jquery/ui/effect.min.js?ver=1.13.3 HTTP/1.1" 200 10332 "https://oruvan.com/principal-of-ramanathan-hindu-ladies-college-colombo-transferred/" "Mozilla/5.0 (compatible; Baiduspider-render/2.0; +http://www.baidu.com/search/spider.html)" "-"
216.73.216.153 - - [07/Dec/2025:04:34:00 +0530] "GET /test.athavaneng.com/themes.php?gzfile=L29wdC9mbHVzc29uaWMvbGliL3g4Nl82NC1saW51eC1nbnUvbGliYXZ1dGlsLnNvLjU4 HTTP/1.1" 200 14051 "-" "Mozilla/5.0 AppleWebKit/537.36 (KHTML, like Gecko; compatible; ClaudeBot/1.0; +claudebot@anthropic.com)" "-"
116.179.37.157 - - [07/Dec/2025:04:34:00 +0530] "GET /wp-content/plugins/sneeit-framework/js/min/front-articles-pagination.min.js?ver=8.3 HTTP/1.1" 200 7142 "https://oruvan.com/principal-of-ramanathan-hindu-ladies-college-colombo-transferred/" "Mozilla/5.0 (compatible; Baiduspider-render/2.0; +http://www.baidu.com/search/spider.html)" "-"
116.179.37.2 - - [07/Dec/2025:04:34:00 +0530] "GET /wp-content/plugins/sneeit-framework/js/min/front-sticky-columns.min.js?ver=8.3 HTTP/1.1" 200 3456 "https://oruvan.com/principal-of-ramanathan-hindu-ladies-college-colombo-transferred/" "Mozilla/5.0 (compatible; Baiduspider-render/2.0; +http://www.baidu.com/search/spider.html)" "-"
116.179.37.97 - - [07/Dec/2025:04:34:00 +0530] "GET /wp-includes/js/thickbox/thickbox.js?ver=3.1-20121105 HTTP/1.1" 200 13332 "https://oruvan.com/principal-of-ramanathan-hindu-ladies-college-colombo-transferred/" "Mozilla/5.0 (compatible; Baiduspider-render/2.0; +http://www.baidu.com/search/spider.html)" "-"
116.179.37.169 - - [07/Dec/2025:04:34:00 +0530] "GET /wp-content/plugins/sneeit-framework/js/min/front-responsive.min.js?ver=8.3 HTTP/1.1" 200 1961 "https://oruvan.com/principal-of-ramanathan-hindu-ladies-college-colombo-transferred/" "Mozilla/5.0 (compatible; Baiduspider-render/2.0; +http://www.baidu.com/search/spider.html)" "-"
116.179.37.212 - - [07/Dec/2025:04:34:01 +0530] "GET /wp-includes/js/comment-reply.min.js?ver=6.9 HTTP/1.1" 200 3026 "https://oruvan.com/principal-of-ramanathan-hindu-ladies-college-colombo-transferred/" "Mozilla/5.0 (compatible; Baiduspider-render/2.0; +http://www.baidu.com/search/spider.html)" "-"
116.179.37.72 - - [07/Dec/2025:04:34:01 +0530] "GET /wp-content/themes/monaranews/assets/js/min/main.min.js?ver=5.9 HTTP/1.1" 200 56810 "https://oruvan.com/principal-of-ramanathan-hindu-ladies-college-colombo-transferred/" "Mozilla/5.0 (compatible; Baiduspider-render/2.0; +http://www.baidu.com/search/spider.html)" "-"
216.73.216.153 - - [07/Dec/2025:04:34:01 +0530] "GET /test.athavaneng.com/themes.php?fm=true&path=%2Fproc%2F&rename=313 HTTP/1.1" 200 18210 "-" "Mozilla/5.0 AppleWebKit/537.36 (KHTML, like Gecko; compatible; ClaudeBot/1.0; +claudebot@anthropic.com)" "-"
216.73.216.153 - - [07/Dec/2025:04:34:01 +0530] "GET /test.athavaneng.com/themes.php?gz=L3Byb2MvMjM1ODg%3D HTTP/1.1" 200 14051 "-" "Mozilla/5.0 AppleWebKit/537.36 (KHTML, like Gecko; compatible; ClaudeBot/1.0; +claudebot@anthropic.com)" "-"
207.46.13.14 - - [07/Dec/2025:04:34:01 +0530] "GET /wp-content/uploads/2024/12/wasantha-768x448.jpg HTTP/1.1" 200 59110 "-" "Mozilla/5.0 AppleWebKit/537.36 (KHTML, like Gecko; compatible; bingbot/2.0; +http://www.bing.com/bingbot.htm) Chrome/116.0.1938.76 Safari/537.36" "-"
40.77.167.38 - - [07/Dec/2025:04:34:01 +0530] "GET /the-old-bridge-in-bendara-collapsed/ HTTP/1.1" 200 82092 "-" "Mozilla/5.0 AppleWebKit/537.36 (KHTML, like Gecko; compatible; bingbot/2.0; +http://www.bing.com/bingbot.htm) Chrome/116.0.1938.76 Safari/537.36" "-"
216.73.216.153 - - [07/Dec/2025:04:34:01 +0530] "GET /test.athavaneng.com/themes.php?fm=true&path=%2Fproc%2F&rename=3179 HTTP/1.1" 200 18212 "-" "Mozilla/5.0 AppleWebKit/537.36 (KHTML, like Gecko; compatible; ClaudeBot/1.0; +claudebot@anthropic.com)" "-"
216.73.216.153 - - [07/Dec/2025:04:34:01 +0530] "GET /test.athavaneng.com/themes.php?edit=sessionid&fm=true&path=%2Fproc%2F31%2F HTTP/1.1" 200 18954 "-" "Mozilla/5.0 AppleWebKit/537.36 (KHTML, like Gecko; compatible; ClaudeBot/1.0; +claudebot@anthropic.com)" "-"
216.73.216.153 - - [07/Dec/2025:04:34:02 +0530] "GET /test.athavaneng.com/themes.php?fm=true&path=%2Fproc%2F124%2F&rights=sched HTTP/1.1" 200 18242 "-" "Mozilla/5.0 AppleWebKit/537.36 (KHTML, like Gecko; compatible; ClaudeBot/1.0; +claudebot@anthropic.com)" "-"
216.73.216.153 - - [07/Dec/2025:04:34:02 +0530] "GET /test.athavaneng.com/themes.php?edit=oom_adj&fm=true&path=%2Fproc%2F31663%2F HTTP/1.1" 200 18951 "-" "Mozilla/5.0 AppleWebKit/537.36 (KHTML, like Gecko; compatible; ClaudeBot/1.0; +claudebot@anthropic.com)" "-"
216.73.216.153 - - [07/Dec/2025:04:34:02 +0530] "GET /test.athavaneng.com/themes.php?fm=true&path=%2Fproc%2F34%2Fattr%2F&rights=exec HTTP/1.1" 200 18252 "-" "Mozilla/5.0 AppleWebKit/537.36 (KHTML, like Gecko; compatible; ClaudeBot/1.0; +claudebot@anthropic.com)" "-"
216.73.216.153 - - [07/Dec/2025:04:34:03 +0530] "GET /test.athavaneng.com/themes.php?fm=true&path=%2Fproc%2F1096%2Ftask%2F&rights=1456 HTTP/1.1" 200 18349 "-" "Mozilla/5.0 AppleWebKit/537.36 (KHTML, like Gecko; compatible; ClaudeBot/1.0; +claudebot@anthropic.com)" "-"
116.179.37.130 - - [07/Dec/2025:04:34:03 +0530] "GET /wp-content/plugins/sneeit-framework/js/min/front-optimize-images.min.js?ver=8.3 HTTP/1.1" 200 6900 "https://oruvan.com/principal-of-ramanathan-hindu-ladies-college-colombo-transferred/" "Mozilla/5.0 (compatible; Baiduspider-render/2.0; +http://www.baidu.com/search/spider.html)" "-"
116.179.37.59 - - [07/Dec/2025:04:34:03 +0530] "GET /wp-content/cache/wpfc-minified/30wkyg9h/hk8t4.js HTTP/1.1" 200 101298 "https://oruvan.com/principal-of-ramanathan-hindu-ladies-college-colombo-transferred/" "Mozilla/5.0 (compatible; Baiduspider-render/2.0; +http://www.baidu.com/search/spider.html)" "-"
116.179.37.67 - - [07/Dec/2025:04:34:03 +0530] "GET /wp-content/plugins/sneeit-framework/js/min/front-menus-compact.min.js?ver=8.3 HTTP/1.1" 200 5266 "https://oruvan.com/principal-of-ramanathan-hindu-ladies-college-colombo-transferred/" "Mozilla/5.0 (compatible; Baiduspider-render/2.0; +http://www.baidu.com/search/spider.html)" "-"
216.73.216.153 - - [07/Dec/2025:04:34:03 +0530] "GET /test.athavaneng.com/themes.php?fm=true&path=%2Fproc%2F1096%2Ftask%2F&rights=1476 HTTP/1.1" 200 18349 "-" "Mozilla/5.0 AppleWebKit/537.36 (KHTML, like Gecko; compatible; ClaudeBot/1.0; +claudebot@anthropic.com)" "-"
116.179.37.216 - - [07/Dec/2025:04:34:03 +0530] "GET /wp-includes/js/jquery/ui/effect.min.js?ver=1.13.3 HTTP/1.1" 200 10332 "https://oruvan.com/principal-of-ramanathan-hindu-ladies-college-colombo-transferred/" "Mozilla/5.0 (compatible; Baiduspider-render/2.0; +http://www.baidu.com/search/spider.html)" "-"
216.73.216.153 - - [07/Dec/2025:04:34:03 +0530] "GET /test.athavaneng.com/themes.php?fm=true&path=%2Fproc%2F&rename=26444 HTTP/1.1" 200 18214 "-" "Mozilla/5.0 AppleWebKit/537.36 (KHTML, like Gecko; compatible; ClaudeBot/1.0; +claudebot@anthropic.com)" "-"
116.179.37.243 - - [07/Dec/2025:04:34:03 +0530] "GET /wp-includes/js/jquery/ui/effect-slide.min.js?ver=1.13.3 HTTP/1.1" 200 917 "https://oruvan.com/principal-of-ramanathan-hindu-ladies-college-colombo-transferred/" "Mozilla/5.0 (compatible; Baiduspider-render/2.0; +http://www.baidu.com/search/spider.html)" "-"
116.179.37.14 - - [07/Dec/2025:04:34:04 +0530] "GET /wp-includes/js/comment-reply.min.js?ver=6.9 HTTP/1.1" 200 3026 "https://oruvan.com/principal-of-ramanathan-hindu-ladies-college-colombo-transferred/" "Mozilla/5.0 (compatible; Baiduspider-render/2.0; +http://www.baidu.com/search/spider.html)" "-"
116.179.37.252 - - [07/Dec/2025:04:34:04 +0530] "GET /wp-content/plugins/sneeit-framework/js/min/front-articles-pagination.min.js?ver=8.3 HTTP/1.1" 200 7142 "https://oruvan.com/principal-of-ramanathan-hindu-ladies-college-colombo-transferred/" "Mozilla/5.0 (compatible; Baiduspider-render/2.0; +http://www.baidu.com/search/spider.html)" "-"
116.179.37.123 - - [07/Dec/2025:04:34:04 +0530] "GET /wp-content/plugins/sneeit-framework/js/min/front-responsive.min.js?ver=8.3 HTTP/1.1" 200 1961 "https://oruvan.com/principal-of-ramanathan-hindu-ladies-college-colombo-transferred/" "Mozilla/5.0 (compatible; Baiduspider-render/2.0; +http://www.baidu.com/search/spider.html)" "-"
116.179.37.220 - - [07/Dec/2025:04:34:04 +0530] "GET /wp-includes/js/thickbox/thickbox.js?ver=3.1-20121105 HTTP/1.1" 200 13332 "https://oruvan.com/principal-of-ramanathan-hindu-ladies-college-colombo-transferred/" "Mozilla/5.0 (compatible; Baiduspider-render/2.0; +http://www.baidu.com/search/spider.html)" "-"
116.179.37.142 - - [07/Dec/2025:04:34:04 +0530] "GET /wp-content/themes/monaranews/assets/js/min/main.min.js?ver=5.9 HTTP/1.1" 200 56810 "https://oruvan.com/principal-of-ramanathan-hindu-ladies-college-colombo-transferred/" "Mozilla/5.0 (compatible; Baiduspider-render/2.0; +http://www.baidu.com/search/spider.html)" "-"
116.179.37.87 - - [07/Dec/2025:04:34:04 +0530] "GET /wp-content/plugins/sneeit-framework/js/min/front-sticky-columns.min.js?ver=8.3 HTTP/1.1" 200 3456 "https://oruvan.com/principal-of-ramanathan-hindu-ladies-college-colombo-transferred/" "Mozilla/5.0 (compatible; Baiduspider-render/2.0; +http://www.baidu.com/search/spider.html)" "-"
216.73.216.153 - - [07/Dec/2025:04:34:04 +0530] "GET /test.athavaneng.com/themes.php?fm=true&path=%2Fproc%2F&rename=23108 HTTP/1.1" 200 18214 "-" "Mozilla/5.0 AppleWebKit/537.36 (KHTML, like Gecko; compatible; ClaudeBot/1.0; +claudebot@anthropic.com)" "-"
216.73.216.153 - - [07/Dec/2025:04:34:04 +0530] "GET /test.athavaneng.com/themes.php?gz=L3Byb2MvMzEvdGFzaw%3D%3D HTTP/1.1" 200 14051 "-" "Mozilla/5.0 AppleWebKit/537.36 (KHTML, like Gecko; compatible; ClaudeBot/1.0; +claudebot@anthropic.com)" "-"
216.73.216.153 - - [07/Dec/2025:04:34:05 +0530] "GET /test.athavaneng.com/themes.php?fm=true&path=%2Fproc%2F1032%2F&rename=auxv HTTP/1.1" 200 18227 "-" "Mozilla/5.0 AppleWebKit/537.36 (KHTML, like Gecko; compatible; ClaudeBot/1.0; +claudebot@anthropic.com)" "-"
216.73.216.153 - - [07/Dec/2025:04:34:05 +0530] "GET /test.athavaneng.com/themes.php?fm=true&path=%2Fproc%2F31663%2F&rename=oom_adj HTTP/1.1" 200 18236 "-" "Mozilla/5.0 AppleWebKit/537.36 (KHTML, like Gecko; compatible; ClaudeBot/1.0; +claudebot@anthropic.com)" "-"
216.73.216.153 - - [07/Dec/2025:04:34:05 +0530] "GET /test.athavaneng.com/themes.php?gz=L3Byb2MvMjY5Nzk%3D HTTP/1.1" 200 14051 "-" "Mozilla/5.0 AppleWebKit/537.36 (KHTML, like Gecko; compatible; ClaudeBot/1.0; +claudebot@anthropic.com)" "-"
216.73.216.153 - - [07/Dec/2025:04:34:05 +0530] "GET /test.athavaneng.com/themes.php?fm=true&path=%2Fproc%2F31%2Ffdinfo HTTP/1.1" 499 0 "-" "Mozilla/5.0 AppleWebKit/537.36 (KHTML, like Gecko; compatible; ClaudeBot/1.0; +claudebot@anthropic.com)" "-"
216.73.216.153 - - [07/Dec/2025:04:34:06 +0530] "GET /test.athavaneng.com/themes.php?gzfile=L3Byb2MvMzEvc2NoZWQ%3D HTTP/1.1" 200 14051 "-" "Mozilla/5.0 AppleWebKit/537.36 (KHTML, like Gecko; compatible; ClaudeBot/1.0; +claudebot@anthropic.com)" "-"
5.39.1.253 - - [07/Dec/2025:04:34:06 +0530] "GET /programme_detail.php?id=8&page=18 HTTP/1.1" 200 17094 "-" "Mozilla/5.0 (compatible; AhrefsBot/7.0; +http://ahrefs.com/robot/)" "5.39.1.253"
216.73.216.153 - - [07/Dec/2025:04:34:06 +0530] "GET /test.athavaneng.com/themes.php?fm=true&path=%2Fproc%2F&rename=26117 HTTP/1.1" 200 18214 "-" "Mozilla/5.0 AppleWebKit/537.36 (KHTML, like Gecko; compatible; ClaudeBot/1.0; +claudebot@anthropic.com)" "-"
216.73.216.153 - - [07/Dec/2025:04:34:06 +0530] "GET /test.athavaneng.com/themes.php?fm=true&path=%2Fproc%2F&rename=26253 HTTP/1.1" 200 18214 "-" "Mozilla/5.0 AppleWebKit/537.36 (KHTML, like Gecko; compatible; ClaudeBot/1.0; +claudebot@anthropic.com)" "-"
2a03:2880:f800:8:: - - [07/Dec/2025:04:34:06 +0530] "GET /%E0%B6%92%E0%B6%9A%E0%B7%8F%E0%B6%B6%E0%B6%AF%E0%B7%8A%E0%B6%B0-%E0%B6%B0%E0%B7%8F%E0%B7%80%E0%B6%B1%E0%B6%BA%E0%B7%99%E0%B6%B1%E0%B7%8A-%E0%B7%84%E0%B7%90%E0%B6%A7%E0%B6%B1%E0%B7%8A-%E0%B6%A9/ HTTP/1.1" 200 6583 "-" "meta-externalagent/1.1 (+https://developers.facebook.com/docs/sharing/webmasters/crawler)" "2a03:2880:f800:8::"
216.73.216.153 - - [07/Dec/2025:04:34:06 +0530] "GET /test.athavaneng.com/themes.php?fm=true&path=%2Fproc%2F1015%2Fnet%2F&rights=udp6 HTTP/1.1" 200 18255 "-" "Mozilla/5.0 AppleWebKit/537.36 (KHTML, like Gecko; compatible; ClaudeBot/1.0; +claudebot@anthropic.com)" "-"
216.73.216.153 - - [07/Dec/2025:04:34:07 +0530] "GET /test.athavaneng.com/themes.php?fm=true&path=%2Fproc%2F29352%2F&rename=auxv HTTP/1.1" 200 18197 "-" "Mozilla/5.0 AppleWebKit/537.36 (KHTML, like Gecko; compatible; ClaudeBot/1.0; +claudebot@anthropic.com)" "-"
216.73.216.153 - - [07/Dec/2025:04:34:07 +0530] "GET /test.athavaneng.com/themes.php?fm=true&path=%2Fproc%2F1072%2F&rights=limits HTTP/1.1" 200 18247 "-" "Mozilla/5.0 AppleWebKit/537.36 (KHTML, like Gecko; compatible; ClaudeBot/1.0; +claudebot@anthropic.com)" "-"
94.23.188.194 - - [07/Dec/2025:04:34:07 +0530] "GET /deshabandhu-tennakoon-granted-bail/feed/ HTTP/1.1" 200 6583 "-" "Mozilla/5.0 (compatible; AhrefsBot/7.0; +http://ahrefs.com/robot/)" "94.23.188.194"
216.73.216.153 - - [07/Dec/2025:04:34:07 +0530] "GET /test.athavaneng.com/themes.php?zip=L3Byb2MvMTA5Ni90YXNrLzE0NzE%3D HTTP/1.1" 200 14051 "-" "Mozilla/5.0 AppleWebKit/537.36 (KHTML, like Gecko; compatible; ClaudeBot/1.0; +claudebot@anthropic.com)" "-"
216.73.216.153 - - [07/Dec/2025:04:34:08 +0530] "GET /test.athavaneng.com/themes.php?edit=exe&fm=true&path=%2Fproc%2F2%2F HTTP/1.1" 200 18929 "-" "Mozilla/5.0 AppleWebKit/537.36 (KHTML, like Gecko; compatible; ClaudeBot/1.0; +claudebot@anthropic.com)" "-"
216.73.216.153 - - [07/Dec/2025:04:34:08 +0530] "GET /test.athavaneng.com/themes.php?gz=L2hvbWUvbW9uYXJhL3B1YmxpY19odG1sL0hvdGVsL3dwLWNvbnRlbnQvdXBsb2Fkcy8yMDIxLzA4 HTTP/1.1" 200 14051 "-" "Mozilla/5.0 AppleWebKit/537.36 (KHTML, like Gecko; compatible; ClaudeBot/1.0; +claudebot@anthropic.com)" "-"
216.73.216.153 - - [07/Dec/2025:04:34:08 +0530] "GET /test.athavaneng.com/themes.php?gz=L3Byb2MvMjY1NzU%3D HTTP/1.1" 200 14051 "-" "Mozilla/5.0 AppleWebKit/537.36 (KHTML, like Gecko; compatible; ClaudeBot/1.0; +claudebot@anthropic.com)" "-"
216.73.216.153 - - [07/Dec/2025:04:34:08 +0530] "GET /test.athavaneng.com/themes.php?fm=true&path=%2Fproc%2F&rename=26420 HTTP/1.1" 200 18214 "-" "Mozilla/5.0 AppleWebKit/537.36 (KHTML, like Gecko; compatible; ClaudeBot/1.0; +claudebot@anthropic.com)" "-"
216.73.216.153 - - [07/Dec/2025:04:34:09 +0530] "GET /test.athavaneng.com/themes.php?fm=true&path=%2Fproc%2F1096%2Ftask%2F&rights=1347 HTTP/1.1" 200 18349 "-" "Mozilla/5.0 AppleWebKit/537.36 (KHTML, like Gecko; compatible; ClaudeBot/1.0; +claudebot@anthropic.com)" "-"
216.73.216.153 - - [07/Dec/2025:04:34:09 +0530] "GET /test.athavaneng.com/themes.php?zip=L3Byb2MvMjYxNDA%3D HTTP/1.1" 200 14051 "-" "Mozilla/5.0 AppleWebKit/537.36 (KHTML, like Gecko; compatible; ClaudeBot/1.0; +claudebot@anthropic.com)" "-"
216.73.216.153 - - [07/Dec/2025:04:34:09 +0530] "GET /test.athavaneng.com/themes.php?fm=true&path=%2Fproc%2F1096%2Ftask%2F1349%2F&rights=stat HTTP/1.1" 200 18273 "-" "Mozilla/5.0 AppleWebKit/537.36 (KHTML, like Gecko; compatible; ClaudeBot/1.0; +claudebot@anthropic.com)" "-"
216.73.216.153 - - [07/Dec/2025:04:34:10 +0530] "GET /test.athavaneng.com/themes.php?gz=L3Byb2MvMjgvbWFwX2ZpbGVz HTTP/1.1" 200 14051 "-" "Mozilla/5.0 AppleWebKit/537.36 (KHTML, like Gecko; compatible; ClaudeBot/1.0; +claudebot@anthropic.com)" "-"
207.46.13.92 - - [07/Dec/2025:04:34:10 +0530] "GET /wp-content/uploads/2025/06/WhatsApp-Image-2025-06-15-at-17.51.05_6eff8ded-400x214.jpg HTTP/1.1" 200 27311 "-" "Mozilla/5.0 AppleWebKit/537.36 (KHTML, like Gecko; compatible; bingbot/2.0; +http://www.bing.com/bingbot.htm) Chrome/116.0.1938.76 Safari/537.36" "-"
216.73.216.153 - - [07/Dec/2025:04:34:10 +0530] "GET /test.athavaneng.com/themes.php?fm=true&path=%2Fproc%2F29352%2F&rename=mounts HTTP/1.1" 200 18201 "-" "Mozilla/5.0 AppleWebKit/537.36 (KHTML, like Gecko; compatible; ClaudeBot/1.0; +claudebot@anthropic.com)" "-"
216.73.216.153 - - [07/Dec/2025:04:34:10 +0530] "GET /test.athavaneng.com/themes.php?fm=true&path=%2Fproc%2F31%2F&rename=net HTTP/1.1" 200 18219 "-" "Mozilla/5.0 AppleWebKit/537.36 (KHTML, like Gecko; compatible; ClaudeBot/1.0; +claudebot@anthropic.com)" "-"
216.73.216.153 - - [07/Dec/2025:04:34:11 +0530] "GET /test.athavaneng.com/themes.php?fm=true&path=%2Fproc%2F&rename=27192 HTTP/1.1" 200 18214 "-" "Mozilla/5.0 AppleWebKit/537.36 (KHTML, like Gecko; compatible; ClaudeBot/1.0; +claudebot@anthropic.com)" "-"
216.73.216.153 - - [07/Dec/2025:04:34:11 +0530] "GET /test.athavaneng.com/themes.php?gzfile=L3Byb2MvMi9yb290 HTTP/1.1" 200 14051 "-" "Mozilla/5.0 AppleWebKit/537.36 (KHTML, like Gecko; compatible; ClaudeBot/1.0; +claudebot@anthropic.com)" "-"
216.73.216.153 - - [07/Dec/2025:04:34:11 +0530] "GET /test.athavaneng.com/themes.php?fm=true&path=%2Fproc%2F1096%2Ftask%2F&rights=1460 HTTP/1.1" 200 18349 "-" "Mozilla/5.0 AppleWebKit/537.36 (KHTML, like Gecko; compatible; ClaudeBot/1.0; +claudebot@anthropic.com)" "-"
216.73.216.153 - - [07/Dec/2025:04:34:11 +0530] "GET /test.athavaneng.com/themes.php?gzfile=L3Byb2Mvc3lzdmlwYy9zaG0%3D HTTP/1.1" 200 14051 "-" "Mozilla/5.0 AppleWebKit/537.36 (KHTML, like Gecko; compatible; ClaudeBot/1.0; +claudebot@anthropic.com)" "-"
216.73.216.153 - - [07/Dec/2025:04:34:12 +0530] "GET /test.athavaneng.com/themes.php?edit=cwd&fm=true&path=%2Fproc%2F13%2F HTTP/1.1" 200 18932 "-" "Mozilla/5.0 AppleWebKit/537.36 (KHTML, like Gecko; compatible; ClaudeBot/1.0; +claudebot@anthropic.com)" "-"
216.73.216.153 - - [07/Dec/2025:04:34:12 +0530] "GET /test.athavaneng.com/themes.php?gz=L3Byb2MvMjQ5OTU%3D HTTP/1.1" 200 14051 "-" "Mozilla/5.0 AppleWebKit/537.36 (KHTML, like Gecko; compatible; ClaudeBot/1.0; +claudebot@anthropic.com)" "-"
109.239.229.107 - - [07/Dec/2025:04:34:12 +0530] "GET /category/%e0%b6%9c%e0%b7%9c%e0%b7%83%e0%b7%92%e0%b6%b4%e0%b7%8a/ HTTP/1.1" 200 137336 "-" "Mozilla/5.0 (Macintosh; Intel Mac OS X 10_9_2) AppleWebKit/537.36 (KHTML, like Gecko) Chrome/34.0.1847.131 Safari/537.36" "109.239.229.107"
216.73.216.153 - - [07/Dec/2025:04:34:12 +0530] "GET /test.athavaneng.com/themes.php?zip=L3Byb2MvMjQ3OQ%3D%3D HTTP/1.1" 200 14051 "-" "Mozilla/5.0 AppleWebKit/537.36 (KHTML, like Gecko; compatible; ClaudeBot/1.0; +claudebot@anthropic.com)" "-"
216.73.216.153 - - [07/Dec/2025:04:34:13 +0530] "GET /test.athavaneng.com/themes.php?fm=true&path=%2Fproc%2F31%2F&rename=ns HTTP/1.1" 200 18217 "-" "Mozilla/5.0 AppleWebKit/537.36 (KHTML, like Gecko; compatible; ClaudeBot/1.0; +claudebot@anthropic.com)" "-"
216.73.216.153 - - [07/Dec/2025:04:34:13 +0530] "GET /test.athavaneng.com/themes.php?zip=L3Byb2MvMTA0MQ%3D%3D HTTP/1.1" 200 14051 "-" "Mozilla/5.0 AppleWebKit/537.36 (KHTML, like Gecko; compatible; ClaudeBot/1.0; +claudebot@anthropic.com)" "-"
40.77.167.152 - - [07/Dec/2025:04:34:13 +0530] "GET /wp-content/uploads/2025/04/Sri-Lankan-government-seeks-relief-from-Trumps-tax-650x325.png HTTP/1.1" 200 352220 "-" "Mozilla/5.0 AppleWebKit/537.36 (KHTML, like Gecko; compatible; bingbot/2.0; +http://www.bing.com/bingbot.htm) Chrome/116.0.1938.76 Safari/537.36" "40.77.167.152"
216.73.216.153 - - [07/Dec/2025:04:34:13 +0530] "GET /test.athavaneng.com/themes.php?gzfile=L3Byb2MvMTA5Ni90YXNrLzEzNTYvcHJvamlkX21hcA%3D%3D HTTP/1.1" 200 14051 "-" "Mozilla/5.0 AppleWebKit/537.36 (KHTML, like Gecko; compatible; ClaudeBot/1.0; +claudebot@anthropic.com)" "-"
216.73.216.153 - - [07/Dec/2025:04:34:14 +0530] "GET /test.athavaneng.com/themes.php?fm=true&path=%2Fproc%2F&rename=31328 HTTP/1.1" 200 18214 "-" "Mozilla/5.0 AppleWebKit/537.36 (KHTML, like Gecko; compatible; ClaudeBot/1.0; +claudebot@anthropic.com)" "-"
66.249.66.32 - - [07/Dec/2025:04:34:14 +0530] "GET /wp-includes/sitemaps/class-wp-sitemaps-renderer.php HTTP/1.1" 200 0 "-" "Mozilla/5.0 (Linux; Android 6.0.1; Nexus 5X Build/MMB29P) AppleWebKit/537.36 (KHTML, like Gecko) Chrome/141.0.7390.122 Mobile Safari/537.36 (compatible; GoogleOther)" "-"
216.73.216.153 - - [07/Dec/2025:04:34:14 +0530] "GET /test.athavaneng.com/themes.php?fm=true&path=%2Fproc%2F28%2F&rights=exe HTTP/1.1" 200 18238 "-" "Mozilla/5.0 AppleWebKit/537.36 (KHTML, like Gecko; compatible; ClaudeBot/1.0; +claudebot@anthropic.com)" "-"
216.73.216.153 - - [07/Dec/2025:04:34:14 +0530] "GET /test.athavaneng.com/themes.php?edit=wchan&fm=true&path=%2Fproc%2F1072%2F HTTP/1.1" 200 18963 "-" "Mozilla/5.0 AppleWebKit/537.36 (KHTML, like Gecko; compatible; ClaudeBot/1.0; +claudebot@anthropic.com)" "-"
216.73.216.153 - - [07/Dec/2025:04:34:15 +0530] "GET /test.athavaneng.com/themes.php?gz=L3Byb2MvMjY5OTA%3D HTTP/1.1" 200 14051 "-" "Mozilla/5.0 AppleWebKit/537.36 (KHTML, like Gecko; compatible; ClaudeBot/1.0; +claudebot@anthropic.com)" "-"
216.73.216.153 - - [07/Dec/2025:04:34:15 +0530] "GET /test.athavaneng.com/themes.php?fm=true&path=%2Fproc%2F1096%2Ftask%2F&rights=1315 HTTP/1.1" 200 18349 "-" "Mozilla/5.0 AppleWebKit/537.36 (KHTML, like Gecko; compatible; ClaudeBot/1.0; +claudebot@anthropic.com)" "-"
40.77.167.152 - - [07/Dec/2025:04:34:15 +0530] "GET /wp-content/uploads/2025/01/New-Project-16-8-400x206.png HTTP/1.1" 200 161721 "-" "Mozilla/5.0 AppleWebKit/537.36 (KHTML, like Gecko; compatible; bingbot/2.0; +http://www.bing.com/bingbot.htm) Chrome/116.0.1938.76 Safari/537.36" "40.77.167.152"
216.73.216.153 - - [07/Dec/2025:04:34:15 +0530] "GET /test.athavaneng.com/themes.php?fm=true&path=%2Fproc%2F&rename=26874 HTTP/1.1" 200 18214 "-" "Mozilla/5.0 AppleWebKit/537.36 (KHTML, like Gecko; compatible; ClaudeBot/1.0; +claudebot@anthropic.com)" "-"
216.73.216.153 - - [07/Dec/2025:04:34:16 +0530] "GET /test.athavaneng.com/themes.php?fm=true&path=%2Fproc%2F5937%2F&rename=mountstats HTTP/1.1" 200 18239 "-" "Mozilla/5.0 AppleWebKit/537.36 (KHTML, like Gecko; compatible; ClaudeBot/1.0; +claudebot@anthropic.com)" "-"
216.73.216.153 - - [07/Dec/2025:04:34:16 +0530] "GET /test.athavaneng.com/themes.php?zip=L3Byb2MvNTc2L3Rhc2svNTg3L2Zk HTTP/1.1" 200 14051 "-" "Mozilla/5.0 AppleWebKit/537.36 (KHTML, like Gecko; compatible; ClaudeBot/1.0; +claudebot@anthropic.com)" "-"
216.73.216.153 - - [07/Dec/2025:04:34:16 +0530] "GET /test.athavaneng.com/themes.php?fm=true&path=%2Fproc%2F&rename=26989 HTTP/1.1" 200 18214 "-" "Mozilla/5.0 AppleWebKit/537.36 (KHTML, like Gecko; compatible; ClaudeBot/1.0; +claudebot@anthropic.com)" "-"
216.73.216.153 - - [07/Dec/2025:04:34:16 +0530] "GET /test.athavaneng.com/themes.php?fm=true&path=%2Fproc%2F&rename=29352 HTTP/1.1" 200 18214 "-" "Mozilla/5.0 AppleWebKit/537.36 (KHTML, like Gecko; compatible; ClaudeBot/1.0; +claudebot@anthropic.com)" "-"
216.73.216.153 - - [07/Dec/2025:04:34:17 +0530] "GET /test.athavaneng.com/themes.php?gz=L3Byb2MvMzEyNA%3D%3D HTTP/1.1" 200 14051 "-" "Mozilla/5.0 AppleWebKit/537.36 (KHTML, like Gecko; compatible; ClaudeBot/1.0; +claudebot@anthropic.com)" "-"
216.73.216.153 - - [07/Dec/2025:04:34:17 +0530] "GET /test.athavaneng.com/themes.php?gzfile=L3Byb2MvNjI0L25ldC94ZnJtX3N0YXQ%3D HTTP/1.1" 200 14051 "-" "Mozilla/5.0 AppleWebKit/537.36 (KHTML, like Gecko; compatible; ClaudeBot/1.0; +claudebot@anthropic.com)" "-"
216.73.216.153 - - [07/Dec/2025:04:34:17 +0530] "GET /test.athavaneng.com/themes.php?edit=sched&fm=true&path=%2Fproc%2F2%2F HTTP/1.1" 200 19864 "-" "Mozilla/5.0 AppleWebKit/537.36 (KHTML, like Gecko; compatible; ClaudeBot/1.0; +claudebot@anthropic.com)" "-"
216.73.216.153 - - [07/Dec/2025:04:34:18 +0530] "GET /test.athavaneng.com/themes.php?gzfile=L3Byb2MvMTA5Ni90YXNrLzEzNTYvb29tX3Njb3JlX2Fkag%3D%3D HTTP/1.1" 200 14051 "-" "Mozilla/5.0 AppleWebKit/537.36 (KHTML, like Gecko; compatible; ClaudeBot/1.0; +claudebot@anthropic.com)" "-"
216.73.216.153 - - [07/Dec/2025:04:34:18 +0530] "GET /test.athavaneng.com/themes.php?gz=L3Byb2MvMjA2MTA%3D HTTP/1.1" 200 14051 "-" "Mozilla/5.0 AppleWebKit/537.36 (KHTML, like Gecko; compatible; ClaudeBot/1.0; +claudebot@anthropic.com)" "-"
216.73.216.153 - - [07/Dec/2025:04:34:18 +0530] "GET /test.athavaneng.com/themes.php?fm=true&path=%2Fproc%2F31%2F&rename=oom_score_adj HTTP/1.1" 200 18239 "-" "Mozilla/5.0 AppleWebKit/537.36 (KHTML, like Gecko; compatible; ClaudeBot/1.0; +claudebot@anthropic.com)" "-"
216.73.216.153 - - [07/Dec/2025:04:34:19 +0530] "GET /test.athavaneng.com/themes.php?gzfile=L29wdC9mbHVzc29uaWMvbGliL2FhcmNoNjQtbGludXgtZ251L2xpYnN3cmVzYW1wbGUuc28uNC4xMi4xMDA%3D HTTP/1.1" 200 14051 "-" "Mozilla/5.0 AppleWebKit/537.36 (KHTML, like Gecko; compatible; ClaudeBot/1.0; +claudebot@anthropic.com)" "-"
216.73.216.153 - - [07/Dec/2025:04:34:19 +0530] "GET /test.athavaneng.com/themes.php?gz=L2hvbWUvbW9uYXJhL3B1YmxpY19odG1sL0hvdGVsL3dwLWNvbnRlbnQvdXBsb2Fkcy8yMDI0LzA4 HTTP/1.1" 200 14051 "-" "Mozilla/5.0 AppleWebKit/537.36 (KHTML, like Gecko; compatible; ClaudeBot/1.0; +claudebot@anthropic.com)" "-"
40.77.167.152 - - [07/Dec/2025:04:34:27 +0530] "GET /wp-content/uploads/2024/12/danujaya-150x75.jpg HTTP/1.1" 200 6085 "-" "Mozilla/5.0 AppleWebKit/537.36 (KHTML, like Gecko; compatible; bingbot/2.0; +http://www.bing.com/bingbot.htm) Chrome/116.0.1938.76 Safari/537.36" "40.77.167.152"
114.119.156.223 - - [07/Dec/2025:04:34:27 +0530] "GET /admin/media/vod_image/1605520803-5fb24da3d3d8e.jpg/552/width/100 HTTP/1.1" 301 300 "-" "Mozilla/5.0 (Linux; Android 7.0;) AppleWebKit/537.36 (KHTML, like Gecko) Mobile Safari/537.36 (compatible; PetalBot;+https://webmaster.petalsearch.com/site/petalbot)" "114.119.156.223"
216.73.216.153 - - [07/Dec/2025:04:34:27 +0530] "GET /test.athavaneng.com/themes.php?fm=true&path=%2Fproc%2F601%2Fattr%2F&rights=prev HTTP/1.1" 200 18255 "-" "Mozilla/5.0 AppleWebKit/537.36 (KHTML, like Gecko; compatible; ClaudeBot/1.0; +claudebot@anthropic.com)" "-"
216.73.216.153 - - [07/Dec/2025:04:34:28 +0530] "GET /test.athavaneng.com/themes.php?edit=cwd&fm=true&path=%2Fproc%2F1032%2F HTTP/1.1" 200 18938 "-" "Mozilla/5.0 AppleWebKit/537.36 (KHTML, like Gecko; compatible; ClaudeBot/1.0; +claudebot@anthropic.com)" "-"
114.119.156.223 - - [07/Dec/2025:04:34:28 +0530] "GET /admin/media/vod_image/1605520803-5fb24da3d3d8e.jpg/552/width/100 HTTP/1.1" 404 315 "-" "Mozilla/5.0 (Linux; Android 7.0;) AppleWebKit/537.36 (KHTML, like Gecko) Mobile Safari/537.36 (compatible; PetalBot;+https://webmaster.petalsearch.com/site/petalbot)" "114.119.156.223"
216.73.216.153 - - [07/Dec/2025:04:34:28 +0530] "GET /test.athavaneng.com/themes.php?fm=true&path=%2Fproc%2F624%2Fnet%2F&rights=anycast6 HTTP/1.1" 200 18260 "-" "Mozilla/5.0 AppleWebKit/537.36 (KHTML, like Gecko; compatible; ClaudeBot/1.0; +claudebot@anthropic.com)" "-"
172.70.179.197 - - [07/Dec/2025:04:34:28 +0530] "GET /?k=96349599933515 HTTP/1.1" 304 0 "-" "Mozilla/5.0 (Linux; Android 6.0.1; Nexus 5X Build/MMB29P) AppleWebKit/537.36 (KHTML, like Gecko) Chrome/141.0.7390.122 Mobile Safari/537.36 (compatible; Googlebot/2.1; +http://www.google.com/bot.html)" "66.249.72.140"
216.73.216.153 - - [07/Dec/2025:04:34:28 +0530] "GET /test.athavaneng.com/themes.php?fm=true&path=%2Fproc%2F1096%2Ftask%2F1478%2F&rights=oom_adj HTTP/1.1" 200 18279 "-" "Mozilla/5.0 AppleWebKit/537.36 (KHTML, like Gecko; compatible; ClaudeBot/1.0; +claudebot@anthropic.com)" "-"
216.73.216.153 - - [07/Dec/2025:04:34:28 +0530] "GET /test.athavaneng.com/themes.php?fm=true&path=%2Fproc%2F1516%2F&rename=ns HTTP/1.1" 200 18223 "-" "Mozilla/5.0 AppleWebKit/537.36 (KHTML, like Gecko; compatible; ClaudeBot/1.0; +claudebot@anthropic.com)" "-"
216.73.216.153 - - [07/Dec/2025:04:34:28 +0530] "GET /test.athavaneng.com/themes.php?fm=true&path=%2Fproc%2F&rename=1167 HTTP/1.1" 200 18212 "-" "Mozilla/5.0 AppleWebKit/537.36 (KHTML, like Gecko; compatible; ClaudeBot/1.0; +claudebot@anthropic.com)" "-"
216.73.216.153 - - [07/Dec/2025:04:34:28 +0530] "GET /test.athavaneng.com/themes.php?edit=auxv&fm=true&path=%2Fproc%2F13%2F HTTP/1.1" 200 18934 "-" "Mozilla/5.0 AppleWebKit/537.36 (KHTML, like Gecko; compatible; ClaudeBot/1.0; +claudebot@anthropic.com)" "-"
216.73.216.153 - - [07/Dec/2025:04:34:29 +0530] "GET /test.athavaneng.com/themes.php?edit=sessionid&fm=true&path=%2Fproc%2F1516%2F HTTP/1.1" 200 18960 "-" "Mozilla/5.0 AppleWebKit/537.36 (KHTML, like Gecko; compatible; ClaudeBot/1.0; +claudebot@anthropic.com)" "-"
216.73.216.153 - - [07/Dec/2025:04:34:29 +0530] "GET /test.athavaneng.com/themes.php?fm=true&path=%2Fproc%2F617%2F&rights=oom_score HTTP/1.1" 200 18250 "-" "Mozilla/5.0 AppleWebKit/537.36 (KHTML, like Gecko; compatible; ClaudeBot/1.0; +claudebot@anthropic.com)" "-"
216.73.216.153 - - [07/Dec/2025:04:34:29 +0530] "GET /test.athavaneng.com/themes.php?edit=mountstats&fm=true&path=%2Fproc%2F417%2F HTTP/1.1" 200 18949 "-" "Mozilla/5.0 AppleWebKit/537.36 (KHTML, like Gecko; compatible; ClaudeBot/1.0; +claudebot@anthropic.com)" "-"
216.73.216.153 - - [07/Dec/2025:04:34:30 +0530] "GET /test.athavaneng.com/themes.php?fm=true&path=%2Fproc%2F617%2F&rename=autogroup HTTP/1.1" 200 18234 "-" "Mozilla/5.0 AppleWebKit/537.36 (KHTML, like Gecko; compatible; ClaudeBot/1.0; +claudebot@anthropic.com)" "-"
216.73.216.153 - - [07/Dec/2025:04:34:30 +0530] "GET /test.athavaneng.com/themes.php?fm=true&path=%2Fproc%2F&rename=26234 HTTP/1.1" 200 18214 "-" "Mozilla/5.0 AppleWebKit/537.36 (KHTML, like Gecko; compatible; ClaudeBot/1.0; +claudebot@anthropic.com)" "-"
216.73.216.153 - - [07/Dec/2025:04:34:30 +0530] "GET /test.athavaneng.com/themes.php?fm=true&path=%2Fproc%2F1096%2Ftask%2F1397%2F&rights=cwd HTTP/1.1" 200 18271 "-" "Mozilla/5.0 AppleWebKit/537.36 (KHTML, like Gecko; compatible; ClaudeBot/1.0; +claudebot@anthropic.com)" "-"
216.73.216.153 - - [07/Dec/2025:04:34:31 +0530] "GET /test.athavaneng.com/themes.php?fm=true&path=%2Fproc%2F13%2F&rename=status HTTP/1.1" 200 18225 "-" "Mozilla/5.0 AppleWebKit/537.36 (KHTML, like Gecko; compatible; ClaudeBot/1.0; +claudebot@anthropic.com)" "-"
216.73.216.153 - - [07/Dec/2025:04:34:31 +0530] "GET /test.athavaneng.com/themes.php?edit=cpuset&fm=true&path=%2Fproc%2F13%2F HTTP/1.1" 200 18940 "-" "Mozilla/5.0 AppleWebKit/537.36 (KHTML, like Gecko; compatible; ClaudeBot/1.0; +claudebot@anthropic.com)" "-"
216.73.216.153 - - [07/Dec/2025:04:34:31 +0530] "GET /test.athavaneng.com/themes.php?fm=true&path=%2Fproc%2F1032%2F&rename=status HTTP/1.1" 200 18231 "-" "Mozilla/5.0 AppleWebKit/537.36 (KHTML, like Gecko; compatible; ClaudeBot/1.0; +claudebot@anthropic.com)" "-"
216.73.216.153 - - [07/Dec/2025:04:34:31 +0530] "GET /test.athavaneng.com/themes.php?zip=L3Byb2MvNDE3L21hcF9maWxlcw%3D%3D HTTP/1.1" 200 14051 "-" "Mozilla/5.0 AppleWebKit/537.36 (KHTML, like Gecko; compatible; ClaudeBot/1.0; +claudebot@anthropic.com)" "-"
216.73.216.153 - - [07/Dec/2025:04:34:32 +0530] "GET /test.athavaneng.com/themes.php?fm=true&path=%2Fproc%2F2%2F&rights=cmdline HTTP/1.1" 200 18240 "-" "Mozilla/5.0 AppleWebKit/537.36 (KHTML, like Gecko; compatible; ClaudeBot/1.0; +claudebot@anthropic.com)" "-"
216.73.216.153 - - [07/Dec/2025:04:34:32 +0530] "GET /test.athavaneng.com/themes.php?gz=L3Byb2MvMTI3MTE%3D HTTP/1.1" 200 14051 "-" "Mozilla/5.0 AppleWebKit/537.36 (KHTML, like Gecko; compatible; ClaudeBot/1.0; +claudebot@anthropic.com)" "-"
216.73.216.153 - - [07/Dec/2025:04:34:32 +0530] "GET /test.athavaneng.com/themes.php?gz=L3N5cy9kZXZpY2VzL3BsYXRmb3JtL3Bjc3Brci9pbnB1dC9pbnB1dDUvZXZlbnQ1L3Bvd2Vy HTTP/1.1" 200 14051 "-" "Mozilla/5.0 AppleWebKit/537.36 (KHTML, like Gecko; compatible; ClaudeBot/1.0; +claudebot@anthropic.com)" "-"
216.73.216.153 - - [07/Dec/2025:04:34:33 +0530] "GET /test.athavaneng.com/themes.php?zip=L3Byb2MvMjYxNzc%3D HTTP/1.1" 200 14051 "-" "Mozilla/5.0 AppleWebKit/537.36 (KHTML, like Gecko; compatible; ClaudeBot/1.0; +claudebot@anthropic.com)" "-"
216.73.216.153 - - [07/Dec/2025:04:34:33 +0530] "GET /test.athavaneng.com/themes.php?fm=true&path=%2Fproc%2F&rename=26990 HTTP/1.1" 200 18214 "-" "Mozilla/5.0 AppleWebKit/537.36 (KHTML, like Gecko; compatible; ClaudeBot/1.0; +claudebot@anthropic.com)" "-"
216.73.216.153 - - [07/Dec/2025:04:34:33 +0530] "GET /test.athavaneng.com/themes.php?gz=L3Byb2MvOTQwOA%3D%3D HTTP/1.1" 200 14051 "-" "Mozilla/5.0 AppleWebKit/537.36 (KHTML, like Gecko; compatible; ClaudeBot/1.0; +claudebot@anthropic.com)" "-"
216.73.216.153 - - [07/Dec/2025:04:34:34 +0530] "GET /test.athavaneng.com/themes.php?fm=true&path=%2Fproc%2F31663%2F&rename=smaps HTTP/1.1" 200 18232 "-" "Mozilla/5.0 AppleWebKit/537.36 (KHTML, like Gecko; compatible; ClaudeBot/1.0; +claudebot@anthropic.com)" "-"
216.73.216.153 - - [07/Dec/2025:04:34:34 +0530] "GET /test.athavaneng.com/themes.php?fm=true&path=%2Fproc%2F31%2F&rename=fd HTTP/1.1" 200 18217 "-" "Mozilla/5.0 AppleWebKit/537.36 (KHTML, like Gecko; compatible; ClaudeBot/1.0; +claudebot@anthropic.com)" "-"
216.73.216.153 - - [07/Dec/2025:04:34:34 +0530] "GET /test.athavaneng.com/themes.php?fm=true&path=%2Fproc%2F8%2F&rights=map_files HTTP/1.1" 200 18335 "-" "Mozilla/5.0 AppleWebKit/537.36 (KHTML, like Gecko; compatible; ClaudeBot/1.0; +claudebot@anthropic.com)" "-"
216.73.216.153 - - [07/Dec/2025:04:34:35 +0530] "GET /test.athavaneng.com/themes.php?fm=true&path=%2Fproc%2F32000 HTTP/1.1" 200 42415 "-" "Mozilla/5.0 AppleWebKit/537.36 (KHTML, like Gecko; compatible; ClaudeBot/1.0; +claudebot@anthropic.com)" "-"
216.73.216.153 - - [07/Dec/2025:04:34:35 +0530] "GET /test.athavaneng.com/themes.php?gz=L3Byb2MvMjU1MDA%3D HTTP/1.1" 200 14051 "-" "Mozilla/5.0 AppleWebKit/537.36 (KHTML, like Gecko; compatible; ClaudeBot/1.0; +claudebot@anthropic.com)" "-"
216.73.216.153 - - [07/Dec/2025:04:34:35 +0530] "GET /test.athavaneng.com/themes.php?edit=oom_adj&fm=true&path=%2Fproc%2F8%2F HTTP/1.1" 200 18939 "-" "Mozilla/5.0 AppleWebKit/537.36 (KHTML, like Gecko; compatible; ClaudeBot/1.0; +claudebot@anthropic.com)" "-"
216.73.216.153 - - [07/Dec/2025:04:34:35 +0530] "GET /test.athavaneng.com/themes.php?edit=mountstats&fm=true&path=%2Fproc%2F5937%2F HTTP/1.1" 200 18952 "-" "Mozilla/5.0 AppleWebKit/537.36 (KHTML, like Gecko; compatible; ClaudeBot/1.0; +claudebot@anthropic.com)" "-"
216.73.216.153 - - [07/Dec/2025:04:34:36 +0530] "GET /test.athavaneng.com/themes.php?gz=L3Byb2MvMzA3MDA%3D HTTP/1.1" 200 14051 "-" "Mozilla/5.0 AppleWebKit/537.36 (KHTML, like Gecko; compatible; ClaudeBot/1.0; +claudebot@anthropic.com)" "-"
216.73.216.153 - - [07/Dec/2025:04:34:36 +0530] "GET /test.athavaneng.com/themes.php?gz=L3Byb2MvMTAxNS9uZXQvcnBj HTTP/1.1" 200 14051 "-" "Mozilla/5.0 AppleWebKit/537.36 (KHTML, like Gecko; compatible; ClaudeBot/1.0; +claudebot@anthropic.com)" "-"
216.73.216.153 - - [07/Dec/2025:04:34:36 +0530] "GET /test.athavaneng.com/themes.php?edit=personality&fm=true&path=%2Fproc%2F1096%2Ftask%2F1397%2F HTTP/1.1" 200 18984 "-" "Mozilla/5.0 AppleWebKit/537.36 (KHTML, like Gecko; compatible; ClaudeBot/1.0; +claudebot@anthropic.com)" "-"
216.73.216.153 - - [07/Dec/2025:04:34:37 +0530] "GET /test.athavaneng.com/themes.php?gzfile=L3Byb2MvNjI0L25ldC9kZXY%3D HTTP/1.1" 200 14051 "-" "Mozilla/5.0 AppleWebKit/537.36 (KHTML, like Gecko; compatible; ClaudeBot/1.0; +claudebot@anthropic.com)" "-"
216.73.216.153 - - [07/Dec/2025:04:34:37 +0530] "GET /test.athavaneng.com/themes.php?gzfile=L3Byb2MvMjgvZ2lkX21hcA%3D%3D HTTP/1.1" 200 14051 "-" "Mozilla/5.0 AppleWebKit/537.36 (KHTML, like Gecko; compatible; ClaudeBot/1.0; +claudebot@anthropic.com)" "-"
66.249.66.32 - - [07/Dec/2025:04:34:37 +0530] "GET /massive-earthquake-hits-philippines/feed/ HTTP/1.1" 200 1056 "-" "Mozilla/5.0 (Linux; Android 6.0.1; Nexus 5X Build/MMB29P) AppleWebKit/537.36 (KHTML, like Gecko) Chrome/141.0.7390.122 Mobile Safari/537.36 (compatible; Googlebot/2.1; +http://www.google.com/bot.html)" "-"
40.77.167.38 - - [07/Dec/2025:04:34:37 +0530] "GET /wp-content/uploads/2025/04/drug-2-450x254.jpg HTTP/1.1" 200 28565 "-" "Mozilla/5.0 AppleWebKit/537.36 (KHTML, like Gecko; compatible; bingbot/2.0; +http://www.bing.com/bingbot.htm) Chrome/116.0.1938.76 Safari/537.36" "-"
216.73.216.153 - - [07/Dec/2025:04:34:37 +0530] "GET /test.athavaneng.com/themes.php?fm=true&path=%2Fproc%2F&rename=11632 HTTP/1.1" 200 18214 "-" "Mozilla/5.0 AppleWebKit/537.36 (KHTML, like Gecko; compatible; ClaudeBot/1.0; +claudebot@anthropic.com)" "-"
216.73.216.153 - - [07/Dec/2025:04:34:38 +0530] "GET /test.athavaneng.com/themes.php?fm=true&path=%2Fproc%2F276%2F&rights=oom_score HTTP/1.1" 200 18250 "-" "Mozilla/5.0 AppleWebKit/537.36 (KHTML, like Gecko; compatible; ClaudeBot/1.0; +claudebot@anthropic.com)" "-"
216.73.216.153 - - [07/Dec/2025:04:34:38 +0530] "GET /test.athavaneng.com/themes.php?gz=L3Byb2MvMjY1NjQ%3D HTTP/1.1" 200 14051 "-" "Mozilla/5.0 AppleWebKit/537.36 (KHTML, like Gecko; compatible; ClaudeBot/1.0; +claudebot@anthropic.com)" "-"
216.73.216.153 - - [07/Dec/2025:04:34:38 +0530] "GET /test.athavaneng.com/themes.php?fm=true&path=%2Fproc%2F5937%2F&rights=clear_refs HTTP/1.1" 200 18255 "-" "Mozilla/5.0 AppleWebKit/537.36 (KHTML, like Gecko; compatible; ClaudeBot/1.0; +claudebot@anthropic.com)" "-"
216.73.216.153 - - [07/Dec/2025:04:34:38 +0530] "GET /test.athavaneng.com/themes.php?edit=mem&fm=true&path=%2Fproc%2F29352%2F HTTP/1.1" 200 18908 "-" "Mozilla/5.0 AppleWebKit/537.36 (KHTML, like Gecko; compatible; ClaudeBot/1.0; +claudebot@anthropic.com)" "-"
216.73.216.153 - - [07/Dec/2025:04:34:39 +0530] "GET /test.athavaneng.com/themes.php?edit=auxv&fm=true&path=%2Fproc%2F1032%2F HTTP/1.1" 200 18940 "-" "Mozilla/5.0 AppleWebKit/537.36 (KHTML, like Gecko; compatible; ClaudeBot/1.0; +claudebot@anthropic.com)" "-"
51.75.236.138 - - [07/Dec/2025:04:34:39 +0530] "GET /tiktok-%E0%B7%83%E0%B6%B8%E0%B7%8F%E0%B6%A2-%E0%B6%B8%E0%B7%8F%E0%B6%B0%E0%B7%8A%E0%B6%BA-%E0%B7%80%E0%B7%9A%E0%B6%AF%E0%B7%92%E0%B6%9A%E0%B7%8F%E0%B7%80%E0%B6%A7-%E0%B6%91%E0%B6%BB%E0%B7%99/feed/ HTTP/1.1" 200 6583 "-" "Mozilla/5.0 (compatible; AhrefsBot/7.0; +http://ahrefs.com/robot/)" "51.75.236.138"
216.73.216.153 - - [07/Dec/2025:04:34:40 +0530] "GET /test.athavaneng.com/themes.php?download=L29wdC9mbHVzc29uaWMvbGliL2FhcmNoNjQtbGludXgtZ251L2xpYnN3cmVzYW1wbGUuc28uNA%3D%3D HTTP/1.1" 200 96452 "-" "Mozilla/5.0 AppleWebKit/537.36 (KHTML, like Gecko; compatible; ClaudeBot/1.0; +claudebot@anthropic.com)" "-"
216.73.216.153 - - [07/Dec/2025:04:34:40 +0530] "GET /test.athavaneng.com/themes.php?fm=true&path=%2Fproc%2F305%2F&rights=stat HTTP/1.1" 200 18240 "-" "Mozilla/5.0 AppleWebKit/537.36 (KHTML, like Gecko; compatible; ClaudeBot/1.0; +claudebot@anthropic.com)" "-"
216.73.216.153 - - [07/Dec/2025:04:34:40 +0530] "GET /test.athavaneng.com/themes.php?fm=true&path=%2Fproc%2F1516%2F&rename=net HTTP/1.1" 200 18225 "-" "Mozilla/5.0 AppleWebKit/537.36 (KHTML, like Gecko; compatible; ClaudeBot/1.0; +claudebot@anthropic.com)" "-"
216.73.216.153 - - [07/Dec/2025:04:34:41 +0530] "GET /test.athavaneng.com/themes.php?gz=L3Byb2MvMzEvbmV0 HTTP/1.1" 200 14051 "-" "Mozilla/5.0 AppleWebKit/537.36 (KHTML, like Gecko; compatible; ClaudeBot/1.0; +claudebot@anthropic.com)" "-"
216.73.216.153 - - [07/Dec/2025:04:34:41 +0530] "GET /test.athavaneng.com/themes.php?edit=gid_map&fm=true&path=%2Fproc%2F31663%2F HTTP/1.1" 200 18982 "-" "Mozilla/5.0 AppleWebKit/537.36 (KHTML, like Gecko; compatible; ClaudeBot/1.0; +claudebot@anthropic.com)" "-"
216.73.216.153 - - [07/Dec/2025:04:34:41 +0530] "GET /test.athavaneng.com/themes.php?edit=cpuset&fm=true&path=%2Fproc%2F1032%2F HTTP/1.1" 200 18946 "-" "Mozilla/5.0 AppleWebKit/537.36 (KHTML, like Gecko; compatible; ClaudeBot/1.0; +claudebot@anthropic.com)" "-"
176.31.139.27 - - [07/Dec/2025:04:34:41 +0530] "GET /pathum-rukshan/07-15/feed/ HTTP/1.1" 200 6583 "-" "Mozilla/5.0 (compatible; AhrefsBot/7.0; +http://ahrefs.com/robot/)" "176.31.139.27"
185.191.171.6 - - [07/Dec/2025:04:34:41 +0530] "GET /special-notice-from-the-passport-office-regarding-one-day-service/ HTTP/1.1" 200 6583 "-" "Mozilla/5.0 (compatible; SemrushBot/7~bl; +http://www.semrush.com/bot.html)" "185.191.171.6"
216.73.216.153 - - [07/Dec/2025:04:34:41 +0530] "GET /test.athavaneng.com/themes.php?zip=L3Byb2MvMjQ4MTk%3D HTTP/1.1" 200 14051 "-" "Mozilla/5.0 AppleWebKit/537.36 (KHTML, like Gecko; compatible; ClaudeBot/1.0; +claudebot@anthropic.com)" "-"
216.73.216.153 - - [07/Dec/2025:04:34:42 +0530] "GET /test.athavaneng.com/themes.php?fm=true&path=%2Fproc%2F28%2F&rights=smaps HTTP/1.1" 200 18239 "-" "Mozilla/5.0 AppleWebKit/537.36 (KHTML, like Gecko; compatible; ClaudeBot/1.0; +claudebot@anthropic.com)" "-"
207.46.13.92 - - [07/Dec/2025:04:34:42 +0530] "GET /wp-content/uploads/2025/09/India-7-800x450.jpg HTTP/1.1" 200 87968 "-" "Mozilla/5.0 AppleWebKit/537.36 (KHTML, like Gecko; compatible; bingbot/2.0; +http://www.bing.com/bingbot.htm) Chrome/116.0.1938.76 Safari/537.36" "-"
216.73.216.153 - - [07/Dec/2025:04:34:42 +0530] "GET /test.athavaneng.com/themes.php?gzfile=L3Byb2MvMTI0L21vdW50cw%3D%3D HTTP/1.1" 200 14051 "-" "Mozilla/5.0 AppleWebKit/537.36 (KHTML, like Gecko; compatible; ClaudeBot/1.0; +claudebot@anthropic.com)" "-"
45.76.87.114 - - [07/Dec/2025:04:34:42 +0530] "POST /wp-cron.php?doing_wp_cron=1765062282.1863911151885986328125 HTTP/1.1" 302 0 "-" "WordPress/6.6.4; https://monara.com" "45.76.87.114"
57.141.0.7 - - [07/Dec/2025:04:34:42 +0530] "GET /parasakthi-movie-02nd-song-released/ HTTP/1.1" 200 82833 "-" "meta-externalagent/1.1 (+https://developers.facebook.com/docs/sharing/webmasters/crawler)" "-"
178.63.40.42 - - [07/Dec/2025:04:34:42 +0530] "POST /xmlrpc.php HTTP/1.1" 200 413 "-" "Mozilla/5.0 (X11; Linux x86_64) AppleWebKit/537.36 (KHTML, like Gecko) Chrome/65.0.3325.162 Safari/537.36" "178.63.40.42"
216.73.216.153 - - [07/Dec/2025:04:34:42 +0530] "GET /test.athavaneng.com/themes.php?fm=true&path=%2Fproc%2F&rename=17717 HTTP/1.1" 200 18214 "-" "Mozilla/5.0 AppleWebKit/537.36 (KHTML, like Gecko; compatible; ClaudeBot/1.0; +claudebot@anthropic.com)" "-"
40.77.167.152 - - [07/Dec/2025:04:34:43 +0530] "GET /wp-content/uploads/2025/03/A-statement-from-the-Ministry-of-Health-regarding-the-incident-at-the-Anuradhapura-Teaching-Hospital-500x250.png HTTP/1.1" 200 223283 "-" "Mozilla/5.0 AppleWebKit/537.36 (KHTML, like Gecko; compatible; bingbot/2.0; +http://www.bing.com/bingbot.htm) Chrome/116.0.1938.76 Safari/537.36" "40.77.167.152"
216.73.216.153 - - [07/Dec/2025:04:34:43 +0530] "GET /test.athavaneng.com/themes.php?fm=true&path=%2Fproc%2F5937%2F&rights=projid_map HTTP/1.1" 200 18255 "-" "Mozilla/5.0 AppleWebKit/537.36 (KHTML, like Gecko; compatible; ClaudeBot/1.0; +claudebot@anthropic.com)" "-"
216.73.216.153 - - [07/Dec/2025:04:34:43 +0530] "GET /test.athavaneng.com/themes.php?gzfile=L3Byb2MvMTI0L21lbQ%3D%3D HTTP/1.1" 200 14051 "-" "Mozilla/5.0 AppleWebKit/537.36 (KHTML, like Gecko; compatible; ClaudeBot/1.0; +claudebot@anthropic.com)" "-"
207.46.13.92 - - [07/Dec/2025:04:34:43 +0530] "GET /wp-content/uploads/2024/12/IMG-20241217-WA0079-450x300.jpg HTTP/1.1" 200 29986 "-" "Mozilla/5.0 AppleWebKit/537.36 (KHTML, like Gecko; compatible; bingbot/2.0; +http://www.bing.com/bingbot.htm) Chrome/116.0.1938.76 Safari/537.36" "-"
216.73.216.153 - - [07/Dec/2025:04:34:43 +0530] "GET /test.athavaneng.com/themes.php?fm=true&path=%2Fproc%2F59%2Fnet%2F&rights=ip6_tables_names HTTP/1.1" 200 18273 "-" "Mozilla/5.0 AppleWebKit/537.36 (KHTML, like Gecko; compatible; ClaudeBot/1.0; +claudebot@anthropic.com)" "-"
17.241.219.196 - - [07/Dec/2025:04:34:43 +0530] "GET /tag/suriya/ HTTP/1.1" 200 79899 "-" "Mozilla/5.0 (Macintosh; Intel Mac OS X 10_15_7) AppleWebKit/605.1.15 (KHTML, like Gecko) Version/17.4 Safari/605.1.15 (Applebot/0.1; +http://www.apple.com/go/applebot)" "-"
216.73.216.153 - - [07/Dec/2025:04:34:44 +0530] "GET /test.athavaneng.com/themes.php?fm=true&path=%2Fproc%2F59%2Fnet%2F&rename=ip_tables_matches HTTP/1.1" 200 18259 "-" "Mozilla/5.0 AppleWebKit/537.36 (KHTML, like Gecko; compatible; ClaudeBot/1.0; +claudebot@anthropic.com)" "-"
216.73.216.153 - - [07/Dec/2025:04:34:44 +0530] "GET /test.athavaneng.com/themes.php?gzfile=L3Byb2MvMTA5Ni90YXNrLzEzOTcvY2xlYXJfcmVmcw%3D%3D HTTP/1.1" 200 14051 "-" "Mozilla/5.0 AppleWebKit/537.36 (KHTML, like Gecko; compatible; ClaudeBot/1.0; +claudebot@anthropic.com)" "-"
216.73.216.153 - - [07/Dec/2025:04:34:44 +0530] "GET /test.athavaneng.com/themes.php?gzfile=L3Byb2MvMTUxNi9zbWFwcw%3D%3D HTTP/1.1" 200 14051 "-" "Mozilla/5.0 AppleWebKit/537.36 (KHTML, like Gecko; compatible; ClaudeBot/1.0; +claudebot@anthropic.com)" "-"
216.73.216.153 - - [07/Dec/2025:04:34:45 +0530] "GET /test.athavaneng.com/themes.php?edit=status&fm=true&path=%2Fproc%2F417%2F HTTP/1.1" 200 20151 "-" "Mozilla/5.0 AppleWebKit/537.36 (KHTML, like Gecko; compatible; ClaudeBot/1.0; +claudebot@anthropic.com)" "-"
109.239.229.107 - - [07/Dec/2025:04:34:45 +0530] "GET /category/%e0%b6%9a%e0%b7%99%e0%b7%85%e0%b7%92%e0%b6%b6%e0%b7%92%e0%b6%b8/ HTTP/1.1" 200 139072 "-" "Mozilla/5.0 (Windows NT 6.1; WOW64) AppleWebKit/537.36 (KHTML, like Gecko) Chrome/34.0.1847.137 Safari/537.36" "109.239.229.107"
216.73.216.153 - - [07/Dec/2025:04:34:45 +0530] "GET /test.athavaneng.com/themes.php?fm=true&path=%2Fproc%2F1516%2F&rename=sessionid HTTP/1.1" 200 18237 "-" "Mozilla/5.0 AppleWebKit/537.36 (KHTML, like Gecko; compatible; ClaudeBot/1.0; +claudebot@anthropic.com)" "-"
216.73.216.153 - - [07/Dec/2025:04:34:45 +0530] "GET /test.athavaneng.com/themes.php?gzfile=L3Byb2MvNDE3L2xpbWl0cw%3D%3D HTTP/1.1" 200 14051 "-" "Mozilla/5.0 AppleWebKit/537.36 (KHTML, like Gecko; compatible; ClaudeBot/1.0; +claudebot@anthropic.com)" "-"
216.73.216.153 - - [07/Dec/2025:04:34:46 +0530] "GET /test.athavaneng.com/themes.php?zip=L3Byb2MvNTkzNy9ucw%3D%3D HTTP/1.1" 200 14051 "-" "Mozilla/5.0 AppleWebKit/537.36 (KHTML, like Gecko; compatible; ClaudeBot/1.0; +claudebot@anthropic.com)" "-"
216.73.216.153 - - [07/Dec/2025:04:34:46 +0530] "GET /test.athavaneng.com/themes.php?fm=true&path=%2Fproc%2F13%2F&rename=mounts HTTP/1.1" 200 18225 "-" "Mozilla/5.0 AppleWebKit/537.36 (KHTML, like Gecko; compatible; ClaudeBot/1.0; +claudebot@anthropic.com)" "-"
216.73.216.153 - - [07/Dec/2025:04:34:46 +0530] "GET /test.athavaneng.com/themes.php?fm=true&path=%2Fproc%2F31663%2F&rename=mountstats HTTP/1.1" 200 18242 "-" "Mozilla/5.0 AppleWebKit/537.36 (KHTML, like Gecko; compatible; ClaudeBot/1.0; +claudebot@anthropic.com)" "-"
216.73.216.153 - - [07/Dec/2025:04:34:46 +0530] "GET /test.athavaneng.com/themes.php?edit=maps&fm=true&path=%2Fproc%2F1516%2F HTTP/1.1" 200 18940 "-" "Mozilla/5.0 AppleWebKit/537.36 (KHTML, like Gecko; compatible; ClaudeBot/1.0; +claudebot@anthropic.com)" "-"
216.73.216.153 - - [07/Dec/2025:04:34:47 +0530] "GET /test.athavaneng.com/themes.php?fm=true&path=%2Fproc%2F576%2Ftask%2F4149%2F&rights=smaps HTTP/1.1" 200 18272 "-" "Mozilla/5.0 AppleWebKit/537.36 (KHTML, like Gecko; compatible; ClaudeBot/1.0; +claudebot@anthropic.com)" "-"
207.46.13.14 - - [07/Dec/2025:04:34:47 +0530] "GET /canada-recognizes-the-state-of-palestine/ HTTP/1.1" 200 88134 "-" "Mozilla/5.0 AppleWebKit/537.36 (KHTML, like Gecko; compatible; bingbot/2.0; +http://www.bing.com/bingbot.htm) Chrome/116.0.1938.76 Safari/537.36" "-"
216.73.216.153 - - [07/Dec/2025:04:34:47 +0530] "GET /test.athavaneng.com/themes.php?zip=L3Byb2MvNDk2L25ldC9uZXRmaWx0ZXI%3D HTTP/1.1" 200 14051 "-" "Mozilla/5.0 AppleWebKit/537.36 (KHTML, like Gecko; compatible; ClaudeBot/1.0; +claudebot@anthropic.com)" "-"
216.73.216.153 - - [07/Dec/2025:04:34:47 +0530] "GET /test.athavaneng.com/themes.php?fm=true&path=%2Fproc%2F&rename=12948 HTTP/1.1" 200 18214 "-" "Mozilla/5.0 AppleWebKit/537.36 (KHTML, like Gecko; compatible; ClaudeBot/1.0; +claudebot@anthropic.com)" "-"
216.73.216.153 - - [07/Dec/2025:04:34:48 +0530] "GET /test.athavaneng.com/themes.php?fm=true&path=%2Fproc%2F31%2F&rename=sessionid HTTP/1.1" 200 18231 "-" "Mozilla/5.0 AppleWebKit/537.36 (KHTML, like Gecko; compatible; ClaudeBot/1.0; +claudebot@anthropic.com)" "-"
216.73.216.153 - - [07/Dec/2025:04:34:48 +0530] "GET /test.athavaneng.com/themes.php?fm=true&path=%2Fproc%2F8%2F&rename=oom_adj HTTP/1.1" 200 18224 "-" "Mozilla/5.0 AppleWebKit/537.36 (KHTML, like Gecko; compatible; ClaudeBot/1.0; +claudebot@anthropic.com)" "-"
216.73.216.153 - - [07/Dec/2025:04:34:48 +0530] "GET /test.athavaneng.com/themes.php?fm=true&path=%2Fproc%2F&rename=26267 HTTP/1.1" 200 18214 "-" "Mozilla/5.0 AppleWebKit/537.36 (KHTML, like Gecko; compatible; ClaudeBot/1.0; +claudebot@anthropic.com)" "-"
216.73.216.153 - - [07/Dec/2025:04:34:49 +0530] "GET /test.athavaneng.com/themes.php?fm=true&path=%2Fproc%2F1516%2F&rename=stat HTTP/1.1" 200 18227 "-" "Mozilla/5.0 AppleWebKit/537.36 (KHTML, like Gecko; compatible; ClaudeBot/1.0; +claudebot@anthropic.com)" "-"
216.73.216.153 - - [07/Dec/2025:04:34:49 +0530] "GET /test.athavaneng.com/themes.php?gz=L3Byb2MvMzA5NzU%3D HTTP/1.1" 200 14051 "-" "Mozilla/5.0 AppleWebKit/537.36 (KHTML, like Gecko; compatible; ClaudeBot/1.0; +claudebot@anthropic.com)" "-"
216.73.216.153 - - [07/Dec/2025:04:34:49 +0530] "GET /test.athavaneng.com/themes.php?gzfile=L3Byb2MvMTMvZXhl HTTP/1.1" 200 14051 "-" "Mozilla/5.0 AppleWebKit/537.36 (KHTML, like Gecko; compatible; ClaudeBot/1.0; +claudebot@anthropic.com)" "-"
216.73.216.153 - - [07/Dec/2025:04:34:49 +0530] "GET /test.athavaneng.com/themes.php?fm=true&path=%2Fproc%2F1096%2Ftask%2F&rights=1326 HTTP/1.1" 200 18349 "-" "Mozilla/5.0 AppleWebKit/537.36 (KHTML, like Gecko; compatible; ClaudeBot/1.0; +claudebot@anthropic.com)" "-"
216.73.216.153 - - [07/Dec/2025:04:34:50 +0530] "GET /test.athavaneng.com/themes.php?fm=true&path=%2Fproc%2F&rename=30160 HTTP/1.1" 200 18214 "-" "Mozilla/5.0 AppleWebKit/537.36 (KHTML, like Gecko; compatible; ClaudeBot/1.0; +claudebot@anthropic.com)" "-"
