40.77.167.22 - - [07/Dec/2025:04:03:52 +0530] "GET /wp-content/uploads/2025/03/Accident-sends-15-school-students-to-hospital-768x384.png HTTP/1.1" 200 428518 "-" "Mozilla/5.0 AppleWebKit/537.36 (KHTML, like Gecko; compatible; bingbot/2.0; +http://www.bing.com/bingbot.htm) Chrome/116.0.1938.76 Safari/537.36" "40.77.167.22"
172.70.127.195 - - [07/Dec/2025:04:03:53 +0530] "GET /?k=91349475161025 HTTP/1.1" 304 0 "-" "Mozilla/5.0 (Linux; Android 6.0.1; Nexus 5X Build/MMB29P) AppleWebKit/537.36 (KHTML, like Gecko) Chrome/141.0.7390.122 Mobile Safari/537.36 (compatible; Googlebot/2.1; +http://www.google.com/bot.html)" "66.249.72.139"
172.70.130.44 - - [07/Dec/2025:04:03:53 +0530] "GET /?k=48931778040916 HTTP/1.1" 304 0 "-" "Mozilla/5.0 (Linux; Android 6.0.1; Nexus 5X Build/MMB29P) AppleWebKit/537.36 (KHTML, like Gecko) Chrome/141.0.7390.122 Mobile Safari/537.36 (compatible; Googlebot/2.1; +http://www.google.com/bot.html)" "66.249.72.140"
172.70.127.195 - - [07/Dec/2025:04:03:53 +0530] "GET /?k=7715834366364 HTTP/1.1" 304 0 "-" "Mozilla/5.0 (Linux; Android 6.0.1; Nexus 5X Build/MMB29P) AppleWebKit/537.36 (KHTML, like Gecko) Chrome/141.0.7390.122 Mobile Safari/537.36 (compatible; Googlebot/2.1; +http://www.google.com/bot.html)" "66.249.72.139"
216.73.216.153 - - [07/Dec/2025:04:03:54 +0530] "GET /test.athavaneng.com/themes.php?edit=style-rtl.css&fm=true&path=%2Fhome%2Fmonara%2Fpublic_html%2Ftrainee_assignment%2Fwp-includes%2Fblocks%2Fimage%2F HTTP/1.1" 200 27055 "-" "Mozilla/5.0 AppleWebKit/537.36 (KHTML, like Gecko; compatible; ClaudeBot/1.0; +claudebot@anthropic.com)" "-"
37.59.204.130 - - [07/Dec/2025:04:03:55 +0530] "GET /two-suspects-arrested-in-connection-with-motorcycle-theft/ HTTP/1.1" 304 0 "-" "Mozilla/5.0 (compatible; AhrefsBot/7.0; +http://ahrefs.com/robot/)" "37.59.204.130"
40.77.167.132 - - [07/Dec/2025:04:03:55 +0530] "GET /sitemap/sitemap-daily-2023-10-13.xml HTTP/1.1" 404 70748 "-" "Mozilla/5.0 AppleWebKit/537.36 (KHTML, like Gecko; compatible; bingbot/2.0; +http://www.bing.com/bingbot.htm) Chrome/116.0.1938.76 Safari/537.36" "-"
20.15.133.174 - - [07/Dec/2025:04:03:56 +0530] "GET /wp-content/uploads/2025/03/Accident-sends-15-school-students-to-hospital-768x384.png HTTP/1.1" 200 428518 "-" "Mozilla/5.0 AppleWebKit/537.36 (KHTML, like Gecko; compatible; bingbot/2.0; +http://www.bing.com/bingbot.htm) Chrome/116.0.1938.76 Safari/537.36" "20.15.133.174"
40.77.167.132 - - [07/Dec/2025:04:03:56 +0530] "GET /1990-plan-to-increase-the-suwaseriya-ambulance-team-to-500/feed/ HTTP/1.1" 200 995 "-" "Mozilla/5.0 AppleWebKit/537.36 (KHTML, like Gecko; compatible; bingbot/2.0; +http://www.bing.com/bingbot.htm) Chrome/116.0.1938.76 Safari/537.36" "-"
17.246.23.106 - - [07/Dec/2025:04:03:57 +0530] "GET /you-will-surprise-with-this-cool-and-cheap-gadget/ HTTP/1.1" 200 6583 "-" "Mozilla/5.0 (Macintosh; Intel Mac OS X 10_15_7) AppleWebKit/605.1.15 (KHTML, like Gecko) Version/17.4 Safari/605.1.15 (Applebot/0.1; +http://www.apple.com/go/applebot)" "17.246.23.106"
45.76.87.114 - - [07/Dec/2025:04:03:58 +0530] "POST /wp-cron.php?doing_wp_cron=1765060437.8286828994750976562500 HTTP/1.1" 302 0 "-" "WordPress/6.6.4; https://monara.com" "45.76.87.114"
178.239.147.98 - - [07/Dec/2025:04:03:58 +0530] "POST /xmlrpc.php HTTP/1.1" 200 413 "-" "Mozilla/5.0 (IE 11.0; Windows NT 6.3; Trident/7.0; .NET4.0E; .NET4.0C; rv:11.0) like Gecko" "178.239.147.98"
216.73.216.153 - - [07/Dec/2025:04:03:59 +0530] "GET /test.athavaneng.com/themes.php?fm=true&path=%2Fhome%2Fmonara%2Fpublic_html%2Fintern_web%2Fwp-includes%2Fblocks%2Fpost-featured-image%2F&rename=editor.css HTTP/1.1" 200 18431 "-" "Mozilla/5.0 AppleWebKit/537.36 (KHTML, like Gecko; compatible; ClaudeBot/1.0; +claudebot@anthropic.com)" "-"
176.31.139.31 - - [07/Dec/2025:04:04:02 +0530] "GET /teledrama_detail.php?id=31&page=74 HTTP/1.1" 200 18878 "-" "Mozilla/5.0 (compatible; AhrefsBot/7.0; +http://ahrefs.com/robot/)" "176.31.139.31"
185.191.171.12 - - [07/Dec/2025:04:04:04 +0530] "GET /tag/motor/ HTTP/1.1" 200 80549 "-" "Mozilla/5.0 (compatible; SemrushBot/7~bl; +http://www.semrush.com/bot.html)" "-"
216.73.216.153 - - [07/Dec/2025:04:04:04 +0530] "GET /test.athavaneng.com/themes.php?fm=true&path=%2Fhome%2Fmonara%2Fpublic_html%2Fintern_web%2Fwp-content%2Fplugins%2Fbuddypress%2F&rename=bp-xprofile HTTP/1.1" 200 18406 "-" "Mozilla/5.0 AppleWebKit/537.36 (KHTML, like Gecko; compatible; ClaudeBot/1.0; +claudebot@anthropic.com)" "-"
207.46.13.125 - - [07/Dec/2025:04:04:07 +0530] "GET /wp-content/uploads/2025/03/kovil-new-650x375.jpg HTTP/1.1" 200 83562 "-" "Mozilla/5.0 AppleWebKit/537.36 (KHTML, like Gecko; compatible; bingbot/2.0; +http://www.bing.com/bingbot.htm) Chrome/116.0.1938.76 Safari/537.36" "-"
109.239.229.107 - - [07/Dec/2025:04:04:07 +0530] "GET /category/%e0%b7%81%e0%b7%8a%e0%b6%bb%e0%b7%93-%e0%b6%bd%e0%b6%82%e0%b6%9a%e0%b7%8f%e0%b7%80/ HTTP/1.1" 200 137520 "-" "Mozilla/5.0 (Windows NT 6.1; WOW64) AppleWebKit/537.36 (KHTML, like Gecko) Chrome/35.0.1916.114 Safari/537.36" "109.239.229.107"
216.73.216.153 - - [07/Dec/2025:04:04:09 +0530] "GET /test.athavaneng.com/themes.php?fm=true&path=%2Fhome%2Fmonara%2Fpublic_html%2Fefm_web%2Fwp-content%2Fplugins%2Fsmart-slider-3%2FNextend%2F&rights=Languages HTTP/1.1" 200 18536 "-" "Mozilla/5.0 AppleWebKit/537.36 (KHTML, like Gecko; compatible; ClaudeBot/1.0; +claudebot@anthropic.com)" "-"
66.249.66.162 - - [07/Dec/2025:04:04:11 +0530] "GET /wp-includes/class-wp-theme.php HTTP/1.1" 200 0 "-" "Mozilla/5.0 (Linux; Android 6.0.1; Nexus 5X Build/MMB29P) AppleWebKit/537.36 (KHTML, like Gecko) Chrome/141.0.7390.122 Mobile Safari/537.36 (compatible; Googlebot/2.1; +http://www.google.com/bot.html)" "-"
216.73.216.153 - - [07/Dec/2025:04:04:14 +0530] "GET /test.athavaneng.com/themes.php?fm=true&path=%2Fhome%2Fmonara%2Fpublic_html%2Fefm_web%2Fwp-admin%2Fnetwork%2F&rename=user-new.php HTTP/1.1" 200 18360 "-" "Mozilla/5.0 AppleWebKit/537.36 (KHTML, like Gecko; compatible; ClaudeBot/1.0; +claudebot@anthropic.com)" "-"
37.59.204.141 - - [07/Dec/2025:04:04:16 +0530] "GET /dileka-kavindu-wedding/01-6/feed/ HTTP/1.1" 200 6583 "-" "Mozilla/5.0 (compatible; AhrefsBot/7.0; +http://ahrefs.com/robot/)" "37.59.204.141"
185.191.171.15 - - [07/Dec/2025:04:04:19 +0530] "GET /eric-meyer-to-be-appointed-as-us-ambassador-to-sri-lanka/ HTTP/1.1" 200 84695 "-" "Mozilla/5.0 (compatible; SemrushBot/7~bl; +http://www.semrush.com/bot.html)" "-"
216.73.216.153 - - [07/Dec/2025:04:04:19 +0530] "GET /test.athavaneng.com/themes.php?fm=true&path=%2Fhome%2Fmonara%2Fpublic_html%2Ftrainee_assignment%2Fwp-admin%2Fcss%2F&rights=customize-nav-menus.css HTTP/1.1" 200 18419 "-" "Mozilla/5.0 AppleWebKit/537.36 (KHTML, like Gecko; compatible; ClaudeBot/1.0; +claudebot@anthropic.com)" "-"
104.23.213.101 - - [07/Dec/2025:04:04:22 +0530] "GET /robots.txt HTTP/1.1" 301 162 "-" "Mozilla/5.0 AppleWebKit/537.36 (KHTML, like Gecko; compatible; Amazonbot/0.1; +https://developer.amazon.com/support/amazonbot) Chrome/119.0.6045.214 Safari/537.36" "98.82.63.147"
85.208.96.193 - - [07/Dec/2025:04:04:24 +0530] "GET /tag/produce/ HTTP/1.1" 200 77205 "-" "Mozilla/5.0 (compatible; SemrushBot/7~bl; +http://www.semrush.com/bot.html)" "-"
85.208.96.202 - - [07/Dec/2025:04:04:24 +0530] "GET /tag/former-us-president-jimmy-carter-is-dead/ HTTP/1.1" 200 6583 "-" "Mozilla/5.0 (compatible; SemrushBot/7~bl; +http://www.semrush.com/bot.html)" "85.208.96.202"
216.73.216.153 - - [07/Dec/2025:04:04:24 +0530] "GET /test.athavaneng.com/themes.php?fm=true&path=%2Fhome%2Fmonara%2Fpublic_html%2Fefm_web%2Fwp-includes%2Fjs%2Fdist%2F&rename=vendor HTTP/1.1" 200 18357 "-" "Mozilla/5.0 AppleWebKit/537.36 (KHTML, like Gecko; compatible; ClaudeBot/1.0; +claudebot@anthropic.com)" "-"
172.70.127.195 - - [07/Dec/2025:04:04:26 +0530] "GET /?k=8764410563655 HTTP/1.1" 304 0 "-" "Mozilla/5.0 (Linux; Android 6.0.1; Nexus 5X Build/MMB29P) AppleWebKit/537.36 (KHTML, like Gecko) Chrome/141.0.7390.122 Mobile Safari/537.36 (compatible; Googlebot/2.1; +http://www.google.com/bot.html)" "66.249.72.139"
172.70.130.44 - - [07/Dec/2025:04:04:27 +0530] "GET /?k=89564564691237 HTTP/1.1" 304 0 "-" "Mozilla/5.0 (Linux; Android 6.0.1; Nexus 5X Build/MMB29P) AppleWebKit/537.36 (KHTML, like Gecko) Chrome/141.0.7390.122 Mobile Safari/537.36 (compatible; Googlebot/2.1; +http://www.google.com/bot.html)" "66.249.72.140"
172.70.127.195 - - [07/Dec/2025:04:04:27 +0530] "GET /?k=8295319428253 HTTP/1.1" 304 0 "-" "Mozilla/5.0 (Linux; Android 6.0.1; Nexus 5X Build/MMB29P) AppleWebKit/537.36 (KHTML, like Gecko) Chrome/141.0.7390.122 Mobile Safari/537.36 (compatible; Googlebot/2.1; +http://www.google.com/bot.html)" "66.249.72.139"
172.70.100.175 - - [07/Dec/2025:04:04:27 +0530] "GET /?k=9275709140313 HTTP/1.1" 304 0 "-" "Mozilla/5.0 (Linux; Android 6.0.1; Nexus 5X Build/MMB29P) AppleWebKit/537.36 (KHTML, like Gecko) Chrome/141.0.7390.122 Mobile Safari/537.36 (compatible; Googlebot/2.1; +http://www.google.com/bot.html)" "66.249.72.141"
216.73.216.153 - - [07/Dec/2025:04:04:29 +0530] "GET /test.athavaneng.com/themes.php?edit=common-rtl.css&fm=true&path=%2Fhome%2Fmonara%2Fpublic_html%2Fintern_web%2Fwp-admin%2Fcss%2F HTTP/1.1" 200 97662 "-" "Mozilla/5.0 AppleWebKit/537.36 (KHTML, like Gecko; compatible; ClaudeBot/1.0; +claudebot@anthropic.com)" "-"
45.76.87.114 - - [07/Dec/2025:04:04:29 +0530] "POST /wp-cron.php?doing_wp_cron=1765060469.5656900405883789062500 HTTP/1.1" 200 0 "-" "WordPress/6.9; https://hotelsapphirelk.com" "-"
43.153.7.191 - - [07/Dec/2025:04:04:29 +0530] "GET /Hotel/reservation/?room-type=5031495 HTTP/1.1" 301 0 "-" "Mozilla/5.0 (iPhone; CPU iPhone OS 13_2_3 like Mac OS X) AppleWebKit/605.1.15 (KHTML, like Gecko) Version/13.0.3 Mobile/15E148 Safari/604.1" "-"
2620:121:5042:52:d1d0::1 - - [07/Dec/2025:04:04:29 +0530] "GET / HTTP/1.1" 200 6583 "-" "Snap URL Preview Service; bot; snapchat; https://developers.snap.com/robots" "2620:121:5042:52:d1d0::1"
216.73.216.86 - - [07/Dec/2025:04:04:33 +0530] "GET /wp-sitemap.xml HTTP/1.1" 200 1346 "-" "Mozilla/5.0 AppleWebKit/537.36 (KHTML, like Gecko; compatible; ClaudeBot/1.0; +claudebot@anthropic.com)" "-"
40.77.167.73 - - [07/Dec/2025:04:04:34 +0530] "GET /tamarind-fire/ HTTP/1.1" 304 0 "-" "Mozilla/5.0 AppleWebKit/537.36 (KHTML, like Gecko; compatible; bingbot/2.0; +http://www.bing.com/bingbot.htm) Chrome/116.0.1938.76 Safari/537.36" "40.77.167.73"
40.77.167.73 - - [07/Dec/2025:04:04:34 +0530] "GET /chinas-xi-holds-video-call-with-russias-putin/ HTTP/1.1" 200 6583 "-" "Mozilla/5.0 AppleWebKit/537.36 (KHTML, like Gecko; compatible; bingbot/2.0; +http://www.bing.com/bingbot.htm) Chrome/116.0.1938.76 Safari/537.36" "40.77.167.73"
216.73.216.86 - - [07/Dec/2025:04:04:34 +0530] "GET /tag/meetiyagoda/feed HTTP/1.1" 301 0 "-" "Mozilla/5.0 AppleWebKit/537.36 (KHTML, like Gecko; compatible; ClaudeBot/1.0; +claudebot@anthropic.com)" "-"
216.73.216.153 - - [07/Dec/2025:04:04:34 +0530] "GET /test.athavaneng.com/themes.php?fm=true&path=%2Fhome%2Fmonara%2Fpublic_html%2FHotel_Sapphire_redesign%2Fwp-content%2Fplugins%2Fpopup-maker%2Fclasses%2F&rename=DB HTTP/1.1" 200 18454 "-" "Mozilla/5.0 AppleWebKit/537.36 (KHTML, like Gecko; compatible; ClaudeBot/1.0; +claudebot@anthropic.com)" "-"
40.77.167.73 - - [07/Dec/2025:04:04:34 +0530] "GET /here-is-the-dollar-price-today-2/ HTTP/1.1" 200 6583 "-" "Mozilla/5.0 AppleWebKit/537.36 (KHTML, like Gecko; compatible; bingbot/2.0; +http://www.bing.com/bingbot.htm) Chrome/116.0.1938.76 Safari/537.36" "40.77.167.73"
216.73.216.86 - - [07/Dec/2025:04:04:35 +0530] "GET /tag/meetiyagoda/feed/ HTTP/1.1" 200 17879 "https://oruvan.com/tag/meetiyagoda/feed" "Mozilla/5.0 AppleWebKit/537.36 (KHTML, like Gecko; compatible; ClaudeBot/1.0; +claudebot@anthropic.com)" "-"
43.153.7.191 - - [07/Dec/2025:04:04:36 +0530] "GET /reservation/?room-type=5031495 HTTP/1.1" 200 111661 "https://hotelsapphirelk.com/Hotel/reservation/?room-type=5031495" "Mozilla/5.0 (iPhone; CPU iPhone OS 13_2_3 like Mac OS X) AppleWebKit/605.1.15 (KHTML, like Gecko) Version/13.0.3 Mobile/15E148 Safari/604.1" "-"
20.224.30.82 - - [07/Dec/2025:04:04:37 +0530] "GET /.env HTTP/1.1" 404 106819 "-" "Mozilla/5.0 (X11; Linux x86_64) AppleWebKit/537.36 (KHTML, like Gecko) Chrome/81.0.4044.129 Safari/537.36" "-"
54.37.118.86 - - [07/Dec/2025:04:04:38 +0530] "GET /tag/jems/feed/ HTTP/1.1" 200 6583 "-" "Mozilla/5.0 (compatible; AhrefsBot/7.0; +http://ahrefs.com/robot/)" "54.37.118.86"
20.224.30.82 - - [07/Dec/2025:04:04:39 +0530] "POST / HTTP/1.1" 200 156401 "-" "Mozilla/5.0 (X11; Linux x86_64) AppleWebKit/537.36 (KHTML, like Gecko) Chrome/81.0.4044.129 Safari/537.36" "-"
216.73.216.153 - - [07/Dec/2025:04:04:39 +0530] "GET /test.athavaneng.com/themes.php?fm=true&path=%2Fhome%2Fmonara%2Fpublic_html%2Fefm_web%2Fwp-includes%2Fblocks%2F&rename=term-description.php HTTP/1.1" 200 18382 "-" "Mozilla/5.0 AppleWebKit/537.36 (KHTML, like Gecko; compatible; ClaudeBot/1.0; +claudebot@anthropic.com)" "-"
40.77.167.33 - - [07/Dec/2025:04:04:40 +0530] "GET /major-general-chandana-wickramasinghe-appointed-as-new-deputy-chief-of-army-staff/ HTTP/1.1" 200 6583 "-" "Mozilla/5.0 AppleWebKit/537.36 (KHTML, like Gecko; compatible; bingbot/2.0; +http://www.bing.com/bingbot.htm) Chrome/116.0.1938.76 Safari/537.36" "40.77.167.33"
216.73.216.153 - - [07/Dec/2025:04:04:44 +0530] "GET /test.athavaneng.com/themes.php?edit=ms.php&fm=true&path=%2Fhome%2Fmonara%2Fpublic_html%2Fben_holdings_wp%2Fwp-admin%2Fincludes%2F HTTP/1.1" 200 56415 "-" "Mozilla/5.0 AppleWebKit/537.36 (KHTML, like Gecko; compatible; ClaudeBot/1.0; +claudebot@anthropic.com)" "-"
40.77.167.132 - - [07/Dec/2025:04:04:44 +0530] "GET /mans-body-found-in-mullaitivu/ HTTP/1.1" 200 81760 "-" "Mozilla/5.0 AppleWebKit/537.36 (KHTML, like Gecko; compatible; bingbot/2.0; +http://www.bing.com/bingbot.htm) Chrome/116.0.1938.76 Safari/537.36" "-"
40.77.167.73 - - [07/Dec/2025:04:04:45 +0530] "GET /news-about-laugfs-gas-prices/ HTTP/1.1" 200 6583 "-" "Mozilla/5.0 AppleWebKit/537.36 (KHTML, like Gecko; compatible; bingbot/2.0; +http://www.bing.com/bingbot.htm) Chrome/116.0.1938.76 Safari/537.36" "40.77.167.73"
216.73.216.153 - - [07/Dec/2025:04:04:49 +0530] "GET /test.athavaneng.com/themes.php?fm=true&path=%2Fhome%2Fmonara%2Fpublic_html%2Fintern_web%2Fwp-content%2Fthemes%2Fkadence%2Fbbpress%2F&rights=loop-single-topic.php HTTP/1.1" 200 18454 "-" "Mozilla/5.0 AppleWebKit/537.36 (KHTML, like Gecko; compatible; ClaudeBot/1.0; +claudebot@anthropic.com)" "-"
40.77.167.22 - - [07/Dec/2025:04:04:51 +0530] "GET /a-notable-increase-in-the-colombo-stock-exchange/ HTTP/1.1" 200 6583 "-" "Mozilla/5.0 AppleWebKit/537.36 (KHTML, like Gecko; compatible; bingbot/2.0; +http://www.bing.com/bingbot.htm) Chrome/116.0.1938.76 Safari/537.36" "40.77.167.22"
216.73.216.153 - - [07/Dec/2025:04:04:54 +0530] "GET /test.athavaneng.com/themes.php?edit=style.css&fm=true&path=%2Fhome%2Fmonara%2Fpublic_html%2Fefm_web%2Fwp-includes%2Fblocks%2Fcalendar%2F HTTP/1.1" 200 19827 "-" "Mozilla/5.0 AppleWebKit/537.36 (KHTML, like Gecko; compatible; ClaudeBot/1.0; +claudebot@anthropic.com)" "-"
116.179.32.80 - - [07/Dec/2025:04:04:55 +0530] "GET /cinema/2024/01/29/amala-paul-practices-yoga-viral-video HTTP/1.1" 404 70748 "-" "Mozilla/5.0 (compatible; Baiduspider/2.0; +http://www.baidu.com/search/spider.html)" "-"
185.191.171.3 - - [07/Dec/2025:04:04:58 +0530] "GET /80-israeli-agricultural-workers-have-escaped/ HTTP/1.1" 200 6583 "-" "Mozilla/5.0 (compatible; SemrushBot/7~bl; +http://www.semrush.com/bot.html)" "185.191.171.3"
216.73.216.153 - - [07/Dec/2025:04:04:59 +0530] "GET /test.athavaneng.com/themes.php?fm=true&path=%2Fhome%2Fmonara%2Fpublic_html%2Fefm_web%2Fwp-includes%2Fblocks%2F&rename=site-logo HTTP/1.1" 200 18360 "-" "Mozilla/5.0 AppleWebKit/537.36 (KHTML, like Gecko; compatible; ClaudeBot/1.0; +claudebot@anthropic.com)" "-"
216.244.66.234 - - [07/Dec/2025:04:04:59 +0530] "GET /%E0%B6%86%E0%B6%BB%E0%B6%9A%E0%B7%8A%E0%B7%82%E0%B6%9A-%E0%B7%83%E0%B7%9A%E0%B7%80%E0%B7%8F-%E0%B6%85%E0%B6%AB-%E0%B7%84%E0%B7%8F-%E0%B6%B8%E0%B7%8F%E0%B6%AB%E0%B7%8A%E0%B6%A9%E0%B6%BD/whatsapp-image-2024-12-13-at-19-31-22-1/ HTTP/1.1" 200 6583 "-" "Mozilla/5.0 (compatible; DotBot/1.2; +https://opensiteexplorer.org/dotbot; help@moz.com)" "216.244.66.234"
40.77.167.33 - - [07/Dec/2025:04:05:00 +0530] "GET /%E0%B6%85%E0%B6%AF-%E0%B6%BB%E0%B6%B1%E0%B7%8A-%E0%B6%B8%E0%B7%92%E0%B6%BD-%E0%B7%80%E0%B7%99%E0%B6%B1%E0%B7%83%E0%B7%8A-%E0%B7%80%E0%B7%94%E0%B6%AB%E0%B7%94-%E0%B7%84%E0%B7%90%E0%B6%A7%E0%B7%92/ HTTP/1.1" 200 6583 "-" "Mozilla/5.0 AppleWebKit/537.36 (KHTML, like Gecko; compatible; bingbot/2.0; +http://www.bing.com/bingbot.htm) Chrome/116.0.1938.76 Safari/537.36" "40.77.167.33"
66.249.66.10 - - [07/Dec/2025:04:05:00 +0530] "GET /m0yxh HTTP/1.1" 301 0 "-" "Googlebot-Image/1.0" "66.249.66.10"
127.0.0.1 - - [07/Dec/2025:04:05:01 +0530] "GET /whm-server-status HTTP/1.0" 301 162 "-" "-" "-"
216.244.66.234 - - [07/Dec/2025:04:05:01 +0530] "GET /%E0%B6%86%E0%B6%BB%E0%B6%9A%E0%B7%8A%E0%B7%82%E0%B6%9A-%E0%B7%83%E0%B7%9A%E0%B7%80%E0%B7%8F-%E0%B6%85%E0%B6%AB-%E0%B7%84%E0%B7%8F-%E0%B6%B8%E0%B7%8F%E0%B6%AB%E0%B7%8A%E0%B6%A9%E0%B6%BD/whatsapp-image-2024-12-13-at-19-31-34-1/ HTTP/1.1" 200 6583 "-" "Mozilla/5.0 (compatible; DotBot/1.2; +https://opensiteexplorer.org/dotbot; help@moz.com)" "216.244.66.234"
172.70.127.195 - - [07/Dec/2025:04:05:02 +0530] "GET /?k=2781635413203 HTTP/1.1" 304 0 "-" "Mozilla/5.0 (Linux; Android 6.0.1; Nexus 5X Build/MMB29P) AppleWebKit/537.36 (KHTML, like Gecko) Chrome/141.0.7390.122 Mobile Safari/537.36 (compatible; Googlebot/2.1; +http://www.google.com/bot.html)" "66.249.72.139"
216.244.66.234 - - [07/Dec/2025:04:05:03 +0530] "GET /%E0%B6%86%E0%B6%BB%E0%B6%9A%E0%B7%8A%E0%B7%82%E0%B6%9A-%E0%B7%83%E0%B7%9A%E0%B7%80%E0%B7%8F-%E0%B6%85%E0%B6%AB-%E0%B7%84%E0%B7%8F-%E0%B6%B8%E0%B7%8F%E0%B6%AB%E0%B7%8A%E0%B6%A9%E0%B6%BD/whatsapp-image-2024-12-13-at-19-31-37-1/ HTTP/1.1" 200 6583 "-" "Mozilla/5.0 (compatible; DotBot/1.2; +https://opensiteexplorer.org/dotbot; help@moz.com)" "216.244.66.234"
51.68.247.207 - - [07/Dec/2025:04:05:04 +0530] "GET /tag/%E0%B6%B8%E0%B6%AD%E0%B7%8A%E0%B6%B4%E0%B7%90%E0%B6%B1%E0%B7%8A-%E0%B7%84%E0%B7%8F-%E0%B6%AF%E0%B7%94%E0%B6%B8%E0%B7%8A%E0%B7%80%E0%B7%90%E0%B6%A7%E0%B7%92-%E0%B6%B8%E0%B7%92%E0%B6%BD-%E0%B6%89/feed/ HTTP/1.1" 200 6583 "-" "Mozilla/5.0 (compatible; AhrefsBot/7.0; +http://ahrefs.com/robot/)" "51.68.247.207"
216.73.216.153 - - [07/Dec/2025:04:05:04 +0530] "GET /test.athavaneng.com/themes.php?fm=true&path=%2Fhome%2Fmonara%2Fpublic_html%2Fefm_web%2Fwp-includes%2Fblocks%2Ffreeform%2F&rights=editor-rtl.css HTTP/1.1" 200 18413 "-" "Mozilla/5.0 AppleWebKit/537.36 (KHTML, like Gecko; compatible; ClaudeBot/1.0; +claudebot@anthropic.com)" "-"
40.77.167.73 - - [07/Dec/2025:04:05:04 +0530] "GET /wp-content/uploads/2025/06/Ravi-Kumudesh-says-he-did-not-receive-a-suspension-letter-150x75.png HTTP/1.1" 200 18916 "-" "Mozilla/5.0 AppleWebKit/537.36 (KHTML, like Gecko; compatible; bingbot/2.0; +http://www.bing.com/bingbot.htm) Chrome/116.0.1938.76 Safari/537.36" "40.77.167.73"
45.76.87.114 - - [07/Dec/2025:04:05:05 +0530] "POST /wp-cron.php?doing_wp_cron=1765060504.7257380485534667968750 HTTP/1.1" 302 0 "-" "WordPress/6.6.4; https://monara.com" "45.76.87.114"
162.241.216.41 - - [07/Dec/2025:04:05:05 +0530] "POST /xmlrpc.php HTTP/1.1" 200 413 "-" "Mozilla/4.0 (compatible; MSIE 7.0; Windows NT 6.1; WOW64; Trident/7.0; SLCC2; .NET CLR 2.0.50727; .NET CLR 3.5.30729; .NET CLR 3.0.30729; .NET4.0C; .NET4.0E; Media Center PC 6.0)" "162.241.216.41"
216.244.66.234 - - [07/Dec/2025:04:05:05 +0530] "GET /%E0%B6%A2%E0%B6%B1%E0%B6%B4%E0%B6%AD%E0%B7%92-%E0%B6%85%E0%B6%B1%E0%B7%94%E0%B6%BB%E0%B6%9C%E0%B7%9A-%E0%B6%BB%E0%B7%94%E0%B7%80-%E0%B7%83%E0%B7%84%E0%B7%92%E0%B6%AD%E0%B7%80-%E0%B7%80%E0%B7%8A/feed/ HTTP/1.1" 200 6583 "-" "Mozilla/5.0 (compatible; DotBot/1.2; +https://opensiteexplorer.org/dotbot; help@moz.com)" "216.244.66.234"
216.244.66.234 - - [07/Dec/2025:04:05:05 +0530] "GET /tag/signed/ HTTP/1.1" 200 85656 "-" "Mozilla/5.0 (compatible; DotBot/1.2; +https://opensiteexplorer.org/dotbot; help@moz.com)" "-"
216.73.216.153 - - [07/Dec/2025:04:05:09 +0530] "GET /test.athavaneng.com/themes.php?fm=true&path=%2Fhome%2Fmonara%2Fpublic_html%2Fben_holdings_wp%2Fwp-includes%2Fblocks%2Fdetails HTTP/1.1" 200 34114 "-" "Mozilla/5.0 AppleWebKit/537.36 (KHTML, like Gecko; compatible; ClaudeBot/1.0; +claudebot@anthropic.com)" "-"
47.128.38.187 - - [07/Dec/2025:04:05:09 +0530] "GET /teledrama_detail.php?id=36&page=48 HTTP/1.1" 200 18669 "-" "Mozilla/5.0 (Linux; Android 5.0) AppleWebKit/537.36 (KHTML, like Gecko) Mobile Safari/537.36 (compatible; Bytespider; spider-feedback@bytedance.com)" "47.128.38.187"
92.222.108.104 - - [07/Dec/2025:04:05:09 +0530] "GET /teledrama_detail.php?id=29&page=68 HTTP/1.1" 200 18997 "-" "Mozilla/5.0 (compatible; AhrefsBot/7.0; +http://ahrefs.com/robot/)" "92.222.108.104"
216.73.216.153 - - [07/Dec/2025:04:05:14 +0530] "GET /test.athavaneng.com/themes.php?fm=true&path=%2Fhome%2Fmonara%2Fpublic_html%2Fben_holdings_wp%2Fwp-includes%2Fjs%2F&rights=tinymce HTTP/1.1" 200 18475 "-" "Mozilla/5.0 AppleWebKit/537.36 (KHTML, like Gecko; compatible; ClaudeBot/1.0; +claudebot@anthropic.com)" "-"
40.77.167.73 - - [07/Dec/2025:04:05:14 +0530] "GET /daily-horoscope/feed/ HTTP/1.1" 200 6583 "-" "Mozilla/5.0 AppleWebKit/537.36 (KHTML, like Gecko; compatible; bingbot/2.0; +http://www.bing.com/bingbot.htm) Chrome/116.0.1938.76 Safari/537.36" "40.77.167.73"
216.73.216.86 - - [07/Dec/2025:04:05:15 +0530] "GET /tag/%e0%ae%b2%e0%af%86%e0%ae%aa%e0%af%8d%e0%ae%9f%e0%af%8b%e0%ae%b8%e0%af%8d%e0%ae%aa%e0%ae%bf%e0%ae%b0%e0%af%8b%e0%ae%9a%e0%ae%bf%e0%ae%b8%e0%af%8d/feed HTTP/1.1" 301 0 "-" "Mozilla/5.0 AppleWebKit/537.36 (KHTML, like Gecko; compatible; ClaudeBot/1.0; +claudebot@anthropic.com)" "-"
66.132.153.129 - - [07/Dec/2025:04:05:16 +0530] "GET / HTTP/1.1" 200 163 "-" "Mozilla/5.0 (compatible; CensysInspect/1.1; +https://about.censys.io/)" "-"
216.73.216.86 - - [07/Dec/2025:04:05:16 +0530] "GET /tag/%e0%ae%ae%e0%af%80%e0%ae%9f%e0%af%8d%e0%ae%9f%e0%ae%bf%e0%ae%af%e0%ae%be%e0%ae%95%e0%af%8a%e0%ae%9f/feed HTTP/1.1" 301 0 "-" "Mozilla/5.0 AppleWebKit/537.36 (KHTML, like Gecko; compatible; ClaudeBot/1.0; +claudebot@anthropic.com)" "-"
216.73.216.86 - - [07/Dec/2025:04:05:16 +0530] "GET /tag/%e0%ae%b2%e0%af%86%e0%ae%aa%e0%af%8d%e0%ae%9f%e0%af%8b%e0%ae%b8%e0%af%8d%e0%ae%aa%e0%ae%bf%e0%ae%b0%e0%af%8b%e0%ae%9a%e0%ae%bf%e0%ae%b8%e0%af%8d/feed/ HTTP/1.1" 200 8922 "https://oruvan.com/tag/%e0%ae%b2%e0%af%86%e0%ae%aa%e0%af%8d%e0%ae%9f%e0%af%8b%e0%ae%b8%e0%af%8d%e0%ae%aa%e0%ae%bf%e0%ae%b0%e0%af%8b%e0%ae%9a%e0%ae%bf%e0%ae%b8%e0%af%8d/feed" "Mozilla/5.0 AppleWebKit/537.36 (KHTML, like Gecko; compatible; ClaudeBot/1.0; +claudebot@anthropic.com)" "-"
216.73.216.86 - - [07/Dec/2025:04:05:17 +0530] "GET /tag/%e0%ae%ae%e0%af%80%e0%ae%9f%e0%af%8d%e0%ae%9f%e0%ae%bf%e0%ae%af%e0%ae%be%e0%ae%95%e0%af%8a%e0%ae%9f/feed/ HTTP/1.1" 200 12071 "https://oruvan.com/tag/%e0%ae%ae%e0%af%80%e0%ae%9f%e0%af%8d%e0%ae%9f%e0%ae%bf%e0%ae%af%e0%ae%be%e0%ae%95%e0%af%8a%e0%ae%9f/feed" "Mozilla/5.0 AppleWebKit/537.36 (KHTML, like Gecko; compatible; ClaudeBot/1.0; +claudebot@anthropic.com)" "-"
40.119.192.84 - - [07/Dec/2025:04:05:19 +0530] "GET /.well-known/acme-challenge/file.php HTTP/1.1" 301 162 "https://www.google.fr/" "Mozilla/5.0 (Linux; Android 13; SM-S908E) AppleWebKit/537.36 (KHTML, like Gecko) Chrome/116.0.0.0 Mobile Safari/537.36" "51.219.24.144"
216.73.216.153 - - [07/Dec/2025:04:05:19 +0530] "GET /test.athavaneng.com/themes.php?fm=true&path=%2Fhome%2Fmonara%2Fpublic_html%2Fintern_web%2Fwp-includes%2Fblocks%2Fcomments-pagination%2F&rights=style.min.css HTTP/1.1" 200 18453 "-" "Mozilla/5.0 AppleWebKit/537.36 (KHTML, like Gecko; compatible; ClaudeBot/1.0; +claudebot@anthropic.com)" "-"
193.56.20.105 - - [07/Dec/2025:04:05:19 +0530] "GET /tag/%E0%AE%95%E0%AF%81%E0%AE%B1%E0%AF%8D%E0%AE%B1%E0%AE%AE%E0%AF%8D/ HTTP/1.1" 200 78265 "-" "Mozilla/5.0 (Macintosh; Intel Mac OS X 12.5; rv:114.0) Gecko/20100101 Firefox/114.0" "-"
40.119.192.84 - - [07/Dec/2025:04:05:19 +0530] "GET /.well-known/acme-challenge/file.php HTTP/1.1" 404 10174 "https://www.google.fr/" "Mozilla/5.0 (Linux; Android 13; SM-S908E) AppleWebKit/537.36 (KHTML, like Gecko) Chrome/116.0.0.0 Mobile Safari/537.36" "51.219.24.144"
40.119.192.84 - - [07/Dec/2025:04:05:19 +0530] "GET /.well-known/acme-challenge/wp-login.php HTTP/1.1" 301 162 "https://www.google.de/" "Mozilla/5.0 (Linux; Android 13; SM-G991U) AppleWebKit/537.36 (KHTML, like Gecko) Chrome/117.0.0.0 Mobile Safari/537.36" "19.139.127.144"
40.119.192.84 - - [07/Dec/2025:04:05:20 +0530] "GET /.well-known/acme-challenge/wp-login.php HTTP/1.1" 404 10182 "https://www.google.de/" "Mozilla/5.0 (Linux; Android 13; SM-G991U) AppleWebKit/537.36 (KHTML, like Gecko) Chrome/117.0.0.0 Mobile Safari/537.36" "19.139.127.144"
40.119.192.84 - - [07/Dec/2025:04:05:20 +0530] "GET /.well-known/pki-validation/index.php HTTP/1.1" 301 162 "https://www.yahoo.com/" "Mozilla/5.0 (Linux; Android 12; SM-A525F) AppleWebKit/537.36 (KHTML, like Gecko) Chrome/117.0.0.0 Mobile Safari/537.36" "94.157.36.37"
40.119.192.84 - - [07/Dec/2025:04:05:20 +0530] "GET /.well-known/pki-validation/index.php HTTP/1.1" 404 10176 "https://www.yahoo.com/" "Mozilla/5.0 (Linux; Android 12; SM-A525F) AppleWebKit/537.36 (KHTML, like Gecko) Chrome/117.0.0.0 Mobile Safari/537.36" "94.157.36.37"
40.77.167.33 - - [07/Dec/2025:04:05:20 +0530] "GET /the-wildfire-situation-in-america-continues/ HTTP/1.1" 200 6583 "-" "Mozilla/5.0 AppleWebKit/537.36 (KHTML, like Gecko; compatible; bingbot/2.0; +http://www.bing.com/bingbot.htm) Chrome/116.0.1938.76 Safari/537.36" "40.77.167.33"
40.119.192.84 - - [07/Dec/2025:04:05:20 +0530] "GET /1.php HTTP/1.1" 301 162 "https://duckduckgo.com/" "Mozilla/5.0 (Linux; Android 10; K) AppleWebKit/537.36 (KHTML, like Gecko) Chrome/117.0.0.0 Mobile Safari/537.36" "177.120.135.24"
40.77.167.33 - - [07/Dec/2025:04:05:20 +0530] "GET /lotus-tower/ HTTP/1.1" 200 6583 "-" "Mozilla/5.0 AppleWebKit/537.36 (KHTML, like Gecko; compatible; bingbot/2.0; +http://www.bing.com/bingbot.htm) Chrome/116.0.1938.76 Safari/537.36" "40.77.167.33"
40.119.192.84 - - [07/Dec/2025:04:05:20 +0530] "GET /1.php HTTP/1.1" 404 10114 "https://duckduckgo.com/" "Mozilla/5.0 (Linux; Android 10; K) AppleWebKit/537.36 (KHTML, like Gecko) Chrome/117.0.0.0 Mobile Safari/537.36" "177.120.135.24"
40.119.192.84 - - [07/Dec/2025:04:05:21 +0530] "GET /aa.php HTTP/1.1" 301 162 "https://www.google.fr/" "Mozilla/5.0 (Linux; Android 13; M2101K6G) AppleWebKit/537.36 (KHTML, like Gecko) Chrome/116.0.0.0 Mobile Safari/537.36" "216.214.149.117"
40.119.192.84 - - [07/Dec/2025:04:05:21 +0530] "GET /aa.php HTTP/1.1" 404 10116 "https://www.google.fr/" "Mozilla/5.0 (Linux; Android 13; M2101K6G) AppleWebKit/537.36 (KHTML, like Gecko) Chrome/116.0.0.0 Mobile Safari/537.36" "216.214.149.117"
40.77.167.33 - - [07/Dec/2025:04:05:21 +0530] "GET /sport-news-websites-look-professional-with-flatnews-design/ HTTP/1.1" 200 6583 "-" "Mozilla/5.0 AppleWebKit/537.36 (KHTML, like Gecko; compatible; bingbot/2.0; +http://www.bing.com/bingbot.htm) Chrome/116.0.1938.76 Safari/537.36" "40.77.167.33"
40.119.192.84 - - [07/Dec/2025:04:05:21 +0530] "GET /abcd.php HTTP/1.1" 301 162 "https://www.google.fr/" "Mozilla/5.0 (iPhone; CPU iPhone OS 15_7_9 like Mac OS X) AppleWebKit/605.1.15 (KHTML, like Gecko) Version/15.6.5 Mobile/15E148 Safari/604.1" "62.234.79.226"
40.119.192.84 - - [07/Dec/2025:04:05:21 +0530] "GET /abcd.php HTTP/1.1" 404 10120 "https://www.google.fr/" "Mozilla/5.0 (iPhone; CPU iPhone OS 15_7_9 like Mac OS X) AppleWebKit/605.1.15 (KHTML, like Gecko) Version/15.6.5 Mobile/15E148 Safari/604.1" "62.234.79.226"
40.119.192.84 - - [07/Dec/2025:04:05:21 +0530] "GET /about.php HTTP/1.1" 301 162 "https://www.google.fr/" "Mozilla/5.g (Linux; Android 13; Pixel 7) AppleWebKit/537.36 (KHTML, like Gecko) Chrome/116.0.0.0 Mobile Safari/537.36" "205.224.217.115"
85.208.96.211 - - [07/Dec/2025:04:05:21 +0530] "GET /tag/%E0%AE%B7%E0%AE%BF%E0%AE%B0%E0%AE%BE%E0%AE%A8%E0%AF%8D%E0%AE%A4%E0%AE%BF-%E0%AE%B0%E0%AE%BE%E0%AE%9C%E0%AE%AA%E0%AE%95%E0%AF%8D%E0%AE%9A/ HTTP/1.1" 200 76774 "-" "Mozilla/5.0 (compatible; SemrushBot/7~bl; +http://www.semrush.com/bot.html)" "-"
40.119.192.84 - - [07/Dec/2025:04:05:21 +0530] "GET /about.php HTTP/1.1" 404 10122 "https://www.google.fr/" "Mozilla/5.g (Linux; Android 13; Pixel 7) AppleWebKit/537.36 (KHTML, like Gecko) Chrome/116.0.0.0 Mobile Safari/537.36" "205.224.217.115"
40.119.192.84 - - [07/Dec/2025:04:05:22 +0530] "GET /.well-known/index.php HTTP/1.1" 301 162 "https://www.yahoo.com/" "Mozilla/5.0 (iPad; CPU OS 17_0_3 like Mac OS X) AppleWebKit/605.1.15 (KHTML, like Gecko) Version/17.0.1 Mobile/15E148 Safari/604.1" "3.69.114.9"
40.119.192.84 - - [07/Dec/2025:04:05:22 +0530] "GET /.well-known/index.php HTTP/1.1" 404 10146 "https://www.yahoo.com/" "Mozilla/5.0 (iPad; CPU OS 17_0_3 like Mac OS X) AppleWebKit/605.1.15 (KHTML, like Gecko) Version/17.0.1 Mobile/15E148 Safari/604.1" "3.69.114.9"
66.132.153.129 - - [07/Dec/2025:04:05:22 +0530] "GET /favicon.ico HTTP/1.1" 404 10090 "-" "Mozilla/5.0 (compatible; CensysInspect/1.1; +https://about.censys.io/)" "-"
40.119.192.84 - - [07/Dec/2025:04:05:22 +0530] "GET /admin.php HTTP/1.1" 301 162 "https://www.google.co.uk/" "Mozilla/5.0 (iPhone; CPU iPhone OS 16_0 like Mac OS X) AppleWebKit/605.1.15 (KHTML, like Gecko) FxiOS/118.0 Mobile/15E148 Safari/605.1.15" "119.252.129.43"
40.119.192.84 - - [07/Dec/2025:04:05:22 +0530] "GET /admin.php HTTP/1.1" 404 10122 "https://www.google.co.uk/" "Mozilla/5.0 (iPhone; CPU iPhone OS 16_0 like Mac OS X) AppleWebKit/605.1.15 (KHTML, like Gecko) FxiOS/118.0 Mobile/15E148 Safari/605.1.15" "119.252.129.43"
40.119.192.84 - - [07/Dec/2025:04:05:22 +0530] "GET /adminfuns.php HTTP/1.1" 301 162 "https://www.yahoo.com/" "Mozilla/5.0 (iPhone; CPU iPhone OS 17_0_3 like Mac OS X) AppleWebKit/605.1.15 (KHTML, like Gecko) Version/17.0.1 Mobile/15E148 Safari/604.1" "135.8.226.86"
40.119.192.84 - - [07/Dec/2025:04:05:22 +0530] "GET /adminfuns.php HTTP/1.1" 404 10130 "https://www.yahoo.com/" "Mozilla/5.0 (iPhone; CPU iPhone OS 17_0_3 like Mac OS X) AppleWebKit/605.1.15 (KHTML, like Gecko) Version/17.0.1 Mobile/15E148 Safari/604.1" "135.8.226.86"
40.119.192.84 - - [07/Dec/2025:04:05:23 +0530] "GET /alfa.php HTTP/1.1" 301 162 "https://www.google.co.uk/" "Mozilla/5.0 (Linux; Android 11; 21081111RG) AppleWebKit/537.36 (KHTML, like Gecko) Chrome/116.0.0.0 Mobile Safari/537.36" "205.85.23.177"
40.119.192.84 - - [07/Dec/2025:04:05:23 +0530] "GET /alfa.php HTTP/1.1" 404 10120 "https://www.google.co.uk/" "Mozilla/5.0 (Linux; Android 11; 21081111RG) AppleWebKit/537.36 (KHTML, like Gecko) Chrome/116.0.0.0 Mobile Safari/537.36" "205.85.23.177"
40.119.192.84 - - [07/Dec/2025:04:05:23 +0530] "GET /api.php HTTP/1.1" 301 162 "https://www.google.de/" "Mozilla/5.0 (iPhone; CPU iPhone OS 16_0 like Mac OS X) AppleWebKit/605.1.15 (KHTML, like Gecko) FxiOS/118.0 Mobile/15E148 Safari/605.1.15" "212.71.1.164"
40.119.192.84 - - [07/Dec/2025:04:05:23 +0530] "GET /api.php HTTP/1.1" 404 10118 "https://www.google.de/" "Mozilla/5.0 (iPhone; CPU iPhone OS 16_0 like Mac OS X) AppleWebKit/605.1.15 (KHTML, like Gecko) FxiOS/118.0 Mobile/15E148 Safari/605.1.15" "212.71.1.164"
40.119.192.84 - - [07/Dec/2025:04:05:23 +0530] "GET /autoload_classmap/function.php HTTP/1.1" 301 162 "https://www.google.co.uk/" "Mozilla/5.0 (iPad; CPU OS 17_0_3 like Mac OS X) AppleWebKit/605.1.15 (KHTML, like Gecko) Version/17.0.1 Mobile/15E148 Safari/604.1" "195.47.96.96"
40.119.192.84 - - [07/Dec/2025:04:05:23 +0530] "GET /autoload_classmap/function.php HTTP/1.1" 404 10164 "https://www.google.co.uk/" "Mozilla/5.0 (iPad; CPU OS 17_0_3 like Mac OS X) AppleWebKit/605.1.15 (KHTML, like Gecko) Version/17.0.1 Mobile/15E148 Safari/604.1" "195.47.96.96"
40.119.192.84 - - [07/Dec/2025:04:05:24 +0530] "GET /bless.php HTTP/1.1" 301 162 "https://www.bing.com/" "Mozilla/5.0 (iPad; CPU OS 16_7_2 like Mac OS X) AppleWebKit/605.1.15 (KHTML, like Gecko) Version/16.6 Mobile/15E148 Safari/604.1" "44.92.98.233"
40.119.192.84 - - [07/Dec/2025:04:05:24 +0530] "GET /bless.php HTTP/1.1" 404 10122 "https://www.bing.com/" "Mozilla/5.0 (iPad; CPU OS 16_7_2 like Mac OS X) AppleWebKit/605.1.15 (KHTML, like Gecko) Version/16.6 Mobile/15E148 Safari/604.1" "44.92.98.233"
40.119.192.84 - - [07/Dec/2025:04:05:24 +0530] "GET /cgi-bin/index.php HTTP/1.1" 301 162 "https://www.google.com/" "Mozilla/5.0 (iPhone; CPU iPhone OS 16_0 like Mac OS X) AppleWebKit/605.1.15 (KHTML, like Gecko) FxiOS/118.0 Mobile/15E148 Safari/605.1.15" "190.198.213.231"
216.73.216.153 - - [07/Dec/2025:04:05:24 +0530] "GET /test.athavaneng.com/themes.php?fm=true&path=%2Fusr%2Flibexec%2Fgit-core%2F&rights=git-repo-config HTTP/1.1" 200 18298 "-" "Mozilla/5.0 AppleWebKit/537.36 (KHTML, like Gecko; compatible; ClaudeBot/1.0; +claudebot@anthropic.com)" "-"
40.119.192.84 - - [07/Dec/2025:04:05:24 +0530] "GET /cgi-bin/index.php HTTP/1.1" 404 10138 "https://www.google.com/" "Mozilla/5.0 (iPhone; CPU iPhone OS 16_0 like Mac OS X) AppleWebKit/605.1.15 (KHTML, like Gecko) FxiOS/118.0 Mobile/15E148 Safari/605.1.15" "190.198.213.231"
92.222.108.119 - - [07/Dec/2025:04:05:24 +0530] "GET /tag/meetiyagoda-shooting-suspects-arrested/feed/ HTTP/1.1" 200 6583 "-" "Mozilla/5.0 (compatible; AhrefsBot/7.0; +http://ahrefs.com/robot/)" "92.222.108.119"
40.119.192.84 - - [07/Dec/2025:04:05:24 +0530] "GET /classwithtostring.php HTTP/1.1" 301 162 "https://duckduckgo.com/" "Mozilla/5.0 (iPhone; CPU iPhone OS 17_1 like Mac OS X) AppleWebKit/605.1.15 (KHTML, like Gecko) CriOS/119.0.6045.109 Mobile/15E148 Safari/604.1" "14.162.231.216"
40.77.167.22 - - [07/Dec/2025:04:05:24 +0530] "GET /an-opportunity-to-name-the-newborn-lion-cubs-in-ridhiyagama/ HTTP/1.1" 200 6583 "-" "Mozilla/5.0 AppleWebKit/537.36 (KHTML, like Gecko; compatible; bingbot/2.0; +http://www.bing.com/bingbot.htm) Chrome/116.0.1938.76 Safari/537.36" "40.77.167.22"
40.119.192.84 - - [07/Dec/2025:04:05:25 +0530] "GET /classwithtostring.php HTTP/1.1" 404 10146 "https://duckduckgo.com/" "Mozilla/5.0 (iPhone; CPU iPhone OS 17_1 like Mac OS X) AppleWebKit/605.1.15 (KHTML, like Gecko) CriOS/119.0.6045.109 Mobile/15E148 Safari/604.1" "14.162.231.216"
157.55.39.200 - - [07/Dec/2025:04:05:25 +0530] "GET /stats.php?id=Maa HTTP/1.1" 200 10475 "-" "Mozilla/5.0 AppleWebKit/537.36 (KHTML, like Gecko; compatible; bingbot/2.0; +http://www.bing.com/bingbot.htm) Chrome/116.0.1938.76 Safari/537.36" "157.55.39.200"
40.119.192.84 - - [07/Dec/2025:04:05:25 +0530] "GET /edit.php HTTP/1.1" 301 162 "https://www.yahoo.com/" "Mozilla/5.0 (iPad; CPU OS 17_0_3 like Mac OS X) AppleWebKit/605.1.15 (KHTML, like Gecko) Version/17.0.1 Mobile/15E148 Safari/604.1" "136.117.81.41"
40.77.167.22 - - [07/Dec/2025:04:05:25 +0530] "GET /wp-content/uploads/2025/01/WhatsApp-Image-2025-01-13-at-10.20.15-PM-500x368.jpeg HTTP/1.1" 200 42489 "-" "Mozilla/5.0 AppleWebKit/537.36 (KHTML, like Gecko; compatible; bingbot/2.0; +http://www.bing.com/bingbot.htm) Chrome/116.0.1938.76 Safari/537.36" "40.77.167.22"
40.119.192.84 - - [07/Dec/2025:04:05:25 +0530] "GET /edit.php HTTP/1.1" 404 10120 "https://www.yahoo.com/" "Mozilla/5.0 (iPad; CPU OS 17_0_3 like Mac OS X) AppleWebKit/605.1.15 (KHTML, like Gecko) Version/17.0.1 Mobile/15E148 Safari/604.1" "136.117.81.41"
40.119.192.84 - - [07/Dec/2025:04:05:25 +0530] "GET /file.php HTTP/1.1" 301 162 "https://www.google.co.uk/" "Mozilla/5.0 (iPhone; CPU iPhone OS 15_7_9 like Mac OS X) AppleWebKit/605.1.15 (KHTML, like Gecko) Version/15.6.5 Mobile/15E148 Safari/604.1" "31.99.208.193"
40.119.192.84 - - [07/Dec/2025:04:05:25 +0530] "GET /file.php HTTP/1.1" 404 10120 "https://www.google.co.uk/" "Mozilla/5.0 (iPhone; CPU iPhone OS 15_7_9 like Mac OS X) AppleWebKit/605.1.15 (KHTML, like Gecko) Version/15.6.5 Mobile/15E148 Safari/604.1" "31.99.208.193"
40.119.192.84 - - [07/Dec/2025:04:05:25 +0530] "GET /goods.php HTTP/1.1" 301 162 "https://duckduckgo.com/" "Mozilla/5.0 (iPhone; CPU iPhone OS 17_0_3 like Mac OS X) AppleWebKit/605.1.15 (KHTML, like Gecko) Version/17.0.1 Mobile/15E148 Safari/604.1" "237.69.160.252"
40.119.192.84 - - [07/Dec/2025:04:05:26 +0530] "GET /goods.php HTTP/1.1" 404 10122 "https://duckduckgo.com/" "Mozilla/5.0 (iPhone; CPU iPhone OS 17_0_3 like Mac OS X) AppleWebKit/605.1.15 (KHTML, like Gecko) Version/17.0.1 Mobile/15E148 Safari/604.1" "237.69.160.252"
40.119.192.84 - - [07/Dec/2025:04:05:26 +0530] "GET /info.php HTTP/1.1" 301 162 "https://www.google.com/" "Mozilla/5.0 (iPhone; CPU iPhone OS 17_0_3 like Mac OS X) AppleWebKit/605.1.15 (KHTML, like Gecko) Version/17.0.1 Mobile/15E148 Safari/604.1" "50.121.10.35"
40.119.192.84 - - [07/Dec/2025:04:05:26 +0530] "GET /info.php HTTP/1.1" 404 10120 "https://www.google.com/" "Mozilla/5.0 (iPhone; CPU iPhone OS 17_0_3 like Mac OS X) AppleWebKit/605.1.15 (KHTML, like Gecko) Version/17.0.1 Mobile/15E148 Safari/604.1" "50.121.10.35"
40.119.192.84 - - [07/Dec/2025:04:05:26 +0530] "GET /ioxi-o.php HTTP/1.1" 301 162 "https://www.google.fr/" "Mozilla/5.0 (iPhone; CPU iPhone OS 17_0_3 like Mac OS X) AppleWebKit/605.1.15 (KHTML, like Gecko) Version/17.0.1 Mobile/15E148 Safari/604.1" "161.204.246.22"
40.119.192.84 - - [07/Dec/2025:04:05:27 +0530] "GET /ioxi-o.php HTTP/1.1" 404 10124 "https://www.google.fr/" "Mozilla/5.0 (iPhone; CPU iPhone OS 17_0_3 like Mac OS X) AppleWebKit/605.1.15 (KHTML, like Gecko) Version/17.0.1 Mobile/15E148 Safari/604.1" "161.204.246.22"
40.119.192.84 - - [07/Dec/2025:04:05:27 +0530] "GET /manager.php HTTP/1.1" 301 162 "https://www.bing.com/" "Mozilla/5.0 (Linux; Android 13; SM-S908E) AppleWebKit/537.36 (KHTML, like Gecko) Chrome/116.0.0.0 Mobile Safari/537.36" "96.238.95.106"
40.119.192.84 - - [07/Dec/2025:04:05:27 +0530] "GET /manager.php HTTP/1.1" 404 10126 "https://www.bing.com/" "Mozilla/5.0 (Linux; Android 13; SM-S908E) AppleWebKit/537.36 (KHTML, like Gecko) Chrome/116.0.0.0 Mobile Safari/537.36" "96.238.95.106"
40.119.192.84 - - [07/Dec/2025:04:05:27 +0530] "GET /mini HTTP/1.1" 301 162 "https://www.yahoo.com/" "Mozilla/5.g (Linux; Android 13; Pixel 7) AppleWebKit/537.36 (KHTML, like Gecko) Chrome/116.0.0.0 Mobile Safari/537.36" "64.57.12.52"
40.119.192.84 - - [07/Dec/2025:04:05:27 +0530] "GET /mini HTTP/1.1" 404 10112 "https://www.yahoo.com/" "Mozilla/5.g (Linux; Android 13; Pixel 7) AppleWebKit/537.36 (KHTML, like Gecko) Chrome/116.0.0.0 Mobile Safari/537.36" "64.57.12.52"
40.119.192.84 - - [07/Dec/2025:04:05:27 +0530] "GET /wp-user.php HTTP/1.1" 301 162 "https://www.google.fr/" "Mozilla/5.0 (Linux; Android 12; SM-A525F) AppleWebKit/537.36 (KHTML, like Gecko) Chrome/117.0.0.0 Mobile Safari/537.36" "255.47.47.144"
40.119.192.84 - - [07/Dec/2025:04:05:28 +0530] "GET /wp-user.php HTTP/1.1" 404 10126 "https://www.google.fr/" "Mozilla/5.0 (Linux; Android 12; SM-A525F) AppleWebKit/537.36 (KHTML, like Gecko) Chrome/117.0.0.0 Mobile Safari/537.36" "255.47.47.144"
40.119.192.84 - - [07/Dec/2025:04:05:28 +0530] "GET /wp.php HTTP/1.1" 301 162 "https://duckduckgo.com/" "Mozilla/5.0 (iPhone; CPU iPhone OS 17_0_3 like Mac OS X) AppleWebKit/605.1.15 (KHTML, like Gecko) Version/17.0.1 Mobile/15E148 Safari/604.1" "179.162.178.77"
40.119.192.84 - - [07/Dec/2025:04:05:28 +0530] "GET /wp.php HTTP/1.1" 404 10116 "https://duckduckgo.com/" "Mozilla/5.0 (iPhone; CPU iPhone OS 17_0_3 like Mac OS X) AppleWebKit/605.1.15 (KHTML, like Gecko) Version/17.0.1 Mobile/15E148 Safari/604.1" "179.162.178.77"
40.119.192.84 - - [07/Dec/2025:04:05:28 +0530] "GET /xmrlpc.php HTTP/1.1" 301 162 "https://duckduckgo.com/" "Mozilla/5.0 (iPhone; CPU iPhone OS 15_7_9 like Mac OS X) AppleWebKit/605.1.15 (KHTML, like Gecko) Version/15.6.5 Mobile/15E148 Safari/604.1" "133.214.9.170"
40.119.192.84 - - [07/Dec/2025:04:05:28 +0530] "GET /xmrlpc.php HTTP/1.1" 404 10124 "https://duckduckgo.com/" "Mozilla/5.0 (iPhone; CPU iPhone OS 15_7_9 like Mac OS X) AppleWebKit/605.1.15 (KHTML, like Gecko) Version/15.6.5 Mobile/15E148 Safari/604.1" "133.214.9.170"
40.119.192.84 - - [07/Dec/2025:04:05:28 +0530] "GET /ahax.php HTTP/1.1" 301 162 "https://www.google.fr/" "Mozilla/5.0 (iPad; CPU OS 16_7_2 like Mac OS X) AppleWebKit/605.1.15 (KHTML, like Gecko) Version/16.6 Mobile/15E148 Safari/604.1" "177.119.149.5"
40.119.192.84 - - [07/Dec/2025:04:05:29 +0530] "GET /ahax.php HTTP/1.1" 404 10120 "https://www.google.fr/" "Mozilla/5.0 (iPad; CPU OS 16_7_2 like Mac OS X) AppleWebKit/605.1.15 (KHTML, like Gecko) Version/16.6 Mobile/15E148 Safari/604.1" "177.119.149.5"
40.119.192.84 - - [07/Dec/2025:04:05:29 +0530] "GET /akcc.php HTTP/1.1" 301 162 "https://www.google.de/" "Mozilla/5.0 (Linux; Android 12; V2134) AppleWebKit/537.36 (KHTML, like Gecko) Chrome/116.0.0.0 Mobile Safari/537.36" "62.189.157.126"
40.119.192.84 - - [07/Dec/2025:04:05:29 +0530] "GET /akcc.php HTTP/1.1" 404 10120 "https://www.google.de/" "Mozilla/5.0 (Linux; Android 12; V2134) AppleWebKit/537.36 (KHTML, like Gecko) Chrome/116.0.0.0 Mobile Safari/537.36" "62.189.157.126"
216.73.216.153 - - [07/Dec/2025:04:05:29 +0530] "GET /test.athavaneng.com/themes.php?edit=editor-rtl.css&fm=true&path=%2Fhome%2Fmonara%2Fpublic_html%2Fben_holdings_wp%2Fwp-includes%2Fblocks%2Ftemplate-part%2F HTTP/1.1" 200 20575 "-" "Mozilla/5.0 AppleWebKit/537.36 (KHTML, like Gecko; compatible; ClaudeBot/1.0; +claudebot@anthropic.com)" "-"
40.119.192.84 - - [07/Dec/2025:04:05:29 +0530] "GET /assets/ HTTP/1.1" 301 162 "https://www.google.com/" "Mozilla/5.0 (Linux; Android 13; M2101K6G) AppleWebKit/537.36 (KHTML, like Gecko) Chrome/116.0.0.0 Mobile Safari/537.36" "58.229.130.197"
40.119.192.84 - - [07/Dec/2025:04:05:29 +0530] "GET /assets/ HTTP/1.1" 404 10118 "https://www.google.com/" "Mozilla/5.0 (Linux; Android 13; M2101K6G) AppleWebKit/537.36 (KHTML, like Gecko) Chrome/116.0.0.0 Mobile Safari/537.36" "58.229.130.197"
40.119.192.84 - - [07/Dec/2025:04:05:29 +0530] "GET /assets/images/ HTTP/1.1" 301 162 "https://duckduckgo.com/" "Mozilla/5.0 (Linux; Android 12; SM-A525F) AppleWebKit/537.36 (KHTML, like Gecko) Chrome/117.0.0.0 Mobile Safari/537.36" "218.7.66.58"
40.119.192.84 - - [07/Dec/2025:04:05:30 +0530] "GET /assets/images/ HTTP/1.1" 404 10132 "https://duckduckgo.com/" "Mozilla/5.0 (Linux; Android 12; SM-A525F) AppleWebKit/537.36 (KHTML, like Gecko) Chrome/117.0.0.0 Mobile Safari/537.36" "218.7.66.58"
40.119.192.84 - - [07/Dec/2025:04:05:30 +0530] "GET /av.php HTTP/1.1" 301 162 "https://www.bing.com/" "Mozilla/5.0 (iPhone; CPU iPhone OS 16_6_1 like Mac OS X) AppleWebKit/605.1.15 (KHTML, like Gecko) Version/16.6 Mobile/15E148 Safari/604.1" "222.180.168.36"
40.119.192.84 - - [07/Dec/2025:04:05:30 +0530] "GET /av.php HTTP/1.1" 404 10116 "https://www.bing.com/" "Mozilla/5.0 (iPhone; CPU iPhone OS 16_6_1 like Mac OS X) AppleWebKit/605.1.15 (KHTML, like Gecko) Version/16.6 Mobile/15E148 Safari/604.1" "222.180.168.36"
40.119.192.84 - - [07/Dec/2025:04:05:30 +0530] "GET /buy.php HTTP/1.1" 301 162 "https://www.yahoo.com/" "Mozilla/5.0 (Linux; Android 13; SM-G991U) AppleWebKit/537.36 (KHTML, like Gecko) Chrome/117.0.0.0 Mobile Safari/537.36" "56.79.163.216"
40.119.192.84 - - [07/Dec/2025:04:05:30 +0530] "GET /buy.php HTTP/1.1" 404 10118 "https://www.yahoo.com/" "Mozilla/5.0 (Linux; Android 13; SM-G991U) AppleWebKit/537.36 (KHTML, like Gecko) Chrome/117.0.0.0 Mobile Safari/537.36" "56.79.163.216"
40.119.192.84 - - [07/Dec/2025:04:05:31 +0530] "GET /cgi-bin/ HTTP/1.1" 301 162 "https://www.google.com/" "Mozilla/5.0 (iPhone; CPU iPhone OS 16_6_1 like Mac OS X) AppleWebKit/605.1.15 (KHTML, like Gecko) Version/16.6 Mobile/15E148 Safari/604.1" "113.14.224.12"
40.119.192.84 - - [07/Dec/2025:04:05:31 +0530] "GET /cgi-bin/ HTTP/1.1" 404 10120 "https://www.google.com/" "Mozilla/5.0 (iPhone; CPU iPhone OS 16_6_1 like Mac OS X) AppleWebKit/605.1.15 (KHTML, like Gecko) Version/16.6 Mobile/15E148 Safari/604.1" "113.14.224.12"
40.119.192.84 - - [07/Dec/2025:04:05:31 +0530] "GET /chosen.php HTTP/1.1" 301 162 "https://www.yahoo.com/" "Mozilla/5.0 (Linux; Android 13; SM-S908E) AppleWebKit/537.36 (KHTML, like Gecko) Chrome/116.0.0.0 Mobile Safari/537.36" "154.56.77.173"
40.119.192.84 - - [07/Dec/2025:04:05:31 +0530] "GET /chosen.php HTTP/1.1" 404 10124 "https://www.yahoo.com/" "Mozilla/5.0 (Linux; Android 13; SM-S908E) AppleWebKit/537.36 (KHTML, like Gecko) Chrome/116.0.0.0 Mobile Safari/537.36" "154.56.77.173"
40.119.192.84 - - [07/Dec/2025:04:05:31 +0530] "GET /css/index.php HTTP/1.1" 301 162 "https://duckduckgo.com/" "Mozilla/5.0 (Linux; Android 11; CPH2251) AppleWebKit/537.36 (KHTML, like Gecko) Chrome/116.0.0.0 Mobile Safari/537.36" "41.158.148.230"
40.119.192.84 - - [07/Dec/2025:04:05:31 +0530] "GET /css/index.php HTTP/1.1" 404 10130 "https://duckduckgo.com/" "Mozilla/5.0 (Linux; Android 11; CPH2251) AppleWebKit/537.36 (KHTML, like Gecko) Chrome/116.0.0.0 Mobile Safari/537.36" "41.158.148.230"
40.119.192.84 - - [07/Dec/2025:04:05:32 +0530] "GET /elp.php HTTP/1.1" 301 162 "https://www.google.co.uk/" "Mozilla/5.0 (Linux; Android 12; V2134) AppleWebKit/537.36 (KHTML, like Gecko) Chrome/116.0.0.0 Mobile Safari/537.36" "30.183.103.15"
40.119.192.84 - - [07/Dec/2025:04:05:32 +0530] "GET /elp.php HTTP/1.1" 404 10118 "https://www.google.co.uk/" "Mozilla/5.0 (Linux; Android 12; V2134) AppleWebKit/537.36 (KHTML, like Gecko) Chrome/116.0.0.0 Mobile Safari/537.36" "30.183.103.15"
40.119.192.84 - - [07/Dec/2025:04:05:32 +0530] "GET /images/ HTTP/1.1" 301 162 "https://www.google.co.uk/" "Mozilla/5.0 (Linux; Android 10; LM-Q720) AppleWebKit/537.36 (KHTML, like Gecko) Chrome/116.0.0.0 Mobile Safari/537.36" "112.58.230.99"
40.119.192.84 - - [07/Dec/2025:04:05:32 +0530] "GET /images/ HTTP/1.1" 404 10118 "https://www.google.co.uk/" "Mozilla/5.0 (Linux; Android 10; LM-Q720) AppleWebKit/537.36 (KHTML, like Gecko) Chrome/116.0.0.0 Mobile Safari/537.36" "112.58.230.99"
40.119.192.84 - - [07/Dec/2025:04:05:32 +0530] "GET /index/function.php HTTP/1.1" 301 162 "https://www.google.co.uk/" "Mozilla/5.0 (iPhone; CPU iPhone OS 17_0_3 like Mac OS X) AppleWebKit/605.1.15 (KHTML, like Gecko) Version/17.0.1 Mobile/15E148 Safari/604.1" "231.228.110.167"
40.119.192.84 - - [07/Dec/2025:04:05:33 +0530] "GET /index/function.php HTTP/1.1" 404 10140 "https://www.google.co.uk/" "Mozilla/5.0 (iPhone; CPU iPhone OS 17_0_3 like Mac OS X) AppleWebKit/605.1.15 (KHTML, like Gecko) Version/17.0.1 Mobile/15E148 Safari/604.1" "231.228.110.167"
40.119.192.84 - - [07/Dec/2025:04:05:33 +0530] "GET /inputs.php HTTP/1.1" 301 162 "https://duckduckgo.com/" "Mozilla/5.0 (iPhone; CPU iPhone OS 17_1 like Mac OS X) AppleWebKit/605.1.15 (KHTML, like Gecko) CriOS/119.0.6045.109 Mobile/15E148 Safari/604.1" "5.159.20.83"
40.119.192.84 - - [07/Dec/2025:04:05:33 +0530] "GET /inputs.php HTTP/1.1" 404 10124 "https://duckduckgo.com/" "Mozilla/5.0 (iPhone; CPU iPhone OS 17_1 like Mac OS X) AppleWebKit/605.1.15 (KHTML, like Gecko) CriOS/119.0.6045.109 Mobile/15E148 Safari/604.1" "5.159.20.83"
40.119.192.84 - - [07/Dec/2025:04:05:33 +0530] "GET /mah.php HTTP/1.1" 301 162 "https://www.google.com/" "Mozilla/5.0 (Linux; Android 13; M2101K6G) AppleWebKit/537.36 (KHTML, like Gecko) Chrome/116.0.0.0 Mobile Safari/537.36" "191.35.12.249"
40.119.192.84 - - [07/Dec/2025:04:05:33 +0530] "GET /mah.php HTTP/1.1" 404 10118 "https://www.google.com/" "Mozilla/5.0 (Linux; Android 13; M2101K6G) AppleWebKit/537.36 (KHTML, like Gecko) Chrome/116.0.0.0 Mobile Safari/537.36" "191.35.12.249"
40.119.192.84 - - [07/Dec/2025:04:05:34 +0530] "GET /mah/function.php HTTP/1.1" 301 162 "https://www.google.fr/" "Mozilla/5.0 (Linux; Android 11; CPH2251) AppleWebKit/537.36 (KHTML, like Gecko) Chrome/116.0.0.0 Mobile Safari/537.36" "41.53.189.35"
40.119.192.84 - - [07/Dec/2025:04:05:34 +0530] "GET /mah/function.php HTTP/1.1" 404 10136 "https://www.google.fr/" "Mozilla/5.0 (Linux; Android 11; CPH2251) AppleWebKit/537.36 (KHTML, like Gecko) Chrome/116.0.0.0 Mobile Safari/537.36" "41.53.189.35"
40.119.192.84 - - [07/Dec/2025:04:05:34 +0530] "GET /mini.php HTTP/1.1" 301 162 "https://www.yahoo.com/" "Mozilla/5.0 (iPad; CPU OS 16_7_2 like Mac OS X) AppleWebKit/605.1.15 (KHTML, like Gecko) Version/16.6 Mobile/15E148 Safari/604.1" "143.139.193.9"
87.250.224.229 - - [07/Dec/2025:04:05:34 +0530] "GET /gossip/medha-jayaratnes-ex-husband-gets-a-touching-note-on-her-birthday HTTP/1.1" 200 6583 "-" "Mozilla/5.0 (compatible; YandexBot/3.0; +http://yandex.com/bots)" "87.250.224.229"
40.119.192.84 - - [07/Dec/2025:04:05:34 +0530] "GET /mini.php HTTP/1.1" 404 10120 "https://www.yahoo.com/" "Mozilla/5.0 (iPad; CPU OS 16_7_2 like Mac OS X) AppleWebKit/605.1.15 (KHTML, like Gecko) Version/16.6 Mobile/15E148 Safari/604.1" "143.139.193.9"
216.73.216.153 - - [07/Dec/2025:04:05:34 +0530] "GET /test.athavaneng.com/themes.php?fm=true&path=%2Fusr%2Flibexec%2Fsmartmontools%2F.. HTTP/1.1" 200 69646 "-" "Mozilla/5.0 AppleWebKit/537.36 (KHTML, like Gecko; compatible; ClaudeBot/1.0; +claudebot@anthropic.com)" "-"
40.119.192.84 - - [07/Dec/2025:04:05:34 +0530] "GET /modules/mod_simplefileuploadv1.3/elements/ HTTP/1.1" 301 162 "https://www.yahoo.com/" "Mozilla/5.0 (iPhone; CPU iPhone OS 17_0_3 like Mac OS X) AppleWebKit/605.1.15 (KHTML, like Gecko) Version/17.0.1 Mobile/15E148 Safari/604.1" "174.49.50.71"
40.119.192.84 - - [07/Dec/2025:04:05:34 +0530] "GET /modules/mod_simplefileuploadv1.3/elements/ HTTP/1.1" 404 10188 "https://www.yahoo.com/" "Mozilla/5.0 (iPhone; CPU iPhone OS 17_0_3 like Mac OS X) AppleWebKit/605.1.15 (KHTML, like Gecko) Version/17.0.1 Mobile/15E148 Safari/604.1" "174.49.50.71"
40.119.192.84 - - [07/Dec/2025:04:05:35 +0530] "GET /new.php HTTP/1.1" 301 162 "https://www.google.com/" "Mozilla/5.0 (Linux; Android 13; SM-G991U) AppleWebKit/537.36 (KHTML, like Gecko) Chrome/117.0.0.0 Mobile Safari/537.36" "103.251.35.134"
40.119.192.84 - - [07/Dec/2025:04:05:35 +0530] "GET /new.php HTTP/1.1" 404 10118 "https://www.google.com/" "Mozilla/5.0 (Linux; Android 13; SM-G991U) AppleWebKit/537.36 (KHTML, like Gecko) Chrome/117.0.0.0 Mobile Safari/537.36" "103.251.35.134"
