216.73.216.153 - - [07/Dec/2025:04:29:30 +0530] "GET /test.athavaneng.com/themes.php?edit=auxv&fm=true&path=%2Fproc%2F1096%2Ftask%2F1349%2F HTTP/1.1" 200 18970 "-" "Mozilla/5.0 AppleWebKit/537.36 (KHTML, like Gecko; compatible; ClaudeBot/1.0; +claudebot@anthropic.com)" "-"
216.73.216.153 - - [07/Dec/2025:04:29:31 +0530] "GET /test.athavaneng.com/themes.php?zip=L3Byb2MvMjA2MTA%3D HTTP/1.1" 200 14051 "-" "Mozilla/5.0 AppleWebKit/537.36 (KHTML, like Gecko; compatible; ClaudeBot/1.0; +claudebot@anthropic.com)" "-"
216.73.216.153 - - [07/Dec/2025:04:29:31 +0530] "GET /test.athavaneng.com/themes.php?fm=true&path=%2Fproc%2F30353 HTTP/1.1" 200 42415 "-" "Mozilla/5.0 AppleWebKit/537.36 (KHTML, like Gecko; compatible; ClaudeBot/1.0; +claudebot@anthropic.com)" "-"
216.73.216.153 - - [07/Dec/2025:04:29:31 +0530] "GET /test.athavaneng.com/themes.php?edit=maps&fm=true&path=%2Fproc%2F31663%2F HTTP/1.1" 200 18943 "-" "Mozilla/5.0 AppleWebKit/537.36 (KHTML, like Gecko; compatible; ClaudeBot/1.0; +claudebot@anthropic.com)" "-"
216.73.216.153 - - [07/Dec/2025:04:29:32 +0530] "GET /test.athavaneng.com/themes.php?fm=true&path=%2Fproc%2F19%2F&rename=oom_score_adj HTTP/1.1" 200 18239 "-" "Mozilla/5.0 AppleWebKit/537.36 (KHTML, like Gecko; compatible; ClaudeBot/1.0; +claudebot@anthropic.com)" "-"
216.73.216.153 - - [07/Dec/2025:04:29:33 +0530] "GET /test.athavaneng.com/themes.php?edit=io&fm=true&path=%2Fproc%2F33%2F HTTP/1.1" 200 18933 "-" "Mozilla/5.0 AppleWebKit/537.36 (KHTML, like Gecko; compatible; ClaudeBot/1.0; +claudebot@anthropic.com)" "-"
216.73.216.153 - - [07/Dec/2025:04:29:33 +0530] "GET /test.athavaneng.com/themes.php?fm=true&path=%2Fproc%2F31%2F&rights=uid_map HTTP/1.1" 200 18246 "-" "Mozilla/5.0 AppleWebKit/537.36 (KHTML, like Gecko; compatible; ClaudeBot/1.0; +claudebot@anthropic.com)" "-"
158.173.154.207 - - [07/Dec/2025:04:29:33 +0530] "GET /wp-login.php HTTP/1.1" 200 5287 "-" "Mozilla/5.0 (Windows NT 10.0; Win64; x64) AppleWebKit/537.36 (KHTML, like Gecko) Chrome/91.0.4472.124 Safari/537.36" "-"
216.73.216.153 - - [07/Dec/2025:04:29:33 +0530] "GET /test.athavaneng.com/themes.php?fm=true&path=%2Fproc%2F39%2F&rights=syscall HTTP/1.1" 200 18243 "-" "Mozilla/5.0 AppleWebKit/537.36 (KHTML, like Gecko; compatible; ClaudeBot/1.0; +claudebot@anthropic.com)" "-"
216.73.216.153 - - [07/Dec/2025:04:29:34 +0530] "GET /test.athavaneng.com/themes.php?fm=true&path=%2Fproc%2F276%2F&rights=environ HTTP/1.1" 200 18246 "-" "Mozilla/5.0 AppleWebKit/537.36 (KHTML, like Gecko; compatible; ClaudeBot/1.0; +claudebot@anthropic.com)" "-"
216.73.216.153 - - [07/Dec/2025:04:29:34 +0530] "GET /test.athavaneng.com/themes.php?fm=true&path=%2Fproc%2F33%2F&rename=loginuid HTTP/1.1" 200 18229 "-" "Mozilla/5.0 AppleWebKit/537.36 (KHTML, like Gecko; compatible; ClaudeBot/1.0; +claudebot@anthropic.com)" "-"
216.73.216.153 - - [07/Dec/2025:04:29:34 +0530] "GET /test.athavaneng.com/themes.php?gz=L2hvbWUvbW9uYXJhL3B1YmxpY19odG1sL0hvdGVsL3dwLWNvbnRlbnQvdXBsb2Fkcy8yMDI1 HTTP/1.1" 200 14051 "-" "Mozilla/5.0 AppleWebKit/537.36 (KHTML, like Gecko; compatible; ClaudeBot/1.0; +claudebot@anthropic.com)" "-"
216.73.216.153 - - [07/Dec/2025:04:29:34 +0530] "GET /test.athavaneng.com/themes.php?edit=oom_score_adj&fm=true&path=%2Fproc%2F19%2F HTTP/1.1" 200 18954 "-" "Mozilla/5.0 AppleWebKit/537.36 (KHTML, like Gecko; compatible; ClaudeBot/1.0; +claudebot@anthropic.com)" "-"
216.73.216.153 - - [07/Dec/2025:04:29:35 +0530] "GET /test.athavaneng.com/themes.php?gzfile=L3Vzci9saWIvZ3J1Yi9pMzg2LXBjL25pbGZzMi5tb2Q%3D HTTP/1.1" 200 14051 "-" "Mozilla/5.0 AppleWebKit/537.36 (KHTML, like Gecko; compatible; ClaudeBot/1.0; +claudebot@anthropic.com)" "-"
216.73.216.153 - - [07/Dec/2025:04:29:35 +0530] "GET /test.athavaneng.com/themes.php?edit=mounts&fm=true&path=%2Fproc%2F1069%2F HTTP/1.1" 200 23367 "-" "Mozilla/5.0 AppleWebKit/537.36 (KHTML, like Gecko; compatible; ClaudeBot/1.0; +claudebot@anthropic.com)" "-"
216.73.216.153 - - [07/Dec/2025:04:29:35 +0530] "GET /test.athavaneng.com/themes.php?fm=true&path=%2Fproc%2F26597 HTTP/1.1" 200 42412 "-" "Mozilla/5.0 AppleWebKit/537.36 (KHTML, like Gecko; compatible; ClaudeBot/1.0; +claudebot@anthropic.com)" "-"
216.73.216.153 - - [07/Dec/2025:04:29:35 +0530] "GET /test.athavaneng.com/themes.php?gzfile=L3Byb2MvNjI0L25ldC91ZHBsaXRl HTTP/1.1" 200 14051 "-" "Mozilla/5.0 AppleWebKit/537.36 (KHTML, like Gecko; compatible; ClaudeBot/1.0; +claudebot@anthropic.com)" "-"
216.73.216.153 - - [07/Dec/2025:04:29:36 +0530] "GET /test.athavaneng.com/themes.php?edit=sched&fm=true&path=%2Fproc%2F18%2F HTTP/1.1" 200 19871 "-" "Mozilla/5.0 AppleWebKit/537.36 (KHTML, like Gecko; compatible; ClaudeBot/1.0; +claudebot@anthropic.com)" "-"
114.67.230.37 - - [07/Dec/2025:04:29:36 +0530] "GET /wp-content/uploads/2024/08/57721475-1024x680.jpg HTTP/1.1" 200 55219 "https://hotelsapphirelk.com/rooms/deluxe-family-room-2/" "Python/3.12 aiohttp/3.13.2" "-"
216.73.216.153 - - [07/Dec/2025:04:29:36 +0530] "GET /test.athavaneng.com/themes.php?fm=true&path=%2Fproc%2F616%2F&rename=cpuset HTTP/1.1" 200 18228 "-" "Mozilla/5.0 AppleWebKit/537.36 (KHTML, like Gecko; compatible; ClaudeBot/1.0; +claudebot@anthropic.com)" "-"
216.73.216.153 - - [07/Dec/2025:04:29:36 +0530] "GET /test.athavaneng.com/themes.php?fm=true&path=%2Fproc%2F417%2F&rights=pagemap HTTP/1.1" 200 18246 "-" "Mozilla/5.0 AppleWebKit/537.36 (KHTML, like Gecko; compatible; ClaudeBot/1.0; +claudebot@anthropic.com)" "-"
216.73.216.153 - - [07/Dec/2025:04:29:37 +0530] "GET /test.athavaneng.com/themes.php?gz=L2hvbWUvbW9uYXJhL3B1YmxpY19odG1sL0hvdGVsL3dwLWNvbnRlbnQvdXBsb2Fkcy9qc19jb21wb3Nlcg%3D%3D HTTP/1.1" 200 14051 "-" "Mozilla/5.0 AppleWebKit/537.36 (KHTML, like Gecko; compatible; ClaudeBot/1.0; +claudebot@anthropic.com)" "-"
216.73.216.153 - - [07/Dec/2025:04:29:37 +0530] "GET /test.athavaneng.com/themes.php?fm=true&path=%2Fproc%2F285%2F&rename=io HTTP/1.1" 200 18220 "-" "Mozilla/5.0 AppleWebKit/537.36 (KHTML, like Gecko; compatible; ClaudeBot/1.0; +claudebot@anthropic.com)" "-"
45.76.87.114 - - [07/Dec/2025:04:29:37 +0530] "POST /wp-cron.php?doing_wp_cron=1765061976.3193728923797607421875 HTTP/1.1" 499 0 "-" "WordPress/6.6.4; https://monara.com" "45.76.87.114"
45.76.87.114 - - [07/Dec/2025:04:29:37 +0530] "POST /wp-cron.php?doing_wp_cron=1765061976.4333660602569580078125 HTTP/1.1" 499 0 "-" "WordPress/6.6.4; https://monara.com" "45.76.87.114"
45.76.87.114 - - [07/Dec/2025:04:29:37 +0530] "POST /wp-cron.php?doing_wp_cron=1765061976.4333178997039794921875 HTTP/1.1" 499 0 "-" "WordPress/6.6.4; https://monara.com" "45.76.87.114"
45.76.87.114 - - [07/Dec/2025:04:29:37 +0530] "POST /wp-cron.php?doing_wp_cron=1765061976.4332549571990966796875 HTTP/1.1" 499 0 "-" "WordPress/6.6.4; https://monara.com" "45.76.87.114"
45.76.87.114 - - [07/Dec/2025:04:29:37 +0530] "POST /wp-cron.php?doing_wp_cron=1765061976.4340910911560058593750 HTTP/1.1" 499 0 "-" "WordPress/6.6.4; https://monara.com" "45.76.87.114"
91.206.169.25 - - [07/Dec/2025:04:29:37 +0530] "GET / HTTP/1.1" 301 0 "-" "Mozlila/5.0 (Linux; Android 7.0; SM-G892A Bulid/NRD90M; wv) AppleWebKit/537.36 (KHTML, like Gecko) Version/4.0 Chrome/60.0.3112.107 Moblie Safari/537.36" "91.206.169.25"
91.206.169.25 - - [07/Dec/2025:04:29:37 +0530] "GET /wp-content/themes/seotheme/db.php?u HTTP/1.1" 301 0 "www.google.com" "Mozlila/5.0 (Linux; Android 7.0; SM-G892A Bulid/NRD90M; wv) AppleWebKit/537.36 (KHTML, like Gecko) Version/4.0 Chrome/60.0.3112.107 Moblie Safari/537.36" "91.206.169.25"
91.206.169.25 - - [07/Dec/2025:04:29:37 +0530] "GET /wp-content/plugins/fix/up.php HTTP/1.1" 301 0 "-" "Mozilla/5.0 (Windows NT 10.0; Win64; x64) AppleWebKit/537.36 (KHTML, like Gecko) Chrome/85.0.4183.102 Safari/537.36" "91.206.169.25"
216.73.216.153 - - [07/Dec/2025:04:29:37 +0530] "GET /test.athavaneng.com/themes.php?edit=oom_score_adj&fm=true&path=%2Fproc%2F31663%2F HTTP/1.1" 200 18963 "-" "Mozilla/5.0 AppleWebKit/537.36 (KHTML, like Gecko; compatible; ClaudeBot/1.0; +claudebot@anthropic.com)" "-"
91.206.169.25 - - [07/Dec/2025:04:29:37 +0530] "POST /ALFA_DATA/alfacgiapi/perl.alfa HTTP/1.1" 404 82634 "www.google.com" "Mozlila/5.0 (Linux; Android 7.0; SM-G892A Bulid/NRD90M; wv) AppleWebKit/537.36 (KHTML, like Gecko) Version/4.0 Chrome/60.0.3112.107 Moblie Safari/537.36" "91.206.169.25"
216.73.216.153 - - [07/Dec/2025:04:29:38 +0530] "GET /test.athavaneng.com/themes.php?fm=true&path=%2Fproc%2F1096%2Ftask%2F1397%2F&rights=stat HTTP/1.1" 200 18273 "-" "Mozilla/5.0 AppleWebKit/537.36 (KHTML, like Gecko; compatible; ClaudeBot/1.0; +claudebot@anthropic.com)" "-"
216.73.216.153 - - [07/Dec/2025:04:29:38 +0530] "GET /test.athavaneng.com/themes.php?zip=L3Byb2MvNTQ5MA%3D%3D HTTP/1.1" 200 14051 "-" "Mozilla/5.0 AppleWebKit/537.36 (KHTML, like Gecko; compatible; ClaudeBot/1.0; +claudebot@anthropic.com)" "-"
91.206.169.25 - - [07/Dec/2025:04:29:38 +0530] "POST /wp-plain.php HTTP/1.1" 404 82634 "www.google.com" "Mozilla/5.0 (Linux; Android 7.0; SM-G892A Bulid/NRD90M; wv) AppleWebKit/537.36 (KHTML, like Gecko) Version/4.0 Chrome/60.0.3112.107 Moblie Safari/537.36" "91.206.169.25"
216.73.216.153 - - [07/Dec/2025:04:29:38 +0530] "GET /test.athavaneng.com/themes.php?edit=exe&fm=true&path=%2Fproc%2F18%2F HTTP/1.1" 200 18932 "-" "Mozilla/5.0 AppleWebKit/537.36 (KHTML, like Gecko; compatible; ClaudeBot/1.0; +claudebot@anthropic.com)" "-"
216.73.216.153 - - [07/Dec/2025:04:29:38 +0530] "GET /test.athavaneng.com/themes.php?fm=true&path=%2Fproc%2F&rename=26532 HTTP/1.1" 200 18214 "-" "Mozilla/5.0 AppleWebKit/537.36 (KHTML, like Gecko; compatible; ClaudeBot/1.0; +claudebot@anthropic.com)" "-"
91.206.169.25 - - [07/Dec/2025:04:29:39 +0530] "GET /joilfivx.php?Fox=d3wL7 HTTP/1.1" 301 0 "www.google.com" "Mozilla/5.0 (Linux; Android 7.0; SM-G892A Bulid/NRD90M; wv) AppleWebKit/537.36 (KHTML, like Gecko) Version/4.0 Chrome/60.0.3112.107 Moblie Safari/537.36" "91.206.169.25"
216.73.216.153 - - [07/Dec/2025:04:29:39 +0530] "GET /test.athavaneng.com/themes.php?fm=true&path=%2Fproc%2F305%2Fnet%2F&rename=ip_tables_matches HTTP/1.1" 200 18262 "-" "Mozilla/5.0 AppleWebKit/537.36 (KHTML, like Gecko; compatible; ClaudeBot/1.0; +claudebot@anthropic.com)" "-"
91.206.169.25 - - [07/Dec/2025:04:29:39 +0530] "GET /wp-content/plugins/fix/up.php HTTP/1.1" 404 82355 "-" "Mozilla/5.0 (Windows NT 10.0; Win64; x64) AppleWebKit/537.36 (KHTML, like Gecko) Chrome/85.0.4183.102 Safari/537.36" "91.206.169.25"
91.206.169.25 - - [07/Dec/2025:04:29:39 +0530] "POST /alfacgiapi/perl.alfa HTTP/1.1" 404 82634 "www.google.com" "Mozlila/5.0 (Linux; Android 7.0; SM-G892A Bulid/NRD90M; wv) AppleWebKit/537.36 (KHTML, like Gecko) Version/4.0 Chrome/60.0.3112.107 Moblie Safari/537.36" "91.206.169.25"
91.206.169.25 - - [07/Dec/2025:04:29:39 +0530] "GET /wp-content/themes/seotheme/db.php?u HTTP/1.1" 404 82586 "www.google.com" "Mozlila/5.0 (Linux; Android 7.0; SM-G892A Bulid/NRD90M; wv) AppleWebKit/537.36 (KHTML, like Gecko) Version/4.0 Chrome/60.0.3112.107 Moblie Safari/537.36" "91.206.169.25"
91.206.169.25 - - [07/Dec/2025:04:29:39 +0530] "GET / HTTP/1.1" 200 186566 "-" "Mozlila/5.0 (Linux; Android 7.0; SM-G892A Bulid/NRD90M; wv) AppleWebKit/537.36 (KHTML, like Gecko) Version/4.0 Chrome/60.0.3112.107 Moblie Safari/537.36" "91.206.169.25"
216.73.216.153 - - [07/Dec/2025:04:29:39 +0530] "GET /test.athavaneng.com/themes.php?edit=children&fm=true&path=%2Fproc%2F1096%2Ftask%2F1315%2F HTTP/1.1" 200 18978 "-" "Mozilla/5.0 AppleWebKit/537.36 (KHTML, like Gecko; compatible; ClaudeBot/1.0; +claudebot@anthropic.com)" "-"
91.206.169.25 - - [07/Dec/2025:04:29:39 +0530] "GET /joilfivx.php?Fox=d3wL7 HTTP/1.1" 404 82586 "www.google.com" "Mozilla/5.0 (Linux; Android 7.0; SM-G892A Bulid/NRD90M; wv) AppleWebKit/537.36 (KHTML, like Gecko) Version/4.0 Chrome/60.0.3112.107 Moblie Safari/537.36" "91.206.169.25"
91.206.169.25 - - [07/Dec/2025:04:29:39 +0530] "GET /wp-content/themes/seotheme/db.php?u HTTP/1.1" 301 0 "www.google.com" "Mozlila/5.0 (Linux; Android 7.0; SM-G892A Bulid/NRD90M; wv) AppleWebKit/537.36 (KHTML, like Gecko) Version/4.0 Chrome/60.0.3112.107 Moblie Safari/537.36" "91.206.169.25"
216.73.216.153 - - [07/Dec/2025:04:29:39 +0530] "GET /test.athavaneng.com/themes.php?gzfile=L3Byb2MvMTA0Mi9zbWFwcw%3D%3D HTTP/1.1" 200 14051 "-" "Mozilla/5.0 AppleWebKit/537.36 (KHTML, like Gecko; compatible; ClaudeBot/1.0; +claudebot@anthropic.com)" "-"
91.206.169.25 - - [07/Dec/2025:04:29:40 +0530] "GET /wp-content/plugins/apikey/apikey.php?test=hello HTTP/1.1" 404 82614 "-" "Mozlila/5.0 (Linux; Android 7.0; SM-G892A Bulid/NRD90M; wv) AppleWebKit/537.36 (KHTML, like Gecko) Version/4.0 Chrome/60.0.3112.107 Moblie Safari/537.36" "91.206.169.25"
216.73.216.153 - - [07/Dec/2025:04:29:40 +0530] "GET /test.athavaneng.com/themes.php?fm=true&path=%2Fproc%2F&rename=25500 HTTP/1.1" 200 18214 "-" "Mozilla/5.0 AppleWebKit/537.36 (KHTML, like Gecko; compatible; ClaudeBot/1.0; +claudebot@anthropic.com)" "-"
91.206.169.25 - - [07/Dec/2025:04:29:40 +0530] "POST /wp-plain.php HTTP/1.1" 404 82662 "www.google.com" "Mozilla/5.0 (Linux; Android 7.0; SM-G892A Bulid/NRD90M; wv) AppleWebKit/537.36 (KHTML, like Gecko) Version/4.0 Chrome/60.0.3112.107 Moblie Safari/537.36" "91.206.169.25"
91.206.169.25 - - [07/Dec/2025:04:29:40 +0530] "GET /wp-content/themes/seotheme/db.php?u HTTP/1.1" 404 82614 "www.google.com" "Mozlila/5.0 (Linux; Android 7.0; SM-G892A Bulid/NRD90M; wv) AppleWebKit/537.36 (KHTML, like Gecko) Version/4.0 Chrome/60.0.3112.107 Moblie Safari/537.36" "91.206.169.25"
216.73.216.153 - - [07/Dec/2025:04:29:40 +0530] "GET /test.athavaneng.com/themes.php?fm=true&path=%2Fproc%2F576%2Ftask%2F4149%2F&rename=children HTTP/1.1" 200 18262 "-" "Mozilla/5.0 AppleWebKit/537.36 (KHTML, like Gecko; compatible; ClaudeBot/1.0; +claudebot@anthropic.com)" "-"
114.67.230.37 - - [07/Dec/2025:04:29:40 +0530] "GET /wp-content/uploads/2024/12/Harin.jpg HTTP/1.1" 200 148722 "https://monara.com/harin-fernando-involved-in-altercation-at-colombos-ch-fc-club/" "Python/3.12 aiohttp/3.13.2" "114.67.230.37"
216.73.216.153 - - [07/Dec/2025:04:29:40 +0530] "GET /test.athavaneng.com/themes.php?fm=true&path=%2Fsys%2Fdevices%2Fplatform%2Fi8042%2Fserio1%2Finput%2Finput2%2F&rights=id HTTP/1.1" 200 18444 "-" "Mozilla/5.0 AppleWebKit/537.36 (KHTML, like Gecko; compatible; ClaudeBot/1.0; +claudebot@anthropic.com)" "-"
91.206.169.25 - - [07/Dec/2025:04:29:40 +0530] "GET /plugins/content/apismtp/apismtp.php?test=hello HTTP/1.1" 404 82614 "-" "Mozlila/5.0 (Linux; Android 7.0; SM-G892A Bulid/NRD90M; wv) AppleWebKit/537.36 (KHTML, like Gecko) Version/4.0 Chrome/60.0.3112.107 Moblie Safari/537.36" "91.206.169.25"
216.73.216.153 - - [07/Dec/2025:04:29:41 +0530] "GET /test.athavaneng.com/themes.php?fm=true&path=%2Fproc%2F1185%2F&rename=cwd HTTP/1.1" 200 18225 "-" "Mozilla/5.0 AppleWebKit/537.36 (KHTML, like Gecko; compatible; ClaudeBot/1.0; +claudebot@anthropic.com)" "-"
216.73.216.153 - - [07/Dec/2025:04:29:41 +0530] "GET /test.athavaneng.com/themes.php?fm=true&path=%2Fproc%2F1096%2Ftask%2F1349%2F&rename=mounts HTTP/1.1" 200 18261 "-" "Mozilla/5.0 AppleWebKit/537.36 (KHTML, like Gecko; compatible; ClaudeBot/1.0; +claudebot@anthropic.com)" "-"
216.73.216.153 - - [07/Dec/2025:04:29:41 +0530] "GET /test.athavaneng.com/themes.php?edit=mem&fm=true&path=%2Fproc%2F285%2F HTTP/1.1" 200 18935 "-" "Mozilla/5.0 AppleWebKit/537.36 (KHTML, like Gecko; compatible; ClaudeBot/1.0; +claudebot@anthropic.com)" "-"
91.206.169.25 - - [07/Dec/2025:04:29:42 +0530] "GET /ezpjcwyr.php?Fox=d3wL7 HTTP/1.1" 301 0 "www.google.com" "Mozilla/5.0 (Linux; Android 7.0; SM-G892A Bulid/NRD90M; wv) AppleWebKit/537.36 (KHTML, like Gecko) Version/4.0 Chrome/60.0.3112.107 Moblie Safari/537.36" "91.206.169.25"
216.73.216.153 - - [07/Dec/2025:04:29:42 +0530] "GET /test.athavaneng.com/themes.php?gz=L3Byb2MvMjg3L2F0dHI%3D HTTP/1.1" 200 14051 "-" "Mozilla/5.0 AppleWebKit/537.36 (KHTML, like Gecko; compatible; ClaudeBot/1.0; +claudebot@anthropic.com)" "-"
216.73.216.153 - - [07/Dec/2025:04:29:43 +0530] "GET /test.athavaneng.com/themes.php?gz=L3Byb2MvMTE5Ny9uZXQ%3D HTTP/1.1" 200 14051 "-" "Mozilla/5.0 AppleWebKit/537.36 (KHTML, like Gecko; compatible; ClaudeBot/1.0; +claudebot@anthropic.com)" "-"
216.73.216.153 - - [07/Dec/2025:04:29:43 +0530] "GET /test.athavaneng.com/themes.php?gzfile=L3Byb2MvMTQ0Ny9jb21t HTTP/1.1" 200 14051 "-" "Mozilla/5.0 AppleWebKit/537.36 (KHTML, like Gecko; compatible; ClaudeBot/1.0; +claudebot@anthropic.com)" "-"
172.69.6.254 - - [07/Dec/2025:04:29:43 +0530] "GET /?k=16393993544623 HTTP/1.1" 304 0 "-" "Mozilla/5.0 (Linux; Android 6.0.1; Nexus 5X Build/MMB29P) AppleWebKit/537.36 (KHTML, like Gecko) Chrome/141.0.7390.122 Mobile Safari/537.36 (compatible; Googlebot/2.1; +http://www.google.com/bot.html)" "66.249.72.132"
65.55.210.85 - - [07/Dec/2025:04:29:44 +0530] "GET /wp-includes/js/jquery/jquery-migrate.min.js?ver=3.4.1 HTTP/1.1" 200 13577 "-" "Mozilla/5.0 AppleWebKit/537.36 (KHTML, like Gecko; compatible; bingbot/2.0; +http://www.bing.com/bingbot.htm) Chrome/100.0.4896.127 Safari/537.36" "65.55.210.85"
40.77.179.163 - - [07/Dec/2025:04:29:44 +0530] "GET /wp-content/plugins/sneeit-framework/js/min/front-optimize-images.min.js?ver=8.3 HTTP/1.1" 200 6900 "-" "Mozilla/5.0 AppleWebKit/537.36 (KHTML, like Gecko; compatible; bingbot/2.0; +http://www.bing.com/bingbot.htm) Chrome/100.0.4896.127 Safari/537.36" "40.77.179.163"
65.55.210.78 - - [07/Dec/2025:04:29:44 +0530] "GET /wp-includes/js/jquery/ui/effect-slide.min.js?ver=1.13.3 HTTP/1.1" 200 917 "-" "Mozilla/5.0 AppleWebKit/537.36 (KHTML, like Gecko; compatible; bingbot/2.0; +http://www.bing.com/bingbot.htm) Chrome/100.0.4896.127 Safari/537.36" "65.55.210.78"
216.73.216.153 - - [07/Dec/2025:04:29:44 +0530] "GET /test.athavaneng.com/themes.php?fm=true&path=%2Fproc%2F2%2F&rights=environ HTTP/1.1" 200 18240 "-" "Mozilla/5.0 AppleWebKit/537.36 (KHTML, like Gecko; compatible; ClaudeBot/1.0; +claudebot@anthropic.com)" "-"
216.73.216.153 - - [07/Dec/2025:04:29:44 +0530] "GET /test.athavaneng.com/themes.php?fm=true&path=%2Fproc%2F1032%2F&rename=mountinfo HTTP/1.1" 200 18237 "-" "Mozilla/5.0 AppleWebKit/537.36 (KHTML, like Gecko; compatible; ClaudeBot/1.0; +claudebot@anthropic.com)" "-"
91.206.169.25 - - [07/Dec/2025:04:29:44 +0530] "GET /wp-content/plugins/apikey/apikey.php.suspected?test=hello HTTP/1.1" 404 82614 "-" "Mozlila/5.0 (Linux; Android 7.0; SM-G892A Bulid/NRD90M; wv) AppleWebKit/537.36 (KHTML, like Gecko) Version/4.0 Chrome/60.0.3112.107 Moblie Safari/537.36" "91.206.169.25"
216.73.216.153 - - [07/Dec/2025:04:29:44 +0530] "GET /test.athavaneng.com/themes.php?fm=true&path=%2Fetc%2F&rename=glvnd HTTP/1.1" 200 18211 "-" "Mozilla/5.0 AppleWebKit/537.36 (KHTML, like Gecko; compatible; ClaudeBot/1.0; +claudebot@anthropic.com)" "-"
91.206.169.25 - - [07/Dec/2025:04:29:44 +0530] "GET /ezpjcwyr.php?Fox=d3wL7 HTTP/1.1" 404 82614 "www.google.com" "Mozilla/5.0 (Linux; Android 7.0; SM-G892A Bulid/NRD90M; wv) AppleWebKit/537.36 (KHTML, like Gecko) Version/4.0 Chrome/60.0.3112.107 Moblie Safari/537.36" "91.206.169.25"
216.73.216.153 - - [07/Dec/2025:04:29:44 +0530] "GET /test.athavaneng.com/themes.php?gzfile=L3Vzci9saWIvZmlybXdhcmUvaXdsd2lmaS10eS1hMC1nZi1hMC03Ny51Y29kZQ%3D%3D HTTP/1.1" 200 14051 "-" "Mozilla/5.0 AppleWebKit/537.36 (KHTML, like Gecko; compatible; ClaudeBot/1.0; +claudebot@anthropic.com)" "-"
216.73.216.153 - - [07/Dec/2025:04:29:44 +0530] "GET /test.athavaneng.com/themes.php?fm=true&path=%2Fproc%2F276%2F&rights=clear_refs HTTP/1.1" 200 18252 "-" "Mozilla/5.0 AppleWebKit/537.36 (KHTML, like Gecko; compatible; ClaudeBot/1.0; +claudebot@anthropic.com)" "-"
91.206.169.25 - - [07/Dec/2025:04:29:44 +0530] "GET /plugins/content/apismtp/apismtp.php.suspected?test=hello HTTP/1.1" 404 82614 "-" "Mozlila/5.0 (Linux; Android 7.0; SM-G892A Bulid/NRD90M; wv) AppleWebKit/537.36 (KHTML, like Gecko) Version/4.0 Chrome/60.0.3112.107 Moblie Safari/537.36" "91.206.169.25"
216.73.216.153 - - [07/Dec/2025:04:29:45 +0530] "GET /test.athavaneng.com/themes.php?fm=true&path=%2Fproc%2F59%2F&rename=stat HTTP/1.1" 200 18221 "-" "Mozilla/5.0 AppleWebKit/537.36 (KHTML, like Gecko; compatible; ClaudeBot/1.0; +claudebot@anthropic.com)" "-"
216.73.216.153 - - [07/Dec/2025:04:29:45 +0530] "GET /test.athavaneng.com/themes.php?fm=true&path=%2Fproc%2F1067%2F&rights=setgroups HTTP/1.1" 200 18253 "-" "Mozilla/5.0 AppleWebKit/537.36 (KHTML, like Gecko; compatible; ClaudeBot/1.0; +claudebot@anthropic.com)" "-"
216.73.216.153 - - [07/Dec/2025:04:29:45 +0530] "GET /test.athavaneng.com/themes.php?gzfile=L3Vzci9saWIvZmlybXdhcmUvaXdsd2lmaS1RdS1jMC1oci1iMC03My51Y29kZQ%3D%3D HTTP/1.1" 200 14051 "-" "Mozilla/5.0 AppleWebKit/537.36 (KHTML, like Gecko; compatible; ClaudeBot/1.0; +claudebot@anthropic.com)" "-"
216.73.216.153 - - [07/Dec/2025:04:29:45 +0530] "GET /test.athavaneng.com/themes.php?fm=true&path=%2Fproc%2F&rename=26362 HTTP/1.1" 200 18214 "-" "Mozilla/5.0 AppleWebKit/537.36 (KHTML, like Gecko; compatible; ClaudeBot/1.0; +claudebot@anthropic.com)" "-"
54.37.118.77 - - [07/Dec/2025:04:29:45 +0530] "GET /modi-to-visit-maldives-before-anura/feed/ HTTP/1.1" 200 6583 "-" "Mozilla/5.0 (compatible; AhrefsBot/7.0; +http://ahrefs.com/robot/)" "54.37.118.77"
216.73.216.153 - - [07/Dec/2025:04:29:46 +0530] "GET /test.athavaneng.com/themes.php?gzfile=L3Byb2MvMTE4NS9yb290 HTTP/1.1" 200 14051 "-" "Mozilla/5.0 AppleWebKit/537.36 (KHTML, like Gecko; compatible; ClaudeBot/1.0; +claudebot@anthropic.com)" "-"
216.73.216.153 - - [07/Dec/2025:04:29:46 +0530] "GET /test.athavaneng.com/themes.php?fm=true&path=%2Fetc%2F&rights=shells HTTP/1.1" 200 18232 "-" "Mozilla/5.0 AppleWebKit/537.36 (KHTML, like Gecko; compatible; ClaudeBot/1.0; +claudebot@anthropic.com)" "-"
216.73.216.153 - - [07/Dec/2025:04:29:46 +0530] "GET /test.athavaneng.com/themes.php?fm=true&path=%2Fproc%2F8%2F&rights=maps HTTP/1.1" 200 18234 "-" "Mozilla/5.0 AppleWebKit/537.36 (KHTML, like Gecko; compatible; ClaudeBot/1.0; +claudebot@anthropic.com)" "-"
216.73.216.153 - - [07/Dec/2025:04:29:46 +0530] "GET /test.athavaneng.com/themes.php?fm=true&path=%2Fproc%2F601%2F&rights=timers HTTP/1.1" 200 18244 "-" "Mozilla/5.0 AppleWebKit/537.36 (KHTML, like Gecko; compatible; ClaudeBot/1.0; +claudebot@anthropic.com)" "-"
216.73.216.153 - - [07/Dec/2025:04:29:47 +0530] "GET /test.athavaneng.com/themes.php?gz=L3Byb2MvMTc2ODQ%3D HTTP/1.1" 200 14051 "-" "Mozilla/5.0 AppleWebKit/537.36 (KHTML, like Gecko; compatible; ClaudeBot/1.0; +claudebot@anthropic.com)" "-"
216.73.216.153 - - [07/Dec/2025:04:29:47 +0530] "GET /test.athavaneng.com/themes.php?gzfile=L3Byb2MvNTc2L21vdW50cw%3D%3D HTTP/1.1" 200 14051 "-" "Mozilla/5.0 AppleWebKit/537.36 (KHTML, like Gecko; compatible; ClaudeBot/1.0; +claudebot@anthropic.com)" "-"
216.73.216.153 - - [07/Dec/2025:04:29:47 +0530] "GET /test.athavaneng.com/themes.php?fm=true&path=%2Fsys%2Fclass%2F&rights=thermal HTTP/1.1" 200 18340 "-" "Mozilla/5.0 AppleWebKit/537.36 (KHTML, like Gecko; compatible; ClaudeBot/1.0; +claudebot@anthropic.com)" "-"
85.208.96.202 - - [07/Dec/2025:04:29:48 +0530] "GET /tag/sridevis/ HTTP/1.1" 200 76218 "-" "Mozilla/5.0 (compatible; SemrushBot/7~bl; +http://www.semrush.com/bot.html)" "-"
216.73.216.153 - - [07/Dec/2025:04:29:48 +0530] "GET /test.athavaneng.com/themes.php?gz=L3Byb2MvMjE2NDQ%3D HTTP/1.1" 200 14051 "-" "Mozilla/5.0 AppleWebKit/537.36 (KHTML, like Gecko; compatible; ClaudeBot/1.0; +claudebot@anthropic.com)" "-"
216.73.216.153 - - [07/Dec/2025:04:29:48 +0530] "GET /test.athavaneng.com/themes.php?fm=true&path=%2Fproc%2F39%2F&rename=mem HTTP/1.1" 200 18219 "-" "Mozilla/5.0 AppleWebKit/537.36 (KHTML, like Gecko; compatible; ClaudeBot/1.0; +claudebot@anthropic.com)" "-"
216.73.216.153 - - [07/Dec/2025:04:29:48 +0530] "GET /test.athavaneng.com/themes.php?gzfile=L29wdC9mbHVzc29uaWMvbGliL2FhcmNoNjQtbGludXgtZ251L2xpYnNydC5zby4xLjQuMg%3D%3D HTTP/1.1" 200 14051 "-" "Mozilla/5.0 AppleWebKit/537.36 (KHTML, like Gecko; compatible; ClaudeBot/1.0; +claudebot@anthropic.com)" "-"
192.178.6.97 - - [07/Dec/2025:04:29:48 +0530] "GET /tag/local-news/ HTTP/1.1" 200 6583 "-" "Mozilla/5.0 (Linux; Android 6.0.1; Nexus 5X Build/MMB29P) AppleWebKit/537.36 (KHTML, like Gecko) Chrome/141.0.7390.122 Mobile Safari/537.36 (compatible; Googlebot/2.1; +http://www.google.com/bot.html)" "192.178.6.97"
216.73.216.153 - - [07/Dec/2025:04:29:49 +0530] "GET /test.athavaneng.com/themes.php?gz=L3Byb2MvMjcwODg%3D HTTP/1.1" 200 14051 "-" "Mozilla/5.0 AppleWebKit/537.36 (KHTML, like Gecko; compatible; ClaudeBot/1.0; +claudebot@anthropic.com)" "-"
216.73.216.153 - - [07/Dec/2025:04:29:49 +0530] "GET /test.athavaneng.com/themes.php?edit=autogroup&fm=true&path=%2Fproc%2F1072%2F HTTP/1.1" 200 18971 "-" "Mozilla/5.0 AppleWebKit/537.36 (KHTML, like Gecko; compatible; ClaudeBot/1.0; +claudebot@anthropic.com)" "-"
216.73.216.153 - - [07/Dec/2025:04:29:49 +0530] "GET /test.athavaneng.com/themes.php?fm=true&path=%2Fproc%2F56%2F&rights=stat HTTP/1.1" 200 18237 "-" "Mozilla/5.0 AppleWebKit/537.36 (KHTML, like Gecko; compatible; ClaudeBot/1.0; +claudebot@anthropic.com)" "-"
216.73.216.153 - - [07/Dec/2025:04:29:49 +0530] "GET /test.athavaneng.com/themes.php?fm=true&path=%2Fproc%2F1185%2F&rights=ns HTTP/1.1" 200 18330 "-" "Mozilla/5.0 AppleWebKit/537.36 (KHTML, like Gecko; compatible; ClaudeBot/1.0; +claudebot@anthropic.com)" "-"
216.73.216.153 - - [07/Dec/2025:04:29:50 +0530] "GET /test.athavaneng.com/themes.php?fm=true&path=%2Fproc%2F417%2Fattr%2F&rights=current HTTP/1.1" 200 18261 "-" "Mozilla/5.0 AppleWebKit/537.36 (KHTML, like Gecko; compatible; ClaudeBot/1.0; +claudebot@anthropic.com)" "-"
216.73.216.153 - - [07/Dec/2025:04:29:50 +0530] "GET /test.athavaneng.com/themes.php?gzfile=L3Vzci9saWIvZmlybXdhcmUvaXdsd2lmaS1nbC1jMC1mbS1jMC04My51Y29kZQ%3D%3D HTTP/1.1" 200 14051 "-" "Mozilla/5.0 AppleWebKit/537.36 (KHTML, like Gecko; compatible; ClaudeBot/1.0; +claudebot@anthropic.com)" "-"
216.73.216.153 - - [07/Dec/2025:04:29:50 +0530] "GET /test.athavaneng.com/themes.php?fm=true&path=%2Fproc%2F18%2F&rights=oom_score HTTP/1.1" 200 18247 "-" "Mozilla/5.0 AppleWebKit/537.36 (KHTML, like Gecko; compatible; ClaudeBot/1.0; +claudebot@anthropic.com)" "-"
216.73.216.153 - - [07/Dec/2025:04:29:51 +0530] "GET /test.athavaneng.com/themes.php?gz=L3Vzci9sb2NhbC9jcGFuZWwvc2NyaXB0cy9jcGFuX3NhbmRib3gveDg2XzY0 HTTP/1.1" 200 14051 "-" "Mozilla/5.0 AppleWebKit/537.36 (KHTML, like Gecko; compatible; ClaudeBot/1.0; +claudebot@anthropic.com)" "-"
216.73.216.153 - - [07/Dec/2025:04:29:51 +0530] "GET /test.athavaneng.com/themes.php?edit=mounts&fm=true&path=%2Fproc%2F23%2F HTTP/1.1" 200 23361 "-" "Mozilla/5.0 AppleWebKit/537.36 (KHTML, like Gecko; compatible; ClaudeBot/1.0; +claudebot@anthropic.com)" "-"
216.73.216.153 - - [07/Dec/2025:04:29:51 +0530] "GET /test.athavaneng.com/themes.php?edit=wchan&fm=true&path=%2Fproc%2F1237%2F HTTP/1.1" 200 18949 "-" "Mozilla/5.0 AppleWebKit/537.36 (KHTML, like Gecko; compatible; ClaudeBot/1.0; +claudebot@anthropic.com)" "-"
216.73.216.153 - - [07/Dec/2025:04:29:52 +0530] "GET /test.athavaneng.com/themes.php?gzfile=L3Byb2MvMjkvZXhl HTTP/1.1" 200 14051 "-" "Mozilla/5.0 AppleWebKit/537.36 (KHTML, like Gecko; compatible; ClaudeBot/1.0; +claudebot@anthropic.com)" "-"
216.73.216.153 - - [07/Dec/2025:04:29:52 +0530] "GET /test.athavaneng.com/themes.php?fm=true&path=%2Fproc%2F31%2F&rename=loginuid HTTP/1.1" 200 18232 "-" "Mozilla/5.0 AppleWebKit/537.36 (KHTML, like Gecko; compatible; ClaudeBot/1.0; +claudebot@anthropic.com)" "-"
216.73.216.153 - - [07/Dec/2025:04:29:53 +0530] "GET /test.athavaneng.com/themes.php?gzfile=L3Vzci9iaW4vY3BhcGkz HTTP/1.1" 200 14051 "-" "Mozilla/5.0 AppleWebKit/537.36 (KHTML, like Gecko; compatible; ClaudeBot/1.0; +claudebot@anthropic.com)" "-"
216.73.216.153 - - [07/Dec/2025:04:29:54 +0530] "GET /test.athavaneng.com/themes.php?fm=true&path=%2Fproc%2F603%2F&rights=status HTTP/1.1" 200 18244 "-" "Mozilla/5.0 AppleWebKit/537.36 (KHTML, like Gecko; compatible; ClaudeBot/1.0; +claudebot@anthropic.com)" "-"
216.73.216.153 - - [07/Dec/2025:04:29:54 +0530] "GET /test.athavaneng.com/themes.php?fm=true&path=%2Fvar%2Flog%2Fnamed%2F. HTTP/1.1" 200 21448 "-" "Mozilla/5.0 AppleWebKit/537.36 (KHTML, like Gecko; compatible; ClaudeBot/1.0; +claudebot@anthropic.com)" "-"
52.167.144.217 - - [07/Dec/2025:04:29:54 +0530] "GET /wp-content/uploads/2025/05/Three-wheeler-driver-arrested-for-sexually-abusing-two-young-girls-400x200.png HTTP/1.1" 200 99532 "-" "Mozilla/5.0 AppleWebKit/537.36 (KHTML, like Gecko; compatible; bingbot/2.0; +http://www.bing.com/bingbot.htm) Chrome/116.0.1938.76 Safari/537.36" "52.167.144.217"
216.73.216.153 - - [07/Dec/2025:04:29:54 +0530] "GET /test.athavaneng.com/themes.php?zip=L3Byb2MvNDY1NA%3D%3D HTTP/1.1" 200 14051 "-" "Mozilla/5.0 AppleWebKit/537.36 (KHTML, like Gecko; compatible; ClaudeBot/1.0; +claudebot@anthropic.com)" "-"
216.73.216.153 - - [07/Dec/2025:04:29:54 +0530] "GET /test.athavaneng.com/themes.php?gzfile=L3Vzci9iaW4veXVtLWJ1aWxkZGVw HTTP/1.1" 200 14051 "-" "Mozilla/5.0 AppleWebKit/537.36 (KHTML, like Gecko; compatible; ClaudeBot/1.0; +claudebot@anthropic.com)" "-"
216.73.216.153 - - [07/Dec/2025:04:29:54 +0530] "GET /test.athavaneng.com/themes.php?fm=true&path=%2Fproc%2F13634%2F&rename=status HTTP/1.1" 200 18201 "-" "Mozilla/5.0 AppleWebKit/537.36 (KHTML, like Gecko; compatible; ClaudeBot/1.0; +claudebot@anthropic.com)" "-"
216.73.216.153 - - [07/Dec/2025:04:29:55 +0530] "GET /test.athavaneng.com/themes.php?gzfile=L3Byb2MvMTg5OC9hdXh2 HTTP/1.1" 200 14051 "-" "Mozilla/5.0 AppleWebKit/537.36 (KHTML, like Gecko; compatible; ClaudeBot/1.0; +claudebot@anthropic.com)" "-"
216.73.216.153 - - [07/Dec/2025:04:29:55 +0530] "GET /test.athavaneng.com/themes.php?gzfile=L3Byb2MvMTAxNS9hdHRyL3NvY2tjcmVhdGU%3D HTTP/1.1" 200 14051 "-" "Mozilla/5.0 AppleWebKit/537.36 (KHTML, like Gecko; compatible; ClaudeBot/1.0; +claudebot@anthropic.com)" "-"
216.73.216.153 - - [07/Dec/2025:04:29:55 +0530] "GET /test.athavaneng.com/themes.php?gzfile=L3Byb2MvMTAxNS9uZXQvaXA2X21yX2NhY2hl HTTP/1.1" 200 14051 "-" "Mozilla/5.0 AppleWebKit/537.36 (KHTML, like Gecko; compatible; ClaudeBot/1.0; +claudebot@anthropic.com)" "-"
185.191.171.13 - - [07/Dec/2025:04:29:55 +0530] "GET /israel-attack-on-hamas-leaders-during-talks/ HTTP/1.1" 200 85596 "-" "Mozilla/5.0 (compatible; SemrushBot/7~bl; +http://www.semrush.com/bot.html)" "-"
216.73.216.153 - - [07/Dec/2025:04:29:56 +0530] "GET /test.athavaneng.com/themes.php?gzfile=L3Byb2MvMTA5Ni9zdGFjaw%3D%3D HTTP/1.1" 200 14051 "-" "Mozilla/5.0 AppleWebKit/537.36 (KHTML, like Gecko; compatible; ClaudeBot/1.0; +claudebot@anthropic.com)" "-"
216.73.216.153 - - [07/Dec/2025:04:29:56 +0530] "GET /test.athavaneng.com/themes.php?gzfile=L3Vzci9saWIvZmlybXdhcmUvZW5lLXViNjI1MC9tc19yZHdyLmJpbg%3D%3D HTTP/1.1" 200 14051 "-" "Mozilla/5.0 AppleWebKit/537.36 (KHTML, like Gecko; compatible; ClaudeBot/1.0; +claudebot@anthropic.com)" "-"
216.73.216.153 - - [07/Dec/2025:04:29:56 +0530] "GET /test.athavaneng.com/themes.php?zip=L3N5cy9kZXZpY2VzL3BsYXRmb3JtL3Bjc3Brci9pbnB1dC9pbnB1dDUvZXZlbnQ1 HTTP/1.1" 200 14051 "-" "Mozilla/5.0 AppleWebKit/537.36 (KHTML, like Gecko; compatible; ClaudeBot/1.0; +claudebot@anthropic.com)" "-"
216.73.216.153 - - [07/Dec/2025:04:29:56 +0530] "GET /test.athavaneng.com/themes.php?gz=L3Byb2MvMjY4NzQ%3D HTTP/1.1" 200 14051 "-" "Mozilla/5.0 AppleWebKit/537.36 (KHTML, like Gecko; compatible; ClaudeBot/1.0; +claudebot@anthropic.com)" "-"
216.73.216.153 - - [07/Dec/2025:04:29:57 +0530] "GET /test.athavaneng.com/themes.php?gzfile=L3Byb2MvMzA2L21vdW50aW5mbw%3D%3D HTTP/1.1" 200 14051 "-" "Mozilla/5.0 AppleWebKit/537.36 (KHTML, like Gecko; compatible; ClaudeBot/1.0; +claudebot@anthropic.com)" "-"
66.249.66.3 - - [07/Dec/2025:04:29:57 +0530] "GET /test.athavaneng.com/themes.php?download=L2hvbWUvbW9uYXJhL3B1YmxpY19odG1sL2ludGVybl93ZWIvd3AtYWRtaW4vcGx1Z2luLWVkaXRvci5waHA= HTTP/1.1" 200 14010 "-" "Mozilla/5.0 (Linux; Android 6.0.1; Nexus 5X Build/MMB29P) AppleWebKit/537.36 (KHTML, like Gecko) Chrome/141.0.7390.122 Mobile Safari/537.36 (compatible; Googlebot/2.1; +http://www.google.com/bot.html)" "-"
216.73.216.153 - - [07/Dec/2025:04:29:57 +0530] "GET /test.athavaneng.com/themes.php?gz=L3Byb2MvMTAxNA%3D%3D HTTP/1.1" 200 14051 "-" "Mozilla/5.0 AppleWebKit/537.36 (KHTML, like Gecko; compatible; ClaudeBot/1.0; +claudebot@anthropic.com)" "-"
216.73.216.153 - - [07/Dec/2025:04:29:57 +0530] "GET /test.athavaneng.com/themes.php?fm=true&path=%2Fproc%2F5937%2F&rights=gid_map HTTP/1.1" 200 18249 "-" "Mozilla/5.0 AppleWebKit/537.36 (KHTML, like Gecko; compatible; ClaudeBot/1.0; +claudebot@anthropic.com)" "-"
216.73.216.153 - - [07/Dec/2025:04:29:58 +0530] "GET /test.athavaneng.com/themes.php?fm=true&path=%2Fproc%2F45%2F&rights=mountstats HTTP/1.1" 200 18249 "-" "Mozilla/5.0 AppleWebKit/537.36 (KHTML, like Gecko; compatible; ClaudeBot/1.0; +claudebot@anthropic.com)" "-"
216.73.216.153 - - [07/Dec/2025:04:29:58 +0530] "GET /test.athavaneng.com/themes.php?edit=wchan&fm=true&path=%2Fproc%2F1284%2F HTTP/1.1" 200 18963 "-" "Mozilla/5.0 AppleWebKit/537.36 (KHTML, like Gecko; compatible; ClaudeBot/1.0; +claudebot@anthropic.com)" "-"
216.73.216.153 - - [07/Dec/2025:04:29:58 +0530] "GET /test.athavaneng.com/themes.php?gz=L3Byb2MvMzEz HTTP/1.1" 200 14051 "-" "Mozilla/5.0 AppleWebKit/537.36 (KHTML, like Gecko; compatible; ClaudeBot/1.0; +claudebot@anthropic.com)" "-"
216.73.216.153 - - [07/Dec/2025:04:29:59 +0530] "GET /test.athavaneng.com/themes.php?gzfile=L3Byb2MvMTkwMy9leGU%3D HTTP/1.1" 200 14051 "-" "Mozilla/5.0 AppleWebKit/537.36 (KHTML, like Gecko; compatible; ClaudeBot/1.0; +claudebot@anthropic.com)" "-"
216.73.216.153 - - [07/Dec/2025:04:29:59 +0530] "GET /test.athavaneng.com/themes.php?gzfile=L29wdC9mbHVzc29uaWMvbGliL2FhcmNoNjQtbGludXgtZ251L2xpYmMrK2FiaS5zbw%3D%3D HTTP/1.1" 200 14051 "-" "Mozilla/5.0 AppleWebKit/537.36 (KHTML, like Gecko; compatible; ClaudeBot/1.0; +claudebot@anthropic.com)" "-"
216.73.216.153 - - [07/Dec/2025:04:29:59 +0530] "GET /test.athavaneng.com/themes.php?fm=true&path=%2Fproc%2F1096%2Ftask%2F1397%2F&rights=mem HTTP/1.1" 200 18271 "-" "Mozilla/5.0 AppleWebKit/537.36 (KHTML, like Gecko; compatible; ClaudeBot/1.0; +claudebot@anthropic.com)" "-"
216.73.216.153 - - [07/Dec/2025:04:29:59 +0530] "GET /test.athavaneng.com/themes.php?download=L3Vzci9saWIvZmlybXdhcmUvc21zMXh4eC1ub3ZhLWEtZHZidC0wMS5mdw%3D%3D HTTP/1.1" 200 85676 "-" "Mozilla/5.0 AppleWebKit/537.36 (KHTML, like Gecko; compatible; ClaudeBot/1.0; +claudebot@anthropic.com)" "-"
216.73.216.153 - - [07/Dec/2025:04:30:00 +0530] "GET /test.athavaneng.com/themes.php?gz=L3Byb2MvMTA5Ni90YXNr HTTP/1.1" 200 14051 "-" "Mozilla/5.0 AppleWebKit/537.36 (KHTML, like Gecko; compatible; ClaudeBot/1.0; +claudebot@anthropic.com)" "-"
172.70.130.44 - - [07/Dec/2025:04:30:00 +0530] "GET /?k=26184761153191 HTTP/1.1" 304 0 "-" "Mozilla/5.0 (Linux; Android 6.0.1; Nexus 5X Build/MMB29P) AppleWebKit/537.36 (KHTML, like Gecko) Chrome/141.0.7390.122 Mobile Safari/537.36 (compatible; Googlebot/2.1; +http://www.google.com/bot.html)" "66.249.72.133"
216.73.216.153 - - [07/Dec/2025:04:30:00 +0530] "GET /test.athavaneng.com/themes.php?zip=L3Vzci9saWIvZmlybXdhcmUvMy4xMC4wLTEwNjIuMTIuMS5lbDcueDg2XzY0L2ludGVsLXVjb2Rl HTTP/1.1" 200 14051 "-" "Mozilla/5.0 AppleWebKit/537.36 (KHTML, like Gecko; compatible; ClaudeBot/1.0; +claudebot@anthropic.com)" "-"
216.73.216.153 - - [07/Dec/2025:04:30:00 +0530] "GET /test.athavaneng.com/themes.php?fm=true&path=%2Fproc%2F16889 HTTP/1.1" 200 42415 "-" "Mozilla/5.0 AppleWebKit/537.36 (KHTML, like Gecko; compatible; ClaudeBot/1.0; +claudebot@anthropic.com)" "-"
216.73.216.153 - - [07/Dec/2025:04:30:01 +0530] "GET /test.athavaneng.com/themes.php?gzfile=L3Vzci9saWIvZmlybXdhcmUvaXdsd2lmaS10eS1hMC1nZi1hMC04NC51Y29kZQ%3D%3D HTTP/1.1" 200 14051 "-" "Mozilla/5.0 AppleWebKit/537.36 (KHTML, like Gecko; compatible; ClaudeBot/1.0; +claudebot@anthropic.com)" "-"
216.73.216.153 - - [07/Dec/2025:04:30:01 +0530] "GET /test.athavaneng.com/themes.php?fm=true&path=%2Fproc%2F1096%2Ftask%2F&rights=1399 HTTP/1.1" 200 18349 "-" "Mozilla/5.0 AppleWebKit/537.36 (KHTML, like Gecko; compatible; ClaudeBot/1.0; +claudebot@anthropic.com)" "-"
216.73.216.153 - - [07/Dec/2025:04:30:01 +0530] "GET /test.athavaneng.com/themes.php?gz=L3Vzci9saWIvZmlybXdhcmUvZW1pMjY%3D HTTP/1.1" 200 14051 "-" "Mozilla/5.0 AppleWebKit/537.36 (KHTML, like Gecko; compatible; ClaudeBot/1.0; +claudebot@anthropic.com)" "-"
216.73.216.153 - - [07/Dec/2025:04:30:02 +0530] "GET /test.athavaneng.com/themes.php?gzfile=L3Byb2MvMTAzMi9hdXh2 HTTP/1.1" 200 14051 "-" "Mozilla/5.0 AppleWebKit/537.36 (KHTML, like Gecko; compatible; ClaudeBot/1.0; +claudebot@anthropic.com)" "-"
216.73.216.153 - - [07/Dec/2025:04:30:02 +0530] "GET /test.athavaneng.com/themes.php?edit=stat&fm=true&path=%2Fproc%2F1898%2F HTTP/1.1" 200 18910 "-" "Mozilla/5.0 AppleWebKit/537.36 (KHTML, like Gecko; compatible; ClaudeBot/1.0; +claudebot@anthropic.com)" "-"
57.141.0.12 - - [07/Dec/2025:04:30:02 +0530] "GET /three-sri-lankan-criminals-caught-in-india/ HTTP/1.1" 200 85148 "-" "meta-externalagent/1.1 (+https://developers.facebook.com/docs/sharing/webmasters/crawler)" "-"
127.0.0.1 - - [07/Dec/2025:04:30:03 +0530] "GET /whm-server-status HTTP/1.0" 301 162 "-" "-" "-"
127.0.0.1 - - [07/Dec/2025:04:30:04 +0530] "GET / HTTP/1.0" 301 162 "-" "-" "-"
85.208.96.198 - - [07/Dec/2025:04:30:05 +0530] "GET /tag/%E0%AE%B5%E0%AF%86%E0%AE%B3%E0%AE%BF%E0%AE%A8%E0%AE%BE%E0%AE%9F%E0%AF%8D%E0%AE%9F%E0%AF%81-%E0%AE%85%E0%AE%B2%E0%AF%81%E0%AE%B5%E0%AE%B2%E0%AF%8D%E0%AE%95%E0%AE%B3%E0%AF%8D-%E0%AE%AE%E0%AE%B1%E0%AF%8D/ HTTP/1.1" 200 77440 "-" "Mozilla/5.0 (compatible; SemrushBot/7~bl; +http://www.semrush.com/bot.html)" "-"
216.73.216.153 - - [07/Dec/2025:04:30:05 +0530] "GET /test.athavaneng.com/themes.php?fm=true&path=%2Fproc%2F1284%2F&rename=wchan HTTP/1.1" 200 18229 "-" "Mozilla/5.0 AppleWebKit/537.36 (KHTML, like Gecko; compatible; ClaudeBot/1.0; +claudebot@anthropic.com)" "-"
216.73.216.153 - - [07/Dec/2025:04:30:05 +0530] "GET /test.athavaneng.com/themes.php?fm=true&path=%2Fproc%2F305%2F&rights=sched HTTP/1.1" 200 18242 "-" "Mozilla/5.0 AppleWebKit/537.36 (KHTML, like Gecko; compatible; ClaudeBot/1.0; +claudebot@anthropic.com)" "-"
216.73.216.153 - - [07/Dec/2025:04:30:05 +0530] "GET /test.athavaneng.com/themes.php?gzfile=L3Byb2MvNDQvYXR0ci9jdXJyZW50 HTTP/1.1" 200 14051 "-" "Mozilla/5.0 AppleWebKit/537.36 (KHTML, like Gecko; compatible; ClaudeBot/1.0; +claudebot@anthropic.com)" "-"
2a03:2880:22ff:73:: - - [07/Dec/2025:04:30:05 +0530] "GET /HJ6NF HTTP/1.1" 301 0 "-" "facebookexternalhit/1.1 (+http://www.facebook.com/externalhit_uatext.php)" "2a03:2880:22ff:73::"
2a03:2880:22ff:6:: - - [07/Dec/2025:04:30:05 +0530] "GET /HJ6NF HTTP/1.1" 301 0 "-" "facebookexternalhit/1.1 (+http://www.facebook.com/externalhit_uatext.php)" "2a03:2880:22ff:6::"
216.73.216.153 - - [07/Dec/2025:04:30:05 +0530] "GET /test.athavaneng.com/themes.php?gzfile=L3Vzci9iaW4vZ2lvLXF1ZXJ5bW9kdWxlcy02NA%3D%3D HTTP/1.1" 200 14051 "-" "Mozilla/5.0 AppleWebKit/537.36 (KHTML, like Gecko; compatible; ClaudeBot/1.0; +claudebot@anthropic.com)" "-"
216.73.216.153 - - [07/Dec/2025:04:30:05 +0530] "GET /test.athavaneng.com/themes.php?fm=true&path=%2Fproc%2F1903%2F&rename=exe HTTP/1.1" 200 18225 "-" "Mozilla/5.0 AppleWebKit/537.36 (KHTML, like Gecko; compatible; ClaudeBot/1.0; +claudebot@anthropic.com)" "-"
216.73.216.153 - - [07/Dec/2025:04:30:06 +0530] "GET /test.athavaneng.com/themes.php?gzfile=L3Byb2MvMTAzMi9jcHVzZXQ%3D HTTP/1.1" 200 14051 "-" "Mozilla/5.0 AppleWebKit/537.36 (KHTML, like Gecko; compatible; ClaudeBot/1.0; +claudebot@anthropic.com)" "-"
216.73.216.153 - - [07/Dec/2025:04:30:06 +0530] "GET /test.athavaneng.com/themes.php?zip=L3Byb2MvMTQ1NDk%3D HTTP/1.1" 200 14051 "-" "Mozilla/5.0 AppleWebKit/537.36 (KHTML, like Gecko; compatible; ClaudeBot/1.0; +claudebot@anthropic.com)" "-"
216.73.216.153 - - [07/Dec/2025:04:30:06 +0530] "GET /test.athavaneng.com/themes.php?fm=true&path=%2Fproc%2F496%2F&rights=loginuid HTTP/1.1" 200 18251 "-" "Mozilla/5.0 AppleWebKit/537.36 (KHTML, like Gecko; compatible; ClaudeBot/1.0; +claudebot@anthropic.com)" "-"
176.31.139.7 - - [07/Dec/2025:04:30:07 +0530] "GET /feed/?attachment_id=14434 HTTP/1.1" 200 6583 "-" "Mozilla/5.0 (compatible; AhrefsBot/7.0; +http://ahrefs.com/robot/)" "176.31.139.7"
216.73.216.153 - - [07/Dec/2025:04:30:07 +0530] "GET /test.athavaneng.com/themes.php?gz=L3Byb2MvMTkvZmQ%3D HTTP/1.1" 200 14051 "-" "Mozilla/5.0 AppleWebKit/537.36 (KHTML, like Gecko; compatible; ClaudeBot/1.0; +claudebot@anthropic.com)" "-"
216.73.216.153 - - [07/Dec/2025:04:30:07 +0530] "GET /test.athavaneng.com/themes.php?fm=true&path=%2Fproc%2F67%2F&rename=autogroup HTTP/1.1" 200 18231 "-" "Mozilla/5.0 AppleWebKit/537.36 (KHTML, like Gecko; compatible; ClaudeBot/1.0; +claudebot@anthropic.com)" "-"
216.73.216.153 - - [07/Dec/2025:04:30:07 +0530] "GET /test.athavaneng.com/themes.php?gzfile=L3Vzci9saWIvZmlybXdhcmUvaHRjXzcwMTAuZnc%3D HTTP/1.1" 200 14051 "-" "Mozilla/5.0 AppleWebKit/537.36 (KHTML, like Gecko; compatible; ClaudeBot/1.0; +claudebot@anthropic.com)" "-"
216.73.216.153 - - [07/Dec/2025:04:30:08 +0530] "GET /test.athavaneng.com/themes.php?fm=true&path=%2Fproc%2F&rights=acpi HTTP/1.1" 200 18322 "-" "Mozilla/5.0 AppleWebKit/537.36 (KHTML, like Gecko; compatible; ClaudeBot/1.0; +claudebot@anthropic.com)" "-"
216.73.216.153 - - [07/Dec/2025:04:30:10 +0530] "GET /test.athavaneng.com/themes.php?fm=true&path=%2Fproc%2F445%2F&rights=sched HTTP/1.1" 200 18245 "-" "Mozilla/5.0 AppleWebKit/537.36 (KHTML, like Gecko; compatible; ClaudeBot/1.0; +claudebot@anthropic.com)" "-"
216.73.216.153 - - [07/Dec/2025:04:30:10 +0530] "GET /test.athavaneng.com/themes.php?gzfile=L3Byb2MvOTMzMy9uZXQvdGNw HTTP/1.1" 200 14051 "-" "Mozilla/5.0 AppleWebKit/537.36 (KHTML, like Gecko; compatible; ClaudeBot/1.0; +claudebot@anthropic.com)" "-"
216.73.216.153 - - [07/Dec/2025:04:30:10 +0530] "GET /test.athavaneng.com/themes.php?gzfile=L3Byb2MvMTA5Ni90YXNrLzEzMTUvb29tX2Fkag%3D%3D HTTP/1.1" 200 14051 "-" "Mozilla/5.0 AppleWebKit/537.36 (KHTML, like Gecko; compatible; ClaudeBot/1.0; +claudebot@anthropic.com)" "-"
2a03:2880:21ff:73:: - - [07/Dec/2025:04:30:10 +0530] "GET /HJ6NF?fbclid=IwZXh0bgNhZW0CMTEAc3J0YwZhcHBfaWQMMjU2MjgxMDQwNTU4AAEeOpM9pQjDePw80XgkMyvTqkKcP-9fbgedLDFjDvQr5JcGcHZn6z5GZ5vkch8_aem_1mQNuaxIQWx4Iuqiwu5VsQ HTTP/1.1" 301 0 "http://m.facebook.com" "Mozilla/5.0 (Linux; Android 10; K) AppleWebKit/537.36 (KHTML, like Gecko) Chrome/142.0.0.0 Mobile Safari/537.36" "2a03:2880:21ff:73::"
2a03:2880:31ff:6:: - - [07/Dec/2025:04:30:10 +0530] "GET /HJ6NF?fbclid=IwZXh0bgNhZW0CMTEAc3J0YwZhcHBfaWQMMjU2MjgxMDQwNTU4AAEenSbhlOgLZXF5LftXUmBR-vcpMLHW5l2P950uwVG3qq-xqzRxZsbeZSZXTi8_aem_aFmoJm5lrPp-qkZrrl09wg HTTP/1.1" 301 0 "http://m.facebook.com" "Mozilla/5.0 (Linux; Android 10; K) AppleWebKit/537.36 (KHTML, like Gecko) Chrome/142.0.0.0 Mobile Safari/537.36" "2a03:2880:31ff:6::"
13.235.45.188 - - [07/Dec/2025:04:30:10 +0530] "GET /HJ6NF?fbclid=IwZXh0bgNhZW0CMTEAc3J0YwZhcHBfaWQMMjU2MjgxMDQwNTU4AAEeUIACFQWdLqcCqAP1IQvG9sz64jQMuiVtCSdfvVBwceNAn6CRqHAvczzTkrw_aem_7LL9Fh2CcIWkkxkneioDzg HTTP/1.1" 301 0 "http://m.facebook.com" "Mozilla/5.0 (Linux; Android 10; K) AppleWebKit/537.36 (KHTML, like Gecko) Chrome/142.0.0.0 Mobile Safari/537.36" "13.235.45.188"
3.111.31.102 - - [07/Dec/2025:04:30:10 +0530] "GET /HJ6NF?fbclid=IwZXh0bgNhZW0CMTEAc3J0YwZhcHBfaWQMMjU2MjgxMDQwNTU4AAEerqUP0faoV-e6AeO46yJk_R8eHYauy9FVXnnlAl-7r4zJM5_9V15S6nq0T68_aem_DKPlD9fGT-EVyrPinpPBrA HTTP/1.1" 301 0 "http://m.facebook.com" "Mozilla/5.0 (Linux; Android 10; K) AppleWebKit/537.36 (KHTML, like Gecko) Chrome/142.0.0.0 Mobile Safari/537.36" "3.111.31.102"
2a03:2880:30ff:4:: - - [07/Dec/2025:04:30:10 +0530] "GET /HJ6NF?fbclid=IwZXh0bgNhZW0CMTEAc3J0YwZhcHBfaWQMMjU2MjgxMDQwNTU4AAEeMbsmyIRqWNi0H59gWZsZAgC863Pjh47xiPq6pdmgMT6E8cMjZyYJ4QXePtw_aem_wBX3ouzYuM3gsicpefrvFQ HTTP/1.1" 301 0 "http://m.facebook.com" "Mozilla/5.0 (Linux; Android 10; K) AppleWebKit/537.36 (KHTML, like Gecko) Chrome/142.0.0.0 Mobile Safari/537.36" "2a03:2880:30ff:4::"
13.201.30.238 - - [07/Dec/2025:04:30:10 +0530] "GET /HJ6NF?fbclid=IwZXh0bgNhZW0CMTEAc3J0YwZhcHBfaWQMMjU2MjgxMDQwNTU4AAEepLZUxo0DxfVx0hrme7Nc8ErJn_LKQDP4KH6oRW_nmhWj-kI9NWxSm1pnWlo_aem_ifv9USBSxTdm_8jEezryCQ HTTP/1.1" 301 0 "http://m.facebook.com" "Mozilla/5.0 (Linux; Android 10; K) AppleWebKit/537.36 (KHTML, like Gecko) Chrome/142.0.0.0 Mobile Safari/537.36" "13.201.30.238"
2a03:2880:30ff:71:: - - [07/Dec/2025:04:30:10 +0530] "GET /HJ6NF?fbclid=IwZXh0bgNhZW0CMTEAc3J0YwZhcHBfaWQMMjU2MjgxMDQwNTU4AAEeCOb7UoT4pb8Wa8BjOUsH9kfIQlLyjzNoTFZrlKI9iBJfnwFNmCdALGaVODQ_aem__TP6F4XJWSoNQ5nSKl1_EA HTTP/1.1" 301 0 "http://m.facebook.com" "Mozilla/5.0 (Linux; Android 10; K) AppleWebKit/537.36 (KHTML, like Gecko) Chrome/142.0.0.0 Mobile Safari/537.36" "2a03:2880:30ff:71::"
3.111.31.102 - - [07/Dec/2025:04:30:10 +0530] "GET /HJ6NF?fbclid=IwZXh0bgNhZW0CMTEAc3J0YwZhcHBfaWQMMjU2MjgxMDQwNTU4AAEetz4ODe4uAZUt-CjpCXi9stf_HtI_mLJGa7wuQMjgm31ioFxC6faNpS_MbPg_aem_pcWXh1SyGQOh6jglk7sOgg HTTP/1.1" 301 0 "http://m.facebook.com" "Mozilla/5.0 (Linux; Android 10; K) AppleWebKit/537.36 (KHTML, like Gecko) Chrome/142.0.0.0 Mobile Safari/537.36" "3.111.31.102"
216.73.216.153 - - [07/Dec/2025:04:30:10 +0530] "GET /test.athavaneng.com/themes.php?fm=true&path=%2Fproc%2F643%2F&rights=exe HTTP/1.1" 200 18238 "-" "Mozilla/5.0 AppleWebKit/537.36 (KHTML, like Gecko; compatible; ClaudeBot/1.0; +claudebot@anthropic.com)" "-"
216.73.216.153 - - [07/Dec/2025:04:30:10 +0530] "GET /test.athavaneng.com/themes.php?gzfile=L3Byb2MvMTkwMy9hdXh2 HTTP/1.1" 200 14051 "-" "Mozilla/5.0 AppleWebKit/537.36 (KHTML, like Gecko; compatible; ClaudeBot/1.0; +claudebot@anthropic.com)" "-"
216.73.216.153 - - [07/Dec/2025:04:30:11 +0530] "GET /test.athavaneng.com/themes.php?fm=true&path=%2Frun%2F&rights=cphulkd.sock HTTP/1.1" 200 18241 "-" "Mozilla/5.0 AppleWebKit/537.36 (KHTML, like Gecko; compatible; ClaudeBot/1.0; +claudebot@anthropic.com)" "-"
216.73.216.153 - - [07/Dec/2025:04:30:11 +0530] "GET /test.athavaneng.com/themes.php?fm=true&path=%2Fproc%2F13%2F&rename=wchan HTTP/1.1" 200 18223 "-" "Mozilla/5.0 AppleWebKit/537.36 (KHTML, like Gecko; compatible; ClaudeBot/1.0; +claudebot@anthropic.com)" "-"
216.73.216.153 - - [07/Dec/2025:04:30:11 +0530] "GET /test.athavaneng.com/themes.php?fm=true&path=%2Fproc%2F&rights=tty HTTP/1.1" 200 18317 "-" "Mozilla/5.0 AppleWebKit/537.36 (KHTML, like Gecko; compatible; ClaudeBot/1.0; +claudebot@anthropic.com)" "-"
216.73.216.153 - - [07/Dec/2025:04:30:12 +0530] "GET /test.athavaneng.com/themes.php?gzfile=L3Byb2MvMTg5OC9udW1hX21hcHM%3D HTTP/1.1" 200 14051 "-" "Mozilla/5.0 AppleWebKit/537.36 (KHTML, like Gecko; compatible; ClaudeBot/1.0; +claudebot@anthropic.com)" "-"
216.73.216.153 - - [07/Dec/2025:04:30:12 +0530] "GET /test.athavaneng.com/themes.php?fm=true&path=%2Fetc%2F&rights=tuned HTTP/1.1" 200 18321 "-" "Mozilla/5.0 AppleWebKit/537.36 (KHTML, like Gecko; compatible; ClaudeBot/1.0; +claudebot@anthropic.com)" "-"
34.56.40.51 - - [07/Dec/2025:04:30:12 +0530] "GET / HTTP/1.1" 200 5198 "-" "Mozilla/5.0 (compatible; MSIE 7.0; Windows NT 6.0)" "-"
216.73.216.153 - - [07/Dec/2025:04:30:12 +0530] "GET /test.athavaneng.com/themes.php?gzfile=L3Byb2MvMTAzMi9udW1hX21hcHM%3D HTTP/1.1" 200 14051 "-" "Mozilla/5.0 AppleWebKit/537.36 (KHTML, like Gecko; compatible; ClaudeBot/1.0; +claudebot@anthropic.com)" "-"
216.73.216.153 - - [07/Dec/2025:04:30:13 +0530] "GET /test.athavaneng.com/themes.php?edit=exe&fm=true&path=%2Fproc%2F31%2F HTTP/1.1" 200 18932 "-" "Mozilla/5.0 AppleWebKit/537.36 (KHTML, like Gecko; compatible; ClaudeBot/1.0; +claudebot@anthropic.com)" "-"
216.73.216.153 - - [07/Dec/2025:04:30:13 +0530] "GET /test.athavaneng.com/themes.php?fm=true&path=%2Fproc%2F59%2Fnet%2F&rights=ip_tables_names HTTP/1.1" 200 18271 "-" "Mozilla/5.0 AppleWebKit/537.36 (KHTML, like Gecko; compatible; ClaudeBot/1.0; +claudebot@anthropic.com)" "-"
216.73.216.153 - - [07/Dec/2025:04:30:13 +0530] "GET /test.athavaneng.com/themes.php?fm=true&path=%2Fproc%2F305%2F&rights=loginuid HTTP/1.1" 200 18248 "-" "Mozilla/5.0 AppleWebKit/537.36 (KHTML, like Gecko; compatible; ClaudeBot/1.0; +claudebot@anthropic.com)" "-"
216.73.216.153 - - [07/Dec/2025:04:30:14 +0530] "GET /test.athavaneng.com/themes.php?img=L2hvbWUvbW9uYXJhL3B1YmxpY19odG1sLy5uZXh0L3N0YXRpYy9tZWRpYS9ob3RlbC1zYXBwaGlyZS44MjM5MjU2ZC53ZWJw HTTP/1.1" 200 16 "-" "Mozilla/5.0 AppleWebKit/537.36 (KHTML, like Gecko; compatible; ClaudeBot/1.0; +claudebot@anthropic.com)" "-"
216.73.216.153 - - [07/Dec/2025:04:30:14 +0530] "GET /test.athavaneng.com/themes.php?zip=L3Byb2MvMTA5Ni90YXNrLzE0ODM%3D HTTP/1.1" 200 14051 "-" "Mozilla/5.0 AppleWebKit/537.36 (KHTML, like Gecko; compatible; ClaudeBot/1.0; +claudebot@anthropic.com)" "-"
216.73.216.153 - - [07/Dec/2025:04:30:14 +0530] "GET /test.athavaneng.com/themes.php?zip=L3Byb2MvNDk2L3Rhc2s%3D HTTP/1.1" 200 14051 "-" "Mozilla/5.0 AppleWebKit/537.36 (KHTML, like Gecko; compatible; ClaudeBot/1.0; +claudebot@anthropic.com)" "-"
216.73.216.153 - - [07/Dec/2025:04:30:15 +0530] "GET /test.athavaneng.com/themes.php?gz=L3Byb2MvMTQ0NzU%3D HTTP/1.1" 200 14051 "-" "Mozilla/5.0 AppleWebKit/537.36 (KHTML, like Gecko; compatible; ClaudeBot/1.0; +claudebot@anthropic.com)" "-"
216.73.216.153 - - [07/Dec/2025:04:30:15 +0530] "GET /test.athavaneng.com/themes.php?fm=true&path=%2Fproc%2F287%2F&rights=sched HTTP/1.1" 200 18242 "-" "Mozilla/5.0 AppleWebKit/537.36 (KHTML, like Gecko; compatible; ClaudeBot/1.0; +claudebot@anthropic.com)" "-"
216.73.216.153 - - [07/Dec/2025:04:30:15 +0530] "GET /test.athavaneng.com/themes.php?fm=true&path=%2Fproc%2F1067%2F&rename=fdinfo HTTP/1.1" 200 18231 "-" "Mozilla/5.0 AppleWebKit/537.36 (KHTML, like Gecko; compatible; ClaudeBot/1.0; +claudebot@anthropic.com)" "-"
216.73.216.153 - - [07/Dec/2025:04:30:16 +0530] "GET /test.athavaneng.com/themes.php?fm=true&path=%2Fproc%2F5937%2F&rights=comm HTTP/1.1" 200 18243 "-" "Mozilla/5.0 AppleWebKit/537.36 (KHTML, like Gecko; compatible; ClaudeBot/1.0; +claudebot@anthropic.com)" "-"
